Report for Catalyst-TraitFor-Request-PerLanguageDomains-0.03

Back
From: metabase:user:320bfe00-2aae-11df-837a-5e0a49663a4f
Subject: FAIL Catalyst-TraitFor-Request-PerLanguageDomains-0.03 v5.22.3 GNU/Linux
Date: 2017-01-17T17:57:37Z

This distribution has been tested as part of the CPAN Testers
project, supporting the Perl programming language.  See
http://wiki.cpantesters.org/ for more information or email
questions to cpan-testers-discuss@perl.org


--
Dear Tomas Doran,

This is a computer-generated report for Catalyst-TraitFor-Request-PerLanguageDomains-0.03
on perl 5.22.3, created by CPAN-Reporter-1.2018.

Thank you for uploading your work to CPAN.  However, there was a problem
testing your distribution.

If you think this report is invalid, please consult the CPAN Testers Wiki
for suggestions on how to avoid getting FAIL reports for missing library
or binary dependencies, unsupported operating systems, and so on:

http://wiki.cpantesters.org/wiki/CPANAuthorNotes

Sections of this report:

    * Tester comments
    * Program output
    * Prerequisites
    * Environment and other context

------------------------------
TESTER COMMENTS
------------------------------

Additional comments from tester:

this report is from an automated smoke testing program
and was not reviewed by a human for accuracy

------------------------------
PROGRAM OUTPUT
------------------------------

Output from '/usr/bin/make test':

PERL_DL_NONLAZY=1 "/tmp/basesmoker-reloperl-fxG8/bin/perl" "-MExtUtils::Command::MM" "-MTest::Harness" "-e" "undef *Test::Harness::Switches; test_harness(0, 'inc', 'blib/lib', 'blib/arch')" t/*.t
t/00-load.t .............. ok
'Catalyst::TraitFor::Request::PerLanguageDomains' requires the method '_context' to be implemented by 'Moose::Meta::Class::__ANON__::SERIAL::8' at /home/sand/src/perl/repoperls/installed-perls/host/k93x64sid/v5.22.3/29a8/lib/site_perl/5.22.3/x86_64-linux/Class/MOP/Class.pm line 472
	Class::MOP::Class::create_anon_class('Moose::Meta::Class', 'superclasses', 'ARRAY(0x55ba41468338)', 'roles', 'ARRAY(0x55ba427b4828)', 'cache', 1) called at /home/sand/src/perl/repoperls/installed-perls/host/k93x64sid/v5.22.3/29a8/lib/site_perl/5.22.3/MooseX/RelatedClassRoles.pm line 42
	MooseX::RelatedClassRoles::__ANON__::SERIAL::1::apply_request_class_roles('TestApp', 'Catalyst::TraitFor::Request::PerLanguageDomains') called at /tmp/loop_over_bdir-13331-8qkZmg/Catalyst-TraitFor-Request-PerLanguageDomains-0.03-0/t/lib/TestApp.pm line 24
	require TestApp.pm at /home/sand/src/perl/repoperls/installed-perls/host/k93x64sid/v5.22.3/29a8/lib/site_perl/5.22.3/Module/Runtime.pm line 317
	Module::Runtime::require_module('TestApp') called at /home/sand/src/perl/repoperls/installed-perls/host/k93x64sid/v5.22.3/29a8/lib/site_perl/5.22.3/Class/Load.pm line 174
	Class::Load::try {...}  at /home/sand/src/perl/repoperls/installed-perls/host/k93x64sid/v5.22.3/29a8/lib/site_perl/5.22.3/Try/Tiny.pm line 99
	eval {...} at /home/sand/src/perl/repoperls/installed-perls/host/k93x64sid/v5.22.3/29a8/lib/site_perl/5.22.3/Try/Tiny.pm line 94
	Try::Tiny::try('CODE(0x55ba414ffd98)', 'Try::Tiny::Catch=REF(0x55ba41502380)') called at /home/sand/src/perl/repoperls/installed-perls/host/k93x64sid/v5.22.3/29a8/lib/site_perl/5.22.3/Class/Load.pm line 180
	Class::Load::try_load_class('TestApp', undef) called at /home/sand/src/perl/repoperls/installed-perls/host/k93x64sid/v5.22.3/29a8/lib/site_perl/5.22.3/Class/Load.pm line 35
	Class::Load::load_class('TestApp') called at /home/sand/src/perl/repoperls/installed-perls/host/k93x64sid/v5.22.3/29a8/lib/site_perl/5.22.3/Catalyst/Test.pm line 29
	Catalyst::Test::_build_request_export('Catalyst::Test', 'HASH(0x55ba417e5a90)') called at /home/sand/src/perl/repoperls/installed-perls/host/k93x64sid/v5.22.3/29a8/lib/site_perl/5.22.3/Catalyst/Test.pm line 95
	Catalyst::Test::__ANON__('Catalyst::Test', 'all', 'HASH(0x55ba417e5a60)', 'HASH(0x55ba3ffdf568)') called at /home/sand/src/perl/repoperls/installed-perls/host/k93x64sid/v5.22.3/29a8/lib/site_perl/5.22.3/Sub/Exporter.pm line 108
	Sub::Exporter::_expand_group('Catalyst::Test', 'HASH(0x55ba417e4e18)', 'ARRAY(0x55ba417e5928)', 'HASH(0x55ba3ffdf568)', 'HASH(0x55ba417e5ac0)', 'HASH(0x55ba40517120)') called at /home/sand/src/perl/repoperls/installed-perls/host/k93x64sid/v5.22.3/29a8/lib/site_perl/5.22.3/Sub/Exporter.pm line 39
	Sub::Exporter::_expand_groups('Catalyst::Test', 'HASH(0x55ba417e4e18)', 'ARRAY(0x55ba417e5658)', 'HASH(0x55ba3ffdf568)') called at /home/sand/src/perl/repoperls/installed-perls/host/k93x64sid/v5.22.3/29a8/lib/site_perl/5.22.3/Sub/Exporter.pm line 323
	Sub::Exporter::__ANON__('Catalyst::Test', '-all', 'HASH(0x55ba40517678)') called at /home/sand/src/perl/repoperls/installed-perls/host/k93x64sid/v5.22.3/29a8/lib/site_perl/5.22.3/Catalyst/Test.pm line 155
	Catalyst::Test::import('Catalyst::Test', 'TestApp') called at t/01-live-test.t line 12
	main::BEGIN at /tmp/loop_over_bdir-13331-8qkZmg/Catalyst-TraitFor-Request-PerLanguageDomains-0.03-0/t/lib/TestApp.pm line 0
	eval {...} at /tmp/loop_over_bdir-13331-8qkZmg/Catalyst-TraitFor-Request-PerLanguageDomains-0.03-0/t/lib/TestApp.pm line 0
Compilation failed in require at /home/sand/src/perl/repoperls/installed-perls/host/k93x64sid/v5.22.3/29a8/lib/site_perl/5.22.3/Catalyst/Test.pm line 155.
BEGIN failed--compilation aborted at t/01-live-test.t line 12.
# Looks like your test exited with 255 before it could output anything.
t/01-live-test.t ......... 
Dubious, test returned 255 (wstat 65280, 0xff00)
Failed 6/6 subtests 
'Catalyst::TraitFor::Request::PerLanguageDomains' requires the method '_context' to be implemented by 'Moose::Meta::Class::__ANON__::SERIAL::8' at /home/sand/src/perl/repoperls/installed-perls/host/k93x64sid/v5.22.3/29a8/lib/site_perl/5.22.3/x86_64-linux/Class/MOP/Class.pm line 472
	Class::MOP::Class::create_anon_class('Moose::Meta::Class', 'superclasses', 'ARRAY(0x557fe8fdff40)', 'roles', 'ARRAY(0x557fe8c5cff0)', 'cache', 1) called at /home/sand/src/perl/repoperls/installed-perls/host/k93x64sid/v5.22.3/29a8/lib/site_perl/5.22.3/MooseX/RelatedClassRoles.pm line 42
	MooseX::RelatedClassRoles::__ANON__::SERIAL::1::apply_request_class_roles('TestApp', 'Catalyst::TraitFor::Request::PerLanguageDomains') called at /tmp/loop_over_bdir-13331-8qkZmg/Catalyst-TraitFor-Request-PerLanguageDomains-0.03-0/t/lib/TestApp.pm line 24
	require TestApp.pm at /home/sand/src/perl/repoperls/installed-perls/host/k93x64sid/v5.22.3/29a8/lib/site_perl/5.22.3/Module/Runtime.pm line 317
	Module::Runtime::require_module('TestApp') called at /home/sand/src/perl/repoperls/installed-perls/host/k93x64sid/v5.22.3/29a8/lib/site_perl/5.22.3/Class/Load.pm line 174
	Class::Load::try {...}  at /home/sand/src/perl/repoperls/installed-perls/host/k93x64sid/v5.22.3/29a8/lib/site_perl/5.22.3/Try/Tiny.pm line 99
	eval {...} at /home/sand/src/perl/repoperls/installed-perls/host/k93x64sid/v5.22.3/29a8/lib/site_perl/5.22.3/Try/Tiny.pm line 94
	Try::Tiny::try('CODE(0x557fe8cea298)', 'Try::Tiny::Catch=REF(0x557fe8cc5990)') called at /home/sand/src/perl/repoperls/installed-perls/host/k93x64sid/v5.22.3/29a8/lib/site_perl/5.22.3/Class/Load.pm line 180
	Class::Load::try_load_class('TestApp', undef) called at /home/sand/src/perl/repoperls/installed-perls/host/k93x64sid/v5.22.3/29a8/lib/site_perl/5.22.3/Class/Load.pm line 35
	Class::Load::load_class('TestApp') called at /home/sand/src/perl/repoperls/installed-perls/host/k93x64sid/v5.22.3/29a8/lib/site_perl/5.22.3/Catalyst/Test.pm line 29
	Catalyst::Test::_build_request_export('Catalyst::Test', 'HASH(0x557fe8fcff50)') called at /home/sand/src/perl/repoperls/installed-perls/host/k93x64sid/v5.22.3/29a8/lib/site_perl/5.22.3/Catalyst/Test.pm line 95
	Catalyst::Test::__ANON__('Catalyst::Test', 'all', 'HASH(0x557fe8fcff20)', 'HASH(0x557fe7d01890)') called at /home/sand/src/perl/repoperls/installed-perls/host/k93x64sid/v5.22.3/29a8/lib/site_perl/5.22.3/Sub/Exporter.pm line 108
	Sub::Exporter::_expand_group('Catalyst::Test', 'HASH(0x557fe8fcf2d8)', 'ARRAY(0x557fe8fcfde8)', 'HASH(0x557fe7d01890)', 'HASH(0x557fe8fcff80)', 'HASH(0x557fe7f49860)') called at /home/sand/src/perl/repoperls/installed-perls/host/k93x64sid/v5.22.3/29a8/lib/site_perl/5.22.3/Sub/Exporter.pm line 39
	Sub::Exporter::_expand_groups('Catalyst::Test', 'HASH(0x557fe8fcf2d8)', 'ARRAY(0x557fe8fcfb18)', 'HASH(0x557fe7d01890)') called at /home/sand/src/perl/repoperls/installed-perls/host/k93x64sid/v5.22.3/29a8/lib/site_perl/5.22.3/Sub/Exporter.pm line 323
	Sub::Exporter::__ANON__('Catalyst::Test', '-all', 'HASH(0x557fe7d018a8)') called at /home/sand/src/perl/repoperls/installed-perls/host/k93x64sid/v5.22.3/29a8/lib/site_perl/5.22.3/Catalyst/Test.pm line 155
	Catalyst::Test::import('Catalyst::Test', 'TestApp') called at t/02-live-test-header.t line 12
	main::BEGIN at /tmp/loop_over_bdir-13331-8qkZmg/Catalyst-TraitFor-Request-PerLanguageDomains-0.03-0/t/lib/TestApp.pm line 0
	eval {...} at /tmp/loop_over_bdir-13331-8qkZmg/Catalyst-TraitFor-Request-PerLanguageDomains-0.03-0/t/lib/TestApp.pm line 0
Compilation failed in require at /home/sand/src/perl/repoperls/installed-perls/host/k93x64sid/v5.22.3/29a8/lib/site_perl/5.22.3/Catalyst/Test.pm line 155.
BEGIN failed--compilation aborted at t/02-live-test-header.t line 12.
# Looks like your test exited with 255 before it could output anything.
t/02-live-test-header.t .. 
Dubious, test returned 255 (wstat 65280, 0xff00)
Failed 5/5 subtests 
'Catalyst::TraitFor::Request::PerLanguageDomains' requires the method '_context' to be implemented by 'Moose::Meta::Class::__ANON__::SERIAL::8' at /home/sand/src/perl/repoperls/installed-perls/host/k93x64sid/v5.22.3/29a8/lib/site_perl/5.22.3/x86_64-linux/Class/MOP/Class.pm line 472
	Class::MOP::Class::create_anon_class('Moose::Meta::Class', 'superclasses', 'ARRAY(0x55a61f890170)', 'roles', 'ARRAY(0x55a61fc11a08)', 'cache', 1) called at /home/sand/src/perl/repoperls/installed-perls/host/k93x64sid/v5.22.3/29a8/lib/site_perl/5.22.3/MooseX/RelatedClassRoles.pm line 42
	MooseX::RelatedClassRoles::__ANON__::SERIAL::1::apply_request_class_roles('TestApp', 'Catalyst::TraitFor::Request::PerLanguageDomains') called at /tmp/loop_over_bdir-13331-8qkZmg/Catalyst-TraitFor-Request-PerLanguageDomains-0.03-0/t/lib/TestApp.pm line 24
	require TestApp.pm at /home/sand/src/perl/repoperls/installed-perls/host/k93x64sid/v5.22.3/29a8/lib/site_perl/5.22.3/Module/Runtime.pm line 317
	Module::Runtime::require_module('TestApp') called at /home/sand/src/perl/repoperls/installed-perls/host/k93x64sid/v5.22.3/29a8/lib/site_perl/5.22.3/Class/Load.pm line 174
	Class::Load::try {...}  at /home/sand/src/perl/repoperls/installed-perls/host/k93x64sid/v5.22.3/29a8/lib/site_perl/5.22.3/Try/Tiny.pm line 99
	eval {...} at /home/sand/src/perl/repoperls/installed-perls/host/k93x64sid/v5.22.3/29a8/lib/site_perl/5.22.3/Try/Tiny.pm line 94
	Try::Tiny::try('CODE(0x55a61f91e138)', 'Try::Tiny::Catch=REF(0x55a61f9207d0)') called at /home/sand/src/perl/repoperls/installed-perls/host/k93x64sid/v5.22.3/29a8/lib/site_perl/5.22.3/Class/Load.pm line 180
	Class::Load::try_load_class('TestApp', undef) called at /home/sand/src/perl/repoperls/installed-perls/host/k93x64sid/v5.22.3/29a8/lib/site_perl/5.22.3/Class/Load.pm line 35
	Class::Load::load_class('TestApp') called at /home/sand/src/perl/repoperls/installed-perls/host/k93x64sid/v5.22.3/29a8/lib/site_perl/5.22.3/Catalyst/Test.pm line 29
	Catalyst::Test::_build_request_export('Catalyst::Test', 'HASH(0x55a61fc03e20)') called at /home/sand/src/perl/repoperls/installed-perls/host/k93x64sid/v5.22.3/29a8/lib/site_perl/5.22.3/Catalyst/Test.pm line 95
	Catalyst::Test::__ANON__('Catalyst::Test', 'all', 'HASH(0x55a61fc03df0)', 'HASH(0x55a61e9355c0)') called at /home/sand/src/perl/repoperls/installed-perls/host/k93x64sid/v5.22.3/29a8/lib/site_perl/5.22.3/Sub/Exporter.pm line 108
	Sub::Exporter::_expand_group('Catalyst::Test', 'HASH(0x55a61fc031a8)', 'ARRAY(0x55a61fc03cb8)', 'HASH(0x55a61e9355c0)', 'HASH(0x55a61fc03e50)', 'HASH(0x55a61eadf950)') called at /home/sand/src/perl/repoperls/installed-perls/host/k93x64sid/v5.22.3/29a8/lib/site_perl/5.22.3/Sub/Exporter.pm line 39
	Sub::Exporter::_expand_groups('Catalyst::Test', 'HASH(0x55a61fc031a8)', 'ARRAY(0x55a61fc039e8)', 'HASH(0x55a61e9355c0)') called at /home/sand/src/perl/repoperls/installed-perls/host/k93x64sid/v5.22.3/29a8/lib/site_perl/5.22.3/Sub/Exporter.pm line 323
	Sub::Exporter::__ANON__('Catalyst::Test', '-all', 'HASH(0x55a61e9355d8)') called at /home/sand/src/perl/repoperls/installed-perls/host/k93x64sid/v5.22.3/29a8/lib/site_perl/5.22.3/Catalyst/Test.pm line 155
	Catalyst::Test::import('Catalyst::Test', 'TestApp') called at t/03-live-test-domain.t line 12
	main::BEGIN at /tmp/loop_over_bdir-13331-8qkZmg/Catalyst-TraitFor-Request-PerLanguageDomains-0.03-0/t/lib/TestApp.pm line 0
	eval {...} at /tmp/loop_over_bdir-13331-8qkZmg/Catalyst-TraitFor-Request-PerLanguageDomains-0.03-0/t/lib/TestApp.pm line 0
Compilation failed in require at /home/sand/src/perl/repoperls/installed-perls/host/k93x64sid/v5.22.3/29a8/lib/site_perl/5.22.3/Catalyst/Test.pm line 155.
BEGIN failed--compilation aborted at t/03-live-test-domain.t line 12.
# Looks like your test exited with 255 before it could output anything.
t/03-live-test-domain.t .. 
Dubious, test returned 255 (wstat 65280, 0xff00)
Failed 3/3 subtests 

Test Summary Report
-------------------
t/01-live-test.t       (Wstat: 65280 Tests: 0 Failed: 0)
  Non-zero exit status: 255
  Parse errors: Bad plan.  You planned 6 tests but ran 0.
t/02-live-test-header.t (Wstat: 65280 Tests: 0 Failed: 0)
  Non-zero exit status: 255
  Parse errors: Bad plan.  You planned 5 tests but ran 0.
t/03-live-test-domain.t (Wstat: 65280 Tests: 0 Failed: 0)
  Non-zero exit status: 255
  Parse errors: Bad plan.  You planned 3 tests but ran 0.
Files=4, Tests=1,  2 wallclock secs ( 0.03 usr  0.01 sys +  1.99 cusr  0.15 csys =  2.18 CPU)
Result: FAIL
Failed 3/4 test programs. 0/1 subtests failed.
Makefile:780: recipe for target 'test_dynamic' failed
make: *** [test_dynamic] Error 255

------------------------------
PREREQUISITES
------------------------------

Prerequisite modules loaded:

requires:

    Module                                   Need     Have    
    ---------------------------------------- -------- --------
    Catalyst                                 5.80     5.90114 
    I18N::AcceptLanguage                     0        1.04    
    Moose                                    0        2.1807  
    Moose::Autobox                           0        0.16    
    MooseX::Types                            0        0.49    
    MooseX::Types::Common::String            0        0.001013
    MooseX::Types::Structured                0        0.35    
    namespace::autoclean                     0        0.28    
    perl                                     5.008005 5.022003

build_requires:

    Module                                   Need     Have    
    ---------------------------------------- -------- --------
    Catalyst::Action::RenderView             0        0.16    
    Catalyst::Plugin::Session                0        0.40    
    Catalyst::Plugin::Session::State::Cookie 0        0.17    
    Catalyst::Plugin::Session::Store::File   0        0.18    
    Catalyst::View::TT                       0        0.44    
    CatalystX::RoleApplicator                0        0.005   
    ExtUtils::MakeMaker                      6.42     7.24    
    HTTP::Request::Common                    0        6.11    
    Test::More                               0        1.302075

configure_requires:

    Module                                   Need     Have    
    ---------------------------------------- -------- --------
    ExtUtils::MakeMaker                      6.42     7.24    


------------------------------
ENVIRONMENT AND OTHER CONTEXT
------------------------------

Environment variables:

    AUTOMATED_TESTING = 1
    LANG = C
    PATH = /home/sand/bin:/usr/local/bin:/usr/bin:/bin:/usr/games:/usr/local/perl/bin:/usr/X11/bin:/sbin:/usr/sbin
    PERL5LIB = 
    PERL5OPT = 
    PERL5_CPANPLUS_IS_RUNNING = 21167
    PERL5_CPAN_IS_RUNNING = 21167
    PERL_CANARY_STABILITY_NOPROMPT = 1
    PERL_MM_USE_DEFAULT = 1
    SHELL = /usr/bin/zsh
    TERM = screen

Perl special variables (and OS-specific diagnostics, for MSWin32):

    $^X = /tmp/basesmoker-reloperl-fxG8/bin/perl
    $UID/$EUID = 1005 / 1005
    $GID = 1005 1005
    $EGID = 1005 1005

Perl module toolchain versions installed:

    Module              Have      
    ------------------- ----------
    CPAN                2.16      
    CPAN::Meta          2.150010  
    Cwd                 3.62      
    ExtUtils::CBuilder  0.280224  
    ExtUtils::Command   7.24      
    ExtUtils::Install   2.04      
    ExtUtils::MakeMaker 7.24      
    ExtUtils::Manifest  1.70      
    ExtUtils::ParseXS   3.28      
    File::Spec          3.62      
    JSON                2.90      
    JSON::PP            2.27300_01
    Module::Build       0.4220    
    Module::Signature   0.81      
    Parse::CPAN::Meta   2.150010  
    Test::Harness       3.36      
    Test::More          1.302075  
    YAML                1.21      
    YAML::Syck          1.29      
    version             0.9909    


--

Summary of my perl5 (revision 5 version 22 subversion 3) configuration:
  Derived from: 16b638b0a20de774856b3a21a75a5e373af5262c
  Platform:
    osname=linux, osvers=4.9.0-1-amd64, archname=x86_64-linux
    uname='linux k93x64sid 4.9.0-1-amd64 #1 smp debian 4.9.2-2 (2017-01-12) x86_64 gnulinux '
    config_args='-Dprefix=/home/sand/src/perl/repoperls/installed-perls/host/k93x64sid/v5.22.3/29a8 -Dmyhostname=k93x64sid -Dinstallusrbinperl=n -Uversiononly -Dusedevel -des -Ui_db -Dlibswanted=cl pthread socket inet nsl gdbm dbm malloc dl ld sun m crypt sec util c cposix posix ucb BSD gdbm_compat -Uuseithreads -Uuselongdouble -DDEBUGGING=-g'
    hint=recommended, useposix=true, d_sigaction=define
    useithreads=undef, usemultiplicity=undef
    use64bitint=define, use64bitall=define, uselongdouble=undef
    usemymalloc=n, bincompat5005=undef
  Compiler:
    cc='cc', ccflags ='-fwrapv -fno-strict-aliasing -pipe -fstack-protector-strong -I/usr/local/include -D_LARGEFILE_SOURCE -D_FILE_OFFSET_BITS=64',
    optimize='-O2 -g',
    cppflags='-fwrapv -fno-strict-aliasing -pipe -fstack-protector-strong -I/usr/local/include'
    ccversion='', gccversion='6.3.0 20161229', gccosandvers=''
    intsize=4, longsize=8, ptrsize=8, doublesize=8, byteorder=12345678, doublekind=3
    d_longlong=define, longlongsize=8, d_longdbl=define, longdblsize=16, longdblkind=3
    ivtype='long', ivsize=8, nvtype='double', nvsize=8, Off_t='off_t', lseeksize=8
    alignbytes=8, prototype=define
  Linker and Libraries:
    ld='cc', ldflags =' -fstack-protector-strong -L/usr/local/lib'
    libpth=/usr/local/lib /usr/lib/gcc/x86_64-linux-gnu/6/include-fixed /usr/include/x86_64-linux-gnu /usr/lib /lib/x86_64-linux-gnu /lib/../lib /usr/lib/x86_64-linux-gnu /usr/lib/../lib /lib
    libs=-lpthread -lnsl -ldl -lm -lcrypt -lutil -lc
    perllibs=-lpthread -lnsl -ldl -lm -lcrypt -lutil -lc
    libc=libc-2.24.so, so=so, useshrplib=false, libperl=libperl.a
    gnulibc_version='2.24'
  Dynamic Linking:
    dlsrc=dl_dlopen.xs, dlext=so, d_dlsymun=undef, ccdlflags='-Wl,-E'
    cccdlflags='-fPIC', lddlflags='-shared -O2 -g -L/usr/local/lib -fstack-protector-strong'


Characteristics of this binary (from libperl): 
  Compile-time options: HAS_TIMES PERLIO_LAYERS PERL_DONT_CREATE_GVSV
                        PERL_HASH_FUNC_ONE_AT_A_TIME_HARD PERL_MALLOC_WRAP
                        PERL_NEW_COPY_ON_WRITE PERL_PRESERVE_IVUV
                        PERL_USE_DEVEL USE_64_BIT_ALL USE_64_BIT_INT
                        USE_LARGE_FILES USE_LOCALE USE_LOCALE_COLLATE
                        USE_LOCALE_CTYPE USE_LOCALE_NUMERIC USE_LOCALE_TIME
                        USE_PERLIO USE_PERL_ATOF
  Locally applied patches:
	uncommitted-changes
  Built under linux
  Compiled at Jan 17 2017 06:15:15
  %ENV:
    PERL5LIB=""
    PERL5OPT=""
    PERL5_CPANPLUS_IS_RUNNING="21167"
    PERL5_CPAN_IS_RUNNING="21167"
    PERL_CANARY_STABILITY_NOPROMPT="1"
    PERL_MM_USE_DEFAULT="1"
  @INC:
    /home/sand/src/perl/repoperls/installed-perls/host/k93x64sid/v5.22.3/29a8/lib/site_perl/5.22.3/x86_64-linux
    /home/sand/src/perl/repoperls/installed-perls/host/k93x64sid/v5.22.3/29a8/lib/site_perl/5.22.3
    /home/sand/src/perl/repoperls/installed-perls/host/k93x64sid/v5.22.3/29a8/lib/5.22.3/x86_64-linux
    /home/sand/src/perl/repoperls/installed-perls/host/k93x64sid/v5.22.3/29a8/lib/5.22.3
    .