Math-Formula v0.10 Perl 5 v5.12.2 i86pc-solaris-64

Status
Na
From
Chris Williams (BINGOS)
Dist
Math-Formula v0.10
Platform
Perl 5 v5.12.2 i86pc-solaris-64
Date
2023-03-03 12:25:06
ID
6e821448-b9be-11ed-aba6-9a79f339625c
This distribution has been tested as part of the CPAN Testers
project, supporting the Perl programming language.  See
http://wiki.cpantesters.org/ for more information or email
questions to cpan-testers-discuss@perl.org


--

Dear MARKOV,

This is a computer-generated error report created automatically by
CPANPLUS, version 0.9914. Testers personal comments may appear
at the end of this report.


Thank you for uploading your work to CPAN.  However, it appears that
there were some problems testing your distribution.

TEST RESULTS:

Below is the error stack from stage 'make test':

PERL_DL_NONLAZY=1 "/home/cpan/pit/bare/perl-5.12.2/bin/perl" "-MExtUtils::Command::MM" "-MTest::Harness" "-e" "undef *Test::Harness::Switches; test_harness(0, 'blib/lib', 'blib/arch')" t/*.t

#   Failed test 'use Math::Formula::Type;'
#   at t/01use.t line 7.
#     Tried to use 'Math::Formula::Type'.
#     Error:  Perl v5.16.0 required--this is only v5.12.2, stopped at /home/cpan/pit/bare/conf/perl-5.12.2/.cpanplus/5.12.2/build/Wo_oOTFDss/Math-Formula-0.10/blib/lib/Math/Formula/Type.pm line 7.
# BEGIN failed--compilation aborted at /home/cpan/pit/bare/conf/perl-5.12.2/.cpanplus/5.12.2/build/Wo_oOTFDss/Math-Formula-0.10/blib/lib/Math/Formula/Type.pm line 7.
# Compilation failed in require at t/01use.t line 7.
# BEGIN failed--compilation aborted at t/01use.t line 7.

#   Failed test 'use Math::Formula;'
#   at t/01use.t line 9.
#     Tried to use 'Math::Formula'.
#     Error:  Attempt to reload Math/Formula/Type.pm aborted.
# Compilation failed in require at /home/cpan/pit/bare/conf/perl-5.12.2/.cpanplus/5.12.2/build/Wo_oOTFDss/Math-Formula-0.10/blib/lib/Math/Formula.pm line 23.
# BEGIN failed--compilation aborted at /home/cpan/pit/bare/conf/perl-5.12.2/.cpanplus/5.12.2/build/Wo_oOTFDss/Math-Formula-0.10/blib/lib/Math/Formula.pm line 23.
# Compilation failed in require at t/01use.t line 9.
# BEGIN failed--compilation aborted at t/01use.t line 9.
# Looks like you failed 2 tests of 4.
t/01use.t ....... 
Dubious, test returned 2 (wstat 512, 0x200)
Failed 2/4 subtests 
Perl v5.16.0 required--this is only v5.12.2, stopped at /home/cpan/pit/bare/conf/perl-5.12.2/.cpanplus/5.12.2/build/Wo_oOTFDss/Math-Formula-0.10/blib/lib/Math/Formula/Type.pm line 7.
BEGIN failed--compilation aborted at /home/cpan/pit/bare/conf/perl-5.12.2/.cpanplus/5.12.2/build/Wo_oOTFDss/Math-Formula-0.10/blib/lib/Math/Formula/Type.pm line 7.
Compilation failed in require at /home/cpan/pit/bare/conf/perl-5.12.2/.cpanplus/5.12.2/build/Wo_oOTFDss/Math-Formula-0.10/blib/lib/Math/Formula.pm line 23.
BEGIN failed--compilation aborted at /home/cpan/pit/bare/conf/perl-5.12.2/.cpanplus/5.12.2/build/Wo_oOTFDss/Math-Formula-0.10/blib/lib/Math/Formula.pm line 23.
Compilation failed in require at t/20integers.t line 7.
BEGIN failed--compilation aborted at t/20integers.t line 7.
t/20integers.t .. 
Dubious, test returned 255 (wstat 65280, 0xff00)
No subtests run 
Perl v5.16.0 required--this is only v5.12.2, stopped at /home/cpan/pit/bare/conf/perl-5.12.2/.cpanplus/5.12.2/build/Wo_oOTFDss/Math-Formula-0.10/blib/lib/Math/Formula/Type.pm line 7.
BEGIN failed--compilation aborted at /home/cpan/pit/bare/conf/perl-5.12.2/.cpanplus/5.12.2/build/Wo_oOTFDss/Math-Formula-0.10/blib/lib/Math/Formula/Type.pm line 7.
Compilation failed in require at /home/cpan/pit/bare/conf/perl-5.12.2/.cpanplus/5.12.2/build/Wo_oOTFDss/Math-Formula-0.10/blib/lib/Math/Formula.pm line 23.
BEGIN failed--compilation aborted at /home/cpan/pit/bare/conf/perl-5.12.2/.cpanplus/5.12.2/build/Wo_oOTFDss/Math-Formula-0.10/blib/lib/Math/Formula.pm line 23.
Compilation failed in require at t/21booleans.t line 7.
BEGIN failed--compilation aborted at t/21booleans.t line 7.
t/21booleans.t .. 
Dubious, test returned 255 (wstat 65280, 0xff00)
No subtests run 
Perl v5.16.0 required--this is only v5.12.2, stopped at /home/cpan/pit/bare/conf/perl-5.12.2/.cpanplus/5.12.2/build/Wo_oOTFDss/Math-Formula-0.10/blib/lib/Math/Formula/Type.pm line 7.
BEGIN failed--compilation aborted at /home/cpan/pit/bare/conf/perl-5.12.2/.cpanplus/5.12.2/build/Wo_oOTFDss/Math-Formula-0.10/blib/lib/Math/Formula/Type.pm line 7.
Compilation failed in require at /home/cpan/pit/bare/conf/perl-5.12.2/.cpanplus/5.12.2/build/Wo_oOTFDss/Math-Formula-0.10/blib/lib/Math/Formula.pm line 23.
BEGIN failed--compilation aborted at /home/cpan/pit/bare/conf/perl-5.12.2/.cpanplus/5.12.2/build/Wo_oOTFDss/Math-Formula-0.10/blib/lib/Math/Formula.pm line 23.
Compilation failed in require at t/22strings.t line 7.
BEGIN failed--compilation aborted at t/22strings.t line 7.
t/22strings.t ... 
Dubious, test returned 255 (wstat 65280, 0xff00)
No subtests run 
Perl v5.16.0 required--this is only v5.12.2, stopped at /home/cpan/pit/bare/conf/perl-5.12.2/.cpanplus/5.12.2/build/Wo_oOTFDss/Math-Formula-0.10/blib/lib/Math/Formula/Type.pm line 7.
BEGIN failed--compilation aborted at /home/cpan/pit/bare/conf/perl-5.12.2/.cpanplus/5.12.2/build/Wo_oOTFDss/Math-Formula-0.10/blib/lib/Math/Formula/Type.pm line 7.
Compilation failed in require at /home/cpan/pit/bare/conf/perl-5.12.2/.cpanplus/5.12.2/build/Wo_oOTFDss/Math-Formula-0.10/blib/lib/Math/Formula.pm line 23.
BEGIN failed--compilation aborted at /home/cpan/pit/bare/conf/perl-5.12.2/.cpanplus/5.12.2/build/Wo_oOTFDss/Math-Formula-0.10/blib/lib/Math/Formula.pm line 23.
Compilation failed in require at t/23duration.t line 7.
BEGIN failed--compilation aborted at t/23duration.t line 7.
t/23duration.t .. 
Dubious, test returned 255 (wstat 65280, 0xff00)
No subtests run 
Perl v5.16.0 required--this is only v5.12.2, stopped at /home/cpan/pit/bare/conf/perl-5.12.2/.cpanplus/5.12.2/build/Wo_oOTFDss/Math-Formula-0.10/blib/lib/Math/Formula/Type.pm line 7.
BEGIN failed--compilation aborted at /home/cpan/pit/bare/conf/perl-5.12.2/.cpanplus/5.12.2/build/Wo_oOTFDss/Math-Formula-0.10/blib/lib/Math/Formula/Type.pm line 7.
Compilation failed in require at /home/cpan/pit/bare/conf/perl-5.12.2/.cpanplus/5.12.2/build/Wo_oOTFDss/Math-Formula-0.10/blib/lib/Math/Formula.pm line 23.
BEGIN failed--compilation aborted at /home/cpan/pit/bare/conf/perl-5.12.2/.cpanplus/5.12.2/build/Wo_oOTFDss/Math-Formula-0.10/blib/lib/Math/Formula.pm line 23.
Compilation failed in require at t/24datetime.t line 7.
BEGIN failed--compilation aborted at t/24datetime.t line 7.
t/24datetime.t .. 
Dubious, test returned 255 (wstat 65280, 0xff00)
No subtests run 
Perl v5.16.0 required--this is only v5.12.2, stopped at /home/cpan/pit/bare/conf/perl-5.12.2/.cpanplus/5.12.2/build/Wo_oOTFDss/Math-Formula-0.10/blib/lib/Math/Formula/Type.pm line 7.
BEGIN failed--compilation aborted at /home/cpan/pit/bare/conf/perl-5.12.2/.cpanplus/5.12.2/build/Wo_oOTFDss/Math-Formula-0.10/blib/lib/Math/Formula/Type.pm line 7.
Compilation failed in require at /home/cpan/pit/bare/conf/perl-5.12.2/.cpanplus/5.12.2/build/Wo_oOTFDss/Math-Formula-0.10/blib/lib/Math/Formula.pm line 23.
BEGIN failed--compilation aborted at /home/cpan/pit/bare/conf/perl-5.12.2/.cpanplus/5.12.2/build/Wo_oOTFDss/Math-Formula-0.10/blib/lib/Math/Formula.pm line 23.
Compilation failed in require at t/25date.t line 7.
BEGIN failed--compilation aborted at t/25date.t line 7.
t/25date.t ...... 
Dubious, test returned 255 (wstat 65280, 0xff00)
No subtests run 
Perl v5.16.0 required--this is only v5.12.2, stopped at /home/cpan/pit/bare/conf/perl-5.12.2/.cpanplus/5.12.2/build/Wo_oOTFDss/Math-Formula-0.10/blib/lib/Math/Formula/Type.pm line 7.
BEGIN failed--compilation aborted at /home/cpan/pit/bare/conf/perl-5.12.2/.cpanplus/5.12.2/build/Wo_oOTFDss/Math-Formula-0.10/blib/lib/Math/Formula/Type.pm line 7.
Compilation failed in require at /home/cpan/pit/bare/conf/perl-5.12.2/.cpanplus/5.12.2/build/Wo_oOTFDss/Math-Formula-0.10/blib/lib/Math/Formula.pm line 23.
BEGIN failed--compilation aborted at /home/cpan/pit/bare/conf/perl-5.12.2/.cpanplus/5.12.2/build/Wo_oOTFDss/Math-Formula-0.10/blib/lib/Math/Formula.pm line 23.
Compilation failed in require at t/26time.t line 7.
BEGIN failed--compilation aborted at t/26time.t line 7.
t/26time.t ...... 
Dubious, test returned 255 (wstat 65280, 0xff00)
No subtests run 
Perl v5.16.0 required--this is only v5.12.2, stopped at /home/cpan/pit/bare/conf/perl-5.12.2/.cpanplus/5.12.2/build/Wo_oOTFDss/Math-Formula-0.10/blib/lib/Math/Formula/Type.pm line 7.
BEGIN failed--compilation aborted at /home/cpan/pit/bare/conf/perl-5.12.2/.cpanplus/5.12.2/build/Wo_oOTFDss/Math-Formula-0.10/blib/lib/Math/Formula/Type.pm line 7.
Compilation failed in require at /home/cpan/pit/bare/conf/perl-5.12.2/.cpanplus/5.12.2/build/Wo_oOTFDss/Math-Formula-0.10/blib/lib/Math/Formula.pm line 23.
BEGIN failed--compilation aborted at /home/cpan/pit/bare/conf/perl-5.12.2/.cpanplus/5.12.2/build/Wo_oOTFDss/Math-Formula-0.10/blib/lib/Math/Formula.pm line 23.
Compilation failed in require at t/27names.t line 7.
BEGIN failed--compilation aborted at t/27names.t line 7.
t/27names.t ..... 
Dubious, test returned 255 (wstat 65280, 0xff00)
No subtests run 
Perl v5.16.0 required--this is only v5.12.2, stopped at /home/cpan/pit/bare/conf/perl-5.12.2/.cpanplus/5.12.2/build/Wo_oOTFDss/Math-Formula-0.10/blib/lib/Math/Formula/Type.pm line 7.
BEGIN failed--compilation aborted at /home/cpan/pit/bare/conf/perl-5.12.2/.cpanplus/5.12.2/build/Wo_oOTFDss/Math-Formula-0.10/blib/lib/Math/Formula/Type.pm line 7.
Compilation failed in require at /home/cpan/pit/bare/conf/perl-5.12.2/.cpanplus/5.12.2/build/Wo_oOTFDss/Math-Formula-0.10/blib/lib/Math/Formula.pm line 23.
BEGIN failed--compilation aborted at /home/cpan/pit/bare/conf/perl-5.12.2/.cpanplus/5.12.2/build/Wo_oOTFDss/Math-Formula-0.10/blib/lib/Math/Formula.pm line 23.
Compilation failed in require at t/40tokenize.t line 7.
BEGIN failed--compilation aborted at t/40tokenize.t line 7.
t/40tokenize.t .. 
Dubious, test returned 255 (wstat 65280, 0xff00)
No subtests run 
Perl v5.16.0 required--this is only v5.12.2, stopped at /home/cpan/pit/bare/conf/perl-5.12.2/.cpanplus/5.12.2/build/Wo_oOTFDss/Math-Formula-0.10/blib/lib/Math/Formula/Type.pm line 7.
BEGIN failed--compilation aborted at /home/cpan/pit/bare/conf/perl-5.12.2/.cpanplus/5.12.2/build/Wo_oOTFDss/Math-Formula-0.10/blib/lib/Math/Formula/Type.pm line 7.
Compilation failed in require at /home/cpan/pit/bare/conf/perl-5.12.2/.cpanplus/5.12.2/build/Wo_oOTFDss/Math-Formula-0.10/blib/lib/Math/Formula.pm line 23.
BEGIN failed--compilation aborted at /home/cpan/pit/bare/conf/perl-5.12.2/.cpanplus/5.12.2/build/Wo_oOTFDss/Math-Formula-0.10/blib/lib/Math/Formula.pm line 23.
Compilation failed in require at t/50tree.t line 7.
BEGIN failed--compilation aborted at t/50tree.t line 7.
t/50tree.t ...... 
Dubious, test returned 255 (wstat 65280, 0xff00)
No subtests run 
Perl v5.16.0 required--this is only v5.12.2, stopped at /home/cpan/pit/bare/conf/perl-5.12.2/.cpanplus/5.12.2/build/Wo_oOTFDss/Math-Formula-0.10/blib/lib/Math/Formula/Type.pm line 7.
BEGIN failed--compilation aborted at /home/cpan/pit/bare/conf/perl-5.12.2/.cpanplus/5.12.2/build/Wo_oOTFDss/Math-Formula-0.10/blib/lib/Math/Formula/Type.pm line 7.
Compilation failed in require at /home/cpan/pit/bare/conf/perl-5.12.2/.cpanplus/5.12.2/build/Wo_oOTFDss/Math-Formula-0.10/blib/lib/Math/Formula.pm line 23.
BEGIN failed--compilation aborted at /home/cpan/pit/bare/conf/perl-5.12.2/.cpanplus/5.12.2/build/Wo_oOTFDss/Math-Formula-0.10/blib/lib/Math/Formula.pm line 23.
Compilation failed in require at t/51parens.t line 7.
BEGIN failed--compilation aborted at t/51parens.t line 7.
t/51parens.t .... 
Dubious, test returned 255 (wstat 65280, 0xff00)
No subtests run 
Perl v5.16.0 required--this is only v5.12.2, stopped at /home/cpan/pit/bare/conf/perl-5.12.2/.cpanplus/5.12.2/build/Wo_oOTFDss/Math-Formula-0.10/blib/lib/Math/Formula/Type.pm line 7.
BEGIN failed--compilation aborted at /home/cpan/pit/bare/conf/perl-5.12.2/.cpanplus/5.12.2/build/Wo_oOTFDss/Math-Formula-0.10/blib/lib/Math/Formula/Type.pm line 7.
Compilation failed in require at /home/cpan/pit/bare/conf/perl-5.12.2/.cpanplus/5.12.2/build/Wo_oOTFDss/Math-Formula-0.10/blib/lib/Math/Formula.pm line 23.
BEGIN failed--compilation aborted at /home/cpan/pit/bare/conf/perl-5.12.2/.cpanplus/5.12.2/build/Wo_oOTFDss/Math-Formula-0.10/blib/lib/Math/Formula.pm line 23.
Compilation failed in require at t/60evaluate.t line 7.
BEGIN failed--compilation aborted at t/60evaluate.t line 7.
t/60evaluate.t .. 
Dubious, test returned 255 (wstat 65280, 0xff00)
No subtests run 

Test Summary Report
-------------------
t/01use.t     (Wstat: 512 (exited 2) Tests: 4 Failed: 2)
  Failed tests:  2, 4
  Non-zero exit status: 2
t/20integers.t (Wstat: 65280 (exited 255) Tests: 0 Failed: 0)
  Non-zero exit status: 255
  Parse errors: No plan found in TAP output
t/21booleans.t (Wstat: 65280 (exited 255) Tests: 0 Failed: 0)
  Non-zero exit status: 255
  Parse errors: No plan found in TAP output
t/22strings.t (Wstat: 65280 (exited 255) Tests: 0 Failed: 0)
  Non-zero exit status: 255
  Parse errors: No plan found in TAP output
t/23duration.t (Wstat: 65280 (exited 255) Tests: 0 Failed: 0)
  Non-zero exit status: 255
  Parse errors: No plan found in TAP output
t/24datetime.t (Wstat: 65280 (exited 255) Tests: 0 Failed: 0)
  Non-zero exit status: 255
  Parse errors: No plan found in TAP output
t/25date.t    (Wstat: 65280 (exited 255) Tests: 0 Failed: 0)
  Non-zero exit status: 255
  Parse errors: No plan found in TAP output
t/26time.t    (Wstat: 65280 (exited 255) Tests: 0 Failed: 0)
  Non-zero exit status: 255
  Parse errors: No plan found in TAP output
t/27names.t   (Wstat: 65280 (exited 255) Tests: 0 Failed: 0)
  Non-zero exit status: 255
  Parse errors: No plan found in TAP output
t/40tokenize.t (Wstat: 65280 (exited 255) Tests: 0 Failed: 0)
  Non-zero exit status: 255
  Parse errors: No plan found in TAP output
t/50tree.t    (Wstat: 65280 (exited 255) Tests: 0 Failed: 0)
  Non-zero exit status: 255
  Parse errors: No plan found in TAP output
t/51parens.t  (Wstat: 65280 (exited 255) Tests: 0 Failed: 0)
  Non-zero exit status: 255
  Parse errors: No plan found in TAP output
t/60evaluate.t (Wstat: 65280 (exited 255) Tests: 0 Failed: 0)
  Non-zero exit status: 255
  Parse errors: No plan found in TAP output
Files=13, Tests=4,  2 wallclock secs ( 0.08 usr  0.06 sys +  1.51 cusr  0.43 csys =  2.07 CPU)
Result: FAIL
Failed 13/13 test programs. 2/4 subtests failed.
*** Error code 255
make: Fatal error: Command failed for target `test_dynamic'

[MSG] [Fri Mar  3 12:25:05 2023] 'Math::Formula' requires a higher version of perl than your current version -- sending N/A grade.

PREREQUISITES:

Here is a list of prerequisites you specified and versions we
managed to load:

	  Module Name                        Have     Want
	  DateTime                           1.59        0
	  DateTime::Duration                 1.59        0
	  DateTime::Format::Duration::ISO8601    0.008        0
	  DateTime::TimeZone                 2.57        0
	  DateTime::TimeZone::OffsetOnly     2.57        0
	  ExtUtils::MakeMaker                7.64        0
	  Log::Report                        1.34        0
	  POSIX                              1.19        0
	  Scalar::Util                       1.63        0
	  Test::More                     1.302191        0

Perl module toolchain versions installed:
	Module Name                        Have
	CPANPLUS                         0.9914
	CPANPLUS::Dist::Build              0.90
	Cwd                                3.75
	ExtUtils::CBuilder             0.280236
	ExtUtils::Command                  7.64
	ExtUtils::Install                  2.20
	ExtUtils::MakeMaker                7.64
	ExtUtils::Manifest                 1.73
	ExtUtils::ParseXS                  3.44
	File::Spec                         3.75
	Module::Build                    0.4231
	Pod::Parser                        1.37
	Pod::Simple                        3.14
	Test2                          1.302191
	Test::Harness                      3.44
	Test::More                     1.302191
	version                          0.9929

******************************** NOTE ********************************
The comments above are created mechanically, possibly without manual
checking by the sender.  As there are many people performing automatic
tests on each upload to CPAN, it is likely that you will receive
identical messages about the same problem.

If you believe that the message is mistaken, please reply to the first
one with correction and/or additional informations, and do not take
it personally.  We appreciate your patience. :)
**********************************************************************

Additional comments:


This report was machine-generated by CPANPLUS::Dist::YACSmoke 1.08.
Powered by minismokebox version 0.68

CPANPLUS is prefering Build.PL

------------------------------
ENVIRONMENT AND OTHER CONTEXT
------------------------------

Environment variables:

    AUTOMATED_TESTING = 1
    LANG = en_GB.UTF-8
    NONINTERACTIVE_TESTING = 1
    PATH = /usr/bin:/usr/sbin:/sbin:/opt/ooce/bin:/usr/gnu/bin
    PERL5LIB = /home/cpan/pit/jail/6HXraPLObD/lib/perl5:/home/cpan/pit/bare/conf/perl-5.12.2/.cpanplus/5.12.2/build/Wo_oOTFDss/Math-Formula-0.10/blib/lib:/home/cpan/pit/bare/conf/perl-5.12.2/.cpanplus/5.12.2/build/Wo_oOTFDss/Math-Formula-0.10/blib/arch
    PERL5_CPANPLUS_IS_RUNNING = 4293
    PERL5_CPANPLUS_IS_VERSION = 0.9914
    PERL5_MINISMOKEBOX = 0.68
    PERL5_YACSMOKE_BASE = /home/cpan/pit/bare/conf/perl-5.12.2
    PERL_EXTUTILS_AUTOINSTALL = --defaultdeps
    PERL_LOCAL_LIB_ROOT = /home/cpan/pit/jail/6HXraPLObD
    PERL_MB_OPT = --install_base "/home/cpan/pit/jail/6HXraPLObD"
    PERL_MM_OPT = INSTALL_BASE=/home/cpan/pit/jail/6HXraPLObD
    PERL_MM_USE_DEFAULT = 1
    SHELL = /bin/bash
    TERM = screen.xterm-256color

Perl special variables (and OS-specific diagnostics, for MSWin32):

    Perl: $^X = /home/cpan/pit/bare/perl-5.12.2/bin/perl
    UID:  $<  = 101
    EUID: $>  = 101
    GID:  $(  = 101 101
    EGID: $)  = 101 101


-------------------------------


--

Summary of my perl5 (revision 5 version 12 subversion 2) configuration:
   
  Platform:
    osname=solaris, osvers=2.11, archname=i86pc-solaris-64
    uname='sunos ouzel 5.11 omnios-r151034-0d278a0cc5 i86pc i386 i86pc '
    config_args='-des -Dprefix=/home/cpan/pit/bare/perl-5.12.2 -Duse64bitall -Dcc=gcc'
    hint=recommended, useposix=true, d_sigaction=define
    useithreads=undef, usemultiplicity=undef
    useperlio=define, d_sfio=undef, uselargefiles=define, usesocks=undef
    use64bitint=define, use64bitall=define, uselongdouble=undef
    usemymalloc=n, bincompat5005=undef
  Compiler:
    cc='gcc', ccflags ='-m64 -fwrapv -fno-strict-aliasing -pipe -fstack-protector -D_LARGEFILE_SOURCE -D_FILE_OFFSET_BITS=64 -DPERL_USE_SAFE_PUTENV',
    optimize='-O',
    cppflags='-m64 -fwrapv -fno-strict-aliasing -pipe -fstack-protector'
    ccversion='', gccversion='9.3.0', gccosandvers=''
    intsize=4, longsize=8, ptrsize=8, doublesize=8, byteorder=12345678
    d_longlong=define, longlongsize=8, d_longdbl=define, longdblsize=16
    ivtype='long', ivsize=8, nvtype='double', nvsize=8, Off_t='off_t', lseeksize=8
    alignbytes=8, prototype=define
  Linker and Libraries:
    ld='gcc', ldflags =' -m64 -fstack-protector -L/usr/gnu/lib '
    libpth=/usr/gnu/lib /usr/lib /usr/ccs/lib
    libs=-lsocket -lnsl -ldl -lm -lc
    perllibs=-lsocket -lnsl -ldl -lm -lc
    libc=/lib/libc.so, so=so, useshrplib=true, libperl=libperl.so
    gnulibc_version=''
  Dynamic Linking:
    dlsrc=dl_dlopen.xs, dlext=so, d_dlsymun=undef, ccdlflags='  -R /home/cpan/pit/bare/perl-5.12.2/lib/5.12.2/i86pc-solaris-64/CORE'
    cccdlflags='-fPIC', lddlflags=' -shared -m64 -L/usr/gnu/lib -fstack-protector'


Characteristics of this binary (from libperl): 
  Compile-time options: PERL_DONT_CREATE_GVSV PERL_MALLOC_WRAP
                        PERL_USE_SAFE_PUTENV USE_64_BIT_ALL USE_64_BIT_INT
                        USE_LARGE_FILES USE_PERLIO USE_PERL_ATOF
  Locally applied patches:
	Devel::PatchPerl 2.00
  Built under solaris
  Compiled at Aug 19 2020 02:57:01
  %ENV:
    PERL5LIB="/home/cpan/pit/jail/6HXraPLObD/lib/perl5:/home/cpan/pit/bare/conf/perl-5.12.2/.cpanplus/5.12.2/build/Wo_oOTFDss/Math-Formula-0.10/blib/lib:/home/cpan/pit/bare/conf/perl-5.12.2/.cpanplus/5.12.2/build/Wo_oOTFDss/Math-Formula-0.10/blib/arch"
    PERL5_CPANPLUS_IS_RUNNING="4293"
    PERL5_CPANPLUS_IS_VERSION="0.9914"
    PERL5_MINISMOKEBOX="0.68"
    PERL5_YACSMOKE_BASE="/home/cpan/pit/bare/conf/perl-5.12.2"
    PERL_EXTUTILS_AUTOINSTALL="--defaultdeps"
    PERL_LOCAL_LIB_ROOT="/home/cpan/pit/jail/6HXraPLObD"
    PERL_MB_OPT="--install_base "/home/cpan/pit/jail/6HXraPLObD""
    PERL_MM_OPT="INSTALL_BASE=/home/cpan/pit/jail/6HXraPLObD"
    PERL_MM_USE_DEFAULT="1"
  @INC:
    /home/cpan/pit/jail/6HXraPLObD/lib/perl5/5.12.2/i86pc-solaris-64
    /home/cpan/pit/jail/6HXraPLObD/lib/perl5/5.12.2
    /home/cpan/pit/jail/6HXraPLObD/lib/perl5/i86pc-solaris-64
    /home/cpan/pit/jail/6HXraPLObD/lib/perl5
    /home/cpan/pit/bare/conf/perl-5.12.2/.cpanplus/5.12.2/build/Wo_oOTFDss/Math-Formula-0.10/blib/lib
    /home/cpan/pit/bare/conf/perl-5.12.2/.cpanplus/5.12.2/build/Wo_oOTFDss/Math-Formula-0.10/blib/arch
    /home/cpan/pit/bare/perl-5.12.2/lib/site_perl/5.12.2/i86pc-solaris-64
    /home/cpan/pit/bare/perl-5.12.2/lib/site_perl/5.12.2
    /home/cpan/pit/bare/perl-5.12.2/lib/5.12.2/i86pc-solaris-64
    /home/cpan/pit/bare/perl-5.12.2/lib/5.12.2
    .