Report for Catalyst-Model-DBIC-Schema-0.60

Back
From: metabase:user:320bfe00-2aae-11df-837a-5e0a49663a4f
Subject: FAIL Catalyst-Model-DBIC-Schema-0.60 v5.17.7 GNU/Linux
Date: 2013-03-18T01:52:04Z

This distribution has been tested as part of the CPAN Testers
project, supporting the Perl programming language.  See
http://wiki.cpantesters.org/ for more information or email
questions to cpan-testers-discuss@perl.org


--
Dear Rafael Kitover,

This is a computer-generated report for Catalyst-Model-DBIC-Schema-0.60
on perl 5.17.7, created by CPAN-Reporter-1.2009.

Thank you for uploading your work to CPAN.  However, there was a problem
testing your distribution.

If you think this report is invalid, please consult the CPAN Testers Wiki
for suggestions on how to avoid getting FAIL reports for missing library
or binary dependencies, unsupported operating systems, and so on:

http://wiki.cpantesters.org/wiki/CPANAuthorNotes

Sections of this report:

    * Tester comments
    * Program output
    * Prerequisites
    * Environment and other context

------------------------------
TESTER COMMENTS
------------------------------

Additional comments from tester:

this report is from an automated smoke testing program
and was not reviewed by a human for accuracy

------------------------------
PROGRAM OUTPUT
------------------------------

Output from '/usr/bin/make test':

PERL_DL_NONLAZY=1 /home/sand/src/perl/repoperls/installed-perls/perl/v5.17.7/127e/bin/perl "-MExtUtils::Command::MM" "-e" "test_harness(0, 'inc', 'blib/lib', 'blib/arch')" t/01use.t t/02pod.t t/05testapp.t t/06c3_issues.t t/07connect_info.t t/08helper.t t/09schema_options.t t/10literal_sql_through_accessor.t
t/01use.t ........................... ok
t/02pod.t ........................... skipped: set TEST_POD to enable this test
t/05testapp.t ....................... skipped: Enable this optional test with $ENV{C_M_DBIC_SCHEMA_TESTAPP}
t/06c3_issues.t ..................... ok
t/07connect_info.t .................. ok

#   Failed test 'loader hash arg as string'
#   at t/08helper.t line 47.
#          got: '{books => "BOOKS",authors => "AUTHORS"}'
#     expected: '{authors => "AUTHORS",books => "BOOKS"}'
# Looks like you failed 1 test of 45.
t/08helper.t ........................ 
Dubious, test returned 1 (wstat 256, 0x100)
Failed 1/45 subtests 
t/09schema_options.t ................ ok
t/10literal_sql_through_accessor.t .. ok

Test Summary Report
-------------------
t/08helper.t                      (Wstat: 256 Tests: 45 Failed: 1)
  Failed test:  9
  Non-zero exit status: 1
Files=8, Tests=70, 23 wallclock secs ( 0.05 usr  0.01 sys +  3.84 cusr  0.35 csys =  4.25 CPU)
Result: FAIL
Failed 1/8 test programs. 1/70 subtests failed.
make: *** [test_dynamic] Error 255

------------------------------
PREREQUISITES
------------------------------

Prerequisite modules loaded:

requires:

    Module                                  Need     Have    
    --------------------------------------- -------- --------
    Carp::Clan                              0        6.04    
    Catalyst::Component::InstancePerContext 0        0.001001
    Catalyst::Devel                         1.0      1.37    
    Catalyst::Runtime                       5.80005  5.90020 
    CatalystX::Component::Traits            0.14     0.16    
    DBD::SQLite                             0        1.37    
    DBIx::Class                             0.08114  0.08242 
    DBIx::Class::Schema::Loader             0.04005  0.07035 
    Hash::Merge                             0        0.12    
    List::MoreUtils                         0        0.33    
    Moose                                   1.12     2.0604  
    MooseX::MarkAsMethods                   0.13     0.15    
    MooseX::NonMoose                        0.16     0.22    
    MooseX::Types                           0        0.35    
    namespace::autoclean                    0.09     0.13    
    namespace::clean                        0        0.24    
    perl                                    5.008001 5.017007
    Storable                                0        2.40    
    Test::Exception                         0        0.31    
    Test::More                              0.94     0.98    
    Test::Requires                          0        0.06    
    Tie::IxHash                             0        1.23    
    Try::Tiny                               0        0.12    

build_requires:

    Module                                  Need     Have    
    --------------------------------------- -------- --------
    DBD::SQLite                             0        1.37    
    ExtUtils::MakeMaker                     6.59     6.64    
    Storable                                0        2.40    
    Test::Exception                         0        0.31    
    Test::More                              0.94     0.98    
    Test::Requires                          0        0.06    

configure_requires:

    Module                                  Need     Have    
    --------------------------------------- -------- --------
    ExtUtils::MakeMaker                     6.59     6.64    


------------------------------
ENVIRONMENT AND OTHER CONTEXT
------------------------------

Environment variables:

    AUTOMATED_TESTING = 1
    LANG = en_US.UTF-8
    LANGUAGE = en_US:en
    PATH = /usr/lib/ccache:/home/sand/bin:/usr/local/bin:/usr/bin:/bin:/usr/bin/X11:/usr/games:/usr/local/perl/bin:/usr/X11/bin:/sbin:/usr/sbin
    PERL5LIB = 
    PERL5OPT = 
    PERL5_CPANPLUS_IS_RUNNING = 18585
    PERL5_CPAN_IS_RUNNING = 18585
    PERL_MM_USE_DEFAULT = 1
    SHELL = /usr/bin/zsh
    TERM = screen

Perl special variables (and OS-specific diagnostics, for MSWin32):

    $^X = /home/sand/src/perl/repoperls/installed-perls/perl/v5.17.7/127e/bin/perl
    $UID/$EUID = 1005 / 1005
    $GID = 1005 1005
    $EGID = 1005 1005

Perl module toolchain versions installed:

    Module              Have    
    ------------------- --------
    CPAN                2.00    
    CPAN::Meta          2.120921
    Cwd                 3.40    
    ExtUtils::CBuilder  0.280209
    ExtUtils::Command   1.17    
    ExtUtils::Install   1.58    
    ExtUtils::MakeMaker 6.64    
    ExtUtils::Manifest  1.62    
    ExtUtils::ParseXS   3.18    
    File::Spec          3.40    
    JSON                2.53    
    JSON::PP            2.27202 
    Module::Build       0.4003  
    Module::Signature   0.70    
    Parse::CPAN::Meta   1.4404  
    Test::Harness       3.26    
    Test::More          0.98    
    YAML                0.84    
    YAML::Syck          1.24_02 
    version             0.9902  


--

Summary of my perl5 (revision 5 version 17 subversion 7) configuration:
  Commit id: 3cf48cac4c284d89b4ec777a26a8d19f912b4078
  Platform:
    osname=linux, osvers=3.2.0-4-amd64, archname=x86_64-linux-ld
    uname='linux k83 3.2.0-4-amd64 #1 smp debian 3.2.35-2 x86_64 gnulinux '
    config_args='-Dprefix=/home/src/perl/repoperls/installed-perls/perl/v5.17.7/127e -Dmyhostname=k83 -Dinstallusrbinperl=n -Uversiononly -Dusedevel -des -Ui_db -Uuseithreads -Duselongdouble -DDEBUGGING=-g'
    hint=recommended, useposix=true, d_sigaction=define
    useithreads=undef, usemultiplicity=undef
    useperlio=define, d_sfio=undef, uselargefiles=define, usesocks=undef
    use64bitint=define, use64bitall=define, uselongdouble=define
    usemymalloc=n, bincompat5005=undef
  Compiler:
    cc='cc', ccflags ='-fno-strict-aliasing -pipe -fstack-protector -I/usr/local/include -D_LARGEFILE_SOURCE -D_FILE_OFFSET_BITS=64',
    optimize='-O2 -g',
    cppflags='-fno-strict-aliasing -pipe -fstack-protector -I/usr/local/include'
    ccversion='', gccversion='4.7.2', gccosandvers=''
    intsize=4, longsize=8, ptrsize=8, doublesize=8, byteorder=12345678
    d_longlong=define, longlongsize=8, d_longdbl=define, longdblsize=16
    ivtype='long', ivsize=8, nvtype='long double', nvsize=16, Off_t='off_t', lseeksize=8
    alignbytes=16, prototype=define
  Linker and Libraries:
    ld='cc', ldflags =' -fstack-protector -L/usr/local/lib'
    libpth=/usr/local/lib /lib/x86_64-linux-gnu /lib/../lib /usr/lib/x86_64-linux-gnu /usr/lib/../lib /lib /usr/lib
    libs=-lnsl -ldb -ldl -lm -lcrypt -lutil -lc
    perllibs=-lnsl -ldl -lm -lcrypt -lutil -lc
    libc=, so=so, useshrplib=false, libperl=libperl.a
    gnulibc_version='2.13'
  Dynamic Linking:
    dlsrc=dl_dlopen.xs, dlext=so, d_dlsymun=undef, ccdlflags='-Wl,-E'
    cccdlflags='-fPIC', lddlflags='-shared -O2 -g -L/usr/local/lib -fstack-protector'


Characteristics of this binary (from libperl): 
  Compile-time options: HAS_TIMES PERLIO_LAYERS PERL_DONT_CREATE_GVSV
                        PERL_MALLOC_WRAP PERL_NEW_COPY_ON_WRITE
                        PERL_PRESERVE_IVUV PERL_USE_DEVEL USE_64_BIT_ALL
                        USE_64_BIT_INT USE_LARGE_FILES USE_LOCALE
                        USE_LOCALE_COLLATE USE_LOCALE_CTYPE
                        USE_LOCALE_NUMERIC USE_LONG_DOUBLE USE_PERLIO
                        USE_PERL_ATOF
  Built under linux
  Compiled at Jan 24 2013 04:52:39
  %ENV:
    PERL5LIB=""
    PERL5OPT=""
    PERL5_CPANPLUS_IS_RUNNING="18585"
    PERL5_CPAN_IS_RUNNING="18585"
    PERL_MM_USE_DEFAULT="1"
  @INC:
    /home/src/perl/repoperls/installed-perls/perl/v5.17.7/127e/lib/site_perl/5.17.7/x86_64-linux-ld
    /home/src/perl/repoperls/installed-perls/perl/v5.17.7/127e/lib/site_perl/5.17.7
    /home/src/perl/repoperls/installed-perls/perl/v5.17.7/127e/lib/5.17.7/x86_64-linux-ld
    /home/src/perl/repoperls/installed-perls/perl/v5.17.7/127e/lib/5.17.7
    .