Report for SOAP-WSDL-2.00.99_3

Back
From: metabase:user:30ae4450-2aae-11df-837a-5e0a49663a4f
Subject: FAIL SOAP-WSDL-2.00.99_3 v5.12.3 
Date: 2013-02-16T14:21:13Z

This distribution has been tested as part of the CPAN Testers
project, supporting the Perl programming language.  See
http://wiki.cpantesters.org/ for more information or email
questions to cpan-testers-discuss@perl.org


--
Dear Martin Kutter,

This is a computer-generated report for SOAP-WSDL-2.00.99_3
on perl 5.12.3, created by CPAN-Reporter-1.2009.

Thank you for uploading your work to CPAN.  However, there was a problem
testing your distribution.

If you think this report is invalid, please consult the CPAN Testers Wiki
for suggestions on how to avoid getting FAIL reports for missing library
or binary dependencies, unsupported operating systems, and so on:

http://wiki.cpantesters.org/wiki/CPANAuthorNotes

Sections of this report:

    * Tester comments
    * Program output
    * Prerequisites
    * Environment and other context

------------------------------
TESTER COMMENTS
------------------------------

Additional comments from tester:

this report is from an automated smoke testing program
and was not reviewed by a human for accuracy

------------------------------
PROGRAM OUTPUT
------------------------------

Output from 'C:\strawberry\perl\bin\perl.exe ./Build test':

t/002_parse_wsdl.t ....................................... ok
t/003_wsdl_based_serializer.t ............................ ok
t/011_simpleType.t ....................................... ok
t/012_element.t .......................................... ok
t/013_complexType.t ...................................... ok
t/016_client_object.t .................................... ok
t/094_cpan_meta.t ........................................ skipped: Author test.  Set $ENV{RELEASE_TESTING} to a true value to run.
t/095_copying.t .......................................... skipped: Author test.  Set $ENV{RELEASE_TESTING} to a true value to run.
t/096_characters.t ....................................... skipped: Author test.  Set $ENV{RELEASE_TESTING} to a true value to run.
t/097_kwalitee.t ......................................... skipped: Author test.  Set $ENV{RELEASE_TESTING} to a true value to run.

#   Failed test 'POD test for blib\lib\SOAP\WSDL\Expat\WSDLParser.pm'
#   at t/098_pod.t line 18.
# blib\lib\SOAP\WSDL\Expat\WSDLParser.pm (373): Non-ASCII character seen before =encoding in 'Mär'. Assuming UTF-8
# Looks like you failed 1 test of 137.
t/098_pod.t .............................................. 
Dubious, test returned 1 (wstat 256, 0x100)
Failed 1/137 subtests 
t/099_pod_coverage.t ..................................... skipped: Author test.  Set $ENV{RELEASE_TESTING} to a true value to run.
t/SOAP/WSDL/Base.t ....................................... ok
t/SOAP/WSDL/Client.t ..................................... ok
t/SOAP/WSDL/Client/Base.t ................................ ok
t/SOAP/WSDL/Definitions.t ................................ ok
t/SOAP/WSDL/Deserializer/Hash.t .......................... ok
t/SOAP/WSDL/Deserializer/SOM.t ........................... ok
t/SOAP/WSDL/Deserializer/XSD.t ........................... ok
t/SOAP/WSDL/Expat/Base.t ................................. ok
t/SOAP/WSDL/Expat/MessageParser.t ........................ ok
file://C:/strawberry/cpan/build/SOAP-WSDL-2.00.99_3-ZGo7WR/t/acceptance/wsdl/WSDLParser-imported.wsdl already imported; ignoring it.
t/SOAP/WSDL/Expat/WSDLParser.t ........................... ok
t/SOAP/WSDL/Factory/Deserializer.t ....................... ok
t/SOAP/WSDL/Factory/Serializer.t ......................... ok
t/SOAP/WSDL/Factory/Transport.t .......................... ok
t/SOAP/WSDL/Generator/Template.t ......................... ok
t/SOAP/WSDL/Generator/Template/XSD/Import.t .............. ok
t/SOAP/WSDL/Generator/Template/XSD/MultipleNamespaces.t .. ok
t/SOAP/WSDL/Generator/Template/XSD/Unqualified.t ......... ok
t/SOAP/WSDL/Generator/Visitor.t .......................... ok
t/SOAP/WSDL/Generator/Visitor/Typemap.t .................. ok
Multiple parts detected in message testMultiPartWarning.
WS-I BP demands 0 to 1 parts in message body
Multiple parts detected in message testMultiPartWarning.
WS-I BP demands 0 to 1 parts in message body
t/SOAP/WSDL/Generator/XSD.t .............................. ok
Multiple parts detected in message testMultiPartWarning.
WS-I BP demands 0 to 1 parts in message body
Multiple parts detected in message testMultiPartWarning.
WS-I BP demands 0 to 1 parts in message body
t/SOAP/WSDL/Generator/XSD_custom_resolver.t .............. ok
Multiple parts detected in message testMultiPartWarning.
WS-I BP demands 0 to 1 parts in message body
Multiple parts detected in message testMultiPartWarning.
WS-I BP demands 0 to 1 parts in message body
t/SOAP/WSDL/Generator/XSD_dot_names.t .................... ok
t/SOAP/WSDL/Generator/XSD_nested_complextype.t ........... ok
Creating complexType class SCALAR(0xe88afc) 
Creating element class SCALAR(0xe88afc) 
Creating element class SCALAR(0xe88afc) 
Creating element class SCALAR(0xe88afc) 
Creating element class SCALAR(0xe88afc) 
t/SOAP/WSDL/Generator/XSD_recursive.t .................... ok
t/SOAP/WSDL/Generator/XSD_unsupported.t .................. ok
t/SOAP/WSDL/Part.t ....................................... ok
t/SOAP/WSDL/PortType.t ................................... ok
t/SOAP/WSDL/SOAP/Typelib/Fault11.t ....................... ok
t/SOAP/WSDL/Serializer/XSD.t ............................. ok
t/SOAP/WSDL/Server.t ..................................... ok
#   Failed test 'error without SOAPAction header'
#   at t/SOAP/WSDL/Server/CGI.t line 58.
#                   'Status: 500 Internal Server Error
# Content-Type: text/xml; charset="utf-8"
# 
# Cannot load serializer SOAP::WSDL::Deserializer::XSDCan't load 'C:/strawberry/perl/site/lib/auto/XML/Parser/Expat/Expat.dll' for module XML::Parser::Expat: load_file:Íå íàéäåí óêàçàííûé ìîäóëü at C:/strawberry/perl/lib/DynaLoader.pm line 200.
#  at C:\strawberry\cpan\build\SOAP-WSDL-2.00.99_3-ZGo7WR\blib\lib/SOAP/WSDL/Expat/Base.pm line 5.
# Compilation failed in require at C:\strawberry\cpan\build\SOAP-WSDL-2.00.99_3-ZGo7WR\blib\lib/SOAP/WSDL/Expat/Base.pm line 5.
# BEGIN failed--compilation aborted at C:\strawberry\cpan\build\SOAP-WSDL-2.00.99_3-ZGo7WR\blib\lib/SOAP/WSDL/Expat/Base.pm line 5.
# Compilation failed in require at (eval 103) line 2.
# 	...propagated at C:/strawberry/perl/lib/base.pm line 84.
# BEGIN failed--compilation aborted at C:\strawberry\cpan\build\SOAP-WSDL-2.00.99_3-ZGo7WR\blib\lib/SOAP/WSDL/Expat/MessageParser.pm line 9.
# Compilation failed in require at C:\strawberry\cpan\build\SOAP-WSDL-2.00.99_3-ZGo7WR\blib\lib/SOAP/WSDL/Deserializer/XSD.pm line 6.
# BEGIN failed--compilation aborted at C:\strawberry\cpan\build\SOAP-WSDL-2.00.99_3-ZGo7WR\blib\lib/SOAP/WSDL/Deserializer/XSD.pm line 6.
# Compilation failed in require at (eval 35) line 2.
# '
#     doesn't match '(?msx-i:Not \s found: \s No \s SOAPAction \s given)'
#   Failed test 'error with bad SOAPAction'
#   at t/SOAP/WSDL/Server/CGI.t line 66.
#                   'Status: 500 Internal Server Error
# Content-Type: text/xml; charset="utf-8"
# 
# Cannot load serializer SOAP::WSDL::Deserializer::XSDAttempt to reload SOAP/WSDL/Deserializer/XSD.pm aborted.
# Compilation failed in require at (eval 105) line 2.
# '
#     doesn't match '(?msx-i:No \s method \s found \s for \s the \s SOAPAction)'
#   Failed test 'error with bad EXPECT and bad SOAPAction'
#   at t/SOAP/WSDL/Server/CGI.t line 83.
#                   'Status: 500 Internal Server Error
# Content-Type: text/xml; charset="utf-8"
# 
# Cannot load serializer SOAP::WSDL::Deserializer::XSDAttempt to reload SOAP/WSDL/Deserializer/XSD.pm aborted.
# Compilation failed in require at (eval 109) line 2.
# '
#     doesn't match '(?msx-i:No \s method \s found \s for \s the \s SOAPAction)'
#   Failed test 'No handler'
#   at t/SOAP/WSDL/Server/CGI.t line 103.
#                   'Status: 500 Internal Server Error
# Content-Type: text/xml; charset="utf-8"
# 
# Cannot load serializer SOAP::WSDL::Deserializer::XSDAttempt to reload SOAP/WSDL/Deserializer/XSD.pm aborted.
# Compilation failed in require at (eval 111) line 2.
# '
#     doesn't match '(?msx-i: No \s handler)'
#   Failed test 'bad content'
#   at t/SOAP/WSDL/Server/CGI.t line 116.
#                   'Status: 500 Internal Server Error
# Content-Type: text/xml; charset="utf-8"
# 
# Cannot load serializer SOAP::WSDL::Deserializer::XSDAttempt to reload SOAP/WSDL/Deserializer/XSD.pm aborted.
# Compilation failed in require at (eval 113) line 2.
# '
#     doesn't match '(?msx-i: Error \s deserializing \s message)'
#   Failed test 'error with bad request content'
#   at t/SOAP/WSDL/Server/CGI.t line 125.
#                   'Status: 500 Internal Server Error
# Content-Type: text/xml; charset="utf-8"
# 
# Cannot load serializer SOAP::WSDL::Deserializer::XSDAttempt to reload SOAP/WSDL/Deserializer/XSD.pm aborted.
# Compilation failed in require at (eval 115) line 2.
# '
#     doesn't match '(?msx-i: Error \s deserializing )'
#   Failed test 'empty request'
#   at t/SOAP/WSDL/Server/CGI.t line 138.
#                   'Status: 500 Internal Server Error
# Content-Type: text/xml; charset="utf-8"
# 
# Cannot load serializer SOAP::WSDL::Deserializer::XSDAttempt to reload SOAP/WSDL/Deserializer/XSD.pm aborted.
# Compilation failed in require at (eval 117) line 2.
# '
#     doesn't match '(?msx-i: \A Status: \s 200 \s OK)'
#   Failed test 'non-serializable exception'
#   at t/SOAP/WSDL/Server/CGI.t line 158.
#                   'HTTP/1.0 500 Internal Server Error
# Content-Type: text/xml; charset="utf-8"
# 
# Cannot load serializer SOAP::WSDL::Deserializer::XSDAttempt to reload SOAP/WSDL/Deserializer/XSD.pm aborted.
# Compilation failed in require at (eval 119) line 2.
# '
#     doesn't match '(?msx-i:EXCEPTION)'
#   Failed test 'IIS response'
#   at t/SOAP/WSDL/Server/CGI.t line 171.
#                   'HTTP/1.0 500 Internal Server Error
# Content-Type: text/xml; charset="utf-8"
# 
# Cannot load serializer SOAP::WSDL::Deserializer::XSDAttempt to reload SOAP/WSDL/Deserializer/XSD.pm aborted.
# Compilation failed in require at (eval 121) line 2.
# '
#     doesn't match '(?msx-i: \A HTTP/1.0 \s 200 \s OK)'
#   Failed test 'IIS response'
#   at t/SOAP/WSDL/Server/CGI.t line 184.
#                   'HTTP/1.1 500 Internal Server Error
# Content-Type: text/xml; charset="utf-8"
# 
# Cannot load serializer SOAP::WSDL::Deserializer::XSDAttempt to reload SOAP/WSDL/Deserializer/XSD.pm aborted.
# Compilation failed in require at (eval 123) line 2.
# '
#     doesn't match '(?msx-i: \A HTTP/1.1 \s 200 \s OK)'
#   Failed test 'response'
#   at t/SOAP/WSDL/Server/CGI.t line 196.
#                   'Status: 500 Internal Server Error
# Content-Type: text/xml; charset="utf-8"
# 
# Cannot load serializer SOAP::WSDL::Deserializer::XSDAttempt to reload SOAP/WSDL/Deserializer/XSD.pm aborted.
# Compilation failed in require at (eval 125) line 2.
# '
#     doesn't match '(?msx-i: \A Status: \s 200 \s OK)'
#   Failed test 'response'
#   at t/SOAP/WSDL/Server/CGI.t line 208.
#                   'Status: 500 Internal Server Error
# Content-Type: text/xml; charset="utf-8"
# 
# Cannot load serializer SOAP::WSDL::Deserializer::XSDAttempt to reload SOAP/WSDL/Deserializer/XSD.pm aborted.
# Compilation failed in require at (eval 127) line 2.
# '
#     doesn't match '(?msx-i: \A Status: \s 200 \s OK)'
# Looks like you failed 12 tests of 16.
t/SOAP/WSDL/Server/CGI.t ................................. 
Dubious, test returned 12 (wstat 3072, 0xc00)
Failed 12/16 subtests 
t/SOAP/WSDL/Server/Mod_Perl2.t ........................... ok
HTTP/1.0 500 Internal Server Error
Content-Type: text/xml; charset="utf-8"
<SOAP-ENV:Envelope xmlns:xs="http://www.w3.org/2001/XMLSchema" xmlns:xsi="http://www.w3.org/2001/XMLSchema-instance" xmlns:SOAP-ENV="http://schemas.xmlsoap.org/soap/envelope/" ><SOAP-ENV:Body><Fault xmlns="http://schemas.xmlsoap.org/soap/envelope/"><faultcode>SOAP-ENV:Server</faultcode><faultstring>No handler registered</faultstring><faultactor>urn:localhost</faultactor></Fault></SOAP-ENV:Body></SOAP-ENV:Envelope>

Subroutine SOAP::WSDL::Server::Simple::_output redefined at t/SOAP/WSDL/Server/Simple.t line 52.
Subroutine SOAP::WSDL::Server::Simple::_output redefined at t/SOAP/WSDL/Server/Simple.t line 80.
Subroutine SOAP::WSDL::Server::handle redefined at t/SOAP/WSDL/Server/Simple.t line 85.
Subroutine SOAP::WSDL::Server::Simple::_output redefined at t/SOAP/WSDL/Server/Simple.t line 108.
Subroutine SOAP::WSDL::Server::handle redefined at t/SOAP/WSDL/Server/Simple.t line 113.
t/SOAP/WSDL/Server/Simple.t .............................. ok
t/SOAP/WSDL/Transport/01_Test.t .......................... ok
t/SOAP/WSDL/Transport/HTTP.t ............................. ok
t/SOAP/WSDL/Typelib/Fault11.t ............................ ok
t/SOAP/WSDL/Types.t ...................................... ok
t/SOAP/WSDL/XSD/Attribute.t .............................. ok
t/SOAP/WSDL/XSD/AttributeGroup.t ......................... ok
t/SOAP/WSDL/XSD/Builtin.t ................................ ok
t/SOAP/WSDL/XSD/ComplexType.t ............................ ok
t/SOAP/WSDL/XSD/Element.t ................................ ok
t/SOAP/WSDL/XSD/Enumeration.t ............................ ok
t/SOAP/WSDL/XSD/Schema.t ................................. ok
t/SOAP/WSDL/XSD/SimpleType.t ............................. ok
t/SOAP/WSDL/XSD/Typelib/Attribute.t ...................... ok
t/SOAP/WSDL/XSD/Typelib/Builtin/ENTITY.t ................. ok
t/SOAP/WSDL/XSD/Typelib/Builtin/ID.t ..................... ok
t/SOAP/WSDL/XSD/Typelib/Builtin/IDREF.t .................. ok
t/SOAP/WSDL/XSD/Typelib/Builtin/IDREFS.t ................. ok
t/SOAP/WSDL/XSD/Typelib/Builtin/NCName.t ................. ok
t/SOAP/WSDL/XSD/Typelib/Builtin/NMTOKEN.t ................ ok
t/SOAP/WSDL/XSD/Typelib/Builtin/NMTOKENS.t ............... ok
t/SOAP/WSDL/XSD/Typelib/Builtin/NOTATION.t ............... ok
t/SOAP/WSDL/XSD/Typelib/Builtin/Name.t ................... ok
t/SOAP/WSDL/XSD/Typelib/Builtin/QName.t .................. ok
t/SOAP/WSDL/XSD/Typelib/Builtin/anySimpleType.t .......... ok
t/SOAP/WSDL/XSD/Typelib/Builtin/anyType.t ................ ok
t/SOAP/WSDL/XSD/Typelib/Builtin/anyURI.t ................. ok
t/SOAP/WSDL/XSD/Typelib/Builtin/base64Binary.t ........... ok
t/SOAP/WSDL/XSD/Typelib/Builtin/boolean.t ................ ok
t/SOAP/WSDL/XSD/Typelib/Builtin/byte.t ................... ok
t/SOAP/WSDL/XSD/Typelib/Builtin/date.t ................... ok
t/SOAP/WSDL/XSD/Typelib/Builtin/dateTime.t ............... ok
t/SOAP/WSDL/XSD/Typelib/Builtin/decimal.t ................ ok
t/SOAP/WSDL/XSD/Typelib/Builtin/double.t ................. ok
t/SOAP/WSDL/XSD/Typelib/Builtin/duration.t ............... ok
t/SOAP/WSDL/XSD/Typelib/Builtin/float.t .................. ok
t/SOAP/WSDL/XSD/Typelib/Builtin/gDay.t ................... ok
t/SOAP/WSDL/XSD/Typelib/Builtin/gMonth.t ................. ok
t/SOAP/WSDL/XSD/Typelib/Builtin/gMonthDay.t .............. ok
t/SOAP/WSDL/XSD/Typelib/Builtin/gYear.t .................. ok
t/SOAP/WSDL/XSD/Typelib/Builtin/gYearMonth.t ............. ok
t/SOAP/WSDL/XSD/Typelib/Builtin/hexBinary.t .............. ok
t/SOAP/WSDL/XSD/Typelib/Builtin/int.t .................... ok
t/SOAP/WSDL/XSD/Typelib/Builtin/integer.t ................ ok
t/SOAP/WSDL/XSD/Typelib/Builtin/language.t ............... ok
t/SOAP/WSDL/XSD/Typelib/Builtin/list.t ................... ok
t/SOAP/WSDL/XSD/Typelib/Builtin/long.t ................... ok
t/SOAP/WSDL/XSD/Typelib/Builtin/negativeInteger.t ........ ok
t/SOAP/WSDL/XSD/Typelib/Builtin/nonNegativeInteger.t ..... ok
t/SOAP/WSDL/XSD/Typelib/Builtin/nonPositiveInteger.t ..... ok
t/SOAP/WSDL/XSD/Typelib/Builtin/normalizedString.t ....... ok
t/SOAP/WSDL/XSD/Typelib/Builtin/positiveInteger.t ........ ok
t/SOAP/WSDL/XSD/Typelib/Builtin/short.t .................. ok
t/SOAP/WSDL/XSD/Typelib/Builtin/string.t ................. ok
t/SOAP/WSDL/XSD/Typelib/Builtin/time.t ................... ok
t/SOAP/WSDL/XSD/Typelib/Builtin/token.t .................. ok
t/SOAP/WSDL/XSD/Typelib/Builtin/unsignedByte.t ........... ok
t/SOAP/WSDL/XSD/Typelib/Builtin/unsignedInt.t ............ ok
t/SOAP/WSDL/XSD/Typelib/Builtin/unsignedLong.t ........... ok
t/SOAP/WSDL/XSD/Typelib/Builtin/unsignedShort.t .......... ok
t/SOAP/WSDL/XSD/Typelib/ComplexType.t .................... ok
t/SOAP/WSDL/XSD/Typelib/Element.t ........................ ok

Test Summary Report
-------------------
t/098_pod.t                                            (Wstat: 256 Tests: 137 Failed: 1)
  Failed test:  29
  Non-zero exit status: 1
t/SOAP/WSDL/Server/CGI.t                               (Wstat: 3072 Tests: 16 Failed: 12)
  Failed tests:  4-5, 7-16
  Non-zero exit status: 12
Files=106, Tests=1124, 36 wallclock secs ( 0.14 usr +  0.49 sys =  0.63 CPU)
Result: FAIL
Failed 2/106 test programs. 13/1124 subtests failed.

------------------------------
PREREQUISITES
------------------------------

Prerequisite modules loaded:

requires:

    Module             Need   Have    
    ------------------ ------ --------
    Class::Std::Fast   v0.0.5 0.0.8   
    Data::Dumper       0      2.128   
    Date::Format       0      2.24    
    Date::Parse        0      2.30    
    File::Basename     0      2.78    
    File::Path         0      2.08_01 
    Getopt::Long       0      2.38    
    List::Util         0      1.27    
    LWP::UserAgent     0      6.04    
    perl               v5.8.0 5.012003
    Template           2.18   2.24    
    Term::ReadKey      0      2.30    
    URI                0      1.60    
    XML::Parser::Expat 0      2.41    

build_requires:

    Module             Need   Have    
    ------------------ ------ --------
    Class::Std::Fast   v0.0.5 0.0.8   
    Cwd                0      3.40    
    Date::Format       0      2.24    
    Date::Parse        0      2.30    
    File::Basename     0      2.78    
    File::Path         0      2.08_01 
    File::Spec         0      3.40    
    Getopt::Long       0      2.38    
    List::Util         0      1.27    
    LWP::UserAgent     0      6.04    
    Module::Build      0      0.4003  
    Storable           0      2.39    
    Template           2.18   2.24    
    Test::More         0      0.98    
    XML::Parser::Expat 0      2.41    

configure_requires:

    Module             Need   Have    
    ------------------ ------ --------
    Module::Build      0.36   0.4003  


------------------------------
ENVIRONMENT AND OTHER CONTEXT
------------------------------

Environment variables:

    AUTOMATED_TESTING = 1
    COMSPEC = C:\WINDOWS\system32\cmd.exe
    NUMBER_OF_PROCESSORS = 1
    PATH = C:\Program Files\Far Manager\;C:\WINDOWS\system32;C:\WINDOWS;C:\WINDOWS\System32\Wbem;C:\strawberry\c\bin;C:\strawberry\perl\site\bin;C:\strawberry\perl\bin
    PERL5LIB = 
    PERL5OPT = 
    PERL5_CPANPLUS_IS_RUNNING = 1836
    PERL5_CPAN_IS_RUNNING = 1836
    PERL5_CPAN_IS_RUNNING_IN_RECURSION = 496,1836
    PERL_CR_SMOKER_CURRENT = SOAP-WSDL-2.00.99_3
    PERL_EXTUTILS_AUTOINSTALL = --defaultdeps
    PERL_JSON_BACKEND = JSON::XS
    PERL_MM_USE_DEFAULT = 1
    PERL_YAML_BACKEND = YAML
    PROCESSOR_IDENTIFIER = x86 Family 16 Model 5 Stepping 3, AuthenticAMD
    TEMP = C:\DOCUME~1\c\LOCALS~1\Temp
    TERM = dumb

Perl special variables (and OS-specific diagnostics, for MSWin32):

    $^X = C:\strawberry\perl\bin\perl.exe
    $UID/$EUID = 0 / 0
    $GID = 0
    $EGID = 0
    Win32::GetOSName = WinXP/.Net
    Win32::GetOSVersion = Service Pack 3, 5, 1, 2600, 2, 3, 0, 256, 1
    Win32::FsType = NTFS
    Win32::IsAdminUser = 1

Perl module toolchain versions installed:

    Module              Have    
    ------------------- --------
    CPAN                1.9800  
    CPAN::Meta          2.120921
    Cwd                 3.40    
    ExtUtils::CBuilder  0.280202
    ExtUtils::Command   1.17    
    ExtUtils::Install   1.55    
    ExtUtils::MakeMaker 6.64    
    ExtUtils::Manifest  1.60    
    ExtUtils::ParseXS   3.18    
    File::Spec          3.40    
    JSON                2.53    
    JSON::PP            2.27200 
    Module::Build       0.4003  
    Module::Signature   0.66    
    Parse::CPAN::Meta   1.4404  
    Test::Harness       3.23    
    Test::More          0.98    
    YAML                0.84    
    YAML::Syck          1.22    
    version             0.9901  


--

Summary of my perl5 (revision 5 version 12 subversion 3) configuration:
   
  Platform:
    osname=MSWin32, osvers=5.1, archname=MSWin32-x86-multi-thread
    uname='Win32 strawberryperl 5.12.3.0 #1 Sun May 15 09:44:53 2011 i386'
    config_args='undef'
    hint=recommended, useposix=true, d_sigaction=undef
    useithreads=define, usemultiplicity=define
    useperlio=define, d_sfio=undef, uselargefiles=define, usesocks=undef
    use64bitint=undef, use64bitall=undef, uselongdouble=undef
    usemymalloc=n, bincompat5005=undef
  Compiler:
    cc='gcc', ccflags =' -s -O2 -DWIN32 -DHAVE_DES_FCRYPT  -DUSE_SITECUSTOMIZE -DPERL_IMPLICIT_CONTEXT -DPERL_IMPLICIT_SYS -fno-strict-aliasing -mms-bitfields -DPERL_MSVCRT_READFIX',
    optimize='-s -O2',
    cppflags='-DWIN32'
    ccversion='', gccversion='4.4.3', gccosandvers=''
    intsize=4, longsize=4, ptrsize=4, doublesize=8, byteorder=1234
    d_longlong=undef, longlongsize=8, d_longdbl=define, longdblsize=12
    ivtype='long', ivsize=4, nvtype='double', nvsize=8, Off_t='long long', lseeksize=8
    alignbytes=8, prototype=define
  Linker and Libraries:
    ld='g++', ldflags ='-s -L"C:\strawberry\perl\lib\CORE" -L"C:\strawberry\c\lib"'
    libpth=C:\strawberry\c\lib C:\strawberry\c\i686-w64-mingw32\lib
    libs=-lmoldname -lkernel32 -luser32 -lgdi32 -lwinspool -lcomdlg32 -ladvapi32 -lshell32 -lole32 -loleaut32 -lnetapi32 -luuid -lws2_32 -lmpr -lwinmm -lversion -lodbc32 -lodbccp32 -lcomctl32
    perllibs=-lmoldname -lkernel32 -luser32 -lgdi32 -lwinspool -lcomdlg32 -ladvapi32 -lshell32 -lole32 -loleaut32 -lnetapi32 -luuid -lws2_32 -lmpr -lwinmm -lversion -lodbc32 -lodbccp32 -lcomctl32
    libc=, so=dll, useshrplib=true, libperl=libperl512.a
    gnulibc_version=''
  Dynamic Linking:
    dlsrc=dl_win32.xs, dlext=dll, d_dlsymun=undef, ccdlflags=' '
    cccdlflags=' ', lddlflags='-mdll -s -L"C:\strawberry\perl\lib\CORE" -L"C:\strawberry\c\lib"'


Characteristics of this binary (from libperl): 
  Compile-time options: MULTIPLICITY PERL_DONT_CREATE_GVSV
                        PERL_IMPLICIT_CONTEXT PERL_IMPLICIT_SYS
                        PERL_MALLOC_WRAP PL_OP_SLAB_ALLOC USE_ITHREADS
                        USE_LARGE_FILES USE_PERLIO USE_PERL_ATOF
                        USE_SITECUSTOMIZE
  Built under MSWin32
  Compiled at May 15 2011 17:02:01
  %ENV:
    PERL5_CPANPLUS_IS_RUNNING="1836"
    PERL5_CPAN_IS_RUNNING="1836"
    PERL5_CPAN_IS_RUNNING_IN_RECURSION="496,1836"
    PERL_CR_SMOKER_CURRENT="SOAP-WSDL-2.00.99_3"
    PERL_EXTUTILS_AUTOINSTALL="--defaultdeps"
    PERL_JSON_BACKEND="JSON::XS"
    PERL_MM_USE_DEFAULT="1"
    PERL_YAML_BACKEND="YAML"
  @INC:
    C:/strawberry/perl/site/lib
    C:/strawberry/perl/vendor/lib
    C:/strawberry/perl/lib
    .