Back
From: metabase:user:314402c4-2aae-11df-837a-5e0a49663a4f
Subject: FAIL GSSAPI-0.28 v5.14.4 FreeBSD
Date: 2015-04-25T20:41:22Z
This distribution has been tested as part of the CPAN Testers
project, supporting the Perl programming language. See
http://wiki.cpantesters.org/ for more information or email
questions to cpan-testers-discuss@perl.org
--
Dear Achim Grolms,
This is a computer-generated report for GSSAPI-0.28
on perl 5.14.4, created by CPAN-Reporter-1.2014.
Thank you for uploading your work to CPAN. However, there was a problem
testing your distribution.
If you think this report is invalid, please consult the CPAN Testers Wiki
for suggestions on how to avoid getting FAIL reports for missing library
or binary dependencies, unsupported operating systems, and so on:
http://wiki.cpantesters.org/wiki/CPANAuthorNotes
Sections of this report:
* Tester comments
* Program output
* Prerequisites
* Environment and other context
------------------------------
TESTER COMMENTS
------------------------------
Additional comments from tester:
none provided
------------------------------
PROGRAM OUTPUT
------------------------------
Output from '/usr/bin/make test':
Running Mkbootstrap for GSSAPI ()
chmod 644 "GSSAPI.bs"
PERL_DL_NONLAZY=1 "/usr/perl5.14.4/bin/perl5.14.4" "-MExtUtils::Command::MM" "-MTest::Harness" "-e" "undef *Test::Harness::Switches; test_harness(0, 'blib/lib', 'blib/arch')" t/*.t
Can't load '/usr/home/eserte/.cpan/build/GSSAPI-0.28-dS1Lpn/blib/arch/auto/GSSAPI/GSSAPI.so' for module GSSAPI: /usr/local/lib/heimdal/libroken.so.18: Undefined symbol "unvis" at /usr/perl5.14.4/lib/5.14.4/amd64-freebsd/DynaLoader.pm line 190.
at t/1constants.t line 7.
Compilation failed in require at t/1constants.t line 7.
BEGIN failed--compilation aborted at t/1constants.t line 7.
t/1constants.t .....
Dubious, test returned 2 (wstat 512, 0x200)
No subtests run
Can't load '/usr/home/eserte/.cpan/build/GSSAPI-0.28-dS1Lpn/blib/arch/auto/GSSAPI/GSSAPI.so' for module GSSAPI: /usr/local/lib/heimdal/libroken.so.18: Undefined symbol "unvis" at /usr/perl5.14.4/lib/5.14.4/amd64-freebsd/DynaLoader.pm line 190.
at t/2status.t line 7.
Compilation failed in require at t/2status.t line 7.
BEGIN failed--compilation aborted at t/2status.t line 7.
t/2status.t ........
Dubious, test returned 2 (wstat 512, 0x200)
No subtests run
Can't load '/usr/home/eserte/.cpan/build/GSSAPI-0.28-dS1Lpn/blib/arch/auto/GSSAPI/GSSAPI.so' for module GSSAPI: /usr/local/lib/heimdal/libroken.so.18: Undefined symbol "unvis" at /usr/perl5.14.4/lib/5.14.4/amd64-freebsd/DynaLoader.pm line 190.
at t/checkoids.t line 7.
Compilation failed in require at t/checkoids.t line 7.
BEGIN failed--compilation aborted at t/checkoids.t line 7.
t/checkoids.t ......
Dubious, test returned 2 (wstat 512, 0x200)
No subtests run
# Failed test 'use GSSAPI;'
# at t/importnames.t line 9.
# Tried to use 'GSSAPI'.
# Error: Can't load '/usr/home/eserte/.cpan/build/GSSAPI-0.28-dS1Lpn/blib/arch/auto/GSSAPI/GSSAPI.so' for module GSSAPI: /usr/local/lib/heimdal/libroken.so.18: Undefined symbol "unvis" at /usr/perl5.14.4/lib/5.14.4/amd64-freebsd/DynaLoader.pm line 190.
# at t/importnames.t line 9.
# Compilation failed in require at t/importnames.t line 9.
# BEGIN failed--compilation aborted at t/importnames.t line 9.
Bareword "GSS_S_COMPLETE" not allowed while "strict subs" in use at t/importnames.t line 17.
Bareword "GSS_S_COMPLETE" not allowed while "strict subs" in use at t/importnames.t line 32.
Bareword "GSS_S_COMPLETE" not allowed while "strict subs" in use at t/importnames.t line 34.
Execution of t/importnames.t aborted due to compilation errors.
# Looks like you planned 6 tests but ran 1.
# Looks like you failed 1 test of 1 run.
# Looks like your test exited with 255 just after 1.
t/importnames.t ....
Dubious, test returned 255 (wstat 65280, 0xff00)
Failed 6/6 subtests
# Failed test 'use GSSAPI;'
# at t/indicatemechs.t line 9.
# Tried to use 'GSSAPI'.
# Error: Can't load '/usr/home/eserte/.cpan/build/GSSAPI-0.28-dS1Lpn/blib/arch/auto/GSSAPI/GSSAPI.so' for module GSSAPI: /usr/local/lib/heimdal/libroken.so.18: Undefined symbol "unvis" at /usr/perl5.14.4/lib/5.14.4/amd64-freebsd/DynaLoader.pm line 190.
# at t/indicatemechs.t line 9.
# Compilation failed in require at t/indicatemechs.t line 9.
# BEGIN failed--compilation aborted at t/indicatemechs.t line 9.
Bareword "GSS_S_COMPLETE" not allowed while "strict subs" in use at t/indicatemechs.t line 19.
Bareword "gss_mech_krb5_old" not allowed while "strict subs" in use at t/indicatemechs.t line 25.
Bareword "gss_mech_krb5" not allowed while "strict subs" in use at t/indicatemechs.t line 29.
Bareword "gss_mech_spnego" not allowed while "strict subs" in use at t/indicatemechs.t line 33.
Execution of t/indicatemechs.t aborted due to compilation errors.
# Looks like you planned 5 tests but ran 1.
# Looks like you failed 1 test of 1 run.
# Looks like your test exited with 255 just after 1.
t/indicatemechs.t ..
Dubious, test returned 255 (wstat 65280, 0xff00)
Failed 5/5 subtests
Can't load '/usr/home/eserte/.cpan/build/GSSAPI-0.28-dS1Lpn/blib/arch/auto/GSSAPI/GSSAPI.so' for module GSSAPI: /usr/local/lib/heimdal/libroken.so.18: Undefined symbol "unvis" at /usr/perl5.14.4/lib/5.14.4/amd64-freebsd/DynaLoader.pm line 190.
at t/inquire_cred.t line 7.
Compilation failed in require at t/inquire_cred.t line 7.
BEGIN failed--compilation aborted at t/inquire_cred.t line 7.
t/inquire_cred.t ...
Dubious, test returned 2 (wstat 512, 0x200)
No subtests run
t/pod.t ............ ok
Can't load '/usr/home/eserte/.cpan/build/GSSAPI-0.28-dS1Lpn/blib/arch/auto/GSSAPI/GSSAPI.so' for module GSSAPI: /usr/local/lib/heimdal/libroken.so.18: Undefined symbol "unvis" at /usr/perl5.14.4/lib/5.14.4/amd64-freebsd/DynaLoader.pm line 190.
at t/test.t line 7.
Compilation failed in require at t/test.t line 7.
BEGIN failed--compilation aborted at t/test.t line 7.
t/test.t ...........
Dubious, test returned 2 (wstat 512, 0x200)
No subtests run
Can't load '/usr/home/eserte/.cpan/build/GSSAPI-0.28-dS1Lpn/blib/arch/auto/GSSAPI/GSSAPI.so' for module GSSAPI: /usr/local/lib/heimdal/libroken.so.18: Undefined symbol "unvis" at /usr/perl5.14.4/lib/5.14.4/amd64-freebsd/DynaLoader.pm line 190.
at t/zbugfixes.t line 6.
Compilation failed in require at t/zbugfixes.t line 6.
BEGIN failed--compilation aborted at t/zbugfixes.t line 6.
t/zbugfixes.t ......
Dubious, test returned 2 (wstat 512, 0x200)
No subtests run
Test Summary Report
-------------------
t/1constants.t (Wstat: 512 Tests: 0 Failed: 0)
Non-zero exit status: 2
Parse errors: No plan found in TAP output
t/2status.t (Wstat: 512 Tests: 0 Failed: 0)
Non-zero exit status: 2
Parse errors: No plan found in TAP output
t/checkoids.t (Wstat: 512 Tests: 0 Failed: 0)
Non-zero exit status: 2
Parse errors: No plan found in TAP output
t/importnames.t (Wstat: 65280 Tests: 1 Failed: 1)
Failed test: 1
Non-zero exit status: 255
Parse errors: Bad plan. You planned 6 tests but ran 1.
t/indicatemechs.t (Wstat: 65280 Tests: 1 Failed: 1)
Failed test: 1
Non-zero exit status: 255
Parse errors: Bad plan. You planned 5 tests but ran 1.
t/inquire_cred.t (Wstat: 512 Tests: 0 Failed: 0)
Non-zero exit status: 2
Parse errors: No plan found in TAP output
t/test.t (Wstat: 512 Tests: 0 Failed: 0)
Non-zero exit status: 2
Parse errors: No plan found in TAP output
t/zbugfixes.t (Wstat: 512 Tests: 0 Failed: 0)
Non-zero exit status: 2
Parse errors: No plan found in TAP output
Files=9, Tests=6, 2 wallclock secs ( 0.13 usr 0.03 sys + 0.95 cusr 0.12 csys = 1.23 CPU)
Result: FAIL
Failed 8/9 test programs. 2/6 subtests failed.
*** [test_dynamic] Error code 2
Stop in /usr/home/eserte/.cpan/build/GSSAPI-0.28-dS1Lpn.
------------------------------
PREREQUISITES
------------------------------
Prerequisite modules loaded:
requires:
Module Need Have
------------------- ---- --------
Test::More 0 1.001014
build_requires:
Module Need Have
------------------- ---- --------
ExtUtils::MakeMaker 0 7.04
------------------------------
ENVIRONMENT AND OTHER CONTEXT
------------------------------
Environment variables:
DBIC_NO_WARN_BAD_PERL = 1
LC_ALL = de_DE.ISO8859-1
PATH = /usr/local/bin:/usr/bin:/bin:/usr/local/sbin:/usr/sbin:/sbin:/home/cpansand/bin/freebsd9.1:/home/cpansand/bin/sh:/home/cpansand/bin:/usr/games:/home/cpansand/devel:/usr/home/eserte/src/srezic-misc/scripts
PERL5LIB =
PERL5OPT =
PERL5_CPANPLUS_IS_RUNNING = 11925
PERL5_CPAN_IS_RUNNING = 11925
PERL5_CPAN_IS_RUNNING_IN_RECURSION = 1604,11925
PERLDOC = -MPod::Perldoc::ToTextOverstrike
PERL_BATCH = yes
PERL_CPAN_REPORTER_CONFIG = /var/tmp/cpansmoker-1023/cpanreporter_003_config.ini
PERL_EXTUTILS_AUTOINSTALL = --defaultdeps
PERL_HTML_DISPLAY_CLASS = HTML::Display::Mozilla
SHELL = /usr/local/bin/zsh
TERM = screen
TMPDIR = /var/tmp/cpansmoker-1023
Perl special variables (and OS-specific diagnostics, for MSWin32):
$^X = /usr/perl5.14.4/bin/perl5.14.4
$UID/$EUID = 1023 / 1023
$GID = 1023 1023
$EGID = 1023 1023
Perl module toolchain versions installed:
Module Have
------------------- --------
CPAN 2.10
CPAN::Meta 2.150001
Cwd 3.47
ExtUtils::CBuilder 0.280220
ExtUtils::Command 1.20
ExtUtils::Install 2.04
ExtUtils::MakeMaker 7.04
ExtUtils::Manifest 1.69
ExtUtils::ParseXS 3.24
File::Spec 3.47
JSON 2.90
JSON::PP 2.27300
Module::Build 0.4211
Module::Signature 0.78
Parse::CPAN::Meta 1.4414
Test::Harness 3.35
Test::More 1.001014
YAML 1.15
YAML::Syck 1.29
version 0.9912
--
Summary of my perl5 (revision 5 version 14 subversion 4) configuration:
Platform:
osname=freebsd, osvers=9.2-release-p4, archname=amd64-freebsd
uname='freebsd cvrsnica-freebsd-92 9.2-release-p4 freebsd 9.2-release-p4 #0: tue apr 8 18:08:22 utc 2014 root@amd64-builder.daemonology.net:usrobjusrsrcsysgeneric amd64 '
config_args='-ds -e -Dprefix=/usr/perl5.14.4'
hint=recommended, useposix=true, d_sigaction=define
useithreads=undef, usemultiplicity=undef
useperlio=define, d_sfio=undef, uselargefiles=define, usesocks=undef
use64bitint=define, use64bitall=define, uselongdouble=undef
usemymalloc=n, bincompat5005=undef
Compiler:
cc='cc', ccflags ='-DHAS_FPSETMASK -DHAS_FLOATINGPOINT_H -fno-strict-aliasing -pipe -fstack-protector -I/usr/local/include',
optimize='-O',
cppflags='-DHAS_FPSETMASK -DHAS_FLOATINGPOINT_H -fno-strict-aliasing -pipe -fstack-protector -I/usr/local/include'
ccversion='', gccversion='4.2.1 20070831 patched [FreeBSD]', gccosandvers=''
intsize=4, longsize=8, ptrsize=8, doublesize=8, byteorder=12345678
d_longlong=define, longlongsize=8, d_longdbl=define, longdblsize=16
ivtype='long', ivsize=8, nvtype='double', nvsize=8, Off_t='off_t', lseeksize=8
alignbytes=8, prototype=define
Linker and Libraries:
ld='cc', ldflags ='-Wl,-E -fstack-protector -L/usr/local/lib'
libpth=/usr/lib /usr/local/lib
libs=-lgdbm -lm -lcrypt -lutil -lc
perllibs=-lm -lcrypt -lutil -lc
libc=, so=so, useshrplib=false, libperl=libperl.a
gnulibc_version=''
Dynamic Linking:
dlsrc=dl_dlopen.xs, dlext=so, d_dlsymun=undef, ccdlflags=' '
cccdlflags='-DPIC -fPIC', lddlflags='-shared -L/usr/local/lib -fstack-protector'
Characteristics of this binary (from libperl):
Compile-time options: PERL_DONT_CREATE_GVSV PERL_MALLOC_WRAP
PERL_PRESERVE_IVUV USE_64_BIT_ALL USE_64_BIT_INT
USE_LARGE_FILES USE_PERLIO USE_PERL_ATOF
Built under freebsd
Compiled at May 16 2014 00:20:44
%ENV:
PERL5LIB=""
PERL5OPT=""
PERL5_CPANPLUS_IS_RUNNING="11925"
PERL5_CPAN_IS_RUNNING="11925"
PERL5_CPAN_IS_RUNNING_IN_RECURSION="1604,11925"
PERLDOC="-MPod::Perldoc::ToTextOverstrike"
PERL_BATCH="yes"
PERL_CPAN_REPORTER_CONFIG="/var/tmp/cpansmoker-1023/cpanreporter_003_config.ini"
PERL_EXTUTILS_AUTOINSTALL="--defaultdeps"
PERL_HTML_DISPLAY_CLASS="HTML::Display::Mozilla"
@INC:
/usr/perl5.14.4/lib/site_perl/5.14.4/amd64-freebsd
/usr/perl5.14.4/lib/site_perl/5.14.4
/usr/perl5.14.4/lib/5.14.4/amd64-freebsd
/usr/perl5.14.4/lib/5.14.4
.