ETL-Yertl v0.044 Perl 5 v5.22.1 x86_64-linux-thread-multi

Status
Fail
From
Chris Williams (BINGOS)
Dist
ETL-Yertl v0.044
Platform
Perl 5 v5.22.1 x86_64-linux-thread-multi
Date
2020-08-03 14:41:36
ID
6f0c33ca-d597-11ea-b3a5-abe2e1c4f0ab
This distribution has been tested as part of the CPAN Testers
project, supporting the Perl programming language.  See
http://wiki.cpantesters.org/ for more information or email
questions to cpan-testers-discuss@perl.org


--

Dear PREACTION,

This is a computer-generated error report created automatically by
CPANPLUS, version 0.9908. Testers personal comments may appear
at the end of this report.


Thank you for uploading your work to CPAN.  However, it appears that
there were some problems testing your distribution.

TEST RESULTS:

Below is the error stack from stage 'make test':

PERL_DL_NONLAZY=1 "/home/cpan/pit/thr/perl-5.22.1/bin/perl" "-MExtUtils::Command::MM" "-MTest::Harness" "-e" "undef *Test::Harness::Switches; test_harness(0, 'blib/lib', 'blib/arch')" t/*.t t/adapter/*.t t/bin/*.t t/command/ygrok/*.t t/command/ygrok/pattern/*.t t/command/yq/*.t t/format/*.t t/integration/*.t
t/00-compile.t ........................... ok
# 
# Versions for all modules listed in MYMETA.json (including optional ones):
# 
# === Configure Requires ===
# 
#     Module              Want Have
#     ------------------- ---- ----
#     ExtUtils::MakeMaker  any 7.46
# 
# === Build Requires ===
# 
#     Module              Want Have
#     ------------------- ---- ----
#     ExtUtils::MakeMaker  any 7.46
# 
# === Test Requires ===
# 
#     Module                  Want     Have
#     ------------------- -------- --------
#     Capture::Tiny            any     0.48
#     Dir::Self                any     0.11
#     ExtUtils::MakeMaker      any     7.46
#     File::Spec               any     3.75
#     Future                   any     0.45
#     IO::Handle               any     1.35
#     IPC::Open3               any     1.18
#     JSON::PP                 any  2.27300
#     Mock::MonkeyPatch        any     0.04
#     Test::Deep               any    1.130
#     Test::Differences        any     0.67
#     Test::Exception          any     0.43
#     Test::Lib                any    0.002
#     Test::More          1.001005 1.302175
# 
# === Test Recommends ===
# 
#     Module         Want     Have
#     ---------- -------- --------
#     CPAN::Meta 2.120900 2.150010
# 
# === Runtime Requires ===
# 
#     Module                    Want       Have
#     ------------------- ---------- ----------
#     File::HomeDir              any      1.004
#     File::Spec                 any       3.75
#     Getopt::Long              2.36       2.45
#     Hash::Merge::Simple        any      0.051
#     IO::Async                 0.77       0.77
#     IO::Interactive            any      1.022
#     Import::Base             0.010      1.004
#     JSON::MaybeXS              any   1.004002
#     List::Util                 any       1.41
#     Module::Runtime            any      0.016
#     Net::Async::HTTP           any       0.47
#     Path::Tiny               0.072      0.114
#     Pod::Usage::Return         any      0.003
#     Regexp::Common      2013031301 2017060201
#     SQL::Abstract              any       1.87
#     Time::Local                any       1.30
#     Time::Piece                any       1.29
#     URI                        any       1.76
#     YAML::Tiny                 any       1.73
#     boolean                    any       0.46
# 
# === Runtime Recommends ===
# 
#     Module       Want    Have
#     ------------ ---- -------
#     DBD::SQLite   any missing
#     DBI           any missing
#     JSON::PP      any 2.27300
#     JSON::XS      any missing
#     Text::CSV     any missing
#     Text::CSV_XS  any missing
#     YAML::Syck    any missing
#     YAML::XS      any missing
# 
t/00-report-prereqs.t .................... ok
t/adapter/graphite.t ..................... ok
t/adapter/influxdb.t ..................... ok
t/bin/yfrom.t ............................ ok
t/bin/ygrok.t ............................ ok
t/bin/yq.t ............................... ok
t/bin/ysql.t ............................. skipped: missing DBI and/or DBD::SQLite
t/bin/yto.t .............................. ok
t/bin/yts.t .............................. ok
t/command/ygrok/edit_patterns.t .......... ok
t/command/ygrok/pattern/http_combined.t .. ok
t/command/ygrok/pattern/http_common.t .... ok
t/command/ygrok/pattern/linux_proc.t ..... ok
t/command/ygrok/pattern/ls-l.t ........... ok
t/command/ygrok/pattern/ps-u.t ........... ok
t/command/ygrok/pattern/ps-x.t ........... ok
t/command/ygrok/pattern/ps.t ............. ok
t/command/ygrok/pattern/syslog.t ......... ok
t/command/yq/combinator.t ................ ok
t/command/yq/comparison.t ................ ok
t/command/yq/conditional.t ............... ok
t/command/yq/filter.t .................... ok
t/command/yq/functions.t ................. ok
t/command/yq/regression.t ................ ok
t/command/yq/values.t .................... ok
t/format.t ............................... ok
t/format/csv.t ........................... skipped: No formatter modules available (tried )
t/format/json.t .......................... ok
t/format/yaml.t .......................... ok
        # No tests run!

    #   Failed test 'No tests run for subtest "write_handle and write()"'
    #   at t/format_stream.t line 60.
    # Looks like you failed 1 test of 2.

#   Failed test 'format object (ETL::Yertl::Format::json)'
#   at t/format_stream.t line 67.
YAML::Tiny failed to classify line '{' at /home/cpan/pit/thr/conf/perl-5.22.1/.cpanplus/5.22.1/build/PB7RLpJl1b/ETL-Yertl-0.044/blib/lib/ETL/Yertl/Format/yaml.pm line 53.
# Tests were run but no plan was declared and done_testing() was not seen.
# Looks like your test exited with 255 just after 2.
t/format_stream.t ........................ 
Dubious, test returned 255 (wstat 65280, 0xff00)
Failed 1/2 subtests 
t/helpers.t .............................. ok
t/input_series.t ......................... ok
t/integration/parse_apache_log.t ......... ok
t/transform.t ............................ ok

Test Summary Report
-------------------
t/format_stream.t                      (Wstat: 65280 Tests: 2 Failed: 1)
  Failed test:  2
  Non-zero exit status: 255
  Parse errors: No plan found in TAP output
Files=35, Tests=116,  8 wallclock secs ( 0.16 usr  0.03 sys +  7.06 cusr  0.97 csys =  8.22 CPU)
Result: FAIL
Failed 1/35 test programs. 1/116 subtests failed.
make: *** [Makefile:1051: test_dynamic] Error 255


PREREQUISITES:

Here is a list of prerequisites you specified and versions we
managed to load:

	  Module Name                        Have     Want
	  Capture::Tiny                      0.48        0
	  Dir::Self                          0.11        0
	  ExtUtils::MakeMaker                7.46        0
	  File::HomeDir                     1.004        0
	  File::Spec                         3.75        0
	  Future                             0.45        0
	  Getopt::Long                       2.45     2.36
	  Hash::Merge::Simple               0.051        0
	  IO::Async                          0.77     0.77
	  IO::Handle                         1.35        0
	  IO::Interactive                   1.022        0
	  IPC::Open3                         1.18        0
	  Import::Base                      1.004    0.010
	  JSON::MaybeXS                  1.004002        0
	  JSON::PP                        2.27300        0
	  List::Util                         1.41        0
	  Mock::MonkeyPatch                  0.04        0
	  Module::Runtime                   0.016        0
	  Net::Async::HTTP                   0.47        0
	  Path::Tiny                        0.114    0.072
	  Pod::Usage::Return                0.003        0
	  Regexp::Common                 2017060201 2013031301
	  SQL::Abstract                      1.87        0
	  Test::Deep                        1.130        0
	  Test::Differences                  0.67        0
	  Test::Exception                    0.43        0
	  Test::Lib                         0.002        0
	  Test::More                     1.302175 1.001005
	  Time::Local                        1.30        0
	  Time::Piece                        1.29        0
	  URI                                1.76        0
	  YAML::Tiny                         1.73        0
	  boolean                            0.46        0

Perl module toolchain versions installed:
	Module Name                        Have
	CPANPLUS                         0.9908
	CPANPLUS::Dist::Build              0.90
	Cwd                                3.75
	ExtUtils::CBuilder             0.280234
	ExtUtils::Command                  7.46
	ExtUtils::Install                  2.16
	ExtUtils::MakeMaker                7.46
	ExtUtils::Manifest                 1.72
	ExtUtils::ParseXS                  3.35
	File::Spec                         3.75
	Module::Build                    0.4231
	Pod::Parser                        1.63
	Pod::Simple                        3.29
	Test2                          1.302175
	Test::Harness                      3.42
	Test::More                     1.302175
	version                          0.9924

******************************** NOTE ********************************
The comments above are created mechanically, possibly without manual
checking by the sender.  As there are many people performing automatic
tests on each upload to CPAN, it is likely that you will receive
identical messages about the same problem.

If you believe that the message is mistaken, please reply to the first
one with correction and/or additional informations, and do not take
it personally.  We appreciate your patience. :)
**********************************************************************

Additional comments:


This report was machine-generated by CPANPLUS::Dist::YACSmoke 1.08.
Powered by minismokebox version 0.68

CPANPLUS is prefering Build.PL

------------------------------
ENVIRONMENT AND OTHER CONTEXT
------------------------------

Environment variables:

    AUTOMATED_TESTING = 1
    LANG = C.UTF-8
    LC_COLLATE = C
    NONINTERACTIVE_TESTING = 1
    PATH = /home/cpan/pit/thr/conf/perl-5.22.1/.cpanplus/5.22.1/build/PB7RLpJl1b/ETL-Yertl-0.044/blib/script:/usr/local/sbin:/usr/local/bin:/usr/sbin:/usr/bin:/sbin:/bin
    PERL5LIB = /home/cpan/pit/jail/OdQxdMnRgW/lib/perl5:/home/cpan/pit/thr/conf/perl-5.22.1/.cpanplus/5.22.1/build/PB7RLpJl1b/ETL-Yertl-0.044/blib/lib:/home/cpan/pit/thr/conf/perl-5.22.1/.cpanplus/5.22.1/build/PB7RLpJl1b/ETL-Yertl-0.044/blib/arch
    PERL5_CPANPLUS_IS_RUNNING = 4706
    PERL5_CPANPLUS_IS_VERSION = 0.9908
    PERL5_MINISMOKEBOX = 0.68
    PERL5_YACSMOKE_BASE = /home/cpan/pit/thr/conf/perl-5.22.1
    PERL_EXTUTILS_AUTOINSTALL = --defaultdeps
    PERL_LOCAL_LIB_ROOT = /home/cpan/pit/jail/OdQxdMnRgW
    PERL_MB_OPT = --install_base "/home/cpan/pit/jail/OdQxdMnRgW"
    PERL_MM_OPT = INSTALL_BASE=/home/cpan/pit/jail/OdQxdMnRgW
    PERL_MM_USE_DEFAULT = 1
    SHELL = /bin/bash
    TERM = screen

Perl special variables (and OS-specific diagnostics, for MSWin32):

    Perl: $^X = /home/cpan/pit/thr/perl-5.22.1/bin/perl
    UID:  $<  = 1001
    EUID: $>  = 1001
    GID:  $(  = 1001 1001
    EGID: $)  = 1001 1001


-------------------------------


--

Summary of my perl5 (revision 5 version 22 subversion 1) configuration:
   
  Platform:
    osname=linux, osvers=5.4.12-1-lts, archname=x86_64-linux-thread-multi
    uname='linux august 5.4.12-1-lts #2-alpine smp thu, 16 jan 2020 12:53:54 utc x86_64 linux '
    config_args='-des -Dprefix=/home/cpan/pit/thr/perl-5.22.1 -Dusethreads'
    hint=recommended, useposix=true, d_sigaction=define
    useithreads=define, usemultiplicity=define
    use64bitint=define, use64bitall=define, uselongdouble=undef
    usemymalloc=n, bincompat5005=undef
  Compiler:
    cc='cc', ccflags ='-D_REENTRANT -D_GNU_SOURCE -D_GNU_SOURCE -fwrapv -fno-strict-aliasing -pipe -fstack-protector-strong -D_LARGEFILE_SOURCE -D_FILE_OFFSET_BITS=64',
    optimize='-O2',
    cppflags='-D_REENTRANT -D_GNU_SOURCE -D_GNU_SOURCE -fwrapv -fno-strict-aliasing -pipe -fstack-protector-strong'
    ccversion='', gccversion='9.2.0', gccosandvers=''
    intsize=4, longsize=8, ptrsize=8, doublesize=8, byteorder=12345678, doublekind=3
    d_longlong=define, longlongsize=8, d_longdbl=define, longdblsize=16, longdblkind=3
    ivtype='long', ivsize=8, nvtype='double', nvsize=8, Off_t='off_t', lseeksize=8
    alignbytes=8, prototype=define
  Linker and Libraries:
    ld='cc', ldflags =' -fstack-protector-strong -L/usr/local/lib'
    libpth=/usr/include/fortify /usr/lib /usr/local/lib /lib/../lib /usr/lib/../lib /lib
    libs=-lpthread -lgdbm -ldl -lm -lcrypt -lutil -lc -lgdbm_compat
    perllibs=-lpthread -ldl -lm -lcrypt -lutil -lc
    libc=/usr/lib/libc.a, so=so, useshrplib=false, libperl=libperl.a
    gnulibc_version=''
  Dynamic Linking:
    dlsrc=dl_dlopen.xs, dlext=so, d_dlsymun=undef, ccdlflags='-Wl,-E'
    cccdlflags='-fPIC', lddlflags='-shared -O2 -L/usr/local/lib -fstack-protector-strong'


Characteristics of this binary (from libperl): 
  Compile-time options: HAS_TIMES MULTIPLICITY PERLIO_LAYERS
                        PERL_DONT_CREATE_GVSV
                        PERL_HASH_FUNC_ONE_AT_A_TIME_HARD
                        PERL_IMPLICIT_CONTEXT PERL_MALLOC_WRAP
                        PERL_NEW_COPY_ON_WRITE PERL_PRESERVE_IVUV
                        USE_64_BIT_ALL USE_64_BIT_INT USE_ITHREADS
                        USE_LARGE_FILES USE_LOCALE USE_LOCALE_COLLATE
                        USE_LOCALE_CTYPE USE_LOCALE_NUMERIC USE_LOCALE_TIME
                        USE_PERLIO USE_PERL_ATOF USE_REENTRANT_API
  Locally applied patches:
	Devel::PatchPerl 1.82
  Built under linux
  Compiled at Jan 29 2020 06:27:44
  %ENV:
    PERL5LIB="/home/cpan/pit/jail/OdQxdMnRgW/lib/perl5:/home/cpan/pit/thr/conf/perl-5.22.1/.cpanplus/5.22.1/build/PB7RLpJl1b/ETL-Yertl-0.044/blib/lib:/home/cpan/pit/thr/conf/perl-5.22.1/.cpanplus/5.22.1/build/PB7RLpJl1b/ETL-Yertl-0.044/blib/arch"
    PERL5_CPANPLUS_IS_RUNNING="4706"
    PERL5_CPANPLUS_IS_VERSION="0.9908"
    PERL5_MINISMOKEBOX="0.68"
    PERL5_YACSMOKE_BASE="/home/cpan/pit/thr/conf/perl-5.22.1"
    PERL_EXTUTILS_AUTOINSTALL="--defaultdeps"
    PERL_LOCAL_LIB_ROOT="/home/cpan/pit/jail/OdQxdMnRgW"
    PERL_MB_OPT="--install_base "/home/cpan/pit/jail/OdQxdMnRgW""
    PERL_MM_OPT="INSTALL_BASE=/home/cpan/pit/jail/OdQxdMnRgW"
    PERL_MM_USE_DEFAULT="1"
  @INC:
    /home/cpan/pit/jail/OdQxdMnRgW/lib/perl5/5.22.1/x86_64-linux-thread-multi
    /home/cpan/pit/jail/OdQxdMnRgW/lib/perl5/5.22.1
    /home/cpan/pit/jail/OdQxdMnRgW/lib/perl5/x86_64-linux-thread-multi
    /home/cpan/pit/jail/OdQxdMnRgW/lib/perl5
    /home/cpan/pit/thr/conf/perl-5.22.1/.cpanplus/5.22.1/build/PB7RLpJl1b/ETL-Yertl-0.044/blib/lib
    /home/cpan/pit/thr/conf/perl-5.22.1/.cpanplus/5.22.1/build/PB7RLpJl1b/ETL-Yertl-0.044/blib/arch
    /home/cpan/pit/thr/perl-5.22.1/lib/site_perl/5.22.1/x86_64-linux-thread-multi
    /home/cpan/pit/thr/perl-5.22.1/lib/site_perl/5.22.1
    /home/cpan/pit/thr/perl-5.22.1/lib/5.22.1/x86_64-linux-thread-multi
    /home/cpan/pit/thr/perl-5.22.1/lib/5.22.1
    .