Report for Data-Format-Pretty-HTML-0.04

Back
From: metabase:user:0b91ce32-3676-11e1-a1bc-bfed0df65b4f
Subject: FAIL Data-Format-Pretty-HTML-0.04 v5.10.1 GNU/Linux
Date: 2012-05-09T18:33:12Z

This distribution has been tested as part of the CPAN Testers
project, supporting the Perl programming language.  See
http://wiki.cpantesters.org/ for more information or email
questions to cpan-testers-discuss@perl.org


--
Dear Steven Haryanto,

This is a computer-generated report for Data-Format-Pretty-HTML-0.04
on perl 5.10.1, created by CPAN-Reporter-1.2003.

Thank you for uploading your work to CPAN.  However, there was a problem
testing your distribution.

If you think this report is invalid, please consult the CPAN Testers Wiki
for suggestions on how to avoid getting FAIL reports for missing library
or binary dependencies, unsupported operating systems, and so on:

http://wiki.cpantesters.org/wiki/CPANAuthorNotes

Sections of this report:

    * Tester comments
    * Program output
    * Prerequisites
    * Environment and other context

------------------------------
TESTER COMMENTS
------------------------------

Additional comments from tester:

this report is from an automated smoke testing program
and was not reviewed by a human for accuracy

------------------------------
PROGRAM OUTPUT
------------------------------

Output from './Build test':

t/00-compile.t ............ ok
t/01-basics.t ............. ok

#   Failed test 'Pod coverage on Data::Format::Pretty::HTML'
#   at /opt/perl/lib/perl5/site_perl/5.10.1/Test/Pod/Coverage.pm line 126.
# Coverage for Data::Format::Pretty::HTML is 66.7%, with 1 naked subroutine:
# 	content_type
# Looks like you failed 1 test of 1.
t/release-pod-coverage.t .. 
Dubious, test returned 1 (wstat 256, 0x100)
Failed 1/1 subtests 
t/release-pod-syntax.t .... ok

Test Summary Report
-------------------
t/release-pod-coverage.t (Wstat: 256 Tests: 1 Failed: 1)
  Failed test:  1
  Non-zero exit status: 1
Files=4, Tests=12,  5 wallclock secs ( 0.10 usr  0.01 sys +  1.74 cusr  0.22 csys =  2.07 CPU)
Result: FAIL
Failed 1/4 test programs. 1/12 subtests failed.

------------------------------
PREREQUISITES
------------------------------

Prerequisite modules loaded:

requires:

    Module                        Need     Have    
    ----------------------------- -------- --------
    Data::Dump::Partial           0        0.03    
    Data::Format::Pretty::Console 0.10     0.12    
    Exporter                      0        5.66    
    HTML::Entities                0        3.69    
    Log::Any                      0        0.14    
    perl                          5.010000 5.010001
    Scalar::Util                  0        1.25    
    strict                        0        1.04    
    Text::ASCIITable              0        0.20    
    URI::Find                     0        20111103
    URI::Find::Schemeless         0        20111103
    warnings                      0        1.06    
    YAML::Any                     0        0.81    

build_requires:

    Module                        Need     Have    
    ----------------------------- -------- --------
    Data::Dump::Partial           0        0.03    
    File::Find                    0        1.14    
    File::Temp                    0        0.22    
    Module::Build                 0.3601   0.40    
    Test::More                    0        0.98    

configure_requires:

    Module                        Need     Have    
    ----------------------------- -------- --------
    Module::Build                 0.3601   0.40    


------------------------------
ENVIRONMENT AND OTHER CONTEXT
------------------------------

Environment variables:

    AUTOMATED_TESTING = 1
    LANG = en_US.UTF-8
    PATH = /usr/kerberos/sbin:/usr/kerberos/bin:/usr/local/sbin:/usr/local/bin:/sbin:/bin:/usr/sbin:/usr/bin:/opt/real/RealPlayer:/root/bin:/opt/real/RealPlayer
    PERL5LIB = /root/.cpan/build/Encode-IBM-0.11-0IoQXQ/blib/arch:/root/.cpan/build/Encode-IBM-0.11-0IoQXQ/blib/lib
    PERL5OPT = 
    PERL5_CPANPLUS_IS_RUNNING = 27621
    PERL5_CPAN_IS_RUNNING = 27621
    SHELL = /bin/bash
    TERM = xterm

Perl special variables (and OS-specific diagnostics, for MSWin32):

    $^X = /opt/perl/bin/perl
    $UID/$EUID = 0 / 0
    $GID = 0 0 1 2 3 4 6 10
    $EGID = 0 0 1 2 3 4 6 10

Perl module toolchain versions installed:

    Module              Have    
    ------------------- --------
    CPAN                1.9800  
    CPAN::Meta          2.120921
    Cwd                 3.33    
    ExtUtils::CBuilder  0.280205
    ExtUtils::Command   1.17    
    ExtUtils::Install   1.54    
    ExtUtils::MakeMaker 6.62    
    ExtUtils::Manifest  1.60    
    ExtUtils::ParseXS   3.15    
    File::Spec          3.33    
    JSON                2.53    
    JSON::PP            2.27200 
    Module::Build       0.40    
    Module::Signature   0.68    
    Parse::CPAN::Meta   1.4404  
    Test::Harness       3.23    
    Test::More          0.98    
    YAML                0.81    
    YAML::Syck          1.20    
    version             0.99    


--

Summary of my perl5 (revision 5 version 10 subversion 1) configuration:
   
  Platform:
    osname=linux, osvers=2.6.18-1.2798.fc6, archname=i686-linux-thread-multi-64int-ld
    uname='linux 76-14-190-17.wsac.wavecable.com 2.6.18-1.2798.fc6 #1 smp mon oct 16 14:37:32 edt 2006 i686 i686 i386 gnulinux '
    config_args='-Dprefix=/opt/perl -Dusethreads -Uuselargefiles -DDEBUGGING -Duse64bitint'
    hint=recommended, useposix=true, d_sigaction=define
    useithreads=define, usemultiplicity=define
    useperlio=define, d_sfio=undef, uselargefiles=undef, usesocks=undef
    use64bitint=define, use64bitall=undef, uselongdouble=define
    usemymalloc=n, bincompat5005=undef
  Compiler:
    cc='cc', ccflags ='-D_REENTRANT -D_GNU_SOURCE -DDEBUGGING -fno-strict-aliasing -pipe -fstack-protector -I/usr/local/include',
    optimize='-O2 -g',
    cppflags='-D_REENTRANT -D_GNU_SOURCE -DDEBUGGING -fno-strict-aliasing -pipe -fstack-protector -I/usr/local/include'
    ccversion='', gccversion='4.1.1 20061011 (Red Hat 4.1.1-30)', gccosandvers=''
    intsize=4, longsize=4, ptrsize=4, doublesize=8, byteorder=12345678
    d_longlong=define, longlongsize=8, d_longdbl=define, longdblsize=12
    ivtype='long long', ivsize=8, nvtype='long double', nvsize=12, Off_t='off_t', lseeksize=4
    alignbytes=4, prototype=define
  Linker and Libraries:
    ld='cc', ldflags =' -fstack-protector -L/usr/local/lib'
    libpth=/usr/local/lib /lib /usr/lib
    libs=-lnsl -lgdbm -ldb -ldl -lm -lcrypt -lutil -lpthread -lc
    perllibs=-lnsl -ldl -lm -lcrypt -lutil -lpthread -lc
    libc=/lib/libc-2.5.so, so=so, useshrplib=true, libperl=libperl.so
    gnulibc_version='2.5'
  Dynamic Linking:
    dlsrc=dl_dlopen.xs, dlext=so, d_dlsymun=undef, ccdlflags='-Wl,-E -Wl,-rpath,/opt/perl/lib/5.10.1/i686-linux-thread-multi-64int-ld/CORE'
    cccdlflags='-fPIC', lddlflags='-shared -O2 -g -L/usr/local/lib -fstack-protector'


Characteristics of this binary (from libperl): 
  Compile-time options: DEBUGGING MULTIPLICITY PERL_DONT_CREATE_GVSV
                        PERL_IMPLICIT_CONTEXT PERL_MALLOC_WRAP
                        PERL_TRACK_MEMPOOL USE_64_BIT_INT USE_FAST_STDIO
                        USE_ITHREADS USE_LONG_DOUBLE USE_PERLIO
                        USE_REENTRANT_API
  Built under linux
  Compiled at Mar 29 2010 23:40:08
  %ENV:
    PERL5LIB="/root/.cpan/build/Encode-IBM-0.11-0IoQXQ/blib/arch:/root/.cpan/build/Encode-IBM-0.11-0IoQXQ/blib/lib"
    PERL5OPT=""
    PERL5_CPANPLUS_IS_RUNNING="27621"
    PERL5_CPAN_IS_RUNNING="27621"
  @INC:
    /root/.cpan/build/Encode-IBM-0.11-0IoQXQ/blib/arch
    /root/.cpan/build/Encode-IBM-0.11-0IoQXQ/blib/lib
    /opt/perl/lib/5.10.1/i686-linux-thread-multi-64int-ld
    /opt/perl/lib/5.10.1
    /opt/perl/lib/perl5/site_perl/5.10.1/i686-linux-thread-multi-64int-ld
    /opt/perl/lib/perl5/site_perl/5.10.1
    .