Test-WWW-Mechanize v1.60 Perl 5 v5.38.0 MSWin32-x64-multi-thread

Status
Fail
From
abeltje
Dist
Test-WWW-Mechanize v1.60
Platform
Perl 5 v5.38.0 MSWin32-x64-multi-thread
Date
2023-11-18 17:04:38
ID
6f714f89-6ed9-1014-8029-c03f896f455f
This distribution has been tested as part of the CPAN Testers
project, supporting the Perl programming language.  See
http://wiki.cpantesters.org/ for more information or email
questions to cpan-testers-discuss@perl.org


--
Dear Andy Lester,

This is a computer-generated report for Test-WWW-Mechanize-1.60
on perl 5.38.0, created by CPAN-Reporter-1.2019.

Thank you for uploading your work to CPAN.  However, there was a problem
testing your distribution.

If you think this report is invalid, please consult the CPAN Testers Wiki
for suggestions on how to avoid getting FAIL reports for missing library
or binary dependencies, unsupported operating systems, and so on:

http://wiki.cpantesters.org/wiki/CPANAuthorNotes

Sections of this report:

    * Tester comments
    * Program output
    * Prerequisites
    * Environment and other context

------------------------------
TESTER COMMENTS
------------------------------

Additional comments from tester:

none provided

------------------------------
PROGRAM OUTPUT
------------------------------

Output from 'C:\Strawberry\c\bin\gmake.EXE test':

"C:\Strawberry\perl\bin\perl.exe" "-MExtUtils::Command::MM" "-MTest::Harness" "-e" "undef *Test::Harness::Switches; test_harness(0, 'blib\lib', 'blib\arch')" t/*.t
# Testing Test::WWW::Mechanize 1.60 on Perl 5.038000, C:\Strawberry\perl\bin\perl.exe
# LWP 6.71
# WWW::Mechanize 2.17
# Test::More 1.302195
# Test::Builder::Tester 1.302195
# Optional HTML::Lint not found. Install it to use additional features.
# Optional HTML::Tidy5 not found. Install it to use additional features.
t/00-load.t ................ ok
t/autolint.t ............... skipped: HTML::Lint 2.20 is not installed, cannot test autolint
t/autotidy.t ............... skipped: Optional HTML::Tidy5 1.00 is not installed, cannot test autotidy.
t/button_exists.t .......... ok
# Test server http://127.0.0.1:20724 as PID -9732
t/click_ok.t ............... ok

#   Failed test 'Handles not finding it'
#   at t/content_contains.t line 54.
# STDERR is:
# > #   Failed test 'Where is Mungo?'
# > #   at t/content_contains.t line 53.
# > #     searched: "<html>\x{0a}    <head>\x{0a}        <title>Test Page</title>"...
# > #   can't find: "Mungo"
# > #         LCSS: "go"
# > # LCSS context: "dy>\x{0a}        <h1>Test Page</h1>\x{0a}        <a href="go"
# not:
# > /#\s+Failed\ test.*?\n?.*?at\ t\/content_contains\.t line 53.*\n?/
# > #     searched: "<html>\x{0d}\x{0a}    <head>\x{0d}\x{0a}        <title>Test Page</titl"...
# > #   can't find: "Mungo"
# > #         LCSS: "go"
# > # LCSS context: ">\x{0d}\x{0a}        <h1>Test Page</h1>\x{0d}\x{0a}        <a href="go"
# > 
# as expected
t/content_contains.t ....... 
Failed 1/21 subtests 

#   Failed test 'Handles not finding it'
#   at t/content_lacks.t line 41.
# STDERR is:
# > #   Failed test 'Shouldn't say it's a test page'
# > #   at t/content_lacks.t line 40.
# > #     searched: "<html>\x{0a}    <head>\x{0a}        <title>Test Page</title>"...
# > #    and found: "Test Page"
# > #  at position: 33 (line 3 column 16)
# not:
# > /#\s+Failed\ test.*?\n?.*?at\ t\/content_lacks\.t line 40.*\n?/
# > #     searched: "<html>\x{0d}\x{0a}    <head>\x{0d}\x{0a}        <title>Test Page</titl"...
# > #    and found: "Test Page"
# > #  at position: 35 (line 3 column 16)
# > 
# as expected
t/content_lacks.t .......... 
Failed 1/5 subtests 
# Test server http://127.0.0.1:27610 as PID -2940
t/delete_ok.t .............. ok
t/follow_link_ok.t ......... ok
t/followable_links.t ....... ok
t/get_ok-parms.t ........... ok
t/get_ok.t ................. ok
t/has_tag.t ................ ok
t/head_ok-parms.t .......... ok
t/head_ok.t ................ ok
# Test server http://127.0.0.1:31224 as PID -1452
t/headers.t ................ ok
t/html_lint_ok.t ........... skipped: HTML::Lint 2.20 is not installed, cannot test html_lint_ok
t/html_tidy_ok.t ........... skipped: Optional HTML::Tidy5 1.00 is not installed, cannot test html_tidy_ok
t/id_exists.t .............. ok
t/lacks_uncapped_inputs.t .. ok
t/link_content.t ........... ok
t/link_status.t ............ ok
t/links_ok.t ............... ok
t/new.t .................... ok
t/page_links_content.t ..... ok
t/page_links_ok.t .......... ok
t/pod-coverage.t ........... ok
t/pod.t .................... ok
t/post_ok.t ................ ok
# Test server http://127.0.0.1:23486 as PID -340
t/put_ok.t ................. ok
t/scrape_text_by_id.t ...... ok
t/stuff_inputs.t ........... ok
# Test server http://127.0.0.1:31165 as PID -5988
t/submit_form_ok.t ......... ok
t/text_contains.t .......... ok
t/title_is.t ............... ok

Test Summary Report
-------------------
t/content_contains.t     (Wstat: 0 Tests: 21 Failed: 1)
  Failed test:  21
t/content_lacks.t        (Wstat: 0 Tests: 5 Failed: 1)
  Failed test:  5
Files=35, Tests=295, 67 wallclock secs ( 0.12 usr +  0.11 sys =  0.23 CPU)
Result: FAIL
Failed 2/35 test programs. 2/295 subtests failed.
gmake.EXE: *** [makefile:901: test_dynamic] Error 255

------------------------------
PREREQUISITES
------------------------------

Prerequisite modules loaded:

requires:

    Module                    Need  Have    
    ------------------------- ----- --------
    Carp                      0     1.54    
    Carp::Assert::More        1.16  2.3.0   
    HTML::Form                0     6.11    
    HTML::TokeParser          0     3.81    
    HTTP::Message             6.29  6.45    
    LWP                       6.02  6.71    
    parent                    0     0.241   
    perl                      5.010 5.038000
    Test::Builder             0     1.302195
    Test::LongString          0.15  0.17    
    WWW::Mechanize            1.68  2.17    

build_requires:

    Module                    Need  Have    
    ------------------------- ----- --------
    ExtUtils::MakeMaker       0     7.70    
    HTTP::Server::Simple      0.42  0.52    
    HTTP::Server::Simple::CGI 0     0       
    Test::Builder::Tester     1.09  1.302195
    Test::More                0.96  1.302195
    URI::file                 0     5.19    

configure_requires:

    Module                    Need  Have    
    ------------------------- ----- --------
    ExtUtils::MakeMaker       0     7.70    


------------------------------
ENVIRONMENT AND OTHER CONTEXT
------------------------------

Environment variables:

    COMSPEC = C:\WINDOWS\system32\cmd.exe
    NONINTERACTIVE_TESTING = 1
    NUMBER_OF_PROCESSORS = 2
    PATH = C:\WINDOWS\system32;C:\WINDOWS;C:\WINDOWS\System32\Wbem;C:\WINDOWS\System32\WindowsPowerShell\v1.0\;C:\WINDOWS\System32\OpenSSH\;C:\Program Files\Git\cmd;C:\Program Files\7-Zip;C:\Program Files\ctags58;C:\Strawberry\c\bin;C:\Strawberry\perl\site\bin;C:\Strawberry\perl\bin;C:\Program Files\TortoiseGit\bin;C:\Users\abeltje\AppData\Local\Microsoft\WindowsApps;C:\Users\abeltje\bin;
    PERL5LIB = C:\Users\abeltje\.cpan\build\Carp-Assert-More-2.3.0-0/blib/arch;C:\Users\abeltje\.cpan\build\Carp-Assert-More-2.3.0-0/blib/lib;C:\Users\abeltje\.cpan\build\PerlX-Maybe-XS-1.001-0/blib/arch;C:\Users\abeltje\.cpan\build\PerlX-Maybe-XS-1.001-0/blib/lib;C:\Users\abeltje\.cpan\build\PerlX-Maybe-1.202-0/blib/arch;C:\Users\abeltje\.cpan\build\PerlX-Maybe-1.202-0/blib/lib;C:\Users\abeltje\.cpan\build\MooseX-MungeHas-0.011-0/blib/arch;C:\Users\abeltje\.cpan\build\MooseX-MungeHas-0.011-0/blib/lib;C:\Users\abeltje\.cpan\build\List-AllUtils-0.19-0/blib/arch;C:\Users\abeltje\.cpan\build\List-AllUtils-0.19-0/blib/lib;C:\Users\abeltje\.cpan\build\List-UtilsBy-0.12-0/blib/arch;C:\Users\abeltje\.cpan\build\List-UtilsBy-0.12-0/blib/lib;C:\Users\abeltje\.cpan\build\List-SomeUtils-0.59-0/blib/arch;C:\Users\abeltje\.cpan\build\List-SomeUtils-0.59-0/blib/lib;C:\Users\abeltje\.cpan\build\List-SomeUtils-XS-0.58-0/blib/arch;C:\Users\abeltje\.cpan\build\List-SomeUtils-XS-0.58-0/blib/lib;C:\Users\abeltje\.cpan\build\File-ShareDir-Tarball-0.2.2-0/blib/arch;C:\Users\abeltje\.cpan\build\File-ShareDir-Tarball-0.2.2-0/blib/lib
    PERL5OPT = 
    PERL5_CPANPLUS_IS_RUNNING = 6688
    PERL5_CPAN_IS_RUNNING = 6688
    PERL_MM_USE_DEFAULT = 1
    PERL_USE_UNSAFE_INC = 1
    PROCESSOR_IDENTIFIER = AMD64 Family 25 Model 80 Stepping 0, AuthenticAMD
    TEMP = C:\Users\abeltje\AppData\Local\Temp

Perl special variables (and OS-specific diagnostics, for MSWin32):

    $^X = C:\Strawberry\perl\bin\perl.exe
    $UID/$EUID = 0 / 0
    $GID = 0
    $EGID = 0
    Win32::GetOSName = Win10
    Win32::GetOSVersion = , 10, 0, 19045, 2, 0, 0, 256, 1
    Win32::FsType = NTFS
    Win32::IsAdminUser = 0

Perl module toolchain versions installed:

    Module              Have    
    ------------------- --------
    CPAN                2.36    
    CPAN::Meta          2.150010
    Cwd                 3.89    
    ExtUtils::CBuilder  0.280238
    ExtUtils::Command   7.70    
    ExtUtils::Install   2.22    
    ExtUtils::MakeMaker 7.70    
    ExtUtils::Manifest  1.75    
    ExtUtils::ParseXS   3.51    
    File::Spec          3.88    
    JSON                4.10    
    JSON::PP            4.16    
    Module::Build       0.4234  
    Module::Signature   0.88    
    Parse::CPAN::Meta   2.150010
    Test2               1.302195
    Test::Harness       3.44    
    Test::More          1.302195
    YAML                1.30    
    YAML::Syck          n/a     
    version             0.9929  


--

Summary of my perl5 (revision 5 version 38 subversion 0) configuration:
   
  Platform:
    osname=MSWin32
    osvers=10.0.17763.4499
    archname=MSWin32-x64-multi-thread
    uname='Win32 strawberry-perl 5.38.0.1 # 12:34:49 Thu July 06 2023 x64'
    config_args='undef'
    hint=recommended
    useposix=true
    d_sigaction=undef
    useithreads=define
    usemultiplicity=define
    use64bitint=define
    use64bitall=undef
    uselongdouble=undef
    usemymalloc=n
    default_inc_excludes_dot=define
  Compiler:
    cc='gcc'
    ccflags =' -DWIN32 -DWIN64 -DPERL_TEXTMODE_SCRIPTS -DMULTIPLICITY -DPERL_IMPLICIT_SYS -DUSE_PERLIO -D__USE_MINGW_ANSI_STDIO -fwrapv -fno-strict-aliasing -mms-bitfields'
    optimize='-Os'
    cppflags='-DWIN32'
    ccversion=''
    gccversion='13.1.0'
    gccosandvers=''
    intsize=4
    longsize=4
    ptrsize=8
    doublesize=8
    byteorder=12345678
    doublekind=3
    d_longlong=define
    longlongsize=8
    d_longdbl=define
    longdblsize=16
    longdblkind=3
    ivtype='long long'
    ivsize=8
    nvtype='double'
    nvsize=8
    Off_t='long long'
    lseeksize=8
    alignbytes=8
    prototype=define
  Linker and Libraries:
    ld='g++'
    ldflags ='-s -L"C:\STRAWB~1\perl\lib\CORE" -L"C:\STRAWB~1\c\lib" -L"C:\STRAWB~1\c\x86_64-w64-mingw32\lib" -L"C:\STRAWB~1\c\lib\gcc\x86_64-w64-mingw32\13.1.0"'
    libpth=C:\STRAWB~1\c\lib C:\STRAWB~1\c\x86_64-w64-mingw32\lib C:\STRAWB~1\c\lib\gcc\x86_64-w64-mingw32\13.1.0 C:\STRAWB~1\c\x86_64-w64-mingw32\lib C:\STRAWB~1\c\lib\gcc\x86_64-w64-mingw32\13.1.0
    libs= -lmoldname -lkernel32 -luser32 -lgdi32 -lwinspool -lcomdlg32 -ladvapi32 -lshell32 -lole32 -loleaut32 -lnetapi32 -luuid -lws2_32 -lmpr -lwinmm -lversion -lodbc32 -lodbccp32 -lcomctl32
    perllibs= -lmoldname -lkernel32 -luser32 -lgdi32 -lwinspool -lcomdlg32 -ladvapi32 -lshell32 -lole32 -loleaut32 -lnetapi32 -luuid -lws2_32 -lmpr -lwinmm -lversion -lodbc32 -lodbccp32 -lcomctl32
    libc=
    so=dll
    useshrplib=true
    libperl=libperl538.a
    gnulibc_version=''
  Dynamic Linking:
    dlsrc=dl_win32.xs
    dlext=xs.dll
    d_dlsymun=undef
    ccdlflags=' '
    cccdlflags=' '
    lddlflags='-shared -s -L"C:\STRAWB~1\perl\lib\CORE" -L"C:\STRAWB~1\c\lib" -L"C:\STRAWB~1\c\x86_64-w64-mingw32\lib" -L"C:\STRAWB~1\c\lib\gcc\x86_64-w64-mingw32\13.1.0"'


Characteristics of this binary (from libperl): 
  Compile-time options:
    HAS_LONG_DOUBLE
    HAS_TIMES
    HAVE_INTERP_INTERN
    MULTIPLICITY
    PERLIO_LAYERS
    PERL_COPY_ON_WRITE
    PERL_DONT_CREATE_GVSV
    PERL_HASH_FUNC_SIPHASH13
    PERL_HASH_USE_SBOX32
    PERL_IMPLICIT_SYS
    PERL_MALLOC_WRAP
    PERL_OP_PARENT
    PERL_PRESERVE_IVUV
    PERL_USE_SAFE_PUTENV
    USE_64_BIT_INT
    USE_ITHREADS
    USE_LARGE_FILES
    USE_LOCALE
    USE_LOCALE_COLLATE
    USE_LOCALE_CTYPE
    USE_LOCALE_NUMERIC
    USE_LOCALE_TIME
    USE_PERLIO
    USE_PERL_ATOF
  Built under MSWin32
  Compiled at Jul  6 2023 22:36:11
  %ENV:
    PERL5LIB="C:\Users\abeltje\.cpan\build\Carp-Assert-More-2.3.0-0/blib/arch;C:\Users\abeltje\.cpan\build\Carp-Assert-More-2.3.0-0/blib/lib;C:\Users\abeltje\.cpan\build\PerlX-Maybe-XS-1.001-0/blib/arch;C:\Users\abeltje\.cpan\build\PerlX-Maybe-XS-1.001-0/blib/lib;C:\Users\abeltje\.cpan\build\PerlX-Maybe-1.202-0/blib/arch;C:\Users\abeltje\.cpan\build\PerlX-Maybe-1.202-0/blib/lib;C:\Users\abeltje\.cpan\build\MooseX-MungeHas-0.011-0/blib/arch;C:\Users\abeltje\.cpan\build\MooseX-MungeHas-0.011-0/blib/lib;C:\Users\abeltje\.cpan\build\List-AllUtils-0.19-0/blib/arch;C:\Users\abeltje\.cpan\build\List-AllUtils-0.19-0/blib/lib;C:\Users\abeltje\.cpan\build\List-UtilsBy-0.12-0/blib/arch;C:\Users\abeltje\.cpan\build\List-UtilsBy-0.12-0/blib/lib;C:\Users\abeltje\.cpan\build\List-SomeUtils-0.59-0/blib/arch;C:\Users\abeltje\.cpan\build\List-SomeUtils-0.59-0/blib/lib;C:\Users\abeltje\.cpan\build\List-SomeUtils-XS-0.58-0/blib/arch;C:\Users\abeltje\.cpan\build\List-SomeUtils-XS-0.58-0/blib/lib;C:\Users\abeltje\.cpan\build\File-ShareDir-Tarball-0.2.2-0/blib/arch;C:\Users\abeltje\.cpan\build\File-ShareDir-Tarball-0.2.2-0/blib/lib"
    PERL5_CPANPLUS_IS_RUNNING="6688"
    PERL5_CPAN_IS_RUNNING="6688"
    PERL_MM_USE_DEFAULT="1"
    PERL_USE_UNSAFE_INC="1"
  @INC:
    C:\Users\abeltje\.cpan\build\Carp-Assert-More-2.3.0-0/blib/arch
    C:\Users\abeltje\.cpan\build\Carp-Assert-More-2.3.0-0/blib/lib
    C:\Users\abeltje\.cpan\build\PerlX-Maybe-XS-1.001-0/blib/arch
    C:\Users\abeltje\.cpan\build\PerlX-Maybe-XS-1.001-0/blib/lib
    C:\Users\abeltje\.cpan\build\PerlX-Maybe-1.202-0/blib/arch
    C:\Users\abeltje\.cpan\build\PerlX-Maybe-1.202-0/blib/lib
    C:\Users\abeltje\.cpan\build\MooseX-MungeHas-0.011-0/blib/arch
    C:\Users\abeltje\.cpan\build\MooseX-MungeHas-0.011-0/blib/lib
    C:\Users\abeltje\.cpan\build\List-AllUtils-0.19-0/blib/arch
    C:\Users\abeltje\.cpan\build\List-AllUtils-0.19-0/blib/lib
    C:\Users\abeltje\.cpan\build\List-UtilsBy-0.12-0/blib/arch
    C:\Users\abeltje\.cpan\build\List-UtilsBy-0.12-0/blib/lib
    C:\Users\abeltje\.cpan\build\List-SomeUtils-0.59-0/blib/arch
    C:\Users\abeltje\.cpan\build\List-SomeUtils-0.59-0/blib/lib
    C:\Users\abeltje\.cpan\build\List-SomeUtils-XS-0.58-0/blib/arch
    C:\Users\abeltje\.cpan\build\List-SomeUtils-XS-0.58-0/blib/lib
    C:\Users\abeltje\.cpan\build\File-ShareDir-Tarball-0.2.2-0/blib/arch
    C:\Users\abeltje\.cpan\build\File-ShareDir-Tarball-0.2.2-0/blib/lib
    C:/Strawberry/perl/site/lib
    C:/Strawberry/perl/vendor/lib
    C:/Strawberry/perl/lib
    .