Report for Daemon-Daemonize-0.0052

Back
From: metabase:user:cba5269c-6e58-1014-92a6-0387276d408b
Subject: FAIL Daemon-Daemonize-0.0052 v5.16.2 
Date: 2013-01-18T20:20:00Z

This distribution has been tested as part of the CPAN Testers
project, supporting the Perl programming language.  See
http://wiki.cpantesters.org/ for more information or email
questions to cpan-testers-discuss@perl.org


--
Dear Robert Krimen,

This is a computer-generated report for Daemon-Daemonize-0.0052
on perl 5.16.2, created by CPAN-Reporter-1.2006.

Thank you for uploading your work to CPAN.  However, there was a problem
testing your distribution.

If you think this report is invalid, please consult the CPAN Testers Wiki
for suggestions on how to avoid getting FAIL reports for missing library
or binary dependencies, unsupported operating systems, and so on:

http://wiki.cpantesters.org/wiki/CPANAuthorNotes

Sections of this report:

    * Tester comments
    * Program output
    * Prerequisites
    * Environment and other context

------------------------------
TESTER COMMENTS
------------------------------

Additional comments from tester:

this report is from an automated smoke testing program
and was not reviewed by a human for accuracy

------------------------------
PROGRAM OUTPUT
------------------------------

Output from 'C:\strawberry\c\bin\dmake.exe test':

C:\strawberry\perl\bin\perl.exe "-MExtUtils::Command::MM" "-e" "test_harness(0, 'blib\lib', 'blib\arch')" t/*.t
POSIX::setsid not implemented on this architecture at C:\strawberry\cpan\build\Daemon-Daemonize-0.0052-6wwbRZ\blib\lib/Daemon/Daemonize.pm line 75.

#   Failed test at t/01-daemonize.t line 30.

#   Failed test at t/01-daemonize.t line 31.
# pid is 0
# Looks like you failed 2 tests of 3.
t/01-daemonize.t ........................ 
Dubious, test returned 2 (wstat 512, 0x200)
Failed 2/3 subtests 
POSIX::setsid not implemented on this architecture at C:\strawberry\cpan\build\Daemon-Daemonize-0.0052-6wwbRZ\blib\lib/Daemon/Daemonize.pm line 75.

#   Failed test at t/02-daemonize-stdout-stderr.t line 36.

#   Failed test at t/02-daemonize-stdout-stderr.t line 37.
# pid is 0
Can't read C:\DOCUME~1\radon\LOCALS~1\Temp\Txwfup3KXQ\stdout: No such file or directory at t/02-daemonize-stdout-stderr.t line 40.
# Looks like you failed 2 tests of 3.
# Looks like your test exited with 2 just after 3.
t/02-daemonize-stdout-stderr.t .......... 
Dubious, test returned 2 (wstat 512, 0x200)
Failed 2/3 subtests 
POSIX::setsid not implemented on this architecture at C:\strawberry\cpan\build\Daemon-Daemonize-0.0052-6wwbRZ\blib\lib/Daemon/Daemonize.pm line 75.

#   Failed test at t/03-daemonize-stdout-stderr-via-env.t line 34.

#   Failed test at t/03-daemonize-stdout-stderr-via-env.t line 35.
# pid is 0
Can't read C:\DOCUME~1\radon\LOCALS~1\Temp\kijQCbZVk2\stdout: No such file or directory at t/03-daemonize-stdout-stderr-via-env.t line 38.
# Looks like you failed 2 tests of 3.
# Looks like your test exited with 2 just after 3.
t/03-daemonize-stdout-stderr-via-env.t .. 
Dubious, test returned 2 (wstat 512, 0x200)
Failed 2/3 subtests 
POSIX::setsid not implemented on this architecture at C:\strawberry\cpan\build\Daemon-Daemonize-0.0052-6wwbRZ\blib\lib/Daemon/Daemonize.pm line 75.

#   Failed test at t/04-read-write-delete-check-pidfile.t line 31.

#   Failed test at t/04-read-write-delete-check-pidfile.t line 32.

#   Failed test at t/04-read-write-delete-check-pidfile.t line 33.
# pid is 0 is 0

#   Failed test at t/04-read-write-delete-check-pidfile.t line 37.
#          got: undef
#     expected: '0'

#   Failed test at t/04-read-write-delete-check-pidfile.t line 38.
#          got: undef
#     expected: '0'

#   Failed test at t/04-read-write-delete-check-pidfile.t line 59.
# Looks like you failed 6 tests of 18.
t/04-read-write-delete-check-pidfile.t .. 
Dubious, test returned 6 (wstat 1536, 0x600)
Failed 6/18 subtests 
The system cannot find the path specified.
t/9-basic.t ............................. skipped: No pgrep available

Test Summary Report
-------------------
t/01-daemonize.t                      (Wstat: 512 Tests: 3 Failed: 2)
  Failed tests:  2-3
  Non-zero exit status: 2
t/02-daemonize-stdout-stderr.t        (Wstat: 512 Tests: 3 Failed: 2)
  Failed tests:  2-3
  Non-zero exit status: 2
t/03-daemonize-stdout-stderr-via-env.t (Wstat: 512 Tests: 3 Failed: 2)
  Failed tests:  2-3
  Non-zero exit status: 2
t/04-read-write-delete-check-pidfile.t (Wstat: 1536 Tests: 18 Failed: 6)
  Failed tests:  2-4, 6-7, 17
  Non-zero exit status: 6
Files=5, Tests=27,  9 wallclock secs ( 0.03 usr +  0.09 sys =  0.13 CPU)
Result: FAIL
Failed 4/5 test programs. 12/27 subtests failed.
dmake.exe:  Error code 255, while making 'test_dynamic'

------------------------------
PREREQUISITES
------------------------------

Prerequisite modules loaded:

requires:

    Module              Need Have   
    ------------------- ---- -------
    Carp                0    1.26   
    IO::Socket::INET    0    1.33   
    Path::Class         0    0.29   
    POSIX               0    1.30   
    Sub::Exporter       0    0.984  

build_requires:

    Module              Need Have   
    ------------------- ---- -------
    Test::Most          0    0.31   

configure_requires:

    Module              Need Have   
    ------------------- ---- -------
    ExtUtils::MakeMaker 6.31 6.63_02


------------------------------
ENVIRONMENT AND OTHER CONTEXT
------------------------------

Environment variables:

    AUTOMATED_TESTING = 1
    COMSPEC = C:\WINDOWS\system32\cmd.exe
    NUMBER_OF_PROCESSORS = 1
    PATH = C:\WINDOWS\system32;C:\WINDOWS;C:\WINDOWS\System32\Wbem;C:\WINDOWS\system32\WindowsPowerShell\v1.0;c:\Program Files\Microsoft SQL Server\100\Tools\Binn\VSShell\Common7\IDE\;c:\Program Files\Microsoft SQL Server\100\Tools\Binn\;c:\Program Files\Microsoft SQL Server\100\DTS\Binn\;C:\strawberry\c\bin;C:\strawberry\perl\site\bin;C:\strawberry\perl\bin;C:\Program Files\WinSCP\;c:\Program Files\Microsoft Visual Studio 9.0\Common7\IDE\PrivateAssemblies\;C:\Program Files\wkhtmltopdf
    PERL5LIB = C:\strawberry\cpan\build\Path-Class-0.29-WHbaD6/blib/arch;C:\strawberry\cpan\build\Path-Class-0.29-WHbaD6/blib/lib;C:\strawberry\cpan\build\Test-Most-0.31-waXyLs/blib/arch;C:\strawberry\cpan\build\Test-Most-0.31-waXyLs/blib/lib;C:\strawberry\cpan\build\Exception-Class-1.36-h5RCtk/blib/arch;C:\strawberry\cpan\build\Exception-Class-1.36-h5RCtk/blib/lib;C:\strawberry\cpan\build\Class-Data-Inheritable-0.08-19Jj6V/blib/arch;C:\strawberry\cpan\build\Class-Data-Inheritable-0.08-19Jj6V/blib/lib;C:\strawberry\cpan\build\Devel-StackTrace-1.30-GT50Ld/blib/arch;C:\strawberry\cpan\build\Devel-StackTrace-1.30-GT50Ld/blib/lib;C:\strawberry\cpan\build\Sub-Override-0.09-rpGE4g/blib/arch;C:\strawberry\cpan\build\Sub-Override-0.09-rpGE4g/blib/lib;C:\strawberry\cpan\build\Test-MockObject-1.20120301-hLvFf_/blib/arch;C:\strawberry\cpan\build\Test-MockObject-1.20120301-hLvFf_/blib/lib;C:\strawberry\cpan\build\UNIVERSAL-can-1.20120726-dhtlkq/blib/arch;C:\strawberry\cpan\build\UNIVERSAL-can-1.20120726-dhtlkq/blib/lib;C:\strawberry\cpan\build\UNIVERSAL-isa-1.20120726-gYnVYt/blib/arch;C:\strawberry\cpan\build\UNIVERSAL-isa-1.20120726-gYnVYt/blib/lib
    PERL5OPT = 
    PERL5_CPANPLUS_IS_RUNNING = 3792
    PERL5_CPAN_IS_RUNNING = 3792
    PERL5_CPAN_IS_RUNNING_IN_RECURSION = 3180,3792
    PERL_CR_SMOKER_CURRENT = WWW-Curl-UserAgent-0.9.3
    PERL_EXTUTILS_AUTOINSTALL = --defaultdeps
    PERL_JSON_BACKEND = JSON::XS
    PERL_MM_USE_DEFAULT = 1
    PERL_YAML_BACKEND = YAML
    PROCESSOR_IDENTIFIER = x86 Family 6 Model 2 Stepping 3, GenuineIntel
    TEMP = C:\DOCUME~1\radon\LOCALS~1\Temp
    TERM = dumb

Perl special variables (and OS-specific diagnostics, for MSWin32):

    $^X = C:\strawberry\perl\bin\perl.exe
    $UID/$EUID = 0 / 0
    $GID = 0
    $EGID = 0
    Win32::GetOSName = WinXP/.Net
    Win32::GetOSVersion = Service Pack 3, 5, 1, 2600, 2, 3, 0, 256, 1
    Win32::FsType = NTFS
    Win32::IsAdminUser = 1

Perl module toolchain versions installed:

    Module              Have    
    ------------------- --------
    CPAN                1.9800  
    CPAN::Meta          2.120921
    Cwd                 3.39_02 
    ExtUtils::CBuilder  0.280206
    ExtUtils::Command   1.17    
    ExtUtils::Install   1.58    
    ExtUtils::MakeMaker 6.63_02 
    ExtUtils::Manifest  1.61    
    ExtUtils::ParseXS   3.16    
    File::Spec          3.39_02 
    JSON                2.53    
    JSON::PP            2.27200 
    Module::Build       0.4003  
    Module::Signature   0.68    
    Parse::CPAN::Meta   1.4404  
    Test::Harness       3.25    
    Test::More          0.98    
    YAML                0.84    
    YAML::Syck          1.22    
    version             0.9901  


--

Summary of my perl5 (revision 5 version 16 subversion 2) configuration:
   
  Platform:
    osname=MSWin32, osvers=4.0, archname=MSWin32-x86-multi-thread
    uname='Win32 strawberry-perl 5.16.2.1 #1 Fri Nov  2 00:33:54 2012 i386'
    config_args='undef'
    hint=recommended, useposix=true, d_sigaction=undef
    useithreads=define, usemultiplicity=define
    useperlio=define, d_sfio=undef, uselargefiles=define, usesocks=undef
    use64bitint=undef, use64bitall=undef, uselongdouble=undef
    usemymalloc=n, bincompat5005=undef
  Compiler:
    cc='gcc', ccflags =' -s -O2 -DWIN32  -DPERL_TEXTMODE_SCRIPTS -DPERL_IMPLICIT_CONTEXT -DPERL_IMPLICIT_SYS -fno-strict-aliasing -mms-bitfields',
    optimize='-s -O2',
    cppflags='-DWIN32'
    ccversion='', gccversion='4.6.3', gccosandvers=''
    intsize=4, longsize=4, ptrsize=4, doublesize=8, byteorder=1234
    d_longlong=undef, longlongsize=8, d_longdbl=define, longdblsize=12
    ivtype='long', ivsize=4, nvtype='double', nvsize=8, Off_t='long long', lseeksize=8
    alignbytes=8, prototype=define
  Linker and Libraries:
    ld='g++', ldflags ='-s -L"C:\strawberry\perl\lib\CORE" -L"C:\strawberry\c\lib"'
    libpth=C:\strawberry\c\lib C:\strawberry\c\i686-w64-mingw32\lib
    libs=-lmoldname -lkernel32 -luser32 -lgdi32 -lwinspool -lcomdlg32 -ladvapi32 -lshell32 -lole32 -loleaut32 -lnetapi32 -luuid -lws2_32 -lmpr -lwinmm -lversion -lodbc32 -lodbccp32 -lcomctl32
    perllibs=-lmoldname -lkernel32 -luser32 -lgdi32 -lwinspool -lcomdlg32 -ladvapi32 -lshell32 -lole32 -loleaut32 -lnetapi32 -luuid -lws2_32 -lmpr -lwinmm -lversion -lodbc32 -lodbccp32 -lcomctl32
    libc=, so=dll, useshrplib=true, libperl=libperl516.a
    gnulibc_version=''
  Dynamic Linking:
    dlsrc=dl_win32.xs, dlext=dll, d_dlsymun=undef, ccdlflags=' '
    cccdlflags=' ', lddlflags='-mdll -s -L"C:\strawberry\perl\lib\CORE" -L"C:\strawberry\c\lib"'


Characteristics of this binary (from libperl): 
  Compile-time options: HAS_TIMES HAVE_INTERP_INTERN MULTIPLICITY
                        PERLIO_LAYERS PERL_DONT_CREATE_GVSV
                        PERL_IMPLICIT_CONTEXT PERL_IMPLICIT_SYS
                        PERL_MALLOC_WRAP PERL_PRESERVE_IVUV PL_OP_SLAB_ALLOC
                        USE_ITHREADS USE_LARGE_FILES USE_LOCALE
                        USE_LOCALE_COLLATE USE_LOCALE_CTYPE
                        USE_LOCALE_NUMERIC USE_PERLIO USE_PERL_ATOF
  Built under MSWin32
  Compiled at Nov  2 2012 00:44:17
  %ENV:
    PERL5LIB="C:\strawberry\cpan\build\Path-Class-0.29-WHbaD6/blib/arch;C:\strawberry\cpan\build\Path-Class-0.29-WHbaD6/blib/lib;C:\strawberry\cpan\build\Test-Most-0.31-waXyLs/blib/arch;C:\strawberry\cpan\build\Test-Most-0.31-waXyLs/blib/lib;C:\strawberry\cpan\build\Exception-Class-1.36-h5RCtk/blib/arch;C:\strawberry\cpan\build\Exception-Class-1.36-h5RCtk/blib/lib;C:\strawberry\cpan\build\Class-Data-Inheritable-0.08-19Jj6V/blib/arch;C:\strawberry\cpan\build\Class-Data-Inheritable-0.08-19Jj6V/blib/lib;C:\strawberry\cpan\build\Devel-StackTrace-1.30-GT50Ld/blib/arch;C:\strawberry\cpan\build\Devel-StackTrace-1.30-GT50Ld/blib/lib;C:\strawberry\cpan\build\Sub-Override-0.09-rpGE4g/blib/arch;C:\strawberry\cpan\build\Sub-Override-0.09-rpGE4g/blib/lib;C:\strawberry\cpan\build\Test-MockObject-1.20120301-hLvFf_/blib/arch;C:\strawberry\cpan\build\Test-MockObject-1.20120301-hLvFf_/blib/lib;C:\strawberry\cpan\build\UNIVERSAL-can-1.20120726-dhtlkq/blib/arch;C:\strawberry\cpan\build\UNIVERSAL-can-1.20120726-dhtlkq/blib/lib;C:\strawberry\cpan\build\UNIVERSAL-isa-1.20120726-gYnVYt/blib/arch;C:\strawberry\cpan\build\UNIVERSAL-isa-1.20120726-gYnVYt/blib/lib"
    PERL5_CPANPLUS_IS_RUNNING="3792"
    PERL5_CPAN_IS_RUNNING="3792"
    PERL5_CPAN_IS_RUNNING_IN_RECURSION="3180,3792"
    PERL_CR_SMOKER_CURRENT="WWW-Curl-UserAgent-0.9.3"
    PERL_EXTUTILS_AUTOINSTALL="--defaultdeps"
    PERL_JSON_BACKEND="JSON::XS"
    PERL_MM_USE_DEFAULT="1"
    PERL_YAML_BACKEND="YAML"
  @INC:
    C:\strawberry\cpan\build\Path-Class-0.29-WHbaD6/blib/arch
    C:\strawberry\cpan\build\Path-Class-0.29-WHbaD6/blib/lib
    C:\strawberry\cpan\build\Test-Most-0.31-waXyLs/blib/arch
    C:\strawberry\cpan\build\Test-Most-0.31-waXyLs/blib/lib
    C:\strawberry\cpan\build\Exception-Class-1.36-h5RCtk/blib/arch
    C:\strawberry\cpan\build\Exception-Class-1.36-h5RCtk/blib/lib
    C:\strawberry\cpan\build\Class-Data-Inheritable-0.08-19Jj6V/blib/arch
    C:\strawberry\cpan\build\Class-Data-Inheritable-0.08-19Jj6V/blib/lib
    C:\strawberry\cpan\build\Devel-StackTrace-1.30-GT50Ld/blib/arch
    C:\strawberry\cpan\build\Devel-StackTrace-1.30-GT50Ld/blib/lib
    C:\strawberry\cpan\build\Sub-Override-0.09-rpGE4g/blib/arch
    C:\strawberry\cpan\build\Sub-Override-0.09-rpGE4g/blib/lib
    C:\strawberry\cpan\build\Test-MockObject-1.20120301-hLvFf_/blib/arch
    C:\strawberry\cpan\build\Test-MockObject-1.20120301-hLvFf_/blib/lib
    C:\strawberry\cpan\build\UNIVERSAL-can-1.20120726-dhtlkq/blib/arch
    C:\strawberry\cpan\build\UNIVERSAL-can-1.20120726-dhtlkq/blib/lib
    C:\strawberry\cpan\build\UNIVERSAL-isa-1.20120726-gYnVYt/blib/arch
    C:\strawberry\cpan\build\UNIVERSAL-isa-1.20120726-gYnVYt/blib/lib
    C:/strawberry/perl/site/lib
    C:/strawberry/perl/vendor/lib
    C:/strawberry/perl/lib
    .