Regexp-From-String v0.007 Perl 5 v5.18.2 amd64-freebsd

Status
Fail
From
Chris Williams (BINGOS)
Dist
Regexp-From-String v0.007
Platform
Perl 5 v5.18.2 amd64-freebsd
Date
2022-11-11 11:24:41
ID
6f9b7e22-61b3-11ed-aba6-9a79f339625c
This distribution has been tested as part of the CPAN Testers
project, supporting the Perl programming language.  See
http://wiki.cpantesters.org/ for more information or email
questions to cpan-testers-discuss@perl.org


--

Dear PERLANCAR,

This is a computer-generated error report created automatically by
CPANPLUS, version 0.9914. Testers personal comments may appear
at the end of this report.


Thank you for uploading your work to CPAN.  However, it appears that
there were some problems testing your distribution.

TEST RESULTS:

Below is the error stack from stage 'make test':

PERL_DL_NONLAZY=1 "/usr/home/cpan/pit/bare/perl-5.18.2/bin/perl" "-MExtUtils::Command::MM" "-MTest::Harness" "-e" "undef *Test::Harness::Switches; test_harness(0, 'blib/lib', 'blib/arch')" t/*.t
t/00-compile.t ........... ok
Useless use of '\'; doesn't escape metacharacter '(' at t/01-basic.t line 74.

    #   Failed test at t/01-basic.t line 74.
    #     Structures begin differing at:
    #          $got = (?^:qr\(foo\.\))
    #     $expected = (?^:qr(foo\.))
    # Looks like you failed 1 test of 13.

#   Failed test 'str_to_re'
#   at t/01-basic.t line 86.
# Looks like you failed 1 test of 2.
t/01-basic.t ............. 
Dubious, test returned 1 (wstat 256, 0x100)
Failed 1/2 subtests 
t/author-critic.t ........ skipped: these tests are for testing by the author
t/author-pod-coverage.t .. skipped: these tests are for testing by the author
t/author-pod-syntax.t .... skipped: these tests are for testing by the author

Test Summary Report
-------------------
t/01-basic.t           (Wstat: 256 (exited 1) Tests: 2 Failed: 1)
  Failed test:  2
  Non-zero exit status: 1
Files=5, Tests=3,  0 wallclock secs ( 0.02 usr  0.02 sys +  0.13 cusr  0.06 csys =  0.24 CPU)
Result: FAIL
Failed 1/5 test programs. 1/3 subtests failed.
*** Error code 255

Stop.
make: stopped in /usr/home/cpan/pit/bare/conf/perl-5.18.2/.cpanplus/5.18.2/build/89lFW5MXNJ/Regexp-From-String-0.007


PREREQUISITES:

Here is a list of prerequisites you specified and versions we
managed to load:

	  Module Name                        Have     Want
	  Capture::Tiny                      0.48        0
	  Exporter                           5.68     5.57
	  ExtUtils::MakeMaker                7.64        0
	  File::Spec                         3.75        0
	  IO::Handle                         1.34        0
	  IPC::Open3                         1.13        0
	  Test::Exception                    0.43        0
	  Test::More                     1.302191     0.98
	  Test::Needs                    0.002009        0
	  strict                             1.07        0
	  warnings                           1.18        0

Perl module toolchain versions installed:
	Module Name                        Have
	CPANPLUS                         0.9914
	CPANPLUS::Dist::Build              0.90
	Cwd                                3.75
	ExtUtils::CBuilder             0.280236
	ExtUtils::Command                  7.64
	ExtUtils::Install                  2.20
	ExtUtils::MakeMaker                7.64
	ExtUtils::Manifest                 1.73
	ExtUtils::ParseXS                  3.44
	File::Spec                         3.75
	Module::Build                    0.4231
	Pod::Parser                        1.60
	Pod::Simple                        3.28
	Test2                          1.302191
	Test::Harness                      3.44
	Test::More                     1.302191
	version                          0.9929

******************************** NOTE ********************************
The comments above are created mechanically, possibly without manual
checking by the sender.  As there are many people performing automatic
tests on each upload to CPAN, it is likely that you will receive
identical messages about the same problem.

If you believe that the message is mistaken, please reply to the first
one with correction and/or additional informations, and do not take
it personally.  We appreciate your patience. :)
**********************************************************************

Additional comments:


This report was machine-generated by CPANPLUS::Dist::YACSmoke 1.08.
Powered by minismokebox version 0.68

CPANPLUS is prefering Build.PL

------------------------------
ENVIRONMENT AND OTHER CONTEXT
------------------------------

Environment variables:

    AUTOMATED_TESTING = 1
    LANG = C.UTF-8
    NONINTERACTIVE_TESTING = 1
    PATH = /sbin:/bin:/usr/sbin:/usr/bin:/usr/local/sbin:/usr/local/bin:/home/cpan/bin
    PERL5LIB = /usr/home/cpan/pit/jail/Dp8WGWOWZG/lib/perl5:/usr/home/cpan/pit/bare/conf/perl-5.18.2/.cpanplus/5.18.2/build/89lFW5MXNJ/Regexp-From-String-0.007/blib/lib:/usr/home/cpan/pit/bare/conf/perl-5.18.2/.cpanplus/5.18.2/build/89lFW5MXNJ/Regexp-From-String-0.007/blib/arch
    PERL5_CPANPLUS_IS_RUNNING = 70814
    PERL5_CPANPLUS_IS_VERSION = 0.9914
    PERL5_MINISMOKEBOX = 0.68
    PERL5_YACSMOKE_BASE = /usr/home/cpan/pit/bare/conf/perl-5.18.2
    PERL_EXTUTILS_AUTOINSTALL = --defaultdeps
    PERL_LOCAL_LIB_ROOT = /usr/home/cpan/pit/jail/Dp8WGWOWZG
    PERL_MB_OPT = --install_base "/usr/home/cpan/pit/jail/Dp8WGWOWZG"
    PERL_MM_OPT = INSTALL_BASE=/usr/home/cpan/pit/jail/Dp8WGWOWZG
    PERL_MM_USE_DEFAULT = 1
    SHELL = /usr/local/bin/bash
    TERM = screen

Perl special variables (and OS-specific diagnostics, for MSWin32):

    Perl: $^X = /usr/home/cpan/pit/bare/perl-5.18.2/bin/perl
    UID:  $<  = 1002
    EUID: $>  = 1002
    GID:  $(  = 1002 1002
    EGID: $)  = 1002 1002


-------------------------------


--

Summary of my perl5 (revision 5 version 18 subversion 2) configuration:
   
  Platform:
    osname=freebsd, osvers=13.1-release, archname=amd64-freebsd
    uname='freebsd frantic 13.1-release freebsd 13.1-release releng13.1-n250148-fc952ac2212 generic amd64 '
    config_args='-des -Dprefix=/usr/home/cpan/pit/bare/perl-5.18.2'
    hint=recommended, useposix=true, d_sigaction=define
    useithreads=undef, usemultiplicity=undef
    useperlio=define, d_sfio=undef, uselargefiles=define, usesocks=undef
    use64bitint=define, use64bitall=define, uselongdouble=undef
    usemymalloc=n, bincompat5005=undef
  Compiler:
    cc='cc', ccflags ='-DHAS_FPSETMASK -DHAS_FLOATINGPOINT_H -fno-strict-aliasing -pipe -fstack-protector -I/usr/local/include',
    optimize='-O2',
    cppflags='-DHAS_FPSETMASK -DHAS_FLOATINGPOINT_H -fno-strict-aliasing -pipe -fstack-protector -I/usr/local/include'
    ccversion='', gccversion='FreeBSD Clang 13.0.0 (git@github.com:llvm/llvm-project.git llvmorg-13.0.0-0-gd7b669b3a303)', gccosandvers=''
    intsize=4, longsize=8, ptrsize=8, doublesize=8, byteorder=12345678
    d_longlong=define, longlongsize=8, d_longdbl=define, longdblsize=16
    ivtype='long', ivsize=8, nvtype='double', nvsize=8, Off_t='off_t', lseeksize=8
    alignbytes=8, prototype=define
  Linker and Libraries:
    ld='cc', ldflags ='-Wl,-E  -fstack-protector -L/usr/local/lib'
    libpth=/usr/lib /usr/local/lib
    libs=-lgdbm -ldl -lm -lcrypt -lutil -lc
    perllibs=-ldl -lm -lcrypt -lutil -lc
    libc=, so=so, useshrplib=false, libperl=libperl.a
    gnulibc_version=''
  Dynamic Linking:
    dlsrc=dl_dlopen.xs, dlext=so, d_dlsymun=undef, ccdlflags=' '
    cccdlflags='-DPIC -fPIC', lddlflags='-shared  -L/usr/local/lib -fstack-protector'


Characteristics of this binary (from libperl): 
  Compile-time options: HAS_TIMES PERLIO_LAYERS PERL_DONT_CREATE_GVSV
                        PERL_HASH_FUNC_ONE_AT_A_TIME_HARD PERL_MALLOC_WRAP
                        PERL_PRESERVE_IVUV PERL_SAWAMPERSAND USE_64_BIT_ALL
                        USE_64_BIT_INT USE_LARGE_FILES USE_LOCALE
                        USE_LOCALE_COLLATE USE_LOCALE_CTYPE
                        USE_LOCALE_NUMERIC USE_PERLIO USE_PERL_ATOF
  Locally applied patches:
	Devel::PatchPerl 2.08
  Built under freebsd
  Compiled at Jul 24 2022 18:48:03
  %ENV:
    PERL5LIB="/usr/home/cpan/pit/jail/Dp8WGWOWZG/lib/perl5:/usr/home/cpan/pit/bare/conf/perl-5.18.2/.cpanplus/5.18.2/build/89lFW5MXNJ/Regexp-From-String-0.007/blib/lib:/usr/home/cpan/pit/bare/conf/perl-5.18.2/.cpanplus/5.18.2/build/89lFW5MXNJ/Regexp-From-String-0.007/blib/arch"
    PERL5_CPANPLUS_IS_RUNNING="70814"
    PERL5_CPANPLUS_IS_VERSION="0.9914"
    PERL5_MINISMOKEBOX="0.68"
    PERL5_YACSMOKE_BASE="/usr/home/cpan/pit/bare/conf/perl-5.18.2"
    PERL_EXTUTILS_AUTOINSTALL="--defaultdeps"
    PERL_LOCAL_LIB_ROOT="/usr/home/cpan/pit/jail/Dp8WGWOWZG"
    PERL_MB_OPT="--install_base "/usr/home/cpan/pit/jail/Dp8WGWOWZG""
    PERL_MM_OPT="INSTALL_BASE=/usr/home/cpan/pit/jail/Dp8WGWOWZG"
    PERL_MM_USE_DEFAULT="1"
  @INC:
    /usr/home/cpan/pit/jail/Dp8WGWOWZG/lib/perl5/5.18.2/amd64-freebsd
    /usr/home/cpan/pit/jail/Dp8WGWOWZG/lib/perl5/5.18.2
    /usr/home/cpan/pit/jail/Dp8WGWOWZG/lib/perl5/amd64-freebsd
    /usr/home/cpan/pit/jail/Dp8WGWOWZG/lib/perl5
    /usr/home/cpan/pit/bare/conf/perl-5.18.2/.cpanplus/5.18.2/build/89lFW5MXNJ/Regexp-From-String-0.007/blib/lib
    /usr/home/cpan/pit/bare/conf/perl-5.18.2/.cpanplus/5.18.2/build/89lFW5MXNJ/Regexp-From-String-0.007/blib/arch
    /usr/home/cpan/pit/bare/perl-5.18.2/lib/site_perl/5.18.2/amd64-freebsd
    /usr/home/cpan/pit/bare/perl-5.18.2/lib/site_perl/5.18.2
    /usr/home/cpan/pit/bare/perl-5.18.2/lib/5.18.2/amd64-freebsd
    /usr/home/cpan/pit/bare/perl-5.18.2/lib/5.18.2
    .