Alien-Build-Plugin-Download-GitHub v0.10 Perl 5 v5.34.3 x86_64-linux-thread-multi-quadmath
- Status
- Fail
- From
- Andreas J. König (ANDK)
- Dist
-
Alien-Build-Plugin-Download-GitHub v0.10
- Platform
- Perl 5 v5.34.3 x86_64-linux-thread-multi-quadmath
- Date
- 2023-12-23 14:06:15
- ID
- 6fab0fa2-a19c-11ee-b06c-3c24aa080ab9
This distribution has been tested as part of the CPAN Testers
project, supporting the Perl programming language. See
http://wiki.cpantesters.org/ for more information or email
questions to cpan-testers-discuss@perl.org
--
Dear Graham Ollis,
This is a computer-generated report for Alien-Build-Plugin-Download-GitHub-0.10
on perl 5.34.3, created by CPAN-Reporter-1.2019.
Thank you for uploading your work to CPAN. However, there was a problem
testing your distribution.
If you think this report is invalid, please consult the CPAN Testers Wiki
for suggestions on how to avoid getting FAIL reports for missing library
or binary dependencies, unsupported operating systems, and so on:
http://wiki.cpantesters.org/wiki/CPANAuthorNotes
Sections of this report:
* Tester comments
* Program output
* Prerequisites
* Environment and other context
------------------------------
TESTER COMMENTS
------------------------------
Additional comments from tester:
this report is from an automated smoke testing program
and was not reviewed by a human for accuracy
------------------------------
PROGRAM OUTPUT
------------------------------
Output from '/usr/bin/make test':
PERL_DL_NONLAZY=1 "/home/sand/src/perl/repoperls/installed-perls/host/k93msid/v5.34.3/db45/bin/perl" "-MExtUtils::Command::MM" "-MTest::Harness" "-e" "undef *Test::Harness::Switches; test_harness(0, 'blib/lib', 'blib/arch')" t/*.t
#
#
#
# HARNESS_ACTIVE=1
# HARNESS_VERSION=3.48
# LANG=en_US.UTF-8
# PERL5LIB=/tmp/loop_over_bdir-2851637-BBBC1U/Alien-Build-Plugin-Download-GitHub-0.10-0/blib/lib:/tmp/loop_over_bdir-2851637-BBBC1U/Alien-Build-Plugin-Download-GitHub-0.10-0/blib/arch:
# PERL5OPT=
# PERL5_CPANPLUS_IS_RUNNING=253181
# PERL5_CPAN_IS_RUNNING=253181
# PERL_CANARY_STABILITY_NOPROMPT=1
# PERL_DL_NONLAZY=1
# PERL_MM_USE_DEFAULT=1
# PERL_USE_UNSAFE_INC=1
# SHELL=/usr/bin/zsh
#
#
#
# PERL5LIB path
# /tmp/loop_over_bdir-2851637-BBBC1U/Alien-Build-Plugin-Download-GitHub-0.10-0/blib/lib
# /tmp/loop_over_bdir-2851637-BBBC1U/Alien-Build-Plugin-Download-GitHub-0.10-0/blib/arch
#
#
#
# perl 5.034003 linux x86_64-linux-thread-multi-quadmath
# Alien::Build 2.80
# Alien::Build::Plugin 2.80
# Alien::Build::Plugin::Download::Negotiate 2.80
# Alien::Build::Plugin::Extract::Negotiate 2.80
# Capture::Tiny 0.48
# ExtUtils::MakeMaker 7.70
# HTTP::Tiny 0.076
# JSON::PP 4.16
# Path::Tiny 0.144
# Test2::V0 0.000159
# Test::Alien::Build 2.80
# URI 5.21
# YAML 1.30
#
#
#
t/00_diag.t ............................. ok
t/01_use.t .............................. ok
# $VAR1 = {
# 'url' => bless( do{\(my $o = 'https://api.github.com/repos/PerlAlien/dontpanic/releases')}, 'URI::https' ),
# 'content' => '{"message":"API rate limit exceeded for 91.1.86.94. (But here\'s the good news: Authenticated requests get a higher rate limit. Check out the documentation for more details.)","documentation_url":"https://docs.github.com/rest/overview/resources-in-the-rest-api#rate-limiting"}
# ',
# 'headers' => {
# 'server' => 'Varnish',
# 'x-ratelimit-used' => '60',
# 'content-length' => '276',
# 'x-ratelimit-limit' => '60',
# 'x-xss-protection' => '1; mode=block',
# 'strict-transport-security' => 'max-age=31536000; includeSubdomains; preload',
# 'access-control-allow-origin' => '*',
# 'access-control-expose-headers' => 'ETag, Link, Location, Retry-After, X-GitHub-OTP, X-RateLimit-Limit, X-RateLimit-Remaining, X-RateLimit-Reset, X-RateLimit-Used, X-RateLimit-Resource, X-OAuth-Scopes, X-Accepted-OAuth-Scopes, X-Poll-Interval, X-GitHub-Media-Type, Deprecation, Sunset',
# 'date' => 'Sat, 23 Dec 2023 14:05:52 GMT',
# 'x-github-request-id' => 'C9D2:231CC6:3A74D1:3B4197:6586E940',
# 'x-frame-options' => 'deny',
# 'referrer-policy' => 'origin-when-cross-origin, strict-origin-when-cross-origin',
# 'content-type' => 'application/json; charset=utf-8',
# 'content-security-policy' => 'default-src \'none\'; style-src \'unsafe-inline\'',
# 'x-ratelimit-reset' => '1703340583',
# 'x-github-media-type' => 'github.v3; format=json',
# 'x-ratelimit-resource' => 'core',
# 'x-ratelimit-remaining' => '0',
# 'x-content-type-options' => 'nosniff'
# },
# 'success' => '',
# 'status' => '403',
# 'protocol' => 'HTTP/1.1',
# 'reason' => 'rate limit exceeded'
# };
# Failed test at t/alien_build_plugin_download_github.t line 453.
# +-------------------------------------------------------+----+-------+
# | GOT | OP | CHECK |
# +-------------------------------------------------------+----+-------+
# | error fetching https://api.github.com/repos/PerlAlien | eq | |
# | /dontpanic/releases: 403 rate limit exceeded at /home | | |
# | /sand/src/perl/repoperls/installed-perls/host/k93msid | | |
# | /v5.34.3/db45/lib/site_perl/5.34.3/Alien/Build/Plugin | | |
# | /Fetch/HTTPTiny.pm line 106.\n | | |
# +-------------------------------------------------------+----+-------+
# Alien::Build::Plugin::Fetch::HTTPTiny> 403 rate limit exceeded fetching https://api.github.com/repos/PerlAlien/dontpanic/releases
# $@ = error fetching https://api.github.com/repos/PerlAlien/dontpanic/releases: 403 rate limit exceeded at /home/sand/src/perl/repoperls/installed-perls/host/k93msid/v5.34.3/db45/lib/site_perl/5.34.3/Alien/Build/Plugin/Fetch/HTTPTiny.pm line 106.
# Failed test 'live tests'
# at t/alien_build_plugin_download_github.t line 513.
t/alien_build_plugin_download_github.t ..
Dubious, test returned 1 (wstat 256, 0x100)
Failed 1/2 subtests
Test Summary Report
-------------------
t/alien_build_plugin_download_github.t (Wstat: 256 (exited 1) Tests: 2 Failed: 1)
Failed test: 2
Non-zero exit status: 1
Files=3, Tests=4, 3 wallclock secs ( 0.03 usr 0.02 sys + 1.14 cusr 0.28 csys = 1.47 CPU)
Result: FAIL
Failed 1/3 test programs. 1/4 subtests failed.
make: *** [Makefile:874: test_dynamic] Error 1
------------------------------
PREREQUISITES
------------------------------
Prerequisite modules loaded:
requires:
Module Need Have
----------------------------------------- -------- --------
Alien::Build 2.39 2.80
Alien::Build::Plugin 0 2.80
Alien::Build::Plugin::Download::Negotiate 0 2.80
Alien::Build::Plugin::Extract::Negotiate 0 2.80
JSON::PP 0 4.16
Path::Tiny 0 0.144
perl 5.008001 5.034003
URI 0 5.21
YAML 0 1.30
build_requires:
Module Need Have
----------------------------------------- -------- --------
Capture::Tiny 0 0.48
ExtUtils::MakeMaker 0 7.70
HTTP::Tiny 0 0.076
Test2::V0 0.000121 0.000159
Test::Alien::Build 0 2.80
configure_requires:
Module Need Have
----------------------------------------- -------- --------
ExtUtils::MakeMaker 0 7.70
perl 5.008001 5.034003
------------------------------
ENVIRONMENT AND OTHER CONTEXT
------------------------------
Environment variables:
AUTOMATED_TESTING = 1
LANG = en_US.UTF-8
LANGUAGE = en_US:en
PATH = /home/sand/bin:/usr/local/bin:/usr/bin:/bin:/usr/games:/usr/local/perl/bin:/usr/X11/bin:/sbin:/usr/sbin
PERL5LIB =
PERL5OPT =
PERL5_CPANPLUS_IS_RUNNING = 253181
PERL5_CPAN_IS_RUNNING = 253181
PERL_CANARY_STABILITY_NOPROMPT = 1
PERL_MM_USE_DEFAULT = 1
PERL_USE_UNSAFE_INC = 1
SHELL = /usr/bin/zsh
TERM = screen
Perl special variables (and OS-specific diagnostics, for MSWin32):
$^X = /home/sand/src/perl/repoperls/installed-perls/host/k93msid/v5.34.3/db45/bin/perl
$UID/$EUID = 1005 / 1005
$GID = 1005 1005
$EGID = 1005 1005
Perl module toolchain versions installed:
Module Have
------------------- --------
CPAN 2.36
CPAN::Meta 2.150010
Cwd 3.80
ExtUtils::CBuilder 0.280236
ExtUtils::Command 7.70
ExtUtils::Install 2.20
ExtUtils::MakeMaker 7.70
ExtUtils::Manifest 1.73
ExtUtils::ParseXS 3.43
File::Spec 3.80
JSON 4.10
JSON::PP 4.16
Module::Build 0.4234
Module::Signature 0.88
Parse::CPAN::Meta 2.150010
Test2 1.302197
Test::Harness 3.48
Test::More 1.302197
YAML 1.30
YAML::Syck 1.34
version 0.9930
--
Summary of my perl5 (revision 5 version 34 subversion 3) configuration:
Commit id: 81db88e83a981f603c5207a1fc4cc41da8dd5d79
Platform:
osname=linux
osvers=6.5.0-4-amd64
archname=x86_64-linux-thread-multi-quadmath
uname='linux k93msid 6.5.0-4-amd64 #1 smp preempt_dynamic debian 6.5.10-1 (2023-11-03) x86_64 gnulinux '
config_args='-Dprefix=/home/sand/src/perl/repoperls/installed-perls/host/k93msid/v5.34.3/db45 -Dmyhostname=k93msid -Dinstallusrbinperl=n -Uversiononly -Dusedevel -des -Ui_db -Dlibswanted=cl pthread socket inet nsl gdbm dbm malloc dl ld sun m crypt sec util c cposix posix ucb BSD gdbm_compat -Duseithreads -Uuselongdouble -DEBUGGING=both -Dusequadmath'
hint=recommended
useposix=true
d_sigaction=define
useithreads=define
usemultiplicity=define
use64bitint=define
use64bitall=define
uselongdouble=undef
usemymalloc=n
default_inc_excludes_dot=define
Compiler:
cc='cc'
ccflags ='-D_REENTRANT -D_GNU_SOURCE -fwrapv -DDEBUGGING -fno-strict-aliasing -pipe -fstack-protector-strong -I/usr/local/include -D_LARGEFILE_SOURCE -D_FILE_OFFSET_BITS=64 -D_FORTIFY_SOURCE=2'
optimize='-O2 -g'
cppflags='-D_REENTRANT -D_GNU_SOURCE -fwrapv -DDEBUGGING -fno-strict-aliasing -pipe -fstack-protector-strong -I/usr/local/include'
ccversion=''
gccversion='13.2.0'
gccosandvers=''
intsize=4
longsize=8
ptrsize=8
doublesize=8
byteorder=12345678
doublekind=3
d_longlong=define
longlongsize=8
d_longdbl=define
longdblsize=16
longdblkind=3
ivtype='long'
ivsize=8
nvtype='__float128'
nvsize=16
Off_t='off_t'
lseeksize=8
alignbytes=16
prototype=define
Linker and Libraries:
ld='cc'
ldflags =' -fstack-protector-strong -L/usr/local/lib'
libpth=/usr/local/lib /usr/lib/x86_64-linux-gnu /usr/lib /usr/lib64
libs=-lpthread -lnsl -ldl -lm -lcrypt -lutil -lc -lquadmath
perllibs=-lpthread -lnsl -ldl -lm -lcrypt -lutil -lc -lquadmath
libc=/lib/x86_64-linux-gnu/libc.so.6
so=so
useshrplib=false
libperl=libperl.a
gnulibc_version='2.37'
Dynamic Linking:
dlsrc=dl_dlopen.xs
dlext=so
d_dlsymun=undef
ccdlflags='-Wl,-E'
cccdlflags='-fPIC'
lddlflags='-shared -O2 -g -L/usr/local/lib -fstack-protector-strong'
Characteristics of this binary (from libperl):
Compile-time options:
DEBUGGING
HAS_TIMES
MULTIPLICITY
PERLIO_LAYERS
PERL_COPY_ON_WRITE
PERL_DONT_CREATE_GVSV
PERL_IMPLICIT_CONTEXT
PERL_MALLOC_WRAP
PERL_OP_PARENT
PERL_PRESERVE_IVUV
PERL_TRACK_MEMPOOL
PERL_USE_DEVEL
USE_64_BIT_ALL
USE_64_BIT_INT
USE_ITHREADS
USE_LARGE_FILES
USE_LOCALE
USE_LOCALE_COLLATE
USE_LOCALE_CTYPE
USE_LOCALE_NUMERIC
USE_LOCALE_TIME
USE_PERLIO
USE_PERL_ATOF
USE_QUADMATH
USE_REENTRANT_API
USE_THREAD_SAFE_LOCALE
Built under linux
Compiled at Nov 30 2023 14:41:44
%ENV:
PERL5LIB=""
PERL5OPT=""
PERL5_CPANPLUS_IS_RUNNING="253181"
PERL5_CPAN_IS_RUNNING="253181"
PERL_CANARY_STABILITY_NOPROMPT="1"
PERL_MM_USE_DEFAULT="1"
PERL_USE_UNSAFE_INC="1"
@INC:
/home/sand/src/perl/repoperls/installed-perls/host/k93msid/v5.34.3/db45/lib/site_perl/5.34.3/x86_64-linux-thread-multi-quadmath
/home/sand/src/perl/repoperls/installed-perls/host/k93msid/v5.34.3/db45/lib/site_perl/5.34.3
/home/sand/src/perl/repoperls/installed-perls/host/k93msid/v5.34.3/db45/lib/5.34.3/x86_64-linux-thread-multi-quadmath
/home/sand/src/perl/repoperls/installed-perls/host/k93msid/v5.34.3/db45/lib/5.34.3
.