Unicode-Digits v20090607 Perl 5 v5.20.3 x86_64-linux

Status
Fail
From
Oleg Pronin (SYBER)
Dist
Unicode-Digits v20090607
Platform
Perl 5 v5.20.3 x86_64-linux
Date
2019-08-15 02:28:58
ID
6fd9cbc8-bf04-11e9-a5da-f3dd2958ff60
This distribution has been tested as part of the CPAN Testers
project, supporting the Perl programming language.  See
http://wiki.cpantesters.org/ for more information or email
questions to cpan-testers-discuss@perl.org


--
Dear Chas. J. Owens IV,

This is a computer-generated report for Unicode-Digits-20090607
on perl 5.20.3, created by CPAN-Reporter-1.2018.

Thank you for uploading your work to CPAN.  However, there was a problem
testing your distribution.

If you think this report is invalid, please consult the CPAN Testers Wiki
for suggestions on how to avoid getting FAIL reports for missing library
or binary dependencies, unsupported operating systems, and so on:

http://wiki.cpantesters.org/wiki/CPANAuthorNotes

Sections of this report:

    * Tester comments
    * Program output
    * Prerequisites
    * Environment and other context

------------------------------
TESTER COMMENTS
------------------------------

Additional comments from tester:

this report is from an automated smoke testing program
and was not reviewed by a human for accuracy

------------------------------
PROGRAM OUTPUT
------------------------------

Output from './Build test':

# Testing Unicode::Digits 20090607, Perl 5.020003, /home/syber/perl5/perlbrew/perls/5.20.3/bin/perl
t/00-load.t ........... ok

#   Failed test at t/01-digits_to_int.t line 12.
#          got: 'string '4᠒' contains digits from different ranges at t/01-digits_to_int.t line 30.
# '
#     expected: 'string '4᠒' contains digits from different ranges at t/01-digits_to_int.t line 30
# '

#   Failed test at t/01-digits_to_int.t line 12.
#          got: 'string 'a is Û´Û²' contains non-digit characters at t/01-digits_to_int.t line 31.
# '
#     expected: 'string 'a is Û´Û²' contains non-digit characters at t/01-digits_to_int.t line 31
# '

#   Failed test at t/01-digits_to_int.t line 12.
#          got: 'string '4᠒' contains digits from different ranges at t/01-digits_to_int.t line 35.
# '
#     expected: 'string '4᠒' contains digits from different ranges at t/01-digits_to_int.t line 35
# '

#   Failed test at t/01-digits_to_int.t line 37.
#          got: 'string 'a is Û´Û²' contains non-digit characters at t/01-digits_to_int.t line 36.
# '
#     expected: 'string 'a is Û´Û²' contains non-digit characters at t/01-digits_to_int.t line 36
# '

#   Failed test at t/01-digits_to_int.t line 12.
#          got: 'Wide character in print at /home/syber/perl5/perlbrew/perls/5.20.3/lib/site_perl/5.20.3/Test2/Formatter/TAP.pm line 124.
# '
#     expected: ''

#   Failed test at t/01-digits_to_int.t line 42.
#          got: 'string '4᠒' contains digits from different ranges at t/01-digits_to_int.t line 41.
# '
#     expected: 'string '4᠒' contains digits from different ranges at t/01-digits_to_int.t line 41
# '

#   Failed test at t/01-digits_to_int.t line 44.
#          got: 'string 'a is Û´Û²' contains non-digit characters at t/01-digits_to_int.t line 43.
# '
#     expected: 'string 'a is Û´Û²' contains non-digit characters at t/01-digits_to_int.t line 43
# '
# Looks like you failed 7 tests of 37.
t/01-digits_to_int.t .. 
Dubious, test returned 7 (wstat 1792, 0x700)
Failed 7/37 subtests 
t/boilerplate.t ....... ok
t/pod-coverage.t ...... ok
t/pod.t ............... ok

Test Summary Report
-------------------
t/01-digits_to_int.t (Wstat: 1792 Tests: 37 Failed: 7)
  Failed tests:  22, 24, 30-31, 33, 36-37
  Non-zero exit status: 7
Files=5, Tests=43,  1 wallclock secs ( 0.02 usr  0.00 sys +  0.45 cusr  0.02 csys =  0.49 CPU)
Result: FAIL
Failed 1/5 test programs. 7/43 subtests failed.

------------------------------
PREREQUISITES
------------------------------

Prerequisite modules loaded:

build_requires:

    Module       Need Have    
    ------------ ---- --------
    Carp         0    1.50    
    Exporter     0    5.73    
    strict       0    1.08    
    Test::More   0    1.302164
    Unicode::UCD 0    0.58    
    warnings     0    1.23    


------------------------------
ENVIRONMENT AND OTHER CONTEXT
------------------------------

Environment variables:

    AUTOMATED_TESTING = 1
    LC_COLLATE = ru_RU.utf8
    LC_CTYPE = ru_RU.utf8
    PATH = /home/syber/perl5/perlbrew/bin:/home/syber/perl5/perlbrew/perls/5.20.3/bin:/usr/local/bin:/usr/bin:/bin:/usr/local/games:/usr/games
    PERL5LIB = 
    PERL5OPT = 
    PERL5_CPANPLUS_IS_RUNNING = 33680
    PERL5_CPAN_IS_RUNNING = 33680
    PERL5_CPAN_IS_RUNNING_IN_RECURSION = 32264,33680
    PERLBREW_HOME = /home/syber/.perlbrew
    PERLBREW_MANPATH = /home/syber/perl5/perlbrew/perls/5.20.3/man
    PERLBREW_PATH = /home/syber/perl5/perlbrew/bin:/home/syber/perl5/perlbrew/perls/5.20.3/bin
    PERLBREW_PERL = 5.20.3
    PERLBREW_ROOT = /home/syber/perl5/perlbrew
    PERLBREW_SHELLRC_VERSION = 0.86
    PERLBREW_VERSION = 0.86
    PERL_CR_SMOKER_CURRENT = Unicode-Digits-20090607
    PERL_EXTUTILS_AUTOINSTALL = --defaultdeps
    PERL_MM_USE_DEFAULT = 1
    PERL_USE_UNSAFE_INC = 1
    SHELL = /bin/bash
    TERM = screen

Perl special variables (and OS-specific diagnostics, for MSWin32):

    $^X = /home/syber/perl5/perlbrew/perls/5.20.3/bin/perl
    $UID/$EUID = 1003 / 1003
    $GID = 1003 11 1003
    $EGID = 1003 11 1003

Perl module toolchain versions installed:

    Module              Have     
    ------------------- ---------
    CPAN                2.27     
    CPAN::Meta          2.150010 
    Cwd                 3.75     
    ExtUtils::CBuilder  0.280231 
    ExtUtils::Command   7.37_03  
    ExtUtils::Install   2.14     
    ExtUtils::MakeMaker 7.37_03  
    ExtUtils::Manifest  1.72     
    ExtUtils::ParseXS   3.36_03  
    File::Spec          3.75     
    JSON                4.02     
    JSON::PP            4.04     
    Module::Build       0.42_30  
    Module::Signature   0.83     
    Parse::CPAN::Meta   2.150010 
    Test::Harness       3.42     
    Test::More          1.302164 
    YAML                1.29     
    YAML::Syck          1.31     
    version             0.9924_02


--

Summary of my perl5 (revision 5 version 20 subversion 3) configuration:
   
  Platform:
    osname=linux, osvers=4.9.0-8-amd64, archname=x86_64-linux
    uname='linux dexter.crazypanda.ru 4.9.0-8-amd64 #1 smp debian 4.9.110-3+deb9u6 (2018-10-08) x86_64 gnulinux '
    config_args='-de -Dprefix=/home/syber/perl5/perlbrew/perls/5.20.3 -Aeval:scriptdir=/home/syber/perl5/perlbrew/perls/5.20.3/bin'
    hint=recommended, useposix=true, d_sigaction=define
    useithreads=undef, usemultiplicity=undef
    use64bitint=define, use64bitall=define, uselongdouble=undef
    usemymalloc=n, bincompat5005=undef
  Compiler:
    cc='cc', ccflags ='-fwrapv -fno-strict-aliasing -pipe -fstack-protector -I/usr/local/include -D_LARGEFILE_SOURCE -D_FILE_OFFSET_BITS=64',
    optimize='-O2',
    cppflags='-fwrapv -fno-strict-aliasing -pipe -fstack-protector -I/usr/local/include'
    ccversion='', gccversion='6.3.0 20170516', gccosandvers=''
    intsize=4, longsize=8, ptrsize=8, doublesize=8, byteorder=12345678
    d_longlong=define, longlongsize=8, d_longdbl=define, longdblsize=16
    ivtype='long', ivsize=8, nvtype='double', nvsize=8, Off_t='off_t', lseeksize=8
    alignbytes=8, prototype=define
  Linker and Libraries:
    ld='cc', ldflags =' -fstack-protector -L/usr/local/lib'
    libpth=/usr/local/lib /usr/lib/gcc/x86_64-linux-gnu/6/include-fixed /usr/include/x86_64-linux-gnu /usr/lib /lib/x86_64-linux-gnu /lib/../lib /usr/lib/x86_64-linux-gnu /usr/lib/../lib /lib
    libs=-lpthread -lnsl -ldl -lm -lcrypt -lutil -lc
    perllibs=-lpthread -lnsl -ldl -lm -lcrypt -lutil -lc
    libc=libc-2.24.so, so=so, useshrplib=false, libperl=libperl.a
    gnulibc_version='2.24'
  Dynamic Linking:
    dlsrc=dl_dlopen.xs, dlext=so, d_dlsymun=undef, ccdlflags='-Wl,-E'
    cccdlflags='-fPIC', lddlflags='-shared -O2 -L/usr/local/lib -fstack-protector'


Characteristics of this binary (from libperl): 
  Compile-time options: HAS_TIMES PERLIO_LAYERS PERL_DONT_CREATE_GVSV
                        PERL_HASH_FUNC_ONE_AT_A_TIME_HARD PERL_MALLOC_WRAP
                        PERL_NEW_COPY_ON_WRITE PERL_PRESERVE_IVUV
                        USE_64_BIT_ALL USE_64_BIT_INT USE_LARGE_FILES
                        USE_LOCALE USE_LOCALE_COLLATE USE_LOCALE_CTYPE
                        USE_LOCALE_NUMERIC USE_PERLIO USE_PERL_ATOF
  Locally applied patches:
	Devel::PatchPerl 1.64
  Built under linux
  Compiled at Aug  5 2019 14:02:05
  %ENV:
    PERL5LIB=""
    PERL5OPT=""
    PERL5_CPANPLUS_IS_RUNNING="33680"
    PERL5_CPAN_IS_RUNNING="33680"
    PERL5_CPAN_IS_RUNNING_IN_RECURSION="32264,33680"
    PERLBREW_HOME="/home/syber/.perlbrew"
    PERLBREW_MANPATH="/home/syber/perl5/perlbrew/perls/5.20.3/man"
    PERLBREW_PATH="/home/syber/perl5/perlbrew/bin:/home/syber/perl5/perlbrew/perls/5.20.3/bin"
    PERLBREW_PERL="5.20.3"
    PERLBREW_ROOT="/home/syber/perl5/perlbrew"
    PERLBREW_SHELLRC_VERSION="0.86"
    PERLBREW_VERSION="0.86"
    PERL_CR_SMOKER_CURRENT="Unicode-Digits-20090607"
    PERL_EXTUTILS_AUTOINSTALL="--defaultdeps"
    PERL_MM_USE_DEFAULT="1"
    PERL_USE_UNSAFE_INC="1"
  @INC:
    /home/syber/perl5/perlbrew/perls/5.20.3/lib/site_perl/5.20.3/x86_64-linux
    /home/syber/perl5/perlbrew/perls/5.20.3/lib/site_perl/5.20.3
    /home/syber/perl5/perlbrew/perls/5.20.3/lib/5.20.3/x86_64-linux
    /home/syber/perl5/perlbrew/perls/5.20.3/lib/5.20.3
    .