TestML v0.08 Perl 5 v5.10.1 i386-freebsd-thread-multi

Status
Fail
From
David Cantrell (DCANTRELL)
Dist
TestML v0.08
Platform
Perl 5 v5.10.1 i386-freebsd-thread-multi
Date
2010-08-11 11:49:02
ID
6fe0ff0e-a53e-11df-936e-99ccacc8c11d
This distribution has been tested as part of the CPAN Testers
project, supporting the Perl programming language.  See
http://wiki.cpantesters.org/ for more information or email
questions to cpan-testers-discuss@perl.org


--
Dear Ingy dot Net,

This is a computer-generated report for TestML-0.08
on perl 5.10.1, created by CPAN-Reporter-1.1711.

Thank you for uploading your work to CPAN.  However, there was a problem
testing your distribution.

If you think this report is invalid, please consult the CPAN Testers Wiki
for suggestions on how to avoid getting FAIL reports for missing library
or binary dependencies, unsupported operating systems, and so on:

http://wiki.cpantesters.org/wiki/CPANAuthorNotes

Sections of this report:

    * Tester comments
    * Program output
    * Prerequisites
    * Environment and other context

------------------------------
TESTER COMMENTS
------------------------------

Additional comments from tester:

this report is from an automated smoke testing program
and was not reviewed by a human for accuracy

------------------------------
PROGRAM OUTPUT
------------------------------

Output from '/usr/bin/make test':

PERL_DL_NONLAZY=1 /home/david/cpantesting/perl-5.10.1/bin/perl5.10.1 "-MExtUtils::Command::MM" "-e" "test_harness(0, 'inc', 'blib/lib', 'blib/arch')" t/*.t
Can't locate XXX.pm in @INC (@INC contains: /usr/home/david/cpantesting/perl-5.10.1/.cpan/build/TestML-0.08-Onrsil/inc /usr/home/david/cpantesting/perl-5.10.1/.cpan/build/TestML-0.08-Onrsil/blib/lib /usr/home/david/cpantesting/perl-5.10.1/.cpan/build/TestML-0.08-Onrsil/blib/arch /home/david/cpantesting/perl-5.10.1/lib/5.10.1/i386-freebsd-thread-multi /home/david/cpantesting/perl-5.10.1/lib/5.10.1 /home/david/cpantesting/perl-5.10.1/lib/site_perl/5.10.1/i386-freebsd-thread-multi /home/david/cpantesting/perl-5.10.1/lib/site_perl/5.10.1 .) at /usr/home/david/cpantesting/perl-5.10.1/.cpan/build/TestML-0.08-Onrsil/blib/lib/TestML/Runner.pm line 18.
BEGIN failed--compilation aborted at /usr/home/david/cpantesting/perl-5.10.1/.cpan/build/TestML-0.08-Onrsil/blib/lib/TestML/Runner.pm line 18.
Compilation failed in require at /usr/home/david/cpantesting/perl-5.10.1/.cpan/build/TestML-0.08-Onrsil/blib/lib/TestML/Runner/TAP.pm line 5.
BEGIN failed--compilation aborted at /usr/home/david/cpantesting/perl-5.10.1/.cpan/build/TestML-0.08-Onrsil/blib/lib/TestML/Runner/TAP.pm line 5.
Compilation failed in require at (eval 1) line 1.
END failed--call queue aborted.
t/arguments.t .............. 
Dubious, test returned 2 (wstat 512, 0x200)
No subtests run 
Can't locate XXX.pm in @INC (@INC contains: /usr/home/david/cpantesting/perl-5.10.1/.cpan/build/TestML-0.08-Onrsil/inc /usr/home/david/cpantesting/perl-5.10.1/.cpan/build/TestML-0.08-Onrsil/blib/lib /usr/home/david/cpantesting/perl-5.10.1/.cpan/build/TestML-0.08-Onrsil/blib/arch /home/david/cpantesting/perl-5.10.1/lib/5.10.1/i386-freebsd-thread-multi /home/david/cpantesting/perl-5.10.1/lib/5.10.1 /home/david/cpantesting/perl-5.10.1/lib/site_perl/5.10.1/i386-freebsd-thread-multi /home/david/cpantesting/perl-5.10.1/lib/site_perl/5.10.1 .) at /usr/home/david/cpantesting/perl-5.10.1/.cpan/build/TestML-0.08-Onrsil/blib/lib/TestML/Runner.pm line 18.
BEGIN failed--compilation aborted at /usr/home/david/cpantesting/perl-5.10.1/.cpan/build/TestML-0.08-Onrsil/blib/lib/TestML/Runner.pm line 18.
Compilation failed in require at /usr/home/david/cpantesting/perl-5.10.1/.cpan/build/TestML-0.08-Onrsil/blib/lib/TestML/Runner/TAP.pm line 5.
BEGIN failed--compilation aborted at /usr/home/david/cpantesting/perl-5.10.1/.cpan/build/TestML-0.08-Onrsil/blib/lib/TestML/Runner/TAP.pm line 5.
Compilation failed in require at (eval 1) line 1.
END failed--call queue aborted.
t/assertions.t ............. 
Dubious, test returned 2 (wstat 512, 0x200)
No subtests run 
Can't locate XXX.pm in @INC (@INC contains: /usr/home/david/cpantesting/perl-5.10.1/.cpan/build/TestML-0.08-Onrsil/inc /usr/home/david/cpantesting/perl-5.10.1/.cpan/build/TestML-0.08-Onrsil/blib/lib /usr/home/david/cpantesting/perl-5.10.1/.cpan/build/TestML-0.08-Onrsil/blib/arch /home/david/cpantesting/perl-5.10.1/lib/5.10.1/i386-freebsd-thread-multi /home/david/cpantesting/perl-5.10.1/lib/5.10.1 /home/david/cpantesting/perl-5.10.1/lib/site_perl/5.10.1/i386-freebsd-thread-multi /home/david/cpantesting/perl-5.10.1/lib/site_perl/5.10.1 .) at /usr/home/david/cpantesting/perl-5.10.1/.cpan/build/TestML-0.08-Onrsil/blib/lib/TestML/Runner.pm line 18.
BEGIN failed--compilation aborted at /usr/home/david/cpantesting/perl-5.10.1/.cpan/build/TestML-0.08-Onrsil/blib/lib/TestML/Runner.pm line 18.
Compilation failed in require at /usr/home/david/cpantesting/perl-5.10.1/.cpan/build/TestML-0.08-Onrsil/blib/lib/TestML/Runner/TAP.pm line 5.
BEGIN failed--compilation aborted at /usr/home/david/cpantesting/perl-5.10.1/.cpan/build/TestML-0.08-Onrsil/blib/lib/TestML/Runner/TAP.pm line 5.
Compilation failed in require at t/basic.t line 1.
BEGIN failed--compilation aborted at t/basic.t line 1.
t/basic.t .................. 
Dubious, test returned 2 (wstat 512, 0x200)
No subtests run 
Can't locate XXX.pm in @INC (@INC contains: /usr/home/david/cpantesting/perl-5.10.1/.cpan/build/TestML-0.08-Onrsil/inc /usr/home/david/cpantesting/perl-5.10.1/.cpan/build/TestML-0.08-Onrsil/blib/lib /usr/home/david/cpantesting/perl-5.10.1/.cpan/build/TestML-0.08-Onrsil/blib/arch /home/david/cpantesting/perl-5.10.1/lib/5.10.1/i386-freebsd-thread-multi /home/david/cpantesting/perl-5.10.1/lib/5.10.1 /home/david/cpantesting/perl-5.10.1/lib/site_perl/5.10.1/i386-freebsd-thread-multi /home/david/cpantesting/perl-5.10.1/lib/site_perl/5.10.1 .) at /usr/home/david/cpantesting/perl-5.10.1/.cpan/build/TestML-0.08-Onrsil/blib/lib/TestML/Runner.pm line 18.
BEGIN failed--compilation aborted at /usr/home/david/cpantesting/perl-5.10.1/.cpan/build/TestML-0.08-Onrsil/blib/lib/TestML/Runner.pm line 18.
Compilation failed in require at /usr/home/david/cpantesting/perl-5.10.1/.cpan/build/TestML-0.08-Onrsil/blib/lib/TestML/Runner/TAP.pm line 5.
BEGIN failed--compilation aborted at /usr/home/david/cpantesting/perl-5.10.1/.cpan/build/TestML-0.08-Onrsil/blib/lib/TestML/Runner/TAP.pm line 5.
Compilation failed in require at (eval 1) line 1.
END failed--call queue aborted.
t/dataless.t ............... 
Dubious, test returned 2 (wstat 512, 0x200)
No subtests run 
Can't locate XXX.pm in @INC (@INC contains: /usr/home/david/cpantesting/perl-5.10.1/.cpan/build/TestML-0.08-Onrsil/inc /usr/home/david/cpantesting/perl-5.10.1/.cpan/build/TestML-0.08-Onrsil/blib/lib /usr/home/david/cpantesting/perl-5.10.1/.cpan/build/TestML-0.08-Onrsil/blib/arch /home/david/cpantesting/perl-5.10.1/lib/5.10.1/i386-freebsd-thread-multi /home/david/cpantesting/perl-5.10.1/lib/5.10.1 /home/david/cpantesting/perl-5.10.1/lib/site_perl/5.10.1/i386-freebsd-thread-multi /home/david/cpantesting/perl-5.10.1/lib/site_perl/5.10.1 .) at /usr/home/david/cpantesting/perl-5.10.1/.cpan/build/TestML-0.08-Onrsil/blib/lib/TestML/Runner.pm line 18.
BEGIN failed--compilation aborted at /usr/home/david/cpantesting/perl-5.10.1/.cpan/build/TestML-0.08-Onrsil/blib/lib/TestML/Runner.pm line 18.
Compilation failed in require at /usr/home/david/cpantesting/perl-5.10.1/.cpan/build/TestML-0.08-Onrsil/blib/lib/TestML/Runner/TAP.pm line 5.
BEGIN failed--compilation aborted at /usr/home/david/cpantesting/perl-5.10.1/.cpan/build/TestML-0.08-Onrsil/blib/lib/TestML/Runner/TAP.pm line 5.
Compilation failed in require at (eval 1) line 1.
END failed--call queue aborted.
t/exceptions.t ............. 
Dubious, test returned 2 (wstat 512, 0x200)
No subtests run 
Can't locate XXX.pm in @INC (@INC contains: /usr/home/david/cpantesting/perl-5.10.1/.cpan/build/TestML-0.08-Onrsil/inc /usr/home/david/cpantesting/perl-5.10.1/.cpan/build/TestML-0.08-Onrsil/blib/lib /usr/home/david/cpantesting/perl-5.10.1/.cpan/build/TestML-0.08-Onrsil/blib/arch /home/david/cpantesting/perl-5.10.1/lib/5.10.1/i386-freebsd-thread-multi /home/david/cpantesting/perl-5.10.1/lib/5.10.1 /home/david/cpantesting/perl-5.10.1/lib/site_perl/5.10.1/i386-freebsd-thread-multi /home/david/cpantesting/perl-5.10.1/lib/site_perl/5.10.1 .) at /usr/home/david/cpantesting/perl-5.10.1/.cpan/build/TestML-0.08-Onrsil/blib/lib/TestML/Runner.pm line 18.
BEGIN failed--compilation aborted at /usr/home/david/cpantesting/perl-5.10.1/.cpan/build/TestML-0.08-Onrsil/blib/lib/TestML/Runner.pm line 18.
Compilation failed in require at /usr/home/david/cpantesting/perl-5.10.1/.cpan/build/TestML-0.08-Onrsil/blib/lib/TestML/Runner/TAP.pm line 5.
BEGIN failed--compilation aborted at /usr/home/david/cpantesting/perl-5.10.1/.cpan/build/TestML-0.08-Onrsil/blib/lib/TestML/Runner/TAP.pm line 5.
Compilation failed in require at (eval 1) line 1.
END failed--call queue aborted.
t/external.t ............... 
Dubious, test returned 2 (wstat 512, 0x200)
No subtests run 
Can't locate XXX.pm in @INC (@INC contains: /usr/home/david/cpantesting/perl-5.10.1/.cpan/build/TestML-0.08-Onrsil/inc /usr/home/david/cpantesting/perl-5.10.1/.cpan/build/TestML-0.08-Onrsil/blib/lib /usr/home/david/cpantesting/perl-5.10.1/.cpan/build/TestML-0.08-Onrsil/blib/arch /home/david/cpantesting/perl-5.10.1/lib/5.10.1/i386-freebsd-thread-multi /home/david/cpantesting/perl-5.10.1/lib/5.10.1 /home/david/cpantesting/perl-5.10.1/lib/site_perl/5.10.1/i386-freebsd-thread-multi /home/david/cpantesting/perl-5.10.1/lib/site_perl/5.10.1 .) at /usr/home/david/cpantesting/perl-5.10.1/.cpan/build/TestML-0.08-Onrsil/blib/lib/TestML/Runner.pm line 18.
BEGIN failed--compilation aborted at /usr/home/david/cpantesting/perl-5.10.1/.cpan/build/TestML-0.08-Onrsil/blib/lib/TestML/Runner.pm line 18.
Compilation failed in require at /usr/home/david/cpantesting/perl-5.10.1/.cpan/build/TestML-0.08-Onrsil/blib/lib/TestML/Runner/TAP.pm line 5.
BEGIN failed--compilation aborted at /usr/home/david/cpantesting/perl-5.10.1/.cpan/build/TestML-0.08-Onrsil/blib/lib/TestML/Runner/TAP.pm line 5.
Compilation failed in require at (eval 1) line 1.
END failed--call queue aborted.
t/inline-bridge.t .......... 
Dubious, test returned 2 (wstat 512, 0x200)
No subtests run 
Can't locate XXX.pm in @INC (@INC contains: /usr/home/david/cpantesting/perl-5.10.1/.cpan/build/TestML-0.08-Onrsil/inc /usr/home/david/cpantesting/perl-5.10.1/.cpan/build/TestML-0.08-Onrsil/blib/lib /usr/home/david/cpantesting/perl-5.10.1/.cpan/build/TestML-0.08-Onrsil/blib/arch /home/david/cpantesting/perl-5.10.1/lib/5.10.1/i386-freebsd-thread-multi /home/david/cpantesting/perl-5.10.1/lib/5.10.1 /home/david/cpantesting/perl-5.10.1/lib/site_perl/5.10.1/i386-freebsd-thread-multi /home/david/cpantesting/perl-5.10.1/lib/site_perl/5.10.1 .) at /usr/home/david/cpantesting/perl-5.10.1/.cpan/build/TestML-0.08-Onrsil/blib/lib/TestML/Runner.pm line 18.
BEGIN failed--compilation aborted at /usr/home/david/cpantesting/perl-5.10.1/.cpan/build/TestML-0.08-Onrsil/blib/lib/TestML/Runner.pm line 18.
Compilation failed in require at /usr/home/david/cpantesting/perl-5.10.1/.cpan/build/TestML-0.08-Onrsil/blib/lib/TestML/Runner/TAP.pm line 5.
BEGIN failed--compilation aborted at /usr/home/david/cpantesting/perl-5.10.1/.cpan/build/TestML-0.08-Onrsil/blib/lib/TestML/Runner/TAP.pm line 5.
Compilation failed in require at (eval 1) line 1.
END failed--call queue aborted.
t/inline.t ................. 
Dubious, test returned 2 (wstat 512, 0x200)
No subtests run 
Can't locate XXX.pm in @INC (@INC contains: /usr/home/david/cpantesting/perl-5.10.1/.cpan/build/TestML-0.08-Onrsil/inc /usr/home/david/cpantesting/perl-5.10.1/.cpan/build/TestML-0.08-Onrsil/blib/lib /usr/home/david/cpantesting/perl-5.10.1/.cpan/build/TestML-0.08-Onrsil/blib/arch /home/david/cpantesting/perl-5.10.1/lib/5.10.1/i386-freebsd-thread-multi /home/david/cpantesting/perl-5.10.1/lib/5.10.1 /home/david/cpantesting/perl-5.10.1/lib/site_perl/5.10.1/i386-freebsd-thread-multi /home/david/cpantesting/perl-5.10.1/lib/site_perl/5.10.1 .) at /usr/home/david/cpantesting/perl-5.10.1/.cpan/build/TestML-0.08-Onrsil/blib/lib/TestML/Runner.pm line 18.
BEGIN failed--compilation aborted at /usr/home/david/cpantesting/perl-5.10.1/.cpan/build/TestML-0.08-Onrsil/blib/lib/TestML/Runner.pm line 18.
Compilation failed in require at /usr/home/david/cpantesting/perl-5.10.1/.cpan/build/TestML-0.08-Onrsil/blib/lib/TestML/Runner/TAP.pm line 5.
BEGIN failed--compilation aborted at /usr/home/david/cpantesting/perl-5.10.1/.cpan/build/TestML-0.08-Onrsil/blib/lib/TestML/Runner/TAP.pm line 5.
Compilation failed in require at t/markers.t line 1.
BEGIN failed--compilation aborted at t/markers.t line 1.
t/markers.t ................ 
Dubious, test returned 2 (wstat 512, 0x200)
No subtests run 
Can't locate XXX.pm in @INC (@INC contains: /usr/home/david/cpantesting/perl-5.10.1/.cpan/build/TestML-0.08-Onrsil/inc /usr/home/david/cpantesting/perl-5.10.1/.cpan/build/TestML-0.08-Onrsil/blib/lib /usr/home/david/cpantesting/perl-5.10.1/.cpan/build/TestML-0.08-Onrsil/blib/arch /home/david/cpantesting/perl-5.10.1/lib/5.10.1/i386-freebsd-thread-multi /home/david/cpantesting/perl-5.10.1/lib/5.10.1 /home/david/cpantesting/perl-5.10.1/lib/site_perl/5.10.1/i386-freebsd-thread-multi /home/david/cpantesting/perl-5.10.1/lib/site_perl/5.10.1 .) at t/parse-testml-document.t line 22.
BEGIN failed--compilation aborted at t/parse-testml-document.t line 22.
# Looks like your test exited with 2 before it could output anything.
t/parse-testml-document.t .. 
Dubious, test returned 2 (wstat 512, 0x200)
Failed 23/23 subtests 
Can't locate XXX.pm in @INC (@INC contains: /usr/home/david/cpantesting/perl-5.10.1/.cpan/build/TestML-0.08-Onrsil/inc /usr/home/david/cpantesting/perl-5.10.1/.cpan/build/TestML-0.08-Onrsil/blib/lib /usr/home/david/cpantesting/perl-5.10.1/.cpan/build/TestML-0.08-Onrsil/blib/arch /home/david/cpantesting/perl-5.10.1/lib/5.10.1/i386-freebsd-thread-multi /home/david/cpantesting/perl-5.10.1/lib/5.10.1 /home/david/cpantesting/perl-5.10.1/lib/site_perl/5.10.1/i386-freebsd-thread-multi /home/david/cpantesting/perl-5.10.1/lib/site_perl/5.10.1 .) at /usr/home/david/cpantesting/perl-5.10.1/.cpan/build/TestML-0.08-Onrsil/blib/lib/TestML/Runner.pm line 18.
BEGIN failed--compilation aborted at /usr/home/david/cpantesting/perl-5.10.1/.cpan/build/TestML-0.08-Onrsil/blib/lib/TestML/Runner.pm line 18.
Compilation failed in require at /usr/home/david/cpantesting/perl-5.10.1/.cpan/build/TestML-0.08-Onrsil/blib/lib/TestML/Runner/TAP.pm line 5.
BEGIN failed--compilation aborted at /usr/home/david/cpantesting/perl-5.10.1/.cpan/build/TestML-0.08-Onrsil/blib/lib/TestML/Runner/TAP.pm line 5.
Compilation failed in require at (eval 1) line 1.
END failed--call queue aborted.
t/simple-use.t ............. 
Dubious, test returned 2 (wstat 512, 0x200)
No subtests run 
Can't locate XXX.pm in @INC (@INC contains: /usr/home/david/cpantesting/perl-5.10.1/.cpan/build/TestML-0.08-Onrsil/inc /usr/home/david/cpantesting/perl-5.10.1/.cpan/build/TestML-0.08-Onrsil/blib/lib /usr/home/david/cpantesting/perl-5.10.1/.cpan/build/TestML-0.08-Onrsil/blib/arch /home/david/cpantesting/perl-5.10.1/lib/5.10.1/i386-freebsd-thread-multi /home/david/cpantesting/perl-5.10.1/lib/5.10.1 /home/david/cpantesting/perl-5.10.1/lib/site_perl/5.10.1/i386-freebsd-thread-multi /home/david/cpantesting/perl-5.10.1/lib/site_perl/5.10.1 .) at /usr/home/david/cpantesting/perl-5.10.1/.cpan/build/TestML-0.08-Onrsil/blib/lib/TestML/Runner.pm line 18.
BEGIN failed--compilation aborted at /usr/home/david/cpantesting/perl-5.10.1/.cpan/build/TestML-0.08-Onrsil/blib/lib/TestML/Runner.pm line 18.
Compilation failed in require at /usr/home/david/cpantesting/perl-5.10.1/.cpan/build/TestML-0.08-Onrsil/blib/lib/TestML/Runner/TAP.pm line 5.
BEGIN failed--compilation aborted at /usr/home/david/cpantesting/perl-5.10.1/.cpan/build/TestML-0.08-Onrsil/blib/lib/TestML/Runner/TAP.pm line 5.
Compilation failed in require at (eval 1) line 1.
END failed--call queue aborted.
t/standard.t ............... 
Dubious, test returned 2 (wstat 512, 0x200)
No subtests run 
Can't locate XXX.pm in @INC (@INC contains: /usr/home/david/cpantesting/perl-5.10.1/.cpan/build/TestML-0.08-Onrsil/inc /usr/home/david/cpantesting/perl-5.10.1/.cpan/build/TestML-0.08-Onrsil/blib/lib /usr/home/david/cpantesting/perl-5.10.1/.cpan/build/TestML-0.08-Onrsil/blib/arch /home/david/cpantesting/perl-5.10.1/lib/5.10.1/i386-freebsd-thread-multi /home/david/cpantesting/perl-5.10.1/lib/5.10.1 /home/david/cpantesting/perl-5.10.1/lib/site_perl/5.10.1/i386-freebsd-thread-multi /home/david/cpantesting/perl-5.10.1/lib/site_perl/5.10.1 .) at /usr/home/david/cpantesting/perl-5.10.1/.cpan/build/TestML-0.08-Onrsil/blib/lib/TestML/Runner.pm line 18.
BEGIN failed--compilation aborted at /usr/home/david/cpantesting/perl-5.10.1/.cpan/build/TestML-0.08-Onrsil/blib/lib/TestML/Runner.pm line 18.
Compilation failed in require at /usr/home/david/cpantesting/perl-5.10.1/.cpan/build/TestML-0.08-Onrsil/blib/lib/TestML/Runner/TAP.pm line 5.
BEGIN failed--compilation aborted at /usr/home/david/cpantesting/perl-5.10.1/.cpan/build/TestML-0.08-Onrsil/blib/lib/TestML/Runner/TAP.pm line 5.
Compilation failed in require at (eval 1) line 1.
END failed--call queue aborted.
t/strings.t ................ 
Dubious, test returned 2 (wstat 512, 0x200)
No subtests run 
Can't locate XXX.pm in @INC (@INC contains: /usr/home/david/cpantesting/perl-5.10.1/.cpan/build/TestML-0.08-Onrsil/inc /usr/home/david/cpantesting/perl-5.10.1/.cpan/build/TestML-0.08-Onrsil/blib/lib /usr/home/david/cpantesting/perl-5.10.1/.cpan/build/TestML-0.08-Onrsil/blib/arch /home/david/cpantesting/perl-5.10.1/lib/5.10.1/i386-freebsd-thread-multi /home/david/cpantesting/perl-5.10.1/lib/5.10.1 /home/david/cpantesting/perl-5.10.1/lib/site_perl/5.10.1/i386-freebsd-thread-multi /home/david/cpantesting/perl-5.10.1/lib/site_perl/5.10.1 .) at /usr/home/david/cpantesting/perl-5.10.1/.cpan/build/TestML-0.08-Onrsil/blib/lib/TestML/Runner.pm line 18.
BEGIN failed--compilation aborted at /usr/home/david/cpantesting/perl-5.10.1/.cpan/build/TestML-0.08-Onrsil/blib/lib/TestML/Runner.pm line 18.
Compilation failed in require at /usr/home/david/cpantesting/perl-5.10.1/.cpan/build/TestML-0.08-Onrsil/blib/lib/TestML/Runner/TAP.pm line 5.
BEGIN failed--compilation aborted at /usr/home/david/cpantesting/perl-5.10.1/.cpan/build/TestML-0.08-Onrsil/blib/lib/TestML/Runner/TAP.pm line 5.
Compilation failed in require at (eval 1) line 1.
END failed--call queue aborted.
t/truth.t .................. 
Dubious, test returned 2 (wstat 512, 0x200)
No subtests run 
Can't locate XXX.pm in @INC (@INC contains: /usr/home/david/cpantesting/perl-5.10.1/.cpan/build/TestML-0.08-Onrsil/inc /usr/home/david/cpantesting/perl-5.10.1/.cpan/build/TestML-0.08-Onrsil/blib/lib /usr/home/david/cpantesting/perl-5.10.1/.cpan/build/TestML-0.08-Onrsil/blib/arch /home/david/cpantesting/perl-5.10.1/lib/5.10.1/i386-freebsd-thread-multi /home/david/cpantesting/perl-5.10.1/lib/5.10.1 /home/david/cpantesting/perl-5.10.1/lib/site_perl/5.10.1/i386-freebsd-thread-multi /home/david/cpantesting/perl-5.10.1/lib/site_perl/5.10.1 .) at /usr/home/david/cpantesting/perl-5.10.1/.cpan/build/TestML-0.08-Onrsil/blib/lib/TestML/Runner.pm line 18.
BEGIN failed--compilation aborted at /usr/home/david/cpantesting/perl-5.10.1/.cpan/build/TestML-0.08-Onrsil/blib/lib/TestML/Runner.pm line 18.
Compilation failed in require at /usr/home/david/cpantesting/perl-5.10.1/.cpan/build/TestML-0.08-Onrsil/blib/lib/TestML/Runner/TAP.pm line 5.
BEGIN failed--compilation aborted at /usr/home/david/cpantesting/perl-5.10.1/.cpan/build/TestML-0.08-Onrsil/blib/lib/TestML/Runner/TAP.pm line 5.
Compilation failed in require at (eval 1) line 1.
END failed--call queue aborted.
t/yaml-tests.t ............. 
Dubious, test returned 2 (wstat 512, 0x200)
No subtests run 

Test Summary Report
-------------------
t/arguments.t            (Wstat: 512 Tests: 0 Failed: 0)
  Non-zero exit status: 2
  Parse errors: No plan found in TAP output
t/assertions.t           (Wstat: 512 Tests: 0 Failed: 0)
  Non-zero exit status: 2
  Parse errors: No plan found in TAP output
t/basic.t                (Wstat: 512 Tests: 0 Failed: 0)
  Non-zero exit status: 2
  Parse errors: No plan found in TAP output
t/dataless.t             (Wstat: 512 Tests: 0 Failed: 0)
  Non-zero exit status: 2
  Parse errors: No plan found in TAP output
t/exceptions.t           (Wstat: 512 Tests: 0 Failed: 0)
  Non-zero exit status: 2
  Parse errors: No plan found in TAP output
t/external.t             (Wstat: 512 Tests: 0 Failed: 0)
  Non-zero exit status: 2
  Parse errors: No plan found in TAP output
t/inline-bridge.t        (Wstat: 512 Tests: 0 Failed: 0)
  Non-zero exit status: 2
  Parse errors: No plan found in TAP output
t/inline.t               (Wstat: 512 Tests: 0 Failed: 0)
  Non-zero exit status: 2
  Parse errors: No plan found in TAP output
t/markers.t              (Wstat: 512 Tests: 0 Failed: 0)
  Non-zero exit status: 2
  Parse errors: No plan found in TAP output
t/parse-testml-document.t (Wstat: 512 Tests: 0 Failed: 0)
  Non-zero exit status: 2
  Parse errors: Bad plan.  You planned 23 tests but ran 0.
t/simple-use.t           (Wstat: 512 Tests: 0 Failed: 0)
  Non-zero exit status: 2
  Parse errors: No plan found in TAP output
t/standard.t             (Wstat: 512 Tests: 0 Failed: 0)
  Non-zero exit status: 2
  Parse errors: No plan found in TAP output
t/strings.t              (Wstat: 512 Tests: 0 Failed: 0)
  Non-zero exit status: 2
  Parse errors: No plan found in TAP output
t/truth.t                (Wstat: 512 Tests: 0 Failed: 0)
  Non-zero exit status: 2
  Parse errors: No plan found in TAP output
t/yaml-tests.t           (Wstat: 512 Tests: 0 Failed: 0)
  Non-zero exit status: 2
  Parse errors: No plan found in TAP output
Files=15, Tests=0,  2 wallclock secs ( 0.09 usr  0.24 sys +  0.20 cusr  0.88 csys =  1.41 CPU)
Result: FAIL
Failed 15/15 test programs. 0/0 subtests failed.
*** Error code 2

Stop in /usr/home/david/cpantesting/perl-5.10.1/.cpan/build/TestML-0.08-Onrsil.

------------------------------
PREREQUISITES
------------------------------

Prerequisite modules loaded:

requires:

    Module              Need Have   
    ------------------- ---- -------
    ExtUtils::MakeMaker 6.42 6.55_02
    Pegex               0    0.03   

configure_requires:

    Module              Need Have   
    ------------------- ---- -------
    ExtUtils::MakeMaker 6.42 6.55_02


------------------------------
ENVIRONMENT AND OTHER CONTEXT
------------------------------

Environment variables:

    AUTOMATED_TESTING = 1
    PATH = /sbin:/bin:/usr/sbin:/usr/bin:/usr/games:/usr/local/sbin:/usr/local/bin:/usr/X11R6/bin:/home/david/bin
    PERL5LIB = 
    PERL5OPT = 
    PERL5_CPANPLUS_IS_RUNNING = 15780
    PERL5_CPAN_IS_RUNNING = 15780
    PERLVER = 5.10.1
    SHELL = /usr/local/bin/bash
    TERM = screen

Perl special variables (and OS-specific diagnostics, for MSWin32):

    $^X = /home/david/cpantesting/perl-5.10.1/bin/perl5.10.1
    $UID/$EUID = 1001 / 1001
    $GID = 1001 1001 1001 0
    $EGID = 1001 1001 1001 0

Perl module toolchain versions installed:

    Module              Have   
    ------------------- -------
    CPAN                1.9402 
    Cwd                 3.31   
    ExtUtils::CBuilder  0.2703 
    ExtUtils::Command   1.16   
    ExtUtils::Install   1.54   
    ExtUtils::MakeMaker 6.55_02
    ExtUtils::Manifest  1.56   
    ExtUtils::ParseXS   2.2206 
    File::Spec          3.31   
    Module::Build       0.3607 
    Module::Signature   n/a    
    Test::Harness       3.17   
    Test::More          0.96   
    YAML                0.71   
    YAML::Syck          1.12   
    version             0.82   


--

Summary of my perl5 (revision 5 version 10 subversion 1) configuration:
   
  Platform:
    osname=freebsd, osvers=6.2-release, archname=i386-freebsd-thread-multi
    uname='freebsd poacher.barnyard.co.uk 6.2-release freebsd 6.2-release #0: fri jan 12 10:40:27 utc 2007 root@dessler.cse.buffalo.edu:usrobjusrsrcsysgeneric i386 '
    config_args='-de -Dprefix=/home/david/cpantesting/perl-5.10.1 -Dusethreads'
    hint=recommended, useposix=true, d_sigaction=define
    useithreads=define, usemultiplicity=define
    useperlio=define, d_sfio=undef, uselargefiles=define, usesocks=undef
    use64bitint=undef, use64bitall=undef, uselongdouble=undef
    usemymalloc=n, bincompat5005=undef
  Compiler:
    cc='cc', ccflags ='-DHAS_FPSETMASK -DHAS_FLOATINGPOINT_H -fno-strict-aliasing -pipe -I/usr/local/include',
    optimize='-O',
    cppflags='-DHAS_FPSETMASK -DHAS_FLOATINGPOINT_H -fno-strict-aliasing -pipe -I/usr/local/include'
    ccversion='', gccversion='3.4.6 [FreeBSD] 20060305', gccosandvers=''
    intsize=4, longsize=4, ptrsize=4, doublesize=8, byteorder=1234
    d_longlong=define, longlongsize=8, d_longdbl=define, longdblsize=12
    ivtype='long', ivsize=4, nvtype='double', nvsize=8, Off_t='off_t', lseeksize=8
    alignbytes=4, prototype=define
  Linker and Libraries:
    ld='cc', ldflags ='-pthread -Wl,-E  -L/usr/local/lib'
    libpth=/usr/lib /usr/local/lib
    libs=-lgdbm -lm -lcrypt
    perllibs=-lm -lcrypt
    libc=, so=so, useshrplib=false, libperl=libperl.a
    gnulibc_version=''
  Dynamic Linking:
    dlsrc=dl_dlopen.xs, dlext=so, d_dlsymun=undef, ccdlflags=' '
    cccdlflags='-DPIC -fPIC', lddlflags='-shared  -L/usr/local/lib'


Characteristics of this binary (from libperl): 
  Compile-time options: MULTIPLICITY PERL_DONT_CREATE_GVSV
                        PERL_IMPLICIT_CONTEXT PERL_MALLOC_WRAP USE_ITHREADS
                        USE_LARGE_FILES USE_PERLIO USE_REENTRANT_API
  Built under freebsd
  Compiled at Sep  3 2009 20:02:21
  %ENV:
    PERL5LIB=""
    PERL5OPT=""
    PERL5_CPANPLUS_IS_RUNNING="15780"
    PERL5_CPAN_IS_RUNNING="15780"
    PERLVER="5.10.1"
  @INC:
    /home/david/cpantesting/perl-5.10.1/lib/5.10.1/i386-freebsd-thread-multi
    /home/david/cpantesting/perl-5.10.1/lib/5.10.1
    /home/david/cpantesting/perl-5.10.1/lib/site_perl/5.10.1/i386-freebsd-thread-multi
    /home/david/cpantesting/perl-5.10.1/lib/site_perl/5.10.1
    .