Git-LowLevel v0.4 Perl 5 v5.32.0 amd64-freebsd
- Status
- Fail
- From
- Chris Williams (BINGOS)
- Dist
-
Git-LowLevel v0.4
- Platform
- Perl 5 v5.32.0 amd64-freebsd
- Date
- 2021-05-28 23:35:51
- ID
- 7021bf6c-c00d-11eb-bc66-57723b537541
This distribution has been tested as part of the CPAN Testers
project, supporting the Perl programming language. See
http://wiki.cpantesters.org/ for more information or email
questions to cpan-testers-discuss@perl.org
--
Dear Dominik Meyer,
This is a computer-generated error report created automatically by
CPANPLUS, version 0.9910. Testers personal comments may appear
at the end of this report.
Thank you for uploading your work to CPAN. However, it appears that
there were some problems testing your distribution.
TEST RESULTS:
Below is the error stack from stage 'make test':
PERL_DL_NONLAZY=1 "/usr/home/cpan/pit/bare/perl-5.32.0/bin/perl" "-MExtUtils::Command::MM" "-MTest::Harness" "-e" "undef *Test::Harness::Switches; test_harness(0, 'blib/lib', 'blib/arch')" t/*.t
t/00_git.t ........ ok
hint: Using 'master' as the name for the initial branch. This default branch name
hint: is subject to change. To configure the initial branch name to use in all
hint: of your new repositories, which will suppress this warning, call:
hint:
hint: git config --global init.defaultBranch <name>
hint:
hint: Names commonly chosen instead of 'master' are 'main', 'trunk' and
hint: 'development'. The just-created branch can be renamed via this command:
hint:
hint: git branch -m <name>
t/01_base.t ....... ok
hint: Using 'master' as the name for the initial branch. This default branch name
hint: is subject to change. To configure the initial branch name to use in all
hint: of your new repositories, which will suppress this warning, call:
hint:
hint: git config --global init.defaultBranch <name>
hint:
hint: Names commonly chosen instead of 'master' are 'main', 'trunk' and
hint: 'development'. The just-created branch can be renamed via this command:
hint:
hint: git branch -m <name>
fatal: input format error: -e 100644 blob 90bfcb510602aa11ae53a42dcec18ea39fbd8cec test
usage: git commit-tree [(-p <parent>)...] [-S[<keyid>]] [(-m <message>)...] [(-F <file>)...] <tree>
-p <parent> id of a parent commit object
-m <message> commit message
-F <file> read commit log message from file
-S, --gpg-sign[=<key-id>]
GPG sign commit
usage: git update-ref [<options>] -d <refname> [<old-val>]
or: git update-ref [<options>] <refname> <new-val> [<old-val>]
or: git update-ref [<options>] --stdin [-z]
-m <reason> reason of the update
-d delete the reference
--no-deref update <refname> not the one it points to
-z stdin has NUL-terminated arguments
--stdin read updates from stdin
--create-reflog create a reflog
# Failed test 'creating/commiting worked(git version 2.31.1)'
# at t/02_blob.t line 46.
# Failed test 'tree ist not empty after creating blob (git version 2.31.1)'
# at t/02_blob.t line 49.
# Looks like you failed 2 tests of 12.
t/02_blob.t .......
Dubious, test returned 2 (wstat 512, 0x200)
Failed 2/12 subtests
hint: Using 'master' as the name for the initial branch. This default branch name
hint: is subject to change. To configure the initial branch name to use in all
hint: of your new repositories, which will suppress this warning, call:
hint:
hint: git config --global init.defaultBranch <name>
hint:
hint: Names commonly chosen instead of 'master' are 'main', 'trunk' and
hint: 'development'. The just-created branch can be renamed via this command:
hint:
hint: git branch -m <name>
fatal: input format error: -e 100644 blob 90bfcb510602aa11ae53a42dcec18ea39fbd8cec test
fatal: input format error: -e 040000 tree tree
usage: git commit-tree [(-p <parent>)...] [-S[<keyid>]] [(-m <message>)...] [(-F <file>)...] <tree>
-p <parent> id of a parent commit object
-m <message> commit message
-F <file> read commit log message from file
-S, --gpg-sign[=<key-id>]
GPG sign commit
usage: git update-ref [<options>] -d <refname> [<old-val>]
or: git update-ref [<options>] <refname> <new-val> [<old-val>]
or: git update-ref [<options>] --stdin [-z]
-m <reason> reason of the update
-d delete the reference
--no-deref update <refname> not the one it points to
-z stdin has NUL-terminated arguments
--stdin read updates from stdin
--create-reflog create a reflog
# Failed test 'creating/commiting worked'
# at t/03_tree.t line 48.
# Failed test 'tree ist not empty after creating tree'
# at t/03_tree.t line 51.
# Looks like you failed 2 tests of 16.
t/03_tree.t .......
Dubious, test returned 2 (wstat 512, 0x200)
Failed 2/16 subtests
hint: Using 'master' as the name for the initial branch. This default branch name
hint: is subject to change. To configure the initial branch name to use in all
hint: of your new repositories, which will suppress this warning, call:
hint:
hint: git config --global init.defaultBranch <name>
hint:
hint: Names commonly chosen instead of 'master' are 'main', 'trunk' and
hint: 'development'. The just-created branch can be renamed via this command:
hint:
hint: git branch -m <name>
fatal: input format error: -e 100644 blob e38652ed4a8aa68157c1c1a37581ba232814bda0 Pd4mkvegiEePDtAy5fiTWqF4ss0rTOJCNkPdts7uEgoY9sBYydtlyci2pS6uBgQTlkNnZVGN2oPf7Z0df1BuSbmlMEHM7EQfUsLudPkWbXKVcbQU15sF9IVjGWMyFnderTGBgSCmcNJRnDjPpWayki6qARuEC6Zk41P5mF1caYM0VfOAw8lh3gardUB3TKG5MeJOVgeNVm24IwrfrEyCv4EAzMTPG4Mb60DNOhEt77d18z4cHgbgAzX3
usage: git commit-tree [(-p <parent>)...] [-S[<keyid>]] [(-m <message>)...] [(-F <file>)...] <tree>
-p <parent> id of a parent commit object
-m <message> commit message
-F <file> read commit log message from file
-S, --gpg-sign[=<key-id>]
GPG sign commit
usage: git update-ref [<options>] -d <refname> [<old-val>]
or: git update-ref [<options>] <refname> <new-val> [<old-val>]
or: git update-ref [<options>] --stdin [-z]
-m <reason> reason of the update
-d delete the reference
--no-deref update <refname> not the one it points to
-z stdin has NUL-terminated arguments
--stdin read updates from stdin
--create-reflog create a reflog
# Failed test 'find blob Pd4mkvegiEePDtAy5fiTWqF4ss0rTOJCNkPdts7uEgoY9sBYydtlyci2pS6uBgQTlkNnZVGN2oPf7Z0df1BuSbmlMEHM7EQfUsLudPkWbXKVcbQU15sF9IVjGWMyFnderTGBgSCmcNJRnDjPpWayki6qARuEC6Zk41P5mF1caYM0VfOAw8lh3gardUB3TKG5MeJOVgeNVm24IwrfrEyCv4EAzMTPG4Mb60DNOhEt77d18z4cHgbgAzX3'
# at t/04_extensive.t line 61.
# Failed test 'checking for Git::LowLevel::Blob object'
# at t/04_extensive.t line 62.
Can't call method "content" on an undefined value at t/04_extensive.t line 63.
# Tests were run but no plan was declared and done_testing() was not seen.
# Looks like your test exited with 128 just after 7.
t/04_extensive.t ..
Dubious, test returned 128 (wstat 32768, 0x8000)
Failed 2/7 subtests
Test Summary Report
-------------------
t/02_blob.t (Wstat: 512 Tests: 12 Failed: 2)
Failed tests: 9-10
Non-zero exit status: 2
t/03_tree.t (Wstat: 512 Tests: 16 Failed: 2)
Failed tests: 10-11
Non-zero exit status: 2
t/04_extensive.t (Wstat: 32768 Tests: 7 Failed: 2)
Failed tests: 6-7
Non-zero exit status: 128
Parse errors: No plan found in TAP output
Files=5, Tests=44, 6 wallclock secs ( 0.05 usr 0.07 sys + 3.55 cusr 0.94 csys = 4.61 CPU)
Result: FAIL
Failed 3/5 test programs. 6/44 subtests failed.
*** Error code 128
Stop.
make: stopped in /usr/home/cpan/pit/bare/conf/perl-5.32.0/.cpanplus/5.32.0/build/UPQZgwmwuy/Git-LowLevel-0.4
PREREQUISITES:
Here is a list of prerequisites you specified and versions we
managed to load:
Module Name Have Want
ExtUtils::MakeMaker 7.62 0
File::Basename 2.85 0
File::Temp 0.2311 0
Moose 2.2015 0
MooseX::Privacy 0.05 0
String::Random 0.31 0
Test::Exception 0.43 0
Test::More 1.302185 0
strict 1.11 0
warnings 1.47 0
Perl module toolchain versions installed:
Module Name Have
CPANPLUS 0.9910
CPANPLUS::Dist::Build 0.90
Cwd 3.78
ExtUtils::CBuilder 0.280236
ExtUtils::Command 7.62
ExtUtils::Install 2.20
ExtUtils::MakeMaker 7.62
ExtUtils::Manifest 1.73
ExtUtils::ParseXS 3.40
File::Spec 3.78
Module::Build 0.4231
Pod::Parser 0
Pod::Simple 3.40
Test2 1.302185
Test::Harness 3.42
Test::More 1.302185
version 0.9929
******************************** NOTE ********************************
The comments above are created mechanically, possibly without manual
checking by the sender. As there are many people performing automatic
tests on each upload to CPAN, it is likely that you will receive
identical messages about the same problem.
If you believe that the message is mistaken, please reply to the first
one with correction and/or additional informations, and do not take
it personally. We appreciate your patience. :)
**********************************************************************
Additional comments:
This report was machine-generated by CPANPLUS::Dist::YACSmoke 1.08.
Powered by minismokebox version 0.68
CPANPLUS is prefering Build.PL
------------------------------
ENVIRONMENT AND OTHER CONTEXT
------------------------------
Environment variables:
AUTOMATED_TESTING = 1
NONINTERACTIVE_TESTING = 1
PATH = /sbin:/bin:/usr/sbin:/usr/bin:/usr/local/sbin:/usr/local/bin:/home/cpan/bin
PERL5LIB = /usr/home/cpan/pit/jail/FbTuWvLw6Y/lib/perl5:/usr/home/cpan/pit/bare/conf/perl-5.32.0/.cpanplus/5.32.0/build/HRq9q3cuce/String-Random-0.31/blib/lib:/usr/home/cpan/pit/bare/conf/perl-5.32.0/.cpanplus/5.32.0/build/HRq9q3cuce/String-Random-0.31/blib/arch:/usr/home/cpan/pit/bare/conf/perl-5.32.0/.cpanplus/5.32.0/build/UPQZgwmwuy/Git-LowLevel-0.4/blib/lib:/usr/home/cpan/pit/bare/conf/perl-5.32.0/.cpanplus/5.32.0/build/UPQZgwmwuy/Git-LowLevel-0.4/blib/arch
PERL5_CPANPLUS_IS_RUNNING = 37072
PERL5_CPANPLUS_IS_VERSION = 0.9910
PERL5_MINISMOKEBOX = 0.68
PERL5_YACSMOKE_BASE = /usr/home/cpan/pit/bare/conf/perl-5.32.0
PERL_EXTUTILS_AUTOINSTALL = --defaultdeps
PERL_LOCAL_LIB_ROOT = /usr/home/cpan/pit/jail/FbTuWvLw6Y
PERL_MB_OPT = --install_base "/usr/home/cpan/pit/jail/FbTuWvLw6Y"
PERL_MM_OPT = INSTALL_BASE=/usr/home/cpan/pit/jail/FbTuWvLw6Y
PERL_MM_USE_DEFAULT = 1
PERL_USE_UNSAFE_INC = 1
SHELL = /usr/local/bin/bash
TERM = screen
Perl special variables (and OS-specific diagnostics, for MSWin32):
Perl: $^X = /usr/home/cpan/pit/bare/perl-5.32.0/bin/perl
UID: $< = 1002
EUID: $> = 1002
GID: $( = 1002 1002
EGID: $) = 1002 1002
-------------------------------
--
Summary of my perl5 (revision 5 version 32 subversion 0) configuration:
Platform:
osname=freebsd
osvers=12.2-release
archname=amd64-freebsd
uname='freebsd fforc 12.2-release freebsd 12.2-release r366954 generic amd64 '
config_args='-des -Dprefix=/usr/home/cpan/pit/bare/perl-5.32.0'
hint=recommended
useposix=true
d_sigaction=define
useithreads=undef
usemultiplicity=undef
use64bitint=define
use64bitall=define
uselongdouble=undef
usemymalloc=n
default_inc_excludes_dot=define
bincompat5005=undef
Compiler:
cc='cc'
ccflags ='-DHAS_FPSETMASK -DHAS_FLOATINGPOINT_H -fno-strict-aliasing -pipe -fstack-protector-strong -I/usr/local/include'
optimize='-O2'
cppflags='-DHAS_FPSETMASK -DHAS_FLOATINGPOINT_H -fno-strict-aliasing -pipe -fstack-protector-strong -I/usr/local/include'
ccversion=''
gccversion='FreeBSD Clang 10.0.1 (git@github.com:llvm/llvm-project.git llvmorg-10.0.1-0-gef32c611aa2)'
gccosandvers=''
intsize=4
longsize=8
ptrsize=8
doublesize=8
byteorder=12345678
doublekind=3
d_longlong=define
longlongsize=8
d_longdbl=define
longdblsize=16
longdblkind=3
ivtype='long'
ivsize=8
nvtype='double'
nvsize=8
Off_t='off_t'
lseeksize=8
alignbytes=8
prototype=define
Linker and Libraries:
ld='cc'
ldflags ='-Wl,-E -fstack-protector-strong -L/usr/local/lib'
libpth=/usr/lib /usr/local/lib /usr/lib/clang/10.0.1/lib /usr/lib
libs=-lpthread -lgdbm -ldl -lm -lcrypt -lutil -lc
perllibs=-lpthread -ldl -lm -lcrypt -lutil -lc
libc=
so=so
useshrplib=false
libperl=libperl.a
gnulibc_version=''
Dynamic Linking:
dlsrc=dl_dlopen.xs
dlext=so
d_dlsymun=undef
ccdlflags=' '
cccdlflags='-DPIC -fPIC'
lddlflags='-shared -L/usr/local/lib -fstack-protector-strong'
Characteristics of this binary (from libperl):
Compile-time options:
HAS_TIMES
PERLIO_LAYERS
PERL_COPY_ON_WRITE
PERL_DONT_CREATE_GVSV
PERL_MALLOC_WRAP
PERL_OP_PARENT
PERL_PRESERVE_IVUV
USE_64_BIT_ALL
USE_64_BIT_INT
USE_LARGE_FILES
USE_LOCALE
USE_LOCALE_COLLATE
USE_LOCALE_CTYPE
USE_LOCALE_NUMERIC
USE_LOCALE_TIME
USE_PERLIO
USE_PERL_ATOF
Built under freebsd
Compiled at Oct 30 2020 08:31:30
%ENV:
PERL5LIB="/usr/home/cpan/pit/jail/FbTuWvLw6Y/lib/perl5:/usr/home/cpan/pit/bare/conf/perl-5.32.0/.cpanplus/5.32.0/build/HRq9q3cuce/String-Random-0.31/blib/lib:/usr/home/cpan/pit/bare/conf/perl-5.32.0/.cpanplus/5.32.0/build/HRq9q3cuce/String-Random-0.31/blib/arch:/usr/home/cpan/pit/bare/conf/perl-5.32.0/.cpanplus/5.32.0/build/UPQZgwmwuy/Git-LowLevel-0.4/blib/lib:/usr/home/cpan/pit/bare/conf/perl-5.32.0/.cpanplus/5.32.0/build/UPQZgwmwuy/Git-LowLevel-0.4/blib/arch"
PERL5_CPANPLUS_IS_RUNNING="37072"
PERL5_CPANPLUS_IS_VERSION="0.9910"
PERL5_MINISMOKEBOX="0.68"
PERL5_YACSMOKE_BASE="/usr/home/cpan/pit/bare/conf/perl-5.32.0"
PERL_EXTUTILS_AUTOINSTALL="--defaultdeps"
PERL_LOCAL_LIB_ROOT="/usr/home/cpan/pit/jail/FbTuWvLw6Y"
PERL_MB_OPT="--install_base "/usr/home/cpan/pit/jail/FbTuWvLw6Y""
PERL_MM_OPT="INSTALL_BASE=/usr/home/cpan/pit/jail/FbTuWvLw6Y"
PERL_MM_USE_DEFAULT="1"
PERL_USE_UNSAFE_INC="1"
@INC:
/usr/home/cpan/pit/jail/FbTuWvLw6Y/lib/perl5/5.32.0/amd64-freebsd
/usr/home/cpan/pit/jail/FbTuWvLw6Y/lib/perl5/5.32.0
/usr/home/cpan/pit/jail/FbTuWvLw6Y/lib/perl5/amd64-freebsd
/usr/home/cpan/pit/jail/FbTuWvLw6Y/lib/perl5
/usr/home/cpan/pit/bare/conf/perl-5.32.0/.cpanplus/5.32.0/build/HRq9q3cuce/String-Random-0.31/blib/lib
/usr/home/cpan/pit/bare/conf/perl-5.32.0/.cpanplus/5.32.0/build/HRq9q3cuce/String-Random-0.31/blib/arch
/usr/home/cpan/pit/bare/conf/perl-5.32.0/.cpanplus/5.32.0/build/UPQZgwmwuy/Git-LowLevel-0.4/blib/lib
/usr/home/cpan/pit/bare/conf/perl-5.32.0/.cpanplus/5.32.0/build/UPQZgwmwuy/Git-LowLevel-0.4/blib/arch
/usr/home/cpan/pit/bare/perl-5.32.0/lib/site_perl/5.32.0/amd64-freebsd
/usr/home/cpan/pit/bare/perl-5.32.0/lib/site_perl/5.32.0
/usr/home/cpan/pit/bare/perl-5.32.0/lib/5.32.0/amd64-freebsd
/usr/home/cpan/pit/bare/perl-5.32.0/lib/5.32.0
.