Zonemaster-Engine vv7.0.0 Perl 5 v5.30.1 x86_64-linux-thread-multi-ld

Status
Fail
From
Andreas J. König (ANDK)
Dist
Zonemaster-Engine vv7.0.0
Platform
Perl 5 v5.30.1 x86_64-linux-thread-multi-ld
Date
2024-12-14 00:14:52
ID
703db12c-b9b0-11ef-91db-a20ce93fef1b
This distribution has been tested as part of the CPAN Testers
project, supporting the Perl programming language.  See
http://wiki.cpantesters.org/ for more information or email
questions to cpan-testers-discuss@perl.org


--
Dear Afnic and IIS Zonemaster Project,

This is a computer-generated report for Zonemaster-Engine-v7.0.0
on perl 5.30.1, created by CPAN-Reporter-1.2018.

Thank you for uploading your work to CPAN.  However, there was a problem
testing your distribution.

If you think this report is invalid, please consult the CPAN Testers Wiki
for suggestions on how to avoid getting FAIL reports for missing library
or binary dependencies, unsupported operating systems, and so on:

http://wiki.cpantesters.org/wiki/CPANAuthorNotes

Sections of this report:

    * Tester comments
    * Program output
    * Prerequisites
    * Environment and other context

------------------------------
TESTER COMMENTS
------------------------------

Additional comments from tester:

this report is from an automated smoke testing program
and was not reviewed by a human for accuracy

------------------------------
PROGRAM OUTPUT
------------------------------

Output from '/usr/bin/make test':

cd share && make all
make[1]: Entering directory '/tmp/loop_over_bdir-788307-5xT3cB/Zonemaster-Engine-v7.0.0-0/share'
make[1]: Nothing to be done for 'all'.
make[1]: Leaving directory '/tmp/loop_over_bdir-788307-5xT3cB/Zonemaster-Engine-v7.0.0-0/share'
PERL_DL_NONLAZY=1 "/home/sand/src/perl/repoperls/installed-perls/host/k93msid/v5.30.1/8854/bin/perl" "-MExtUtils::Command::MM" "-MTest::Harness" "-e" "undef *Test::Harness::Switches; test_harness(0, 'inc', 'blib/lib', 'blib/arch')" t/*.t
# Testing Zonemaster Engine v7.0.0, Perl 5.030001, /home/sand/src/perl/repoperls/installed-perls/host/k93msid/v5.30.1/8854/bin/perl
t/00-load.t ................ ok
t/asn.t .................... ok
t/dnsname.t ................ ok
t/logger.t ................. ok
t/methodsv2.t .............. ok
t/nameserver-axfr.t ........ ok
t/nameserver.t ............. ok
t/normalization.t .......... ok
t/old-bugs.t ............... ok
t/packet.t ................. ok
t/pod-coverage.t ........... ok
t/pod.t .................... ok
t/profiles.t ............... ok
t/recursor-A.t ............. ok
t/recursor.t ............... ok
t/Test-address.t ........... ok
t/Test-basic.t ............. ok
t/Test-basic01.t ........... ok
t/Test-basic02-A.t ......... ok
t/Test-basic02-B.t ......... ok
t/Test-connectivity.t ...... ok
Need to find/create zones with those errors: 
	EMPTY_ASN_SET
	ERROR_ASN_DATABASE
	IPV4_SAME_ASN
	IPV6_SAME_ASN
t/Test-connectivity03.t .... ok
t/Test-connectivity04-A.t .. ok
t/Test-connectivity04.t .... ok
t/Test-consistency.t ....... ok
Untested scenarios:
	Scenario CHILD-ZONE-LAME-1 cannot be tested.
	Scenario IB-ADDR-MISMATCH-3 cannot be tested.
	Scenario IB-ADDR-MISMATCH-4 cannot be tested.
t/Test-consistency05.t ..... ok
Untested scenarios:
	Scenario MULT-SOA-MNAMES-NO-DEL-UNDEL-2 cannot be tested.
	Scenario NO-RESPONSE cannot be tested.
	Scenario ONE-SOA-MNAME-4 cannot be tested.
t/Test-consistency06.t ..... ok
t/Test-delegation.t ........ ok
Untested scenarios:
	Scenario ENOUGH-DEL-NOT-CHILD cannot be tested.
	Scenario IPV4-AND-DEL-OK-NO-IPV6-CHILD cannot be tested.
	Scenario IPV6-AND-DEL-OK-NO-IPV4-CHILD cannot be tested.
	Scenario MISMATCH-DELEGATION-CHILD-1 cannot be tested.
	Scenario MISMATCH-DELEGATION-CHILD-2 cannot be tested.
t/Test-delegation01.t ...... ok
Untested scenarios:
	Scenario CHILD-NON-DISTINCT cannot be tested.
	Scenario DEL-NON-DISTINCT cannot be tested.
t/Test-delegation02.t ...... ok
t/Test-delegation03.t ...... ok
t/Test-dnssec-more.t ....... ok

#   Failed test 'DURATION_OK (sort of)'
#   at t/Test-dnssec.t line 75.

#   Failed test 'dnssec02-dnskey-ksk-not-sep.zut-root.rd.nic.fr does not give DS02_NO_MATCHING_DNSKEY_RRSIG'
#   at t/Test-dnssec.t line 39.

#   Failed test 'dnssec02-dnskey-ksk-not-sep.zut-root.rd.nic.fr does not give DS02_RRSIG_NOT_VALID_BY_DNSKEY'
#   at t/Test-dnssec.t line 39.

#   Failed test 'dnssec02-dnskey-ksk-not-sep.zut-root.rd.nic.fr does not give DS02_DNSKEY_NOT_SIGNED_BY_ANY_DS'
#   at t/Test-dnssec.t line 39.

#   Failed test 'dnssec02-ds-does-not-match-dnskey.zut-root.rd.nic.fr does not give DS02_NO_MATCHING_DNSKEY_RRSIG'
#   at t/Test-dnssec.t line 39.

#   Failed test 'dnssec02-ds-does-not-match-dnskey.zut-root.rd.nic.fr does not give DS02_RRSIG_NOT_VALID_BY_DNSKEY'
#   at t/Test-dnssec.t line 39.

#   Failed test 'dnssec02-ds-does-not-match-dnskey.zut-root.rd.nic.fr does not give DS02_DNSKEY_NOT_SIGNED_BY_ANY_DS'
#   at t/Test-dnssec.t line 39.

#   Failed test 'dnssec08-dnskey-signature-not-ok-broken.zut-root.rd.nic.fr gives DS08_DNSKEY_RRSIG_EXPIRED'
#   at t/Test-dnssec.t line 28.

#   Failed test 'dnssec08-dnskey-signature-not-ok-broken.zut-root.rd.nic.fr gives DS08_RRSIG_NOT_VALID_BY_DNSKEY'
#   at t/Test-dnssec.t line 28.

#   Failed test 'dnssec08-dnskey-signature-not-ok-broken.zut-root.rd.nic.fr does not give DS08_DNSKEY_RRSIG_NOT_YET_VALID'
#   at t/Test-dnssec.t line 39.

#   Failed test 'dnssec08-dnskey-signature-not-ok.zut-root.rd.nic.fr does not give DS08_DNSKEY_RRSIG_NOT_YET_VALID'
#   at t/Test-dnssec.t line 39.

#   Failed test 'dnssec08-rrsig-no-matching-dnskey.zft-root.rd.nic.fr gives DS08_NO_MATCHING_DNSKEY'
#   at t/Test-dnssec.t line 28.

#   Failed test 'dnssec08-rrsig-no-matching-dnskey.zft-root.rd.nic.fr gives DS08_RRSIG_NOT_VALID_BY_DNSKEY'
#   at t/Test-dnssec.t line 28.

#   Failed test 'dnssec08-rrsig-no-matching-dnskey.zft-root.rd.nic.fr does not give DS08_DNSKEY_RRSIG_NOT_YET_VALID'
#   at t/Test-dnssec.t line 39.

#   Failed test 'dnssec09-rrsig-no-matching-dnskey.zft-root.rd.nic.fr gives DS09_NO_MATCHING_DNSKEY'
#   at t/Test-dnssec.t line 28.

#   Failed test 'dnssec09-rrsig-no-matching-dnskey.zft-root.rd.nic.fr does not give DS09_SOA_RRSIG_NOT_YET_VALID'
#   at t/Test-dnssec.t line 39.

#   Failed test 'dnssec09-soa-rrsig-expired.zft-root.rd.nic.fr gives DS09_SOA_RRSIG_EXPIRED'
#   at t/Test-dnssec.t line 28.

#   Failed test 'dnssec09-soa-rrsig-expired.zft-root.rd.nic.fr does not give DS09_SOA_RRSIG_NOT_YET_VALID'
#   at t/Test-dnssec.t line 39.

#   Failed test 'dnssec09-rrsig-not-valid-by-dnskey.zft-root.rd.nic.fr gives DS09_RRSIG_NOT_VALID_BY_DNSKEY'
#   at t/Test-dnssec.t line 28.

#   Failed test 'dnssec09-rrsig-not-valid-by-dnskey.zft-root.rd.nic.fr does not give DS09_SOA_RRSIG_NOT_YET_VALID'
#   at t/Test-dnssec.t line 39.

#   Failed test 'dnssec16-cds-cdnskey-signed.zft-root.rd.nic.fr does not give DS17_CDNSKEY_INVALID_RRSIG'
#   at t/Test-dnssec.t line 39.

#   Failed test 'dnssec16-cds-cdnskey-unsigned.zft-root.rd.nic.fr does not give DS17_CDNSKEY_INVALID_RRSIG'
#   at t/Test-dnssec.t line 39.

#   Failed test 'dnssec17-cdnskey-signed-by-unknown-dnskey.zft-root.rd.nic.fr does not give DS17_CDNSKEY_INVALID_RRSIG'
#   at t/Test-dnssec.t line 39.

#   Failed test 'dnssec17-cdnskey-matches-no-dnskey.zft-root.rd.nic.fr does not give DS17_CDNSKEY_INVALID_RRSIG'
#   at t/Test-dnssec.t line 39.

#   Failed test 'dnssec17-cdnskey-is-non-zone.zft-root.rd.nic.fr does not give DS17_CDNSKEY_INVALID_RRSIG'
#   at t/Test-dnssec.t line 39.
# Looks like you failed 25 tests of 479.
t/Test-dnssec.t ............ 
Dubious, test returned 25 (wstat 6400, 0x1900)
Failed 25/479 subtests 
t/Test-dnssec03.t .......... ok
t/Test-dnssec05-A.t ........ ok
t/Test-dnssec05-B.t ........ ok
t/Test-dnssec05-C.t ........ ok
t/Test-dnssec05-D.t ........ ok
t/Test-dnssec05-E.t ........ ok
t/Test-dnssec05-F.t ........ ok
t/Test-dnssec05-G.t ........ ok
t/Test-dnssec05-H.t ........ ok
t/Test-dnssec05-I.t ........ ok
t/Test-dnssec05-J.t ........ ok
Untested scenarios:
	Scenario NSEC-QUERY-RESPONSE-ERR-3 cannot be tested.
	Scenario NSEC3PARAM-Q-RESPONSE-ERR-3 cannot be tested.
t/Test-dnssec10.t .......... ok

    #   Failed test 'Tag DS16_CDS_INVALID_RRSIG is not outputted'
    #   at /tmp/loop_over_bdir-788307-5xT3cB/Zonemaster-Engine-v7.0.0-0/t/TestUtil.pm line 604.
    # Tag 'DS16_CDS_INVALID_RRSIG' was not supposed to be outputted, but it was
    # Looks like you failed 1 test of 11.

#   Failed test 'CDS-MATCHES-NO-DNSKEY'
#   at /tmp/loop_over_bdir-788307-5xT3cB/Zonemaster-Engine-v7.0.0-0/t/TestUtil.pm line 608.

    #   Failed test 'Tag DS16_CDS_INVALID_RRSIG is not outputted'
    #   at /tmp/loop_over_bdir-788307-5xT3cB/Zonemaster-Engine-v7.0.0-0/t/TestUtil.pm line 604.
    # Tag 'DS16_CDS_INVALID_RRSIG' was not supposed to be outputted, but it was
    # Looks like you failed 1 test of 11.

#   Failed test 'CDS-MATCHES-NON-SEP-DNSKEY'
#   at /tmp/loop_over_bdir-788307-5xT3cB/Zonemaster-Engine-v7.0.0-0/t/TestUtil.pm line 608.

    #   Failed test 'Tag DS16_CDS_INVALID_RRSIG is not outputted'
    #   at /tmp/loop_over_bdir-788307-5xT3cB/Zonemaster-Engine-v7.0.0-0/t/TestUtil.pm line 604.
    # Tag 'DS16_CDS_INVALID_RRSIG' was not supposed to be outputted, but it was
    # Looks like you failed 1 test of 11.

#   Failed test 'CDS-MATCHES-NON-ZONE-DNSKEY'
#   at /tmp/loop_over_bdir-788307-5xT3cB/Zonemaster-Engine-v7.0.0-0/t/TestUtil.pm line 608.

    #   Failed test 'Tag DS16_CDS_INVALID_RRSIG is not outputted'
    #   at /tmp/loop_over_bdir-788307-5xT3cB/Zonemaster-Engine-v7.0.0-0/t/TestUtil.pm line 604.
    # Tag 'DS16_CDS_INVALID_RRSIG' was not supposed to be outputted, but it was
    # Looks like you failed 1 test of 11.

#   Failed test 'CDS-NOT-SIGNED-BY-CDS'
#   at /tmp/loop_over_bdir-788307-5xT3cB/Zonemaster-Engine-v7.0.0-0/t/TestUtil.pm line 608.

    #   Failed test 'Tag DS16_CDS_INVALID_RRSIG is not outputted'
    #   at /tmp/loop_over_bdir-788307-5xT3cB/Zonemaster-Engine-v7.0.0-0/t/TestUtil.pm line 604.
    # Tag 'DS16_CDS_INVALID_RRSIG' was not supposed to be outputted, but it was
    # Looks like you failed 1 test of 11.

#   Failed test 'CDS-SIGNED-BY-UNKNOWN-DNSKEY'
#   at /tmp/loop_over_bdir-788307-5xT3cB/Zonemaster-Engine-v7.0.0-0/t/TestUtil.pm line 608.

    #   Failed test 'Tag DS16_CDS_INVALID_RRSIG is not outputted'
    #   at /tmp/loop_over_bdir-788307-5xT3cB/Zonemaster-Engine-v7.0.0-0/t/TestUtil.pm line 604.
    # Tag 'DS16_CDS_INVALID_RRSIG' was not supposed to be outputted, but it was
    # Looks like you failed 1 test of 11.

#   Failed test 'DNSKEY-NOT-SIGNED-BY-CDS'
#   at /tmp/loop_over_bdir-788307-5xT3cB/Zonemaster-Engine-v7.0.0-0/t/TestUtil.pm line 608.

    #   Failed test 'Tag DS16_CDS_INVALID_RRSIG is not outputted'
    #   at /tmp/loop_over_bdir-788307-5xT3cB/Zonemaster-Engine-v7.0.0-0/t/TestUtil.pm line 604.
    # Tag 'DS16_CDS_INVALID_RRSIG' was not supposed to be outputted, but it was
    # Looks like you failed 1 test of 11.

#   Failed test 'NOT-AA'
#   at /tmp/loop_over_bdir-788307-5xT3cB/Zonemaster-Engine-v7.0.0-0/t/TestUtil.pm line 608.

    #   Failed test 'Tag DS16_CDS_INVALID_RRSIG is not outputted'
    #   at /tmp/loop_over_bdir-788307-5xT3cB/Zonemaster-Engine-v7.0.0-0/t/TestUtil.pm line 604.
    # Tag 'DS16_CDS_INVALID_RRSIG' was not supposed to be outputted, but it was
    # Looks like you failed 1 test of 11.

#   Failed test 'VALID-CDS'
#   at /tmp/loop_over_bdir-788307-5xT3cB/Zonemaster-Engine-v7.0.0-0/t/TestUtil.pm line 608.
# Looks like you failed 8 tests of 18.
t/Test-dnssec16.t .......... 
Dubious, test returned 8 (wstat 2048, 0x800)
Failed 8/18 subtests 
t/Test-nameserver.t ........ ok
t/Test-nameserver01-A.t .... ok
t/Test-nameserver01-B.t .... ok
t/Test-nameserver01-C.t .... ok
t/Test-nameserver01-D.t .... ok
t/Test-nameserver15.t ...... ok
t/Test-syntax.t ............ ok
t/Test-syntax06-A.t ........ ok
t/Test-syntax06-B.t ........ ok
t/Test-syntax06-C.t ........ ok
t/Test-syntax06-D.t ........ ok
t/Test-syntax06-E.t ........ ok
t/Test-syntax06-F.t ........ ok
t/Test-syntax06-G.t ........ ok
t/Test-syntax06-I.t ........ ok
t/Test-syntax06-J.t ........ ok
t/Test-syntax06-K.t ........ ok
t/Test-syntax06-L.t ........ ok
t/Test-zone.t .............. ok
t/Test-zone01-A.t .......... ok
t/Test-zone01-B.t .......... ok
t/Test-zone09-1.t .......... ok
Untested scenarios:
	Scenario NON-AUTH-MX-RESPONSE cannot be tested.
t/Test-zone09.t ............ ok
t/Test-zone11.t ............ ok
t/Test.t ................... ok
t/translator.t ............. ok
t/undelegated.t ............ ok
unable to parse RR string at /home/sand/src/perl/repoperls/installed-perls/host/k93msid/v5.30.1/8854/lib/site_perl/5.30.1/Net/DNS/RR.pm line 104.
 at /tmp/loop_over_bdir-788307-5xT3cB/Zonemaster-Engine-v7.0.0-0/blib/lib/Zonemaster/Engine/Util.pm line 120.
t/util.t ................... ok
t/validation.t ............. ok
t/zone.t ................... ok
t/zonemaster.t ............. ok

Test Summary Report
-------------------
t/old-bugs.t             (Wstat: 0 Tests: 16 Failed: 0)
  TODO passed:   4
t/Test-dnssec.t          (Wstat: 6400 Tests: 479 Failed: 25)
  Failed tests:  17, 58, 60, 62, 86-87, 89, 137-138, 140
                145, 160-161, 164, 172, 177, 184, 189-190
                195, 348, 361, 414, 425, 457
  Non-zero exit status: 25
t/Test-dnssec16.t        (Wstat: 2048 Tests: 18 Failed: 8)
  Failed tests:  6-10, 14, 17-18
  Non-zero exit status: 8
Files=77, Tests=1979, 320 wallclock secs ( 0.88 usr  0.17 sys + 283.47 cusr 10.17 csys = 294.69 CPU)
Result: FAIL
Failed 2/77 test programs. 33/1979 subtests failed.
make: *** [Makefile:913: test_dynamic] Error 255

------------------------------
PREREQUISITES
------------------------------

Prerequisite modules loaded:

requires:

    Module              Need  Have      
    ------------------- ----- ----------
    Class::Accessor     0     0.51      
    Clone               0     0.46      
    Email::Valid        0     1.203     
    File::ShareDir      1     1.118     
    File::Slurp         0     9999.32   
    IO::Socket::INET6   2.69  2.73      
    List::Compare       0     0.55      
    List::MoreUtils     0     0.430     
    Locale::TextDomain  1.2   1.33      
    Log::Any            0     1.717     
    Mail::SPF           0     3.20240206
    Module::Find        0.1   0.16      
    Net::DNS            0     1.48      
    Net::IP::XS         0.21  0.22      
    perl                5.016 5.030001  
    Readonly            0     2.05      
    Text::CSV           0     2.04      
    YAML::XS            0     0.89      
    Zonemaster::LDNS    4.001 4.1.0     

build_requires:

    Module              Need  Have      
    ------------------- ----- ----------
    ExtUtils::MakeMaker 6.59  7.70      
    Locale::PO          0     0.27      
    Pod::Coverage       0     0.23      
    Sub::Override       0     0.11      
    Test::Differences   0     0.69      
    Test::Exception     0     0.43      
    Test::Fatal         0     0.017     
    Test::NoWarnings    0     1.06      
    Test::Pod           1.22  1.52      

configure_requires:

    Module              Need  Have      
    ------------------- ----- ----------
    ExtUtils::MakeMaker 6.59  7.70      


------------------------------
ENVIRONMENT AND OTHER CONTEXT
------------------------------

Environment variables:

    AUTOMATED_TESTING = 1
    LANG = en_US.UTF-8
    LANGUAGE = en_US:en
    PATH = /home/sand/bin:/usr/local/bin:/usr/bin:/bin:/usr/games:/usr/local/perl/bin:/usr/X11/bin:/sbin:/usr/sbin
    PERL5LIB = 
    PERL5OPT = 
    PERL5_CPANPLUS_IS_RUNNING = 1819119
    PERL5_CPAN_IS_RUNNING = 1819119
    PERL_CANARY_STABILITY_NOPROMPT = 1
    PERL_MM_USE_DEFAULT = 1
    PERL_USE_UNSAFE_INC = 1
    SHELL = /usr/bin/zsh
    TERM = screen

Perl special variables (and OS-specific diagnostics, for MSWin32):

    $^X = /home/sand/src/perl/repoperls/installed-perls/host/k93msid/v5.30.1/8854/bin/perl
    $UID/$EUID = 1005 / 1005
    $GID = 1005 1005
    $EGID = 1005 1005

Perl module toolchain versions installed:

    Module              Have    
    ------------------- --------
    CPAN                2.34    
    CPAN::Meta          2.150010
    Cwd                 3.78    
    ExtUtils::CBuilder  0.280236
    ExtUtils::Command   7.70    
    ExtUtils::Install   2.14    
    ExtUtils::MakeMaker 7.70    
    ExtUtils::Manifest  1.72    
    ExtUtils::ParseXS   3.51    
    File::Spec          3.78    
    JSON                4.10    
    JSON::PP            4.16    
    Module::Build       0.4234  
    Module::Signature   0.88    
    Parse::CPAN::Meta   2.150010
    Test::Harness       3.42    
    Test::More          1.302199
    YAML                1.30    
    YAML::Syck          1.34    
    version             0.9924  


--

Summary of my perl5 (revision 5 version 30 subversion 1) configuration:
  Commit id: 92dc8555fd2841214d65c8e754898f4079ec46bf
  Platform:
    osname=linux
    osvers=5.16.0-6-amd64
    archname=x86_64-linux-thread-multi-ld
    uname='linux k93msid 5.16.0-6-amd64 #1 smp preempt debian 5.16.18-1 (2022-03-29) x86_64 gnulinux '
    config_args='-Dprefix=/home/sand/src/perl/repoperls/installed-perls/host/k93msid/v5.30.1/8854 -Dmyhostname=k93msid -Dinstallusrbinperl=n -Uversiononly -Dusedevel -des -Ui_db -Dlibswanted=cl pthread socket inet nsl gdbm dbm malloc dl ld sun m crypt sec util c cposix posix ucb BSD gdbm_compat -Duseithreads -Duselongdouble -DEBUGGING=-g'
    hint=recommended
    useposix=true
    d_sigaction=define
    useithreads=define
    usemultiplicity=define
    use64bitint=define
    use64bitall=define
    uselongdouble=define
    usemymalloc=n
    default_inc_excludes_dot=define
    bincompat5005=undef
  Compiler:
    cc='cc'
    ccflags ='-D_REENTRANT -D_GNU_SOURCE -fwrapv -fpcc-struct-return -pipe -fstack-protector-strong -I/usr/local/include -D_LARGEFILE_SOURCE -D_FILE_OFFSET_BITS=64'
    optimize='-O2 -g'
    cppflags='-D_REENTRANT -D_GNU_SOURCE -fwrapv -fpcc-struct-return -pipe -fstack-protector-strong -I/usr/local/include -D__GNUC__'
    ccversion=''
    gccversion='11.2.0'
    gccosandvers=''
    intsize=4
    longsize=8
    ptrsize=8
    doublesize=8
    byteorder=12345678
    doublekind=3
    d_longlong=define
    longlongsize=8
    d_longdbl=define
    longdblsize=16
    longdblkind=3
    ivtype='long'
    ivsize=8
    nvtype='long double'
    nvsize=16
    Off_t='off_t'
    lseeksize=8
    alignbytes=16
    prototype=define
  Linker and Libraries:
    ld='cc'
    ldflags =' -fstack-protector-strong -L/usr/local/lib'
    libpth=/usr/local/lib /usr/include/x86_64-linux-gnu /usr/lib /lib/x86_64-linux-gnu /lib/../lib /usr/lib/x86_64-linux-gnu /usr/lib/../lib /lib
    libs=-lpthread -lnsl -ldl -lm -lcrypt -lutil -lc
    perllibs=-lpthread -lnsl -ldl -lm -lcrypt -lutil -lc
    libc=libc-2.33.so
    so=so
    useshrplib=false
    libperl=libperl.a
    gnulibc_version='2.33'
  Dynamic Linking:
    dlsrc=dl_dlopen.xs
    dlext=so
    d_dlsymun=undef
    ccdlflags='-Wl,-E'
    cccdlflags='-fPIC'
    lddlflags='-shared -O2 -g -L/usr/local/lib -fstack-protector-strong'


Characteristics of this binary (from libperl): 
  Compile-time options:
    HAS_TIMES
    MULTIPLICITY
    PERLIO_LAYERS
    PERL_COPY_ON_WRITE
    PERL_DONT_CREATE_GVSV
    PERL_IMPLICIT_CONTEXT
    PERL_MALLOC_WRAP
    PERL_OP_PARENT
    PERL_PRESERVE_IVUV
    PERL_USE_DEVEL
    USE_64_BIT_ALL
    USE_64_BIT_INT
    USE_ITHREADS
    USE_LARGE_FILES
    USE_LOCALE
    USE_LOCALE_COLLATE
    USE_LOCALE_CTYPE
    USE_LOCALE_NUMERIC
    USE_LOCALE_TIME
    USE_LONG_DOUBLE
    USE_PERLIO
    USE_PERL_ATOF
    USE_REENTRANT_API
    USE_THREAD_SAFE_LOCALE
  Built under linux
  Compiled at Apr 25 2022 06:53:23
  %ENV:
    PERL5LIB=""
    PERL5OPT=""
    PERL5_CPANPLUS_IS_RUNNING="1819119"
    PERL5_CPAN_IS_RUNNING="1819119"
    PERL_CANARY_STABILITY_NOPROMPT="1"
    PERL_MM_USE_DEFAULT="1"
    PERL_USE_UNSAFE_INC="1"
  @INC:
    /home/sand/src/perl/repoperls/installed-perls/host/k93msid/v5.30.1/8854/lib/site_perl/5.30.1/x86_64-linux-thread-multi-ld
    /home/sand/src/perl/repoperls/installed-perls/host/k93msid/v5.30.1/8854/lib/site_perl/5.30.1
    /home/sand/src/perl/repoperls/installed-perls/host/k93msid/v5.30.1/8854/lib/5.30.1/x86_64-linux-thread-multi-ld
    /home/sand/src/perl/repoperls/installed-perls/host/k93msid/v5.30.1/8854/lib/5.30.1
    .