Report for TM-1.56

Back
From: metabase:user:320bfe00-2aae-11df-837a-5e0a49663a4f
Subject: FAIL TM-1.56 v5.15.6 GNU/Linux
Date: 2011-12-21T23:35:17Z

This distribution has been tested as part of the CPAN Testers
project, supporting the Perl programming language.  See
http://wiki.cpantesters.org/ for more information or email
questions to cpan-testers-discuss@perl.org


--
Dear Robert Barta,

This is a computer-generated report for TM-1.56
on perl 5.15.6, created by CPAN-Reporter-1.2003.

Thank you for uploading your work to CPAN.  However, there was a problem
testing your distribution.

If you think this report is invalid, please consult the CPAN Testers Wiki
for suggestions on how to avoid getting FAIL reports for missing library
or binary dependencies, unsupported operating systems, and so on:

http://wiki.cpantesters.org/wiki/CPANAuthorNotes

Sections of this report:

    * Tester comments
    * Program output
    * Prerequisites
    * Environment and other context

------------------------------
TESTER COMMENTS
------------------------------

Additional comments from tester:

this report is from an automated smoke testing program
and was not reviewed by a human for accuracy

------------------------------
PROGRAM OUTPUT
------------------------------

Output from '/usr/bin/make test':

PERL_DL_NONLAZY=1 /home/sand/src/perl/repoperls/installed-perls/perl/v5.15.6-43-gfd20f1e/9980/bin/perl "-MExtUtils::Command::MM" "-e" "test_harness(0, 'blib/lib', 'blib/arch')" t/*.t
t/00pods.t ............. ok
t/00utils.t ............ ok
t/010infrastructure.t .. ok
t/011manipulate.t ...... ok
t/012analysis.t ........ ok

#   Failed test 'measurable speedup with persistent index (1.94651293754578 < 1.55301117897034)'
#   at t/013index.t line 356.
# Looks like you failed 1 test of 55.
t/013index.t ........... 
Dubious, test returned 1 (wstat 256, 0x100)
Failed 1/55 subtests 
t/014insane.t .......... ok
# 1measurable speedup (taxo) with lazy index ? (0.104820966720581 < 0.497254133224487, 4.74)
# 1measurable speedup (taxo) with eager index ? (0.167975902557373 < 2.33021712303162, 13.87)
# 1measurable speedup (char) with lazy index ? (0.0380392074584961 < 0.135645866394043, 3.57)
# no measurable speedup (reify) with lazy index + MLDBM ? (0.312566041946411 < 0.233651161193848, 0.75)
t/015indexable.t ....... ok
t/021ctmdeserialize.t .. ok
t/031synchronize.t ..... ok
t/032serialize.t ....... ok
t/03resource.t ......... ok
t/041astmafact.t ....... ok
t/042merge.t ........... ok
t/043diff.t ............ ok
t/044merge2.t .......... ok
t/045astma2fact.t ...... ok
t/046astma1serial.t .... ok
t/050astma.t ........... ok
t/051mldbm.t ........... ok
t/052mldbm2.t .......... ok
t/054ltm.t ............. ok
t/055jtm.t ............. ok
# populating map ...
# ...done
t/056bdb.t ............. ok
# no MEMCACHEDS environment variable defined, tests skipped
t/057memcached.t ....... ok
t/061xtmdeserialize.t .. ok
t/061xtmserialize.t .... ok
t/062xtmdeserialize.t .. ok
t/062xtmserialize.t .... ok
t/063xtm.t ............. ok
t/064csv.t ............. ok
t/072bulk.t ............ ok
t/091taufilter.t ....... ok
t/092taufederate.t ..... ok
t/095tau.t ............. ok
t/096taumapsphere.t .... ok
t/100mapsphere.t ....... ok
t/101mapsphere.t ....... ok
t/102mapsphere.t ....... ok
t/103objectable.t ...... ok
t/13tmdm.t ............. ok

Test Summary Report
-------------------
t/013index.t         (Wstat: 256 Tests: 55 Failed: 1)
  Failed test:  54
  Non-zero exit status: 1
Files=41, Tests=10950, 48 wallclock secs ( 1.06 usr  0.20 sys + 38.26 cusr  4.87 csys = 44.39 CPU)
Result: FAIL
Failed 1/41 test programs. 1/10950 subtests failed.
make: *** [test_dynamic] Error 255

------------------------------
PREREQUISITES
------------------------------

Prerequisite modules loaded:

requires:

    Module              Need  Have      
    ------------------- ----- ----------
    BerkeleyDB          0.26  0.50      
    Cache::Memcached    0     1.29      
    Class::Trait        0.22  0.31      
    Config::General     2.26  2.50      
    IO::String          1.08  1.08      
    Log::Log4perl       0.5   1.34      
    LWP::Simple         1.41  6.00      
    MLDBM               2.01  2.04      
    MLDBM::Sync         0.3   0.30      
    Parse::RecDescent   0     1.965001  
    Parse::Yapp::Driver 1.05  1.05      
    Pod::Usage          1.16  1.36      
    Regexp::Common      0     2011121001
    Term::ReadLine      1.01  1.07      
    Test::Deep          0.093 0.108     
    Test::More          0.47  0.98      
    Test::Pod           1     1.45      
    Text::CSV           0     1.21      
    URI                 1.35  1.59      
    XML::LibXML         1.58  1.88      
    XML::Simple         2.13  2.18      
    XML::Writer         0.602 0.612     
    YAML::Syck          0     1.19      

build_requires:

    Module              Need  Have      
    ------------------- ----- ----------
    ExtUtils::MakeMaker 0     6.63_02   

configure_requires:

    Module              Need  Have      
    ------------------- ----- ----------
    ExtUtils::MakeMaker 0     6.63_02   


------------------------------
ENVIRONMENT AND OTHER CONTEXT
------------------------------

Environment variables:

    AUTOMATED_TESTING = 1
    LANG = en_US.UTF-8
    LANGUAGE = en_US:en
    PATH = /home/sand/bin:/usr/local/bin:/usr/bin:/bin:/usr/bin/X11:/usr/games:/usr/local/perl/bin:/usr/X11/bin:/sbin:/usr/sbin
    PERL5LIB = /tmp/loop_over_bdir-_fgzg5/Sepia-0.992-MSQdrM/blib/arch:/tmp/loop_over_bdir-_fgzg5/Sepia-0.992-MSQdrM/blib/lib:/tmp/loop_over_bdir-_fgzg5/ProjectBuilder-0.11.3-t71TGc/blib/arch:/tmp/loop_over_bdir-_fgzg5/ProjectBuilder-0.11.3-t71TGc/blib/lib
    PERL5OPT = 
    PERL5_CPANPLUS_IS_RUNNING = 28101
    PERL5_CPAN_IS_RUNNING = 28101
    PERL_MM_USE_DEFAULT = 1
    SHELL = /usr/bin/zsh
    TERM = screen

Perl special variables (and OS-specific diagnostics, for MSWin32):

    $^X = /home/sand/src/perl/repoperls/installed-perls/perl/v5.15.6-43-gfd20f1e/9980/bin/perl
    $UID/$EUID = 1005 / 1005
    $GID = 1005 1005
    $EGID = 1005 1005

Perl module toolchain versions installed:

    Module              Have    
    ------------------- --------
    CPAN                1.9800  
    CPAN::Meta          2.112621
    Cwd                 3.39_01 
    ExtUtils::CBuilder  0.280205
    ExtUtils::Command   1.17    
    ExtUtils::Install   1.57    
    ExtUtils::MakeMaker 6.63_02 
    ExtUtils::Manifest  1.60    
    ExtUtils::ParseXS   3.08    
    File::Spec          3.39_01 
    JSON                2.53    
    JSON::PP            2.27200 
    Module::Build       0.39_01 
    Module::Signature   0.68    
    Parse::CPAN::Meta   1.4401  
    Test::Harness       3.23    
    Test::More          0.98    
    YAML                n/a     
    YAML::Syck          1.19    
    version             0.96    


--

Summary of my perl5 (revision 5 version 15 subversion 6) configuration:
  Commit id: fd20f1ec3b10f199361e00cffbe2406c485843fb
  Platform:
    osname=linux, osvers=2.6.32-5-amd64, archname=x86_64-linux-thread-multi
    uname='linux k83 2.6.32-5-amd64 #1 smp thu nov 3 03:41:26 utc 2011 x86_64 gnulinux '
    config_args='-Dprefix=/home/src/perl/repoperls/installed-perls/perl/v5.15.6-43-gfd20f1e/9980 -Dmyhostname=k83 -Dinstallusrbinperl=n -Uversiononly -Dusedevel -des -Ui_db -Duseithreads -Uuselongdouble -DDEBUGGING=-g'
    hint=recommended, useposix=true, d_sigaction=define
    useithreads=define, usemultiplicity=define
    useperlio=define, d_sfio=undef, uselargefiles=define, usesocks=undef
    use64bitint=define, use64bitall=define, uselongdouble=undef
    usemymalloc=n, bincompat5005=undef
  Compiler:
    cc='cc', ccflags ='-D_REENTRANT -D_GNU_SOURCE -fno-strict-aliasing -pipe -fstack-protector -I/usr/local/include -D_LARGEFILE_SOURCE -D_FILE_OFFSET_BITS=64',
    optimize='-O2 -g',
    cppflags='-D_REENTRANT -D_GNU_SOURCE -fno-strict-aliasing -pipe -fstack-protector -I/usr/local/include'
    ccversion='', gccversion='4.4.5', gccosandvers=''
    intsize=4, longsize=8, ptrsize=8, doublesize=8, byteorder=12345678
    d_longlong=define, longlongsize=8, d_longdbl=define, longdblsize=16
    ivtype='long', ivsize=8, nvtype='double', nvsize=8, Off_t='off_t', lseeksize=8
    alignbytes=8, prototype=define
  Linker and Libraries:
    ld='cc', ldflags =' -fstack-protector -L/usr/local/lib'
    libpth=/usr/local/lib /lib/../lib /usr/lib/../lib /lib /usr/lib /lib64 /usr/lib64
    libs=-lnsl -ldb -ldl -lm -lcrypt -lutil -lpthread -lc
    perllibs=-lnsl -ldl -lm -lcrypt -lutil -lpthread -lc
    libc=/lib/libc-2.11.2.so, so=so, useshrplib=false, libperl=libperl.a
    gnulibc_version='2.11.2'
  Dynamic Linking:
    dlsrc=dl_dlopen.xs, dlext=so, d_dlsymun=undef, ccdlflags='-Wl,-E'
    cccdlflags='-fPIC', lddlflags='-shared -O2 -g -L/usr/local/lib -fstack-protector'


Characteristics of this binary (from libperl): 
  Compile-time options: HAS_TIMES MULTIPLICITY PERLIO_LAYERS
                        PERL_DONT_CREATE_GVSV PERL_IMPLICIT_CONTEXT
                        PERL_MALLOC_WRAP PERL_PRESERVE_IVUV PERL_USE_DEVEL
                        USE_64_BIT_ALL USE_64_BIT_INT USE_ITHREADS
                        USE_LARGE_FILES USE_LOCALE USE_LOCALE_COLLATE
                        USE_LOCALE_CTYPE USE_LOCALE_NUMERIC USE_PERLIO
                        USE_PERL_ATOF USE_REENTRANT_API
  Built under linux
  Compiled at Dec 21 2011 20:34:15
  %ENV:
    PERL5LIB="/tmp/loop_over_bdir-_fgzg5/Sepia-0.992-MSQdrM/blib/arch:/tmp/loop_over_bdir-_fgzg5/Sepia-0.992-MSQdrM/blib/lib:/tmp/loop_over_bdir-_fgzg5/ProjectBuilder-0.11.3-t71TGc/blib/arch:/tmp/loop_over_bdir-_fgzg5/ProjectBuilder-0.11.3-t71TGc/blib/lib"
    PERL5OPT=""
    PERL5_CPANPLUS_IS_RUNNING="28101"
    PERL5_CPAN_IS_RUNNING="28101"
    PERL_MM_USE_DEFAULT="1"
  @INC:
    /tmp/loop_over_bdir-_fgzg5/Sepia-0.992-MSQdrM/blib/arch
    /tmp/loop_over_bdir-_fgzg5/Sepia-0.992-MSQdrM/blib/lib
    /tmp/loop_over_bdir-_fgzg5/ProjectBuilder-0.11.3-t71TGc/blib/arch
    /tmp/loop_over_bdir-_fgzg5/ProjectBuilder-0.11.3-t71TGc/blib/lib
    /home/src/perl/repoperls/installed-perls/perl/v5.15.6-43-gfd20f1e/9980/lib/site_perl/5.15.6/x86_64-linux-thread-multi
    /home/src/perl/repoperls/installed-perls/perl/v5.15.6-43-gfd20f1e/9980/lib/site_perl/5.15.6
    /home/src/perl/repoperls/installed-perls/perl/v5.15.6-43-gfd20f1e/9980/lib/5.15.6/x86_64-linux-thread-multi
    /home/src/perl/repoperls/installed-perls/perl/v5.15.6-43-gfd20f1e/9980/lib/5.15.6
    .