Report for XML-Debian-ENetInterfaces-0.07

Back
From: metabase:user:314402c4-2aae-11df-837a-5e0a49663a4f
Subject: FAIL XML-Debian-ENetInterfaces-0.07 v5.14.2 FreeBSD
Date: 2012-04-07T17:59:37Z

This distribution has been tested as part of the CPAN Testers
project, supporting the Perl programming language.  See
http://wiki.cpantesters.org/ for more information or email
questions to cpan-testers-discuss@perl.org


--
Dear Mike Mestnik,

This is a computer-generated report for XML-Debian-ENetInterfaces-0.07
on perl 5.14.2, created by CPAN-Reporter-1.2005.

Thank you for uploading your work to CPAN.  However, there was a problem
testing your distribution.

If you think this report is invalid, please consult the CPAN Testers Wiki
for suggestions on how to avoid getting FAIL reports for missing library
or binary dependencies, unsupported operating systems, and so on:

http://wiki.cpantesters.org/wiki/CPANAuthorNotes

Sections of this report:

    * Tester comments
    * Program output
    * Prerequisites
    * Environment and other context

------------------------------
TESTER COMMENTS
------------------------------

Additional comments from tester:

none provided

------------------------------
PROGRAM OUTPUT
------------------------------

Output from '/usr/bin/make test':

PERL_DL_NONLAZY=1 /usr/home/cpansand/var/ctps/5159/install/perl-v5.14.2/bin/perl "-MExtUtils::Command::MM" "-e" "test_harness(0, 'blib/lib', 'blib/arch')" t/*.t
# Testing XML::Debian::ENetInterfaces 0.07, Perl 5.014002, /usr/home/cpansand/var/ctps/5159/install/perl-v5.14.2/bin/perl
t/00-load.t ....... ok
t/05-perl.t ....... ok
Use of uninitialized value $indent in concatenation (.) or string at /var/tmp/CPAN-build/XML-Debian-ENetInterfaces-0.07-CyK5gM/blib/lib/XML/Debian/ENetInterfaces.pm line 430.
Use of uninitialized value $indent in concatenation (.) or string at /var/tmp/CPAN-build/XML-Debian-ENetInterfaces-0.07-CyK5gM/blib/lib/XML/Debian/ENetInterfaces.pm line 430.
Use of uninitialized value $indent in concatenation (.) or string at /var/tmp/CPAN-build/XML-Debian-ENetInterfaces-0.07-CyK5gM/blib/lib/XML/Debian/ENetInterfaces.pm line 430.
Use of uninitialized value $indent in concatenation (.) or string at /var/tmp/CPAN-build/XML-Debian-ENetInterfaces-0.07-CyK5gM/blib/lib/XML/Debian/ENetInterfaces.pm line 430.
Use of uninitialized value $indent in concatenation (.) or string at /var/tmp/CPAN-build/XML-Debian-ENetInterfaces-0.07-CyK5gM/blib/lib/XML/Debian/ENetInterfaces.pm line 430.
Use of uninitialized value $indent in concatenation (.) or string at /var/tmp/CPAN-build/XML-Debian-ENetInterfaces-0.07-CyK5gM/blib/lib/XML/Debian/ENetInterfaces.pm line 430.
Use of uninitialized value $indent in concatenation (.) or string at /var/tmp/CPAN-build/XML-Debian-ENetInterfaces-0.07-CyK5gM/blib/lib/XML/Debian/ENetInterfaces.pm line 430.
Use of uninitialized value $indent in concatenation (.) or string at /var/tmp/CPAN-build/XML-Debian-ENetInterfaces-0.07-CyK5gM/blib/lib/XML/Debian/ENetInterfaces.pm line 430.
Use of uninitialized value $indent in concatenation (.) or string at /var/tmp/CPAN-build/XML-Debian-ENetInterfaces-0.07-CyK5gM/blib/lib/XML/Debian/ENetInterfaces.pm line 430.
Use of uninitialized value $indent in concatenation (.) or string at /var/tmp/CPAN-build/XML-Debian-ENetInterfaces-0.07-CyK5gM/blib/lib/XML/Debian/ENetInterfaces.pm line 430.
Use of uninitialized value $indent in concatenation (.) or string at /var/tmp/CPAN-build/XML-Debian-ENetInterfaces-0.07-CyK5gM/blib/lib/XML/Debian/ENetInterfaces.pm line 430.
Use of uninitialized value $indent in concatenation (.) or string at /var/tmp/CPAN-build/XML-Debian-ENetInterfaces-0.07-CyK5gM/blib/lib/XML/Debian/ENetInterfaces.pm line 430.
Use of uninitialized value $indent in concatenation (.) or string at /var/tmp/CPAN-build/XML-Debian-ENetInterfaces-0.07-CyK5gM/blib/lib/XML/Debian/ENetInterfaces.pm line 430.
Use of uninitialized value $indent in concatenation (.) or string at /var/tmp/CPAN-build/XML-Debian-ENetInterfaces-0.07-CyK5gM/blib/lib/XML/Debian/ENetInterfaces.pm line 430.
Use of uninitialized value $indent in concatenation (.) or string at /var/tmp/CPAN-build/XML-Debian-ENetInterfaces-0.07-CyK5gM/blib/lib/XML/Debian/ENetInterfaces.pm line 430.
Use of uninitialized value $indent in concatenation (.) or string at /var/tmp/CPAN-build/XML-Debian-ENetInterfaces-0.07-CyK5gM/blib/lib/XML/Debian/ENetInterfaces.pm line 430.
Use of uninitialized value $indent in concatenation (.) or string at /var/tmp/CPAN-build/XML-Debian-ENetInterfaces-0.07-CyK5gM/blib/lib/XML/Debian/ENetInterfaces.pm line 430.
Use of uninitialized value $indent in concatenation (.) or string at /var/tmp/CPAN-build/XML-Debian-ENetInterfaces-0.07-CyK5gM/blib/lib/XML/Debian/ENetInterfaces.pm line 430.
Use of uninitialized value $indent in concatenation (.) or string at /var/tmp/CPAN-build/XML-Debian-ENetInterfaces-0.07-CyK5gM/blib/lib/XML/Debian/ENetInterfaces.pm line 430.
Use of uninitialized value $indent in concatenation (.) or string at /var/tmp/CPAN-build/XML-Debian-ENetInterfaces-0.07-CyK5gM/blib/lib/XML/Debian/ENetInterfaces.pm line 430.
Use of uninitialized value $indent in concatenation (.) or string at /var/tmp/CPAN-build/XML-Debian-ENetInterfaces-0.07-CyK5gM/blib/lib/XML/Debian/ENetInterfaces.pm line 430.
Use of uninitialized value $indent in concatenation (.) or string at /var/tmp/CPAN-build/XML-Debian-ENetInterfaces-0.07-CyK5gM/blib/lib/XML/Debian/ENetInterfaces.pm line 430.
Use of uninitialized value $indent in concatenation (.) or string at /var/tmp/CPAN-build/XML-Debian-ENetInterfaces-0.07-CyK5gM/blib/lib/XML/Debian/ENetInterfaces.pm line 430.
Use of uninitialized value $indent in concatenation (.) or string at /var/tmp/CPAN-build/XML-Debian-ENetInterfaces-0.07-CyK5gM/blib/lib/XML/Debian/ENetInterfaces.pm line 430.
Use of uninitialized value $indent in concatenation (.) or string at /var/tmp/CPAN-build/XML-Debian-ENetInterfaces-0.07-CyK5gM/blib/lib/XML/Debian/ENetInterfaces.pm line 430.
Use of uninitialized value $indent in concatenation (.) or string at /var/tmp/CPAN-build/XML-Debian-ENetInterfaces-0.07-CyK5gM/blib/lib/XML/Debian/ENetInterfaces.pm line 430.

#   Failed test 'Write out provided xml compare to provided interfaces.'
#   at t/10-run.t line 49.
# +----+----------------------------------------------------------------------------------+----+----------------------------------------------------------------------------------+
# |  Ln|Got                                                                               |  Ln|Expected                                                                          |
# +----+----------------------------------------------------------------------------------+----+----------------------------------------------------------------------------------+
# |  18|#                                                                                 |  18|#                                                                                 |
# |  19|auto lo                                                                           |  19|auto lo                                                                           |
# |  20|iface lo inet loopback                                                            |  20|iface lo inet loopback                                                            |
# *  21|iface                                                                             *    |                                                                                  |
# |  22|                                                                                  |  21|                                                                                  |
# *  23|iface                                                                             *    |                                                                                  |
# *  24|\n                                                                                *    |                                                                                  |
# |  25|# An example ethernet card setup: (broadcast and gateway are optional)            |  22|# An example ethernet card setup: (broadcast and gateway are optional)            |
# |  26|#                                                                                 |  23|#                                                                                 |
# |  27|          auto eth0                                                               |  24|          auto eth0                                                               |
# +----+----------------------------------------------------------------------------------+----+----------------------------------------------------------------------------------+
# |  31|    netmask 255.255.255.0                                                         |  28|    netmask 255.255.255.0                                                         |
# |  32|    broadcast 192.168.0.255                                                       |  29|    broadcast 192.168.0.255                                                       |
# |  33|    gateway 192.168.0.1                                                           |  30|    gateway 192.168.0.1                                                           |
# *  34|iface                                                                             *    |                                                                                  |
# |  35|                                                                                  |  31|                                                                                  |
# *  36|iface                                                                             *    |                                                                                  |
# *  37|\n                                                                                *    |                                                                                  |
# |  38|# A more complicated ethernet setup, with a less common netmask, and a downright  |  32|# A more complicated ethernet setup, with a less common netmask, and a downright  |
# |  39|# weird broadcast address: (the "up" lines are executed verbatim when the         |  33|# weird broadcast address: (the "up" lines are executed verbatim when the         |
# |  40|# interface is brought up, the "down" lines when it\'s brought down)              |  34|# interface is brought up, the "down" lines when it\'s brought down)              |
# +----+----------------------------------------------------------------------------------+----+----------------------------------------------------------------------------------+
# |  45|    network 192.168.1.0                                                           |  39|    network 192.168.1.0                                                           |
# |  46|    netmask 255.255.255.128                                                       |  40|    netmask 255.255.255.128                                                       |
# |  47|    broadcast 192.168.1.0                                                         |  41|    broadcast 192.168.1.0                                                         |
# *  48|iface                                                                             *    |                                                                                  |
# *  49|\n                                                                                *    |                                                                                  |
# *  50|iface                                                                             *    |                                                                                  |
# |  51|    up route add -net 192.168.1.128 netmask 255.255.255.128 gw 192.168.1.2        |  42|    up route add -net 192.168.1.128 netmask 255.255.255.128 gw 192.168.1.2        |
# |  52|    up route add default gw 192.168.1.200                                         |  43|    up route add default gw 192.168.1.200                                         |
# |  53|    down route del default gw 192.168.1.200                                       |  44|    down route del default gw 192.168.1.200                                       |
# +----+----------------------------------------------------------------------------------+----+----------------------------------------------------------------------------------+
# |  76|    address 192.168.0.200                                                         |  67|    address 192.168.0.200                                                         |
# |  77|    network 192.168.0.0                                                           |  68|    network 192.168.0.0                                                           |
# |  78|    netmask 255.255.255.0                                                         |  69|    netmask 255.255.255.0                                                         |
# *  79|iface                                                                             *    |                                                                                  |
# |  80|                                                                                  |  70|                                                                                  |
# *  81|iface                                                                             *    |                                                                                  |
# *  82|\n                                                                                *    |                                                                                  |
# |  83|# "pre-up" and "post-down" commands are also available. In addition, the          |  71|# "pre-up" and "post-down" commands are also available. In addition, the          |
# |  84|# exit status of these commands are checked, and if any fail, configuration       |  72|# exit status of these commands are checked, and if any fail, configuration       |
# |  85|# (or deconfiguration) is aborted. So:                                            |  73|# (or deconfiguration) is aborted. So:                                            |
# |  86|#                                                                                 |  74|#                                                                                 |
# |  87|auto eth0                                                                         |  75|auto eth0                                                                         |
# |  88|iface eth0 inet dhcp                                                              |  76|iface eth0 inet dhcp                                                              |
# *  89|iface                                                                             *    |                                                                                  |
# *  90|\n                                                                                *    |                                                                                  |
# *  91|iface                                                                             *    |                                                                                  |
# |  92|    pre-up [ -f /etc/network/local-network-ok ]                                   |  77|    pre-up [ -f /etc/network/local-network-ok ]                                   |
# |  93|#                                                                                 |  78|#                                                                                 |
# |  94|# will allow you to only have eth0 brought up when the file                       |  79|# will allow you to only have eth0 brought up when the file                       |
# +----+----------------------------------------------------------------------------------+----+----------------------------------------------------------------------------------+
# | 103|iface eth0 inet static                                                            |  88|iface eth0 inet static                                                            |
# | 104|    address 192.168.42.1                                                          |  89|    address 192.168.42.1                                                          |
# | 105|    netmask 255.255.255.0                                                         |  90|    netmask 255.255.255.0                                                         |
# * 106|iface                                                                             *    |                                                                                  |
# * 107|\n                                                                                *    |                                                                                  |
# * 108|iface                                                                             *    |                                                                                  |
# | 109|    pre-up /path/to/check-mac-address.sh eth0 11:22:33:44:55:66                   |  91|    pre-up /path/to/check-mac-address.sh eth0 11:22:33:44:55:66                   |
# | 110|    pre-up /usr/local/sbin/enable-masq                                            |  92|    pre-up /usr/local/sbin/enable-masq                                            |
# | 111|iface eth1 inet dhcp                                                              |  93|iface eth1 inet dhcp                                                              |
# * 112|iface                                                                             *    |                                                                                  |
# * 113|\n                                                                                *    |                                                                                  |
# * 114|iface                                                                             *    |                                                                                  |
# | 115|    pre-up /path/to/check-mac-address.sh eth1 AA:BB:CC:DD:EE:FF                   |  94|    pre-up /path/to/check-mac-address.sh eth1 AA:BB:CC:DD:EE:FF                   |
# | 116|    pre-up /usr/local/sbin/firewall                                               |  95|    pre-up /usr/local/sbin/firewall                                               |
# | 117|                                                                                  |  96|                                                                                  |
# +----+----------------------------------------------------------------------------------+----+----------------------------------------------------------------------------------+
# | 120|# name:                                                                           |  99|# name:                                                                           |
# | 121|#                                                                                 | 100|#                                                                                 |
# | 122|auto eth0 eth1                                                                    | 101|auto eth0 eth1                                                                    |
# * 123|mapping\s\n                                                                       * 102|mapping eth0 eth1\n                                                               *
# * 124|\n                                                                                * 103|    script /path/to/get-mac-address.sh\n                                          *
# * 125|mapping                                                                           *    |                                                                                  |
# | 126|    map 11:22:33:44:55:66 lan                                                     | 104|    map 11:22:33:44:55:66 lan                                                     |
# | 127|    map AA:BB:CC:DD:EE:FF internet                                                | 105|    map AA:BB:CC:DD:EE:FF internet                                                |
# | 128|iface lan inet static                                                             | 106|iface lan inet static                                                             |
# | 129|    address 192.168.42.1                                                          | 107|    address 192.168.42.1                                                          |
# | 130|    netmask 255.255.255.0                                                         | 108|    netmask 255.255.255.0                                                         |
# * 131|iface                                                                             *    |                                                                                  |
# * 132|\n                                                                                *    |                                                                                  |
# * 133|iface                                                                             *    |                                                                                  |
# | 134|    pre-up /usr/local/sbin/enable-masq $IFACE                                     | 109|    pre-up /usr/local/sbin/enable-masq $IFACE                                     |
# | 135|iface internet inet dhcp                                                          | 110|iface internet inet dhcp                                                          |
# * 136|iface                                                                             *    |                                                                                  |
# * 137|\n                                                                                *    |                                                                                  |
# * 138|iface                                                                             *    |                                                                                  |
# | 139|    pre-up /usr/local/sbin/firewall $IFACE                                        | 111|    pre-up /usr/local/sbin/firewall $IFACE                                        |
# | 140|                                                                                  | 112|                                                                                  |
# | 141|# A PCMCIA interface for a laptop that is used in different locations:            | 113|# A PCMCIA interface for a laptop that is used in different locations:            |
# | 142|# (note the lack of an "auto" line for any of these)                              | 114|# (note the lack of an "auto" line for any of these)                              |
# | 143|#                                                                                 | 115|#                                                                                 |
# * 144|mapping\s\n                                                                       * 116|mapping eth0\n                                                                    *
# * 145|\n                                                                                * 117|   script /path/to/pcmcia-compat.sh\n                                             *
# * 146|mapping                                                                           *    |                                                                                  |
# | 147|   map home,*,*,*                  home                                           | 118|   map home,*,*,*                  home                                           |
# | 148|   map work,*,*,00:11:22:33:44:55  work-wireless                                  | 119|   map work,*,*,00:11:22:33:44:55  work-wireless                                  |
# | 149|   map work,*,*,01:12:23:34:45:50  work-static                                    | 120|   map work,*,*,01:12:23:34:45:50  work-static                                    |
# +----+----------------------------------------------------------------------------------+----+----------------------------------------------------------------------------------+
# | 154|    address 10.15.43.23                                                           | 125|    address 10.15.43.23                                                           |
# | 155|    netmask 255.255.255.0                                                         | 126|    netmask 255.255.255.0                                                         |
# | 156|    gateway 10.15.43.1                                                            | 127|    gateway 10.15.43.1                                                            |
# * 157|iface                                                                             *    |                                                                                  |
# * 158|\n                                                                                *    |                                                                                  |
# * 159|iface                                                                             *    |                                                                                  |
# | 160|#                                                                                 | 128|#                                                                                 |
# | 161|# Note, this won\'t work unless you specifically change the file                  | 129|# Note, this won\'t work unless you specifically change the file                  |
# | 162|# /etc/pcmcia/network to look more like:                                          | 130|# /etc/pcmcia/network to look more like:                                          |
# +----+----------------------------------------------------------------------------------+----+----------------------------------------------------------------------------------+
# | 179|# network will respond to pings. The various numbers here need to be chosen       | 147|# network will respond to pings. The various numbers here need to be chosen       |
# | 180|# with a great deal of care.)                                                     | 148|# with a great deal of care.)                                                     |
# | 181|#                                                                                 | 149|#                                                                                 |
# * 182|mapping\s\n                                                                       * 150|mapping eth0\n                                                                    *
# * 183|\n                                                                                * 151|   script /path/to/ping-places.sh\n                                               *
# * 184|mapping                                                                           *    |                                                                                  |
# | 185|   map 192.168.42.254/24 192.168.42.1 home                                        | 152|   map 192.168.42.254/24 192.168.42.1 home                                        |
# | 186|   map 10.15.43.254/24 10.15.43.1 work-wireless                                   | 153|   map 10.15.43.254/24 10.15.43.1 work-wireless                                   |
# | 187|   map 10.15.43.23/24 10.15.43.1 work-static                                      | 154|   map 10.15.43.23/24 10.15.43.1 work-static                                      |
# +----+----------------------------------------------------------------------------------+----+----------------------------------------------------------------------------------+
# | 192|    address 10.15.43.23                                                           | 159|    address 10.15.43.23                                                           |
# | 193|    netmask 255.255.255.0                                                         | 160|    netmask 255.255.255.0                                                         |
# | 194|    gateway 10.15.43.1                                                            | 161|    gateway 10.15.43.1                                                            |
# * 195|iface                                                                             *    |                                                                                  |
# * 196|\n                                                                                *    |                                                                                  |
# * 197|iface                                                                             *    |                                                                                  |
# | 198|#                                                                                 | 162|#                                                                                 |
# | 199|# Note that the ping-places script requires the iproute package installed,        | 163|# Note that the ping-places script requires the iproute package installed,        |
# | 200|# and the same changes to /etc/pcmcia/network are required for this as for        | 164|# and the same changes to /etc/pcmcia/network are required for this as for        |
# +----+----------------------------------------------------------------------------------+----+----------------------------------------------------------------------------------+
# | 212|#                                                                                 | 176|#                                                                                 |
# | 213|auto eth0                                                                         | 177|auto eth0                                                                         |
# | 214|iface eth0 inet manual                                                            | 178|iface eth0 inet manual                                                            |
# * 215|iface                                                                             *    |                                                                                  |
# * 216|\n                                                                                *    |                                                                                  |
# * 217|iface                                                                             *    |                                                                                  |
# | 218|        up ifconfig $IFACE 0.0.0.0 up                                             | 179|        up ifconfig $IFACE 0.0.0.0 up                                             |
# | 219|      up ip link set $IFACE promisc on                                            | 180|      up ip link set $IFACE promisc on                                            |
# | 220|      down ip link set $IFACE promisc off                                         | 181|      down ip link set $IFACE promisc off                                         |
# +----+----------------------------------------------------------------------------------+----+----------------------------------------------------------------------------------+
# | 227|#                                                                                 | 188|#                                                                                 |
# | 228|auto eth0                                                                         | 189|auto eth0                                                                         |
# | 229|iface eth0 inet manual                                                            | 190|iface eth0 inet manual                                                            |
# * 230|iface                                                                             *    |                                                                                  |
# * 231|\n                                                                                *    |                                                                                  |
# * 232|iface                                                                             *    |                                                                                  |
# | 233|      up ifconfig $IFACE 0.0.0.0 up                                               | 191|      up ifconfig $IFACE 0.0.0.0 up                                               |
# | 234|      up /usr/local/bin/myconfigscript                                            | 192|      up /usr/local/bin/myconfigscript                                            |
# | 235|      down ifconfig $IFACE down                                                   | 193|      down ifconfig $IFACE down                                                   |
# +----+----------------------------------------------------------------------------------+----+----------------------------------------------------------------------------------+
# Looks like you failed 1 test of 5.
t/10-run.t ........ 
Dubious, test returned 1 (wstat 256, 0x100)
Failed 1/5 subtests 
	(less 3 skipped subtests: 1 okay)
t/manifest.t ...... skipped: Author tests not required for installation
t/pod-coverage.t .. ok
t/pod.t ........... ok

Test Summary Report
-------------------
t/10-run.t      (Wstat: 256 Tests: 5 Failed: 1)
  Failed test:  2
  Non-zero exit status: 1
Files=6, Tests=101, 10 wallclock secs ( 0.09 usr  0.00 sys +  0.52 cusr  0.11 csys =  0.72 CPU)
Result: FAIL
Failed 1/6 test programs. 1/101 subtests failed.
*** Error code 255

Stop in /var/tmp/CPAN-build/XML-Debian-ENetInterfaces-0.07-CyK5gM.

------------------------------
PREREQUISITES
------------------------------

Prerequisite modules loaded:

requires:

    Module               Need     Have    
    -------------------- -------- --------
    perl                 5.010000 5.014002
    Test::More           0        0.98    
    XML::LibXML          0        1.96    
    XML::Parser::PerlSAX 0        0.08    

build_requires:

    Module               Need     Have    
    -------------------- -------- --------
    ExtUtils::MakeMaker  0        6.62    

configure_requires:

    Module               Need     Have    
    -------------------- -------- --------
    ExtUtils::MakeMaker  0        6.62    


------------------------------
ENVIRONMENT AND OTHER CONTEXT
------------------------------

Environment variables:

    DBIC_NO_WARN_BAD_PERL = 1
    PATH = /usr/local/bin:/usr/X11R6/bin:/usr/X11/bin:/usr/perl5.8.0/bin:/usr/bin:/bin:/usr/local/sbin:/usr/sbin:/sbin:/usr/local/pilot/bin:/home/cpansand/bin/freebsd8.0:/home/cpansand/bin/sh:/home/cpansand/bin:/usr/X386/bin:/usr/games:/home/cpansand/devel:/usr/home/e/eserte/src/perl/CPAN-Testers-ParallelSmoker/utils
    PERL5LIB = 
    PERL5OPT = 
    PERL5_CPANPLUS_IS_RUNNING = 67595
    PERL5_CPAN_IS_RUNNING = 67595
    PERL5_CPAN_IS_RUNNING_IN_RECURSION = 46363,67595
    PERL_BATCH = yes
    PERL_CPAN_REPORTER_DIR = /home/cpansand/var/ctps/5159/config/perl-v5.14.2/cpanreporter
    PERL_EXTUTILS_AUTOINSTALL = --defaultdeps
    PERL_HTML_DISPLAY_CLASS = HTML::Display::Mozilla
    PERL_PARALLEL_SMOKER = yes
    SHELL = /usr/local/bin/zsh
    TERM = xterm
    TMPDIR = /var/tmp/cpansmoker-1023

Perl special variables (and OS-specific diagnostics, for MSWin32):

    $^X = /usr/home/cpansand/var/ctps/5159/install/perl-v5.14.2/bin/perl
    $UID/$EUID = 1023 / 1023
    $GID = 1023 1023
    $EGID = 1023 1023

Perl module toolchain versions installed:

    Module              Have     
    ------------------- ---------
    CPAN                1.9600_01
    CPAN::Meta          2.120921 
    Cwd                 3.36     
    ExtUtils::CBuilder  0.280203 
    ExtUtils::Command   1.17     
    ExtUtils::Install   1.56     
    ExtUtils::MakeMaker 6.62     
    ExtUtils::Manifest  1.60     
    ExtUtils::ParseXS   3.15     
    File::Spec          3.33     
    JSON                2.53     
    JSON::PP            2.27200  
    Module::Build       0.3800   
    Module::Signature   0.68     
    Parse::CPAN::Meta   1.4404   
    Test::Harness       3.23     
    Test::More          0.98     
    YAML                0.80     
    YAML::Syck          1.20     
    version             0.97     


--

Summary of my perl5 (revision 5 version 14 subversion 2) configuration:
  Commit id: dc281e6088d189558b79a5121119b7196c8b3db0
  Platform:
    osname=freebsd, osvers=8.0-release-p4, archname=i386-freebsd
    uname='freebsd biokovo.herceg.de 8.0-release-p4 freebsd 8.0-release-p4 #0: mon jul 12 20:22:27 utc 2010 root@i386-builder.daemonology.net:usrobjusrsrcsysgeneric i386 '
    config_args='-ds -e -Uversiononly -Dinstallusrbinperl=n -Dusedevel -Dprefix=/home/e/eserte/var/ctps/5159/install/perl-v5.14.2'
    hint=recommended, useposix=true, d_sigaction=define
    useithreads=undef, usemultiplicity=undef
    useperlio=define, d_sfio=undef, uselargefiles=define, usesocks=undef
    use64bitint=undef, use64bitall=undef, uselongdouble=undef
    usemymalloc=n, bincompat5005=undef
  Compiler:
    cc='cc', ccflags ='-DHAS_FPSETMASK -DHAS_FLOATINGPOINT_H -fno-strict-aliasing -pipe -fstack-protector -I/usr/local/include',
    optimize='-O',
    cppflags='-DHAS_FPSETMASK -DHAS_FLOATINGPOINT_H -fno-strict-aliasing -pipe -fstack-protector -I/usr/local/include'
    ccversion='', gccversion='4.2.1 20070719  [FreeBSD]', gccosandvers=''
    intsize=4, longsize=4, ptrsize=4, doublesize=8, byteorder=1234
    d_longlong=define, longlongsize=8, d_longdbl=define, longdblsize=12
    ivtype='long', ivsize=4, nvtype='double', nvsize=8, Off_t='off_t', lseeksize=8
    alignbytes=4, prototype=define
  Linker and Libraries:
    ld='cc', ldflags ='-Wl,-E  -fstack-protector -L/usr/local/lib'
    libpth=/usr/lib /usr/local/lib
    libs=-lgdbm -lm -lcrypt -lutil -lc
    perllibs=-lm -lcrypt -lutil -lc
    libc=, so=so, useshrplib=false, libperl=libperl.a
    gnulibc_version=''
  Dynamic Linking:
    dlsrc=dl_dlopen.xs, dlext=so, d_dlsymun=undef, ccdlflags=' '
    cccdlflags='-DPIC -fPIC', lddlflags='-shared  -L/usr/local/lib -fstack-protector'


Characteristics of this binary (from libperl): 
  Compile-time options: PERL_DONT_CREATE_GVSV PERL_MALLOC_WRAP
                        PERL_PRESERVE_IVUV PERL_USE_DEVEL USE_LARGE_FILES
                        USE_PERLIO USE_PERL_ATOF
  Built under freebsd
  Compiled at Apr  6 2012 12:45:40
  %ENV:
    PERL5LIB=""
    PERL5OPT=""
    PERL5_CPANPLUS_IS_RUNNING="67595"
    PERL5_CPAN_IS_RUNNING="67595"
    PERL5_CPAN_IS_RUNNING_IN_RECURSION="46363,67595"
    PERL_BATCH="yes"
    PERL_CPAN_REPORTER_DIR="/home/cpansand/var/ctps/5159/config/perl-v5.14.2/cpanreporter"
    PERL_EXTUTILS_AUTOINSTALL="--defaultdeps"
    PERL_HTML_DISPLAY_CLASS="HTML::Display::Mozilla"
    PERL_PARALLEL_SMOKER="yes"
  @INC:
    /home/e/eserte/var/ctps/5159/install/perl-v5.14.2/lib/site_perl/5.14.2/i386-freebsd
    /home/e/eserte/var/ctps/5159/install/perl-v5.14.2/lib/site_perl/5.14.2
    /home/e/eserte/var/ctps/5159/install/perl-v5.14.2/lib/5.14.2/i386-freebsd
    /home/e/eserte/var/ctps/5159/install/perl-v5.14.2/lib/5.14.2
    .