Crypt-DSA-GMP v0.02 Perl 5 v5.32.1 MSWin32-x64-multi-thread

Status
Fail
From
twata
Dist
Crypt-DSA-GMP v0.02
Platform
Perl 5 v5.32.1 MSWin32-x64-multi-thread
Date
2024-12-03 20:04:48
ID
708b1a8f-7332-1014-8c76-3e4acb952333
This distribution has been tested as part of the CPAN Testers
project, supporting the Perl programming language.  See
http://wiki.cpantesters.org/ for more information or email
questions to cpan-testers-discuss@perl.org


--
Dear Dana Jacobsen,

This is a computer-generated report for Crypt-DSA-GMP-0.02
on perl 5.32.1, created by CPAN-Reporter-1.2020.

Thank you for uploading your work to CPAN.  However, there was a problem
testing your distribution.

If you think this report is invalid, please consult the CPAN Testers Wiki
for suggestions on how to avoid getting FAIL reports for missing library
or binary dependencies, unsupported operating systems, and so on:

http://wiki.cpantesters.org/wiki/CPANAuthorNotes

Sections of this report:

    * Tester comments
    * Program output
    * Prerequisites
    * Environment and other context

------------------------------
TESTER COMMENTS
------------------------------

Additional comments from tester:

none provided

------------------------------
PROGRAM OUTPUT
------------------------------

Output from 'C:\Strawberry\c\bin\gmake.exe test':

"C:\Strawberry\perl\bin\perl.exe" "-MExtUtils::Command::MM" "-MTest::Harness" "-e" "undef *Test::Harness::Switches; test_harness(0, 'blib\lib', 'blib\arch')" t/*.t
t/01-load.t .................. ok
t/02-util.t .................. ok
t/10-sign.t .................. ok
t/11-keygen.t ................ ok
t/20-fips.t .................. ok
t/21-fips-186-4.t ............ ok

#   Failed test 'Reading keyfile with password works'
#   at t/30-pem.t line 48.
Can't call method "p" on an undefined value at t/30-pem.t line 49.
# Looks like your test exited with 255 just after 14.
t/30-pem.t ................... 
Dubious, test returned 255 (wstat 65280, 0xff00)
Failed 15/28 subtests 

#   Failed test 'Parsed key'
#   at t/31-openid.t line 37.
Can't call method "p" on an undefined value at t/31-openid.t line 38.
# Looks like your test exited with 255 just after 2.
t/31-openid.t ................ 
Dubious, test returned 255 (wstat 65280, 0xff00)
Failed 10/11 subtests 

#   Failed test 'Parsed key'
#   at t/32-pem-large.t line 60.
Can't call method "p" on an undefined value at t/32-pem-large.t line 61.
# Looks like your test exited with 255 just after 2.
t/32-pem-large.t ............. 
Dubious, test returned 255 (wstat 65280, 0xff00)
Failed 9/10 subtests 

#   Failed test 'Parsed key'
#   at t/33-ssh2.t line 33.
Can't call method "p" on an undefined value at t/33-ssh2.t line 34.
# Looks like your test exited with 255 just after 2.
t/33-ssh2.t .................. 
Dubious, test returned 255 (wstat 65280, 0xff00)
Failed 34/35 subtests 
t/40-interop-openssl.t ....... skipped: tests tests are for release candidate testing
t/41-interop-cryptdsa.t ...... skipped: tests tests are for release candidate testing
t/42-interop-cryptx.t ........ skipped: tests tests are for release candidate testing
t/90-release-perlcritic.t .... skipped: these tests are for release candidate testing
t/91-release-pod-syntax.t .... skipped: these tests are for release candidate testing
t/92-release-pod-coverage.t .. skipped: these tests are for release candidate testing
t/93-release-kwalitee.t ...... skipped: these tests are for release candidate testing
t/94-release-manifest.t ...... skipped: these tests are for release candidate testing
t/95-release-spelling.t ...... skipped: these tests are for release candidate testing

Test Summary Report
-------------------
t/30-pem.t                 (Wstat: 65280 (exited 255) Tests: 14 Failed: 1)
  Failed test:  14
  Non-zero exit status: 255
  Parse errors: Bad plan.  You planned 28 tests but ran 14.
t/31-openid.t              (Wstat: 65280 (exited 255) Tests: 2 Failed: 1)
  Failed test:  2
  Non-zero exit status: 255
  Parse errors: Bad plan.  You planned 11 tests but ran 2.
t/32-pem-large.t           (Wstat: 65280 (exited 255) Tests: 2 Failed: 1)
  Failed test:  2
  Non-zero exit status: 255
  Parse errors: Bad plan.  You planned 10 tests but ran 2.
t/33-ssh2.t                (Wstat: 65280 (exited 255) Tests: 2 Failed: 1)
  Failed test:  2
  Non-zero exit status: 255
  Parse errors: Bad plan.  You planned 35 tests but ran 2.
Files=19, Tests=81, 11 wallclock secs ( 0.20 usr +  0.03 sys =  0.23 CPU)
Result: FAIL
Failed 4/19 test programs. 4/81 subtests failed.
gmake: *** [Makefile:882: test_dynamic] Error 255

------------------------------
PREREQUISITES
------------------------------

Prerequisite modules loaded:

requires:

    Module                 Need     Have    
    ---------------------- -------- --------
    base                   0        2.27    
    Carp                   0        1.50    
    Crypt::Random::Seed    0        0.03    
    Data::Buffer           0.04     0.06    
    Digest::SHA            5.22     6.04    
    Exporter               5.562    5.78    
    Math::BigInt           1.78     2.003003
    Math::BigInt::GMP      0        1.7001  
    Math::Prime::Util::GMP 0.15     0.52    
    MIME::Base64           0        3.16    
    perl                   5.006002 5.032001

build_requires:

    Module                 Need     Have    
    ---------------------- -------- --------
    Test::More             0.45     1.302204


------------------------------
ENVIRONMENT AND OTHER CONTEXT
------------------------------

Environment variables:

    COMSPEC = C:\WINDOWS\system32\cmd.exe
    NONINTERACTIVE_TESTING = 1
    NUMBER_OF_PROCESSORS = 4
    PATH = C:\home\sunnyday1\perl5\bin;C:\WINDOWS\system32;C:\WINDOWS;C:\WINDOWS\System32\Wbem;C:\WINDOWS\System32\WindowsPowerShell\v1.0\;C:\Strawberry\c\bin;C:\Strawberry\perl\site\bin;C:\Strawberry\perl\bin
    PERL5LIB = C:\home\sunnyday1\perl5\lib\perl5
    PERL5OPT = 
    PERL5_CPANPLUS_IS_RUNNING = 9196
    PERL5_CPAN_IS_RUNNING = 9196
    PERL_LOCAL_LIB_ROOT = C:\home\sunnyday1\perl5
    PERL_MB_OPT = --install_base "C:\\home\\sunnyday1\\perl5"
    PERL_MM_OPT = INSTALL_BASE=C:\\home\\sunnyday1\\perl5
    PERL_MM_USE_DEFAULT = 1
    PERL_USE_UNSAFE_INC = 1
    PROCESSOR_IDENTIFIER = Intel64 Family 6 Model 58 Stepping 9, GenuineIntel
    TEMP = C:\Users\USER\AppData\Local\Temp
    TERM = dumb

Perl special variables (and OS-specific diagnostics, for MSWin32):

    $^X = C:\Strawberry\perl\bin\perl.exe
    $UID/$EUID = 0 / 0
    $GID = 0
    $EGID = 0
    Win32::GetOSName = Win8.1
    Win32::GetOSVersion = , 6, 3, 9600, 2, 0, 0, 256, 1
    Win32::FsType = NTFS
    Win32::IsAdminUser = 0

Perl module toolchain versions installed:

    Module              Have    
    ------------------- --------
    CPAN                2.34    
    CPAN::Meta          2.150010
    Cwd                 3.78    
    ExtUtils::CBuilder  0.280236
    ExtUtils::Command   7.71_02 
    ExtUtils::Install   2.22    
    ExtUtils::MakeMaker 7.71_02 
    ExtUtils::Manifest  1.75    
    ExtUtils::ParseXS   3.51    
    File::Spec          3.78    
    JSON                4.10    
    JSON::PP            4.17_01 
    Module::Build       0.42_35 
    Module::Signature   0.89    
    Parse::CPAN::Meta   2.150010
    Test2               1.302204
    Test::Harness       3.50    
    Test::More          1.302204
    YAML                1.31    
    YAML::Syck          1.34    
    version             0.9933  


--

Summary of my perl5 (revision 5 version 32 subversion 1) configuration:
   
  Platform:
    osname=MSWin32
    osvers=10.0.19042.746
    archname=MSWin32-x64-multi-thread
    uname='Win32 strawberry-perl 5.32.1.1 #1 Sun Jan 24 15:00:15 2021 x64'
    config_args='undef'
    hint=recommended
    useposix=true
    d_sigaction=undef
    useithreads=define
    usemultiplicity=define
    use64bitint=define
    use64bitall=undef
    uselongdouble=undef
    usemymalloc=n
    default_inc_excludes_dot=define
    bincompat5005=undef
  Compiler:
    cc='gcc'
    ccflags =' -DWIN32 -DWIN64 -D__USE_MINGW_ANSI_STDIO -DPERL_TEXTMODE_SCRIPTS -DPERL_IMPLICIT_CONTEXT -DPERL_IMPLICIT_SYS -DUSE_PERLIO -fwrapv -fno-strict-aliasing -mms-bitfields'
    optimize='-s -O2'
    cppflags='-DWIN32'
    ccversion=''
    gccversion='8.3.0'
    gccosandvers=''
    intsize=4
    longsize=4
    ptrsize=8
    doublesize=8
    byteorder=12345678
    doublekind=3
    d_longlong=define
    longlongsize=8
    d_longdbl=define
    longdblsize=16
    longdblkind=3
    ivtype='long long'
    ivsize=8
    nvtype='double'
    nvsize=8
    Off_t='long long'
    lseeksize=8
    alignbytes=8
    prototype=define
  Linker and Libraries:
    ld='g++'
    ldflags ='-s -L"C:\Strawberry\perl\lib\CORE" -L"C:\Strawberry\c\lib"'
    libpth=C:\Strawberry\c\lib C:\Strawberry\c\x86_64-w64-mingw32\lib C:\Strawberry\c\lib\gcc\x86_64-w64-mingw32\8.3.0
    libs= -lmoldname -lkernel32 -luser32 -lgdi32 -lwinspool -lcomdlg32 -ladvapi32 -lshell32 -lole32 -loleaut32 -lnetapi32 -luuid -lws2_32 -lmpr -lwinmm -lversion -lodbc32 -lodbccp32 -lcomctl32
    perllibs= -lmoldname -lkernel32 -luser32 -lgdi32 -lwinspool -lcomdlg32 -ladvapi32 -lshell32 -lole32 -loleaut32 -lnetapi32 -luuid -lws2_32 -lmpr -lwinmm -lversion -lodbc32 -lodbccp32 -lcomctl32
    libc=
    so=dll
    useshrplib=true
    libperl=libperl532.a
    gnulibc_version=''
  Dynamic Linking:
    dlsrc=dl_win32.xs
    dlext=xs.dll
    d_dlsymun=undef
    ccdlflags=' '
    cccdlflags=' '
    lddlflags='-mdll -s -L"C:\Strawberry\perl\lib\CORE" -L"C:\Strawberry\c\lib"'


Characteristics of this binary (from libperl): 
  Compile-time options:
    HAS_TIMES
    HAVE_INTERP_INTERN
    MULTIPLICITY
    PERLIO_LAYERS
    PERL_COPY_ON_WRITE
    PERL_DONT_CREATE_GVSV
    PERL_IMPLICIT_CONTEXT
    PERL_IMPLICIT_SYS
    PERL_MALLOC_WRAP
    PERL_OP_PARENT
    PERL_PRESERVE_IVUV
    USE_64_BIT_INT
    USE_ITHREADS
    USE_LARGE_FILES
    USE_LOCALE
    USE_LOCALE_COLLATE
    USE_LOCALE_CTYPE
    USE_LOCALE_NUMERIC
    USE_LOCALE_TIME
    USE_PERLIO
    USE_PERL_ATOF
  Built under MSWin32
  Compiled at Jan 24 2021 15:05:42
  %ENV:
    PERL5LIB="C:\home\sunnyday1\perl5\lib\perl5"
    PERL5_CPANPLUS_IS_RUNNING="9196"
    PERL5_CPAN_IS_RUNNING="9196"
    PERL_LOCAL_LIB_ROOT="C:\home\sunnyday1\perl5"
    PERL_MB_OPT="--install_base "C:\\home\\sunnyday1\\perl5""
    PERL_MM_OPT="INSTALL_BASE=C:\\home\\sunnyday1\\perl5"
    PERL_MM_USE_DEFAULT="1"
    PERL_USE_UNSAFE_INC="1"
  @INC:
    C:\home\sunnyday1\perl5\lib\perl5/MSWin32-x64-multi-thread
    C:\home\sunnyday1\perl5\lib\perl5
    C:/Strawberry/perl/site/lib
    C:/Strawberry/perl/vendor/lib
    C:/Strawberry/perl/lib
    .