Report for DBIx-Class-0.082840

Back
From: metabase:user:30f4dfbe-2aae-11df-837a-5e0a49663a4f
Subject: FAIL DBIx-Class-0.082840 v5.25.7 Mac OS X
Date: 2017-01-18T19:43:52Z

This distribution has been tested as part of the CPAN Testers
project, supporting the Perl programming language.  See
http://wiki.cpantesters.org/ for more information or email
questions to cpan-testers-discuss@perl.org


--
Dear Peter Rabbitson,

This is a computer-generated report for DBIx-Class-0.082840
on perl 5.25.7, created by CPAN-Reporter-1.2018.

Thank you for uploading your work to CPAN.  However, there was a problem
testing your distribution.

If you think this report is invalid, please consult the CPAN Testers Wiki
for suggestions on how to avoid getting FAIL reports for missing library
or binary dependencies, unsupported operating systems, and so on:

http://wiki.cpantesters.org/wiki/CPANAuthorNotes

Sections of this report:

    * Tester comments
    * Program output
    * Prerequisites
    * Environment and other context

------------------------------
TESTER COMMENTS
------------------------------

Additional comments from tester:

this report is from an automated smoke testing program
and was not reviewed by a human for accuracy

------------------------------
PROGRAM OUTPUT
------------------------------

Output from '/sw/bin/make test':

PERL_DL_NONLAZY=1 "/Users/hornenj/perl5/perlbrew/perls/perl-5.25.7/bin/perl5.25.7" "-MExtUtils::Command::MM" "-MTest::Harness" "-e" "undef *Test::Harness::Switches; test_harness(0, 'inc', 'blib/lib', 'blib/arch')" t/*.t t/admin/*.t t/cdbi/*.t t/cdbi/DeepAbstractSearch/*.t t/cdbi/abstract/*.t t/cdbi/sweet/*.t t/count/*.t t/delete/*.t t/inflate/*.t t/multi_create/*.t t/ordered/*.t t/prefetch/*.t t/relationship/*.t t/resultset/*.t t/resultsource/*.t t/row/*.t t/schema/*.t t/search/*.t t/sqlmaker/*.t t/sqlmaker/hierarchical/*.t t/sqlmaker/limit_dialects/*.t t/storage/*.t t/update/*.t xt/*.t

Mismatch of versions '1.1' and '1.42', obtained respectively via `Params::ValidationCompiler::Exception::Named::Extra->VERSION` and parsing the version out of <<SL>>/Exception/Class.pm with ExtUtils::MakeMaker@7.24. This should never happen - please check whether this is still present in the latest version, and then file a bug with the distribution containing Params::ValidationCompiler::Exception::Named::Extra.


Mismatch of versions '1.1' and '1.42', obtained respectively via `Params::ValidationCompiler::Exception::Named::Required->VERSION` and parsing the version out of <<SL>>/Exception/Class.pm with ExtUtils::MakeMaker@7.24. This should never happen - please check whether this is still present in the latest version, and then file a bug with the distribution containing Params::ValidationCompiler::Exception::Named::Required.


Mismatch of versions '1.1' and '1.42', obtained respectively via `Params::ValidationCompiler::Exception::Positional::Required->VERSION` and parsing the version out of <<SL>>/Exception/Class.pm with ExtUtils::MakeMaker@7.24. This should never happen - please check whether this is still present in the latest version, and then file a bug with the distribution containing Params::ValidationCompiler::Exception::Positional::Required.


Mismatch of versions '1.1' and '1.42', obtained respectively via `Params::ValidationCompiler::Exception::Positional::Extra->VERSION` and parsing the version out of <<SL>>/Exception/Class.pm with ExtUtils::MakeMaker@7.24. This should never happen - please check whether this is still present in the latest version, and then file a bug with the distribution containing Params::ValidationCompiler::Exception::Positional::Extra.


Mismatch of versions '1.1' and '1.42', obtained respectively via `Params::ValidationCompiler::Exception::BadArguments->VERSION` and parsing the version out of <<SL>>/Exception/Class.pm with ExtUtils::MakeMaker@7.24. This should never happen - please check whether this is still present in the latest version, and then file a bug with the distribution containing Params::ValidationCompiler::Exception::BadArguments.


Mismatch of versions '1.1' and '1.42', obtained respectively via `Params::ValidationCompiler::Exception::ValidationFailedForMooseTypeConstraint->VERSION` and parsing the version out of <<SL>>/Exception/Class.pm with ExtUtils::MakeMaker@7.24. This should never happen - please check whether this is still present in the latest version, and then file a bug with the distribution containing Params::ValidationCompiler::Exception::ValidationFailedForMooseTypeConstraint.

# 
# 
# List of loadable modules within both the core and *OPTIONAL* dependency chains
# present on this system (modules sourced from ./blib, ./lib, ./t, and ./xt
# with versions identical to their parent namespace were omitted for brevity)
# 
#     *** Note that *MANY* of these modules will *NEVER* be loaded ***
#             *** during normal operation of DBIx::Class ***
# 
# @INC at startup (does not reflect manipulation at runtime):
#   0: ./inc/
#   1: ./blib/lib/
#   2: ./blib/arch/
#   3: ~/.cpan/build/SQL-Abstract-1.81-0/blib/arch/
#   4: ~/.cpan/build/SQL-Abstract-1.81-0/blib/lib/
#   5: ~/.cpan/build/Hash-Merge-0.200-1/blib/arch/
#   6: ~/.cpan/build/Hash-Merge-0.200-1/blib/lib/
#   7: ~/.cpan/build/Data-Page-2.02-0/blib/arch/
#   8: ~/.cpan/build/Data-Page-2.02-0/blib/lib/
#   9: ~/.cpan/build/Context-Preserve-0.01-0/blib/arch/
#  10: ~/.cpan/build/Context-Preserve-0.01-0/blib/lib/
#  11: ~/.cpan/build/Config-Any-0.27-0/blib/arch/
#  12: ~/.cpan/build/Config-Any-0.27-0/blib/lib/
#  13: ~/.cpan/build/Class-C3-Componentised-1.001000-0/blib/arch/
#  14: ~/.cpan/build/Class-C3-Componentised-1.001000-0/blib/lib/
#  15: ~/.cpan/build/Class-C3-0.32-0/blib/arch/
#  16: ~/.cpan/build/Class-C3-0.32-0/blib/lib/
#  17: ~/.cpan/build/Algorithm-C3-0.10-0/blib/arch/
#  18: ~/.cpan/build/Algorithm-C3-0.10-0/blib/lib/
#  19: ~/.cpan/build/Class-Accessor-Grouped-0.10012-0/blib/arch/
#  20: ~/.cpan/build/Class-Accessor-Grouped-0.10012-0/blib/lib/
#  21: ~/.cpan/build/CLASS-1.00-0/blib/arch/
#  22: ~/.cpan/build/CLASS-1.00-0/blib/lib/
#  23: ~/.cpan/build/App-Cache-0.37-0/blib/arch/
#  24: ~/.cpan/build/App-Cache-0.37-0/blib/lib/
#  25: ~/.cpan/build/Archive-Any-0.0945-0/blib/arch/
#  26: ~/.cpan/build/Archive-Any-0.0945-0/blib/lib/
#  27: ~/.cpan/build/Module-Find-0.13-0/blib/arch/
#  28: ~/.cpan/build/Module-Find-0.13-0/blib/lib/
#  29: ~/.cpan/build/File-MMagic-1.30-0/blib/arch/
#  30: ~/.cpan/build/File-MMagic-1.30-0/blib/lib/
#  31: ~/.cpan/build/SQL-Abstract-1.81-0/blib/arch/
#  32: ~/.cpan/build/SQL-Abstract-1.81-0/blib/lib/
#  33: ~/.cpan/build/Hash-Merge-0.200-1/blib/arch/
#  34: ~/.cpan/build/Hash-Merge-0.200-1/blib/lib/
#  35: ~/.cpan/build/Data-Page-2.02-0/blib/arch/
#  36: ~/.cpan/build/Data-Page-2.02-0/blib/lib/
#  37: ~/.cpan/build/Context-Preserve-0.01-0/blib/arch/
#  38: ~/.cpan/build/Context-Preserve-0.01-0/blib/lib/
#  39: ~/.cpan/build/Config-Any-0.27-0/blib/arch/
#  40: ~/.cpan/build/Config-Any-0.27-0/blib/lib/
#  41: ~/.cpan/build/Class-C3-Componentised-1.001000-0/blib/arch/
#  42: ~/.cpan/build/Class-C3-Componentised-1.001000-0/blib/lib/
#  43: ~/.cpan/build/Class-C3-0.32-0/blib/arch/
#  44: ~/.cpan/build/Class-C3-0.32-0/blib/lib/
#  45: ~/.cpan/build/Algorithm-C3-0.10-0/blib/arch/
#  46: ~/.cpan/build/Algorithm-C3-0.10-0/blib/lib/
#  47: ~/.cpan/build/Class-Accessor-Grouped-0.10012-0/blib/arch/
#  48: ~/.cpan/build/Class-Accessor-Grouped-0.10012-0/blib/lib/
#  49: ~/.cpan/build/CLASS-1.00-0/blib/arch/
#  50: ~/.cpan/build/CLASS-1.00-0/blib/lib/
#  51: ~/.cpan/build/App-Cache-0.37-0/blib/arch/
#  52: ~/.cpan/build/App-Cache-0.37-0/blib/lib/
#  53: ~/.cpan/build/Archive-Any-0.0945-0/blib/arch/
#  54: ~/.cpan/build/Archive-Any-0.0945-0/blib/lib/
#  55: ~/.cpan/build/Module-Find-0.13-0/blib/arch/
#  56: ~/.cpan/build/Module-Find-0.13-0/blib/lib/
#  57: ~/.cpan/build/File-MMagic-1.30-0/blib/arch/
#  58: ~/.cpan/build/File-MMagic-1.30-0/blib/lib/
#  59: <<SA>>/
#  60: <<SL>>/
#  61: <<PA>>/
#  62: <<PL>>/
#  63: ./
# 
# Sourcing markers:
#        PA: $Config{archlib}
#        PL: $Config{privlib}
#        SA: $Config{sitearch}
#        SL: $Config{sitelib}
#       BLL: ./blib/lib/
# 
# =============================
#        PA            0.28  attributes                                                                      [ MD5: d85848498ddbd81b3666298dcf707ad9 ]
#        PL            5.74  AutoLoader                                                                      [ MD5: c923fac66a84c6b5dbbf01250e7c1a42 ]
#        PA            1.65  B                                                                               [ MD5: d803b8e294c2ec95a20f56da2db6fca9 ]
#        SL            0.21  B::Hooks::EndOfScope                                                            [ MD5: a004874dd5b76eb1119b90c7a03158c6 ]
#        SL            0.21  B::Hooks::EndOfScope::XS                                                        [ MD5: a3cd2087d9dba94277ba4e15fb5e39ad ]
#        PL            2.24  base                                                                            [ MD5: 6caddedd1a8f3a5ffba15e5b7789e1cc ]
#        PL            1.05  bytes                                                                           [ MD5: 0b1f4cf7f07548ffd51cd5ddb6644fe2 ]
#        PL            1.42  Carp                                                                            [ MD5: 5e505f781edb59d1bc7d50192aca1d0b ]
#        SL            6.06  Carp::Clan                                                                      [ MD5: 5e7c54a778acd28cc7a594b725694561 ]
#        PL            1.42  Carp::Heavy                                                                     [ MD5: 79f092eecb710ba166304e7a88bfa45d ]
#        SL            0.34  Class::Accessor                                                                 [ MD5: 79a573e4c523b52dcffb91b5390d9d20 ]
#        SL                  Class::Accessor::Chained::Fast                                                  [ MD5: 544678632aaf294dc280944a83c509bc ]
#        SL            0.34  Class::Accessor::Fast                                                           [ MD5: 69232ed8cbca035a8eb6c73e40b695f9 ]
#  $INC[20]         0.10012  Class::Accessor::Grouped                                                        [ MD5: e7c277f33b36ef2ef9f68a564c26e753 ]
#  $INC[14]        1.001000  Class::C3::Componentised                                                        [ MD5: c8c95fc2278592a66aacfd18ed7a5645 ]
#        SL            0.08  Class::Data::Inheritable                                                        [ MD5: eaa489d785a175db193d92b13674d96d ]
#        SL            1.31  Class::Inspector                                                                [ MD5: bcc5969dc33b7728aec240eed3fe0798 ]
#        SL            0.23  Class::Load                                                                     [ MD5: 5f9a96076965a6f0824c876dcd6b8f37 ]
#        SA            0.09  Class::Load::XS                                                                 [ MD5: 56faee781cf17a205052b52033246b37 ]
#        SA          2.1807  Class::MOP                                                                      [ MD5: 6f39a1aab939c2a14dff1f822279ef57 ]
#        SA          2.1807  Class::MOP::Attribute                                                           [ MD5: 04126c62e9af71807ca2284e4fade00f ]
#        SA          2.1807  Class::MOP::Class                                                               [ MD5: 0a81ef9da8aecba6125f97dc4522c87d ]
#        SA          2.1807  Class::MOP::Class::Immutable::Trait                                             [ MD5: 560526e6c6982c75f9a3b0dee9dedef9 ]
#        SA          2.1807  Class::MOP::Deprecated                                                          [ MD5: 5fa68c0ea16ddd2f082f08263effc609 ]
#        SA          2.1807  Class::MOP::Instance                                                            [ MD5: 6d63c51e434df8f7f16dd3b7f9fb10e8 ]
#        SA          2.1807  Class::MOP::Method                                                              [ MD5: 0fc75be13d020b7bc3a772ebe499cdc9 ]
#        SA          2.1807  Class::MOP::Method::Accessor                                                    [ MD5: 0750d888e9fbce935f43b99de4c36071 ]
#        SA          2.1807  Class::MOP::Method::Constructor                                                 [ MD5: 6aeba7a03788058c4f109ca03896720f ]
#        SA          2.1807  Class::MOP::Method::Generated                                                   [ MD5: ef838c4618e968b167b8a1a018534fac ]
#        SA          2.1807  Class::MOP::Method::Inlined                                                     [ MD5: ee73bd40a3cca88013d3212e18c9e93f ]
#        SA          2.1807  Class::MOP::Method::Meta                                                        [ MD5: d3dafb97136a79b898d29ca5f9c6bdc4 ]
#        SA          2.1807  Class::MOP::Method::Wrapped                                                     [ MD5: e37fb438a1603dc8df265d7782236da3 ]
#        SA          2.1807  Class::MOP::MiniTrait                                                           [ MD5: abdb27271c941af79b5db3e0319b4a89 ]
#        SA          2.1807  Class::MOP::Mixin                                                               [ MD5: af3b8fc34adadbae5c9dbd4b2b1bf832 ]
#        SA          2.1807  Class::MOP::Mixin::AttributeCore                                                [ MD5: a6d9d0dc43d988082675ece0b2dfee53 ]
#        SA          2.1807  Class::MOP::Mixin::HasAttributes                                                [ MD5: e3ac51d37815222680ba7547809d7f0a ]
#        SA          2.1807  Class::MOP::Mixin::HasMethods                                                   [ MD5: 319a24a5222bd60485ad26f726c6b49d ]
#        SA          2.1807  Class::MOP::Mixin::HasOverloads                                                 [ MD5: 4a8a589dd0d6464e7726a2442632d017 ]
#        SA          2.1807  Class::MOP::Module                                                              [ MD5: 50a9953db62982c5a36f6a558b36a013 ]
#        SA          2.1807  Class::MOP::Object                                                              [ MD5: 4d440be15bfc3783762fb198963ae4cb ]
#        SA          2.1807  Class::MOP::Overload                                                            [ MD5: f3f6fc365fc068bf435e639f45b05eaa ]
#        SA          2.1807  Class::MOP::Package                                                             [ MD5: 7fdab8b43d38dbf1f3034775c4b949c7 ]
#        SL             1.5  Class::Singleton                                                                [ MD5: d1b724a6b51de027cc1656e67ada9a32 ]
#        PL            0.65  Class::Struct                                                                   [ MD5: cf060e4d87730484dcdf246d806fec93 ]
#        SA            1.19  Class::XSAccessor                                                               [ MD5: 0b7adfcc61192a80f97463e89d6d1696 ]
#        SA            1.19  Class::XSAccessor::Heavy                                                        [ MD5: db9379a668d6133fce801e4648cdef45 ]
#        SA            0.38  Clone                                                                           [ MD5: 95bff4a1ac34730d9af65033a3c72448 ]
#        SA            3.74  common::sense                                                                   [ MD5: 3ed526996edd5bee58288cfacf8caebe ]
#        PA        5.025007  Config                                                                          [ MD5: 61b5537fda1601f5865e04ca049d7eb2 ]
#        PL            1.33  constant                                                                        [ MD5: 56cde6eba0f667ab56196613df3933c1 ]
#  $INC[10]            0.01  Context::Preserve                                                               [ MD5: 26e18569523ddfcaaa8bf29790e8c1f0 ]
#        SA          3.0225  Cpanel::JSON::XS                                                                [ MD5: 9c776346345cd70b5009e2b7000139ea ]
#        PA            3.66  Cwd                                                                             [ MD5: 23a49f197e6407e1897a8d8beb853291 ]
#        PA           2.165  Data::Dumper                                                                    [ MD5: b52487cc84685201f6aeeff250680778 ]
#        SL           2.022  Data::Dumper::Concise                                                           [ MD5: 84f113e489b3fa5fa5f1d3b7a169d849 ]
#        SL           0.110  Data::OptList                                                                   [ MD5: abf71027225f7e71ffb99d9e60f1c817 ]
#   $INC[8]            2.02  Data::Page                                                                      [ MD5: 52f4b3f7348e51e0654aa4f0b3503ab0 ]
#        SA            1.42  DateTime                                                                        [ MD5: c0278f692ef9c5eab6c5aabfbac784f0 ]
#        SA            1.42  DateTime::Duration                                                              [ MD5: e8bf3b3f8186933356c6dff7455c10e9 ]
#        SL            1.70  DateTime::Format::Strptime                                                      [ MD5: 6c0a633808e616e78ad0fada270e0221 ]
#        SA            1.42  DateTime::Helpers                                                               [ MD5: 6b8eaf1caf8bf1fccad935464aed105c ]
#        SA            1.42  DateTime::Infinite                                                              [ MD5: f58e8a23c67d8d46a87e7e248d27bc9b ]
#        SL            1.11  DateTime::Locale                                                                [ MD5: fc21280ec21cca52d3510ed4874cdaa2 ]
#        SL            1.11  DateTime::Locale::Data                                                          [ MD5: f2550555f339434f82511afbbbdd456e ]
#        SL            1.11  DateTime::Locale::FromData                                                      [ MD5: 0ce01412c9ae62c5bd4b34675b2da836 ]
#        SL            1.11  DateTime::Locale::Util                                                          [ MD5: 705f821acf0ef247dbfeceddafeadcb4 ]
#        SL            2.09  DateTime::TimeZone                                                              [ MD5: 94a5e560531c956d7b915e07c7e378f7 ]
#        SL            2.09  DateTime::TimeZone::Catalog                                                     [ MD5: 6210b0ffb4ac135442e64f56180ca330 ]
#        SL            2.09  DateTime::TimeZone::Floating                                                    [ MD5: 3bf5e2cce811a184263b9917cc864957 ]
#        SL            2.09  DateTime::TimeZone::Local                                                       [ MD5: 777b8fbec883a03137ab5cf93374c5a1 ]
#        SL            2.09  DateTime::TimeZone::OffsetOnly                                                  [ MD5: a77d7106de322f85e580d909247d9fc7 ]
#        SL            2.09  DateTime::TimeZone::OlsonDB::Change                                             [ MD5: 49bccc7dea811f99d5042d5fbdf23de3 ]
#        SL            2.09  DateTime::TimeZone::UTC                                                         [ MD5: 96e15258e8f1af846823c788ecafbb03 ]
#        SA            1.42  DateTime::Types                                                                 [ MD5: 5d487ecc2b67a7e7ccf3d932b6f8454a ]
#        SA           1.636  DBI                                                                             [ MD5: 251b4675dfff943bcd6a725645abbeba ]
#       BLL        0.082840  DBIx::Class                                                                     [ MD5: 8bfd568d750eaffd5f53546d6ab095bf ]
#        SL            0.14  Devel::GlobalDestruction                                                        [ MD5: fa8dcedeb9a8a3d29fbef7dfce342970 ]
#        SL           0.004  Devel::OverloadInfo                                                             [ MD5: e324a1b67fa94d816d070bff0d4a854c ]
#        SL            2.02  Devel::StackTrace                                                               [ MD5: f967ffdd0fc7eec4223e90f380e8417a ]
#        SL            2.02  Devel::StackTrace::Frame                                                        [ MD5: eaf1705707e5da7f25bbedf2f07b2af8 ]
#        SL            2.17  Devel::Symdump                                                                  [ MD5: d4ead6ff1be6b79824e64aade01eb472 ]
#        PL            1.16  Digest::base                                                                    [ MD5: c46e2ebb720ee7d9c600ce5acbf34291 ]
#        PA            2.55  Digest::MD5                                                                     [ MD5: eb31899db132d674e1db22f4727234f6 ]
#        PA            1.40  DynaLoader                                                                      [ MD5: 144e2204acdc2c548820496010a7e1be ]
#        SA            2.88  Encode                                                                          [ MD5: bc0d0c3e24f579760903d86fd1368ae5 ]
#        SA            2.21  Encode::Alias                                                                   [ MD5: c80393c9755f35aa7358e8a3090a3d73 ]
#        SA            2.05  Encode::Config                                                                  [ MD5: 7bdd1d8dffa8d3500086802451fc020d ]
#        SA            2.07  Encode::Encoding                                                                [ MD5: 34dc1ab677a5e9b9b4ab88acbde70db4 ]
#        PA            1.27  Errno                                                                           [ MD5: 69eafaca07d72bfeb5f89ab2b4e513b4 ]
#        SL            0.14  Eval::Closure                                                                   [ MD5: 6c72ca7cb0924d00e0c1a8bee904c349 ]
#        SL            1.42  Exception::Class                                                                [ MD5: ba45056932b7ffe2b13998ba089ad93f ]
#        SL            1.42  Exception::Class::Base                                                          [ MD5: ef48b6618ccd8b292568df9b87633478 ]
#        PL            5.72  Exporter                                                                        [ MD5: 358c4022647b971c7c4f3a4157b8343e ]
#        PL            5.72  Exporter::Heavy                                                                 [ MD5: d8032ca40b44e010673e6dd5816ca66b ]
#        PL            7.24  ExtUtils::Liblist                                                               [ MD5: 67a5281be16b6a38bd6ee668e1e629c8 ]
#        PL            7.24  ExtUtils::Liblist::Kid                                                          [ MD5: c9f416543d718ca94cbc3be3e144c6cf ]
#        PL            7.24  ExtUtils::MakeMaker                                                             [ MD5: 27cf678277a5d4812d0d5120bb9accc0 ]
#        PL            7.24  ExtUtils::MakeMaker::Config                                                     [ MD5: 356ee049ac3012508621d65f68e6d09a ]
#        PL            7.24  ExtUtils::MakeMaker::Locale                                                     [ MD5: e87da15952e5eb9f4de9b1efe1adb893 ]
#        PL            7.24  ExtUtils::MakeMaker::version                                                    [ MD5: ed031209c6103427ffa19c83c030a154 ]
#        PL            7.24  ExtUtils::MM                                                                    [ MD5: 9e150ea685a38e0b0e2929706034b8cc ]
#        PL            7.24  ExtUtils::MM_Any                                                                [ MD5: 4fa5e931e663ff16c3209e148fc51755 ]
#        PL            7.24  ExtUtils::MM_Darwin                                                             [ MD5: 6c0fb7228db1ba63bc1ccd15d78e0d68 ]
#        PL            7.24  ExtUtils::MM_Unix                                                               [ MD5: 94cd530573a6925c632ab60ae7619a0a ]
#        PL            7.24  ExtUtils::MY                                                                    [ MD5: 6b05b247d4b5cbddf4768614777c947c ]
#        PA            1.13  Fcntl                                                                           [ MD5: b337d563fd4bc958c7e0a2bba2ca86d2 ]
#        PL            2.85  File::Basename                                                                  [ MD5: 060f029d056cc44e536c7d278f69bf43 ]
#        PL            2.32  File::Copy                                                                      [ MD5: 6bd3ccbef5e29781e19ab4d4a4dfc779 ]
#        PL            1.34  File::Find                                                                      [ MD5: 04150524197463018d3188f24e360c5e ]
#        PA            1.27  File::Glob                                                                      [ MD5: 9dad673a193675bed0eb7bb3aa6db13a ]
#        SL            1.00  File::HomeDir                                                                   [ MD5: dab54a50acb9cf1a884ac88be4294e82 ]
#        SL            1.00  File::HomeDir::Darwin                                                           [ MD5: 37fa45e202271c9ee8bfb23dd7af82f3 ]
#        SL            1.00  File::HomeDir::Darwin::Cocoa                                                    [ MD5: 0e2b43542ecb8ef0af0439e33c558cc0 ]
#        SL            1.00  File::HomeDir::Driver                                                           [ MD5: c4065f96c83394a428c8f78c5168f55a ]
#        SL            1.00  File::HomeDir::Unix                                                             [ MD5: 46e9b0369bce4571a5c72f2392db50b4 ]
#        PL         2.12_01  File::Path                                                                      [ MD5: b71c56316d768bc029229b0ee4e40f5e ]
#        PA            3.66  File::Spec                                                                      [ MD5: f966e6643029633ebddd5d8c9f2b7826 ]
#        PA            3.66  File::Spec::Unix                                                                [ MD5: 3a3259a3739576959787b67b0f6b4450 ]
#        PL            1.07  File::stat                                                                      [ MD5: d6fcb5be03ba2b0f34569f8dbc9c17c8 ]
#        PL          0.2304  File::Temp                                                                      [ MD5: 42d392eee808579f109684ac09d8649e ]
#        SL            1.21  File::Which                                                                     [ MD5: cdcf532119e982121ccf92387544f0cf ]
#        PA            0.13  I18N::Langinfo                                                                  [ MD5: 706de135fde051348167b99b4d87722f ]
#        PL          0.0606  if                                                                              [ MD5: 64ca426ae881664b5bf41c88b2c96963 ]
#        PL            1.01  integer                                                                         [ MD5: 3e5ff5fb486c95945e10e79859dd5bfb ]
#        PA            1.37  IO                                                                              [ MD5: adf2a0364330ee6289b12c593a93aa47 ]
#        PA            1.10  IO::Dir                                                                         [ MD5: 3382ea44d8e267cc12a596fbfe73ff92 ]
#        PA            1.16  IO::File                                                                        [ MD5: 206278c02dd4a3fb7792a4a193d2588b ]
#        PA            1.36  IO::Handle                                                                      [ MD5: ba4d379aeccdf0982810a9ebc71aa1ce ]
#        PA            1.10  IO::Seekable                                                                    [ MD5: f62813b55c062f449160100dca67d043 ]
#        SL            2.90  JSON                                                                            [ MD5: e0370519fe2c243fefdeba07e7a78697 ]
#        SL         2.27400  JSON::PP                                                                        [ MD5: 4b39f4591890e15f413eef351f0f47ac ]
#                      1.01  JSON::PP::IncrParser                                                          ! -f $INC{'JSON/PP/IncrParser.pm'}
#        SA            3.03  JSON::XS                                                                        [ MD5: baa251dcf7501acd5079f83714d2531c ]
#        SA            1.47  List::Util                                                                      [ MD5: c2f38938eed1e2f018667b2dd4c36ac9 ]
#        SA            0.06  Mac::SystemDirectory                                                            [ MD5: a1882e42dc8d1076cf55afd61cd24cc2 ]
#        SL        1.999808  Math::BigInt                                                                    [ MD5: a762aa2738bf7571df17e47b67f2c7a8 ]
#        SA          2.1807  metaclass                                                                       [ MD5: 68f2c694359cde517b05aa954c64ef3d ]
#        SL                  Method::Generate::Accessor                                                      [ MD5: b46f462a852fd4e26aaaf6aeee585c8e ]
#        SL                  Method::Generate::Constructor                                                   [ MD5: 65d3a011070e91b35113a075a80cdeac ]
#        SL            0.09  Module::Implementation                                                          [ MD5: 2a146bb117cd6b798e2b928231799546 ]
#        SL           0.014  Module::Runtime                                                                 [ MD5: fb1d248a05a99e7fc65e99178bce0c5b ]
#        SL        2.003000  Moo                                                                             [ MD5: 6251ffbcbfe7a9fddf825d76a24ec904 ]
#        SL                  Moo::HandleMoose                                                                [ MD5: d960fbe4e3b588dba530b6301f24d837 ]
#        SL                  Moo::HandleMoose::FakeMetaClass                                                 [ MD5: a8fa6ab2dcc260ba042b78de3e410644 ]
#        SL                  Moo::Object                                                                     [ MD5: 454a78f98f0239ac4044db19f07e8567 ]
#        SL                  Moo::sification                                                                 [ MD5: 061e62ee1cc9fa0d4877ea1b7d2aabb0 ]
#        SA          2.1807  Moose                                                                           [ MD5: 3aba509bca8d43c466366eeac2109431 ]
#        SA          2.1807  Moose::Deprecated                                                               [ MD5: 747ca8b2b7d300aa672be5caea324be5 ]
#        SA          2.1807  Moose::Exporter                                                                 [ MD5: 11be36b92e54b2320800eabe40cfc883 ]
#        SA          2.1807  Moose::Meta::Attribute                                                          [ MD5: 403fe289779db7f3d72f2ed449d0ea09 ]
#                    2.1403  Moose::Meta::Attribute::Custom::Moose                                         ! -f $INC{'Moose/Meta/Attribute/Custom/Moose.pm'}
#        SA          2.1807  Moose::Meta::Attribute::Native                                                  [ MD5: 7122682698b521e92dfcc121de93e144 ]
#        SA          2.1807  Moose::Meta::Class                                                              [ MD5: 97a9bca4e4884887f305b0a0452936e3 ]
#        SA          2.1807  Moose::Meta::Class::Immutable::Trait                                            [ MD5: 1420488269f05ecf69d058ef5efaad0e ]
#        SA          2.1807  Moose::Meta::Instance                                                           [ MD5: 7e6ee1f6dd80e04447e4310cf55144da ]
#        SA          2.1807  Moose::Meta::Method                                                             [ MD5: e0141b2c8d9d5440dbf0c3a8afea4053 ]
#        SA          2.1807  Moose::Meta::Method::Accessor                                                   [ MD5: 6ba2f86c6092c9ae28bd5075e0db4217 ]
#        SA          2.1807  Moose::Meta::Method::Augmented                                                  [ MD5: 96d77dfa37628f1ac1a58fc437e15f64 ]
#        SA          2.1807  Moose::Meta::Method::Constructor                                                [ MD5: 6291c8fd0e0adf90e0547dad5329a4d5 ]
#        SA          2.1807  Moose::Meta::Method::Delegation                                                 [ MD5: f451d5a046b908ea3126e610ff74c00a ]
#        SA          2.1807  Moose::Meta::Method::Destructor                                                 [ MD5: 801c6640477aa37eb0a99a3bf084648f ]
#        SA          2.1807  Moose::Meta::Method::Meta                                                       [ MD5: ad3a2270a84c3022fd78db0ef4a48f10 ]
#        SA          2.1807  Moose::Meta::Method::Overridden                                                 [ MD5: 09962f2ad0247690bee0d44e8538c56d ]
#        SA          2.1807  Moose::Meta::Mixin::AttributeCore                                               [ MD5: 7b6a0d16b6975d66b10ad5f6ca0c5c33 ]
#        SA          2.1807  Moose::Meta::Object::Trait                                                      [ MD5: 6b365299409695cb5884381701f66358 ]
#        SA          2.1807  Moose::Meta::Role                                                               [ MD5: dd6f7aad71988638cf2ec94e3987a479 ]
#        SA          2.1807  Moose::Meta::Role::Application                                                  [ MD5: 2c62689ea7a09f7afb3eab6c8bc36027 ]
#        SA          2.1807  Moose::Meta::Role::Application::RoleSummation                                   [ MD5: 6ad4ccb7d76f9a3e1d108a1ef29dfc56 ]
#        SA          2.1807  Moose::Meta::Role::Application::ToClass                                         [ MD5: 3e441fc4bcb0493730c6a6a071592d07 ]
#        SA          2.1807  Moose::Meta::Role::Application::ToInstance                                      [ MD5: a503717b222d3f9ada9fbcbd5809d57a ]
#        SA          2.1807  Moose::Meta::Role::Application::ToRole                                          [ MD5: 1419bfd13815176a2fd6e4f7ca2e264d ]
#        SA          2.1807  Moose::Meta::Role::Attribute                                                    [ MD5: 20112b9ad8f198223da64489d43d6846 ]
#        SA          2.1807  Moose::Meta::Role::Composite                                                    [ MD5: 1686c8fa31149d1a674383674a869519 ]
#        SA          2.1807  Moose::Meta::Role::Method                                                       [ MD5: 179f597dc148436bcee6f4a09fbf9771 ]
#        SA          2.1807  Moose::Meta::Role::Method::Conflicting                                          [ MD5: ecad4a3a38194f245e574833b5972629 ]
#        SA          2.1807  Moose::Meta::Role::Method::Required                                             [ MD5: a18833ce79b3dd7a842a51dc51981999 ]
#        SA          2.1807  Moose::Meta::TypeCoercion                                                       [ MD5: 46c3d856d9961a096c583f4c736f5728 ]
#        SA          2.1807  Moose::Meta::TypeCoercion::Union                                                [ MD5: 801a98c5a3200c2d906736d5b80b2f39 ]
#        SA          2.1807  Moose::Meta::TypeConstraint                                                     [ MD5: 030f3909adc7b84eb0c54b4db99378ba ]
#        SA          2.1807  Moose::Meta::TypeConstraint::Class                                              [ MD5: b2e89ae68c0ad338391a69daf6bfc37d ]
#        SA          2.1807  Moose::Meta::TypeConstraint::DuckType                                           [ MD5: 944e10fe1cc267709f8acf760e2b755f ]
#        SA          2.1807  Moose::Meta::TypeConstraint::Enum                                               [ MD5: ac4348721f641aa57420dc2f84c06b4b ]
#        SA          2.1807  Moose::Meta::TypeConstraint::Parameterizable                                    [ MD5: a0f34f5cf44be5e4efcc3573ee64bf79 ]
#        SA          2.1807  Moose::Meta::TypeConstraint::Parameterized                                      [ MD5: 1ec35dee6bfa289eb390c50d000862c2 ]
#        SA          2.1807  Moose::Meta::TypeConstraint::Registry                                           [ MD5: 4e1c982fcfde53d4d0c30b692de4b6b9 ]
#        SA          2.1807  Moose::Meta::TypeConstraint::Role                                               [ MD5: 195637a5eaca0612f88a35b9f71d464c ]
#        SA          2.1807  Moose::Meta::TypeConstraint::Union                                              [ MD5: 62644059e07098bd8afd2bc09b0b6cb0 ]
#        SA          2.1807  Moose::Object                                                                   [ MD5: 343ff8cf419cea6179f84ef7344b422e ]
#        SA          2.1807  Moose::Role                                                                     [ MD5: 74f30ca2215a8376278f028eb595b633 ]
#        SA          2.1807  Moose::Util                                                                     [ MD5: 48b51e06e20355b0a44a8e4b1fb32403 ]
#        SA          2.1807  Moose::Util::MetaRole                                                           [ MD5: 3dacc4849cc533615bb32b493eb869ac ]
#        SA          2.1807  Moose::Util::TypeConstraints                                                    [ MD5: 9f4f1e9a9a97e73ccc670ede68b9dc80 ]
#        SA          2.1807  Moose::Util::TypeConstraints::Builtins                                          [ MD5: 37e57fa88874a78a56ad7c6d59670541 ]
#        SL            0.49  MooseX::Types                                                                   [ MD5: d95086f659a30739b8c7efd45e74ab6f ]
#        SL            0.49  MooseX::Types::Base                                                             [ MD5: 7715f873f88411164620b3422bf7b8c0 ]
#        SL            0.49  MooseX::Types::CheckedUtilExports                                               [ MD5: 113a4e3884c4250c1a42ab6e90cca3b1 ]
#        SL            0.49  MooseX::Types::Moose                                                            [ MD5: 306628a16192a7bae8794fe345c3b463 ]
#        SL            0.09  MooseX::Types::Path::Class                                                      [ MD5: fa4152eac64df55ede9de273d21bc2d3 ]
#        SL            0.49  MooseX::Types::TypeDecorator                                                    [ MD5: 4efcd0cba54b2d0ac07bb65d26da590a ]
#        SL            0.49  MooseX::Types::UndefinedType                                                    [ MD5: f8d2d14006f4aa12c95f7c23ca48a4d3 ]
#        SL            0.49  MooseX::Types::Util                                                             [ MD5: 8aec9737745a3eacc37fcb2ec805847d ]
#        PA            1.20  mro                                                                             [ MD5: 55e173fa7c4aa8a39d0b12f002d01a84 ]
#        SL            0.12  MRO::Compat                                                                     [ MD5: baa26363fce54b680b27331693f0bf47 ]
#        SL            0.28  namespace::autoclean                                                            [ MD5: bcf7b7af396c62ab1bbcec0a42fdb1c3 ]
#        SL            0.27  namespace::clean                                                                [ MD5: f3e03f7f5f26391565d98357834e909b ]
#        PL            1.27  overload                                                                        [ MD5: 0c17f2c9a5fa9cd2bd24331bc9dcbd3c ]
#        PL            0.02  overloading                                                                     [ MD5: 36e1b34f8175e036d57e51fd7d56becd ]
#        SL            0.17  Package::DeprecationManager                                                     [ MD5: 93dddddd7913b016f00963197be1c5f1 ]
#        SL            0.37  Package::Stash                                                                  [ MD5: e40c05afed4074ecb0455b05316523e8 ]
#        SA            0.28  Package::Stash::XS                                                              [ MD5: 5bafa791645794b7b7072bdefd80d787 ]
#        SA             2.2  PadWalker                                                                       [ MD5: 35ca6ec9f06e68f5df80d1232cc80361 ]
#        SA            1.07  Params::Util                                                                    [ MD5: dae515c40e02b36de308e51ddf0e8edd ]
#        SA            1.26  Params::Validate                                                                [ MD5: 88918019bb15fbdf79a9ef0c695ca79f ]
#        SA            1.26  Params::Validate::Constants                                                     [ MD5: 099bdf14fc5680a6c4ee1528e89163d7 ]
#        SA            1.26  Params::Validate::XS                                                            [ MD5: 231f171870626e99e95647d94219fa90 ]
#        SL            0.22  Params::ValidationCompiler                                                      [ MD5: 0d81126b5e72db19f0f7cb7aa4330e27 ]
#        SL            0.22  Params::ValidationCompiler::Compiler                                            [ MD5: 5a95b97955aec3b33fbed2fee15203dd ]
#        SL            1.42  Params::ValidationCompiler::Exception::BadArguments                             [ MD5: ba45056932b7ffe2b13998ba089ad93f ]
#        SL            1.42  Params::ValidationCompiler::Exception::Named::Extra                             [ MD5: ba45056932b7ffe2b13998ba089ad93f ]
#        SL            1.42  Params::ValidationCompiler::Exception::Named::Required                          [ MD5: ba45056932b7ffe2b13998ba089ad93f ]
#        SL            1.42  Params::ValidationCompiler::Exception::Positional::Extra                        [ MD5: ba45056932b7ffe2b13998ba089ad93f ]
#        SL            1.42  Params::ValidationCompiler::Exception::Positional::Required                     [ MD5: ba45056932b7ffe2b13998ba089ad93f ]
#        SL            1.42  Params::ValidationCompiler::Exception::ValidationFailedForMooseTypeConstraint   [ MD5: ba45056932b7ffe2b13998ba089ad93f ]
#        SL            0.22  Params::ValidationCompiler::Exceptions                                          [ MD5: 65bfd589a56a60df258a886ac9b0bdec ]
#        PL           0.236  parent                                                                          [ MD5: 0e42f824a13eae5979d10017afc8227b ]
#        SL            0.37  Path::Class                                                                     [ MD5: 62b3248e0d25291933a8d0f09e731547 ]
#        SL            0.37  Path::Class::Dir                                                                [ MD5: 9b7bd783037e1e812d6a82d62bcecb92 ]
#        SL            0.37  Path::Class::Entity                                                             [ MD5: 8e14d34b8f5a0909736e9bdaac460848 ]
#        SL            0.37  Path::Class::File                                                               [ MD5: b7f9029ac9e90dc1d509a95d12103c69 ]
#                  5.025007  perl                                                                            [ MD5: 08f78051f4b92cbab4b74a175ecdfa3c ]
#        PL            1.09  PerlIO                                                                          [ MD5: d39a87a60835f4adf917148eef5e0c79 ]
#        SL            0.23  Pod::Coverage                                                                   [ MD5: d53035083682c2a78d56d998ad7239d2 ]
#        PL            1.07  Pod::Escapes                                                                    [ MD5: 66b73dccf48caa9ab161e8c3805cf955 ]
#        PL            1.63  Pod::Find                                                                       [ MD5: 1e09437d4c107f7ef2690f6b9995dbd7 ]
#        PL            1.63  Pod::InputObjects                                                               [ MD5: 6b7a4d75d42c87da3929354fafa2a5a6 ]
#        PL            1.63  Pod::Parser                                                                     [ MD5: 9b166f82ac0afacbb4e2c0140725f29d ]
#        SL            3.35  Pod::Simple                                                                     [ MD5: 03b172786576111ae1236c243895abbf ]
#        SL            3.35  Pod::Simple::BlackBox                                                           [ MD5: 7eab1220fc7b44eab792bbf9ccc44edb ]
#        SL            3.35  Pod::Simple::LinkSection                                                        [ MD5: 3fae92494f87b19babe726623f5af431 ]
#        PA            1.75  POSIX                                                                           [ MD5: 49f26894e924e7c1db44fca9bb268155 ]
#        SL            1.04  prefork                                                                         [ MD5: 6734e16817820c330082fc3743cc22fa ]
#        PA            0.33  re                                                                              [ MD5: 471e25bdbc63fcf7c315ca7cb850c8d9 ]
#        SL        2.000005  Role::Tiny                                                                      [ MD5: 755b1d9f4002fda0230aaf57596f5402 ]
#        SL        2.000005  Role::Tiny::With                                                                [ MD5: 5116a125b643bdb3b1ab3a74a5e40af4 ]
#        SA            1.47  Scalar::Util                                                                    [ MD5: f3c089157aadb2b9cb1219f456983d10 ]
#        SL            0.21  Scope::Guard                                                                    [ MD5: 914494bdeb65cd340f14eae265635cf2 ]
#        PL            1.02  SelectSaver                                                                     [ MD5: bddc465e351ad0508581b94ef112d322 ]
#        SL            0.32  Specio                                                                          [ MD5: 4c0186a26618afb11553a3b9550aad1b ]
#        SL            0.32  Specio::Coercion                                                                [ MD5: ca410a9cb1f84eb36dabc2c82b84833f ]
#        SL            0.32  Specio::Constraint::AnyCan                                                      [ MD5: 7f2664c4ba728fb49845019b5f4255fa ]
#        SL            0.32  Specio::Constraint::Enum                                                        [ MD5: 035ceae15e6bcad92e0679f02d7a9f29 ]
#        SL            0.32  Specio::Constraint::ObjectCan                                                   [ MD5: e3154f0a288fab048a5ac2e26d82b6e6 ]
#        SL            0.32  Specio::Constraint::ObjectIsa                                                   [ MD5: 6bad1c1e9e65ddb24cf0e53bc7b5291a ]
#        SL            0.32  Specio::Constraint::Parameterizable                                             [ MD5: 2c252767f444609920d5814ca9529b86 ]
#        SL            0.32  Specio::Constraint::Parameterized                                               [ MD5: 0070b0531d9d0cddeb9ed63fe609a45f ]
#        SL            0.32  Specio::Constraint::Role::CanType                                               [ MD5: 73c1a32232c9e0ccd2dbf50f99b1691b ]
#        SL            0.32  Specio::Constraint::Role::Interface                                             [ MD5: c6abc8effdec870ef1ad7c9c9b9163c5 ]
#        SL            0.32  Specio::Constraint::Role::IsaType                                               [ MD5: fd9c8133cf99967709ce6bae65e28030 ]
#        SL            0.32  Specio::Constraint::Simple                                                      [ MD5: 7345bd4becdb821b8b423676c25698f5 ]
#        SL            0.32  Specio::Constraint::Union                                                       [ MD5: b5756ab6c3b50a7848465939fa344e21 ]
#        SL            0.32  Specio::Declare                                                                 [ MD5: 1d86f2f07b6ed3e71a17544fad1d6a33 ]
#        SL            0.32  Specio::DeclaredAt                                                              [ MD5: c019f186e5c4d0fc60c703a793b3857e ]
#        SL            0.32  Specio::Exception                                                               [ MD5: c8e48217ef85ed5ed1ad9a1844baa2c1 ]
#        SL            0.32  Specio::Exporter                                                                [ MD5: 49e88f77be63109a9b6db7462908ab85 ]
#        SL            0.32  Specio::Helpers                                                                 [ MD5: c7d00e196aac0d8e13903ba381752794 ]
#        SL            0.32  Specio::Library::Builtins                                                       [ MD5: d4afb7d41209da6ea981ac27bbe50ab2 ]
#        SL            0.32  Specio::Library::Numeric                                                        [ MD5: d984cd32040170cf445b9ad39afa0690 ]
#        SL            0.32  Specio::Library::String                                                         [ MD5: 249effbd55577ec35734745970960449 ]
#        SL            0.32  Specio::OO                                                                      [ MD5: d7ee41c7b09a8f08257b1b9ce0115c17 ]
#        SL            0.32  Specio::PartialDump                                                             [ MD5: 6d8c16785ed5e857b2641046398991fd ]
#        SL            0.32  Specio::Registry                                                                [ MD5: 9c5ed7ba147ee9489819cb58e3ba64ac ]
#        SL            0.32  Specio::Role::Inlinable                                                         [ MD5: 9f4afa29e4ac0634d3bd4072217c4d75 ]
#        SL            0.32  Specio::TypeChecks                                                              [ MD5: b511993f53f6f8cf6cf5aeca066c33a9 ]
#   $INC[4]            1.81  SQL::Abstract                                                                   [ MD5: 671c03f308e5755d2b8ef3b1fe698685 ]
#        PA            2.59  Storable                                                                        [ MD5: e8b409428d4c646a75eb426f869ee0bf ]
#        PL            1.11  strict                                                                          [ MD5: 441328c7ffbbe42a0226ec65bde71715 ]
#        SL        2.003001  Sub::Defer                                                                      [ MD5: 8c8a1a6879473fa9c3d675a7b5eadc0b ]
#        SL           0.987  Sub::Exporter                                                                   [ MD5: aa6b0dc0ffcf3831d4cee7da6d7e8330 ]
#        SL        0.100052  Sub::Exporter::ForMethods                                                       [ MD5: 50b7071f63f77815db48360df0b102c4 ]
#        SL        0.001013  Sub::Exporter::Progressive                                                      [ MD5: 5f37412f2438f87c7b088c7b2e6dd8ab ]
#        SA            0.12  Sub::Identify                                                                   [ MD5: 9dc08f208a43dde109c691301d1578eb ]
#        SL           0.928  Sub::Install                                                                    [ MD5: f077d4c445e5cceebd5aab8460fd2d5e ]
#        SA            0.21  Sub::Name                                                                       [ MD5: f03f7cf0bb678e86d57149b9037b8970 ]
#        SL        2.003001  Sub::Quote                                                                      [ MD5: f6d42cf3dbd389c78bb46d528e353800 ]
#        SA            1.47  Sub::Util                                                                       [ MD5: 1503a5e9b3273f9d223c2b3d0fcf6eab ]
#        PL            1.07  Symbol                                                                          [ MD5: 083c3fe866ec1be9c84540b9ac8e6eee ]
#        SL        1.302075  Test2::API                                                                      [ MD5: 242570bde24c2b313a26c8259f0fa697 ]
#        SL        1.302075  Test2::API::Context                                                             [ MD5: 851a6074e7471702ff3e27dede3cd24a ]
#        SL        1.302075  Test2::API::Instance                                                            [ MD5: c06cdc20515af28597e5faf1866da66d ]
#        SL        1.302075  Test2::API::Stack                                                               [ MD5: 9dea4fa7e704601b4a7f16b0bc5b27c5 ]
#        SL        1.302075  Test2::Event                                                                    [ MD5: fc85df6dc120045411728fd4e6089ab7 ]
#        SL        1.302075  Test2::Event::Bail                                                              [ MD5: 8691af93052be32f033d09fa461a6da0 ]
#        SL        1.302075  Test2::Event::Diag                                                              [ MD5: 0607e986d8d33fc85b539ae31cdd4d8b ]
#        SL        1.302075  Test2::Event::Exception                                                         [ MD5: aeeeb7da60e0dd6a5bdff52ebb4edb1c ]
#        SL        1.302075  Test2::Event::Info                                                              [ MD5: 8f9fe3087574bc85163f46079ed45b3e ]
#        SL        1.302075  Test2::Event::Note                                                              [ MD5: 88f54d5d574b52c76425354de41df03d ]
#        SL        1.302075  Test2::Event::Ok                                                                [ MD5: 086cc9fe7967ceaa74ae04f0a2444d07 ]
#        SL        1.302075  Test2::Event::Plan                                                              [ MD5: 6f1222982934732daa21c4a9a8d914e8 ]
#        SL        1.302075  Test2::Event::Skip                                                              [ MD5: 23fe405a5acc6192d10cb5a0c1510e98 ]
#        SL        1.302075  Test2::Event::Subtest                                                           [ MD5: 3fd6b88c3654c2de2f981958a009b1c3 ]
#        SL        1.302075  Test2::Event::Waiting                                                           [ MD5: f68e41f014f235c97b00c128fea58cc5 ]
#        SL        1.302075  Test2::Formatter                                                                [ MD5: 8d8ba6875970b10cb3dff810c6e05551 ]
#        SL        1.302075  Test2::Formatter::TAP                                                           [ MD5: 3d7abb4b22d85e861a3dac2ae76d4e67 ]
#        SL        1.302075  Test2::Hub                                                                      [ MD5: 0a9ab9b627ae3a0bb7a98cc7bd798197 ]
#        SL        1.302075  Test2::Hub::Interceptor                                                         [ MD5: b7bc6f1cf5bd7e97fa8bb0d9f7148c4a ]
#        SL        1.302075  Test2::Hub::Interceptor::Terminator                                             [ MD5: 79262f4ce37ad08d29b76ccd0d04b76c ]
#        SL        1.302075  Test2::Hub::Subtest                                                             [ MD5: 9645074b0d4cb0600e1e63920ae5d96a ]
#        SL        1.302075  Test2::Util                                                                     [ MD5: 81f75977f5f584d6abcf3820cd91b8ad ]
#        SL        1.302075  Test2::Util::ExternalMeta                                                       [ MD5: 287f637e8931d174f015c9a21285b430 ]
#        SL           0.002  Test2::Util::HashBase                                                           [ MD5: 1d40b9fc9546ef50625d3e685a54068d ]
#        SL        1.302075  Test2::Util::Trace                                                              [ MD5: aa9ef55940a9b1221c8dca5a05c0d6bf ]
#        SL        1.302075  Test::Builder                                                                   [ MD5: e6f0de3c3d587fd026d6d38bbf2ab47d ]
#        SL        1.302075  Test::Builder::Formatter                                                        [ MD5: b4fd786518b7a40d226eced62bd269bf ]
#        SL        1.302075  Test::Builder::Module                                                           [ MD5: d3871c8cd0f8a2ba97d14572b6d661e8 ]
#        SL        1.302075  Test::Builder::TodoDiag                                                         [ MD5: 8d558fd8f5149c36954783a9bb7e264f ]
#        SA          2.1807  Test::Moose                                                                     [ MD5: b25997c2ad5e274ff46e5a6e5b4ca06a ]
#        SL        1.302075  Test::More                                                                      [ MD5: ff6ae8d53d114134de3c44a1836a6b31 ]
#        SL            1.51  Test::Pod                                                                       [ MD5: efb912ca5d0e3c57e132e039190ef4d1 ]
#        SL            1.10  Test::Pod::Coverage                                                             [ MD5: b751ee701f87277a9013c485f474424e ]
#        SL            1.33  Text::CSV                                                                       [ MD5: facf1f1c610ff035663dc31ffb24a763 ]
#        SA            1.26  Text::CSV_XS                                                                    [ MD5: bb64cf5fef888a266dc1d390cb0d74ca ]
#        PL            1.05  Tie::Hash                                                                       [ MD5: acc4709f0adb89bef2863771b6995d2b ]
#        SA          1.9741  Time::HiRes                                                                     [ MD5: 1d000317cf75b2f0496533568e8a2711 ]
#        SL            0.28  Try::Tiny                                                                       [ MD5: 53090a582032d6f4bb682dbbfa545876 ]
#        SL             1.0  Types::Serialiser                                                               [ MD5: b409e70ebab79d5b48b44dde9574b411 ]
#        PL            1.19  utf8                                                                            [ MD5: 1e81482deb175e2b15443c5223ec2e17 ]
#        SA            0.60  Variable::Magic                                                                 [ MD5: d033bb047976119855941117a56f5385 ]
#        PL            1.03  vars                                                                            [ MD5: 613c5318b87aa69b1145ca028f964445 ]
#        PL          0.9917  version                                                                         [ MD5: 0fbc5ad8182938d1d4069286b234f4a4 ]
#        PL          0.9917  version::regex                                                                  [ MD5: 20be5542bf2a20a4732c68d7e9e785be ]
#        PL            1.37  warnings                                                                        [ MD5: 0e16d816918d9c552dd93339cd3c7b49 ]
#        PL            1.04  warnings::register                                                              [ MD5: 2d8f6ce093a2176b982c0e12c0194b3b ]
#        PL            0.24  XSLoader                                                                        [ MD5: e40c27fa07755917ed914ad697ce0f2f ]
# =============================
# 
# List of loadable modules within both the core and *OPTIONAL* dependency chains
# present on this system (modules sourced from ./blib, ./lib, ./t, and ./xt
# with versions identical to their parent namespace were omitted for brevity)
# 
#     *** Note that *MANY* of these modules will *NEVER* be loaded ***
#             *** during normal operation of DBIx::Class ***
# 
# 
t/00describe_environment.t .......................... ok
t/04_c3_mro.t ....................................... ok
t/05components.t .................................... ok
t/100extra_source.t ................................. ok
t/100populate.t ..................................... ok
t/101populate_rs.t .................................. ok
t/101source.t ....................................... ok
t/102load_classes.t ................................. ok
t/103many_to_many_warning.t ......................... ok
t/104view.t ......................................... ok
t/106dbic_carp.t .................................... ok
t/107obj_result_class.t ............................. ok
t/18insert_default.t ................................ ok
t/19retrieve_on_insert.t ............................ ok
t/20setuperrors.t ................................... ok
t/26dumper.t ........................................ ok
t/33exception_wrap.t ................................ ok
t/34exception_action.t .............................. ok
t/35exception_inaction.t ............................ ok
t/39load_namespaces_1.t ............................. ok
t/39load_namespaces_2.t ............................. ok
t/39load_namespaces_3.t ............................. ok
t/39load_namespaces_4.t ............................. ok
t/39load_namespaces_exception.t ..................... ok
t/39load_namespaces_rt41083.t ....................... ok
t/39load_namespaces_stress.t ........................ ok
t/40compose_connection.t ............................ ok
t/40resultsetmanager.t .............................. ok
t/46where_attribute.t ............................... ok
t/50fork.t .......................................... skipped: Test needs DBD::Pg (see DBIx::Class::Optional::Dependencies for details)
t/51threadnodb.t .................................... ok
t/51threads.t ....................................... skipped: Test needs DBD::Pg (see DBIx::Class::Optional::Dependencies for details)
t/51threadtxn.t ..................................... skipped: Set $ENV{DBICTEST_PG_DSN}, _USER and _PASS to run this test (note: creates and drops a table named artist!)
t/52leaks.t ......................................... ok
t/53lean_startup.t .................................. ok
MooseX::Types::__ANON__(): Unable to find type 'DBICConnectInfo' in library 'DBIx::Class::Admin::Types' at /Users/hornenj/perl5/perlbrew/perls/perl-5.25.7/lib/site_perl/5.25.7/Sub/Defer.pm line 55
# Tests were run but no plan was declared and done_testing() was not seen.
# Looks like your test exited with 2 just after 42.
t/55namespaces_cleaned.t ............................ 
Dubious, test returned 2 (wstat 512, 0x200)
All 42 subtests passed 
	(less 42 skipped subtests: 0 okay)
t/60core.t .......................................... ok
t/61findnot.t ....................................... ok
t/63register_class.t ................................ ok
t/63register_column.t ............................... ok
t/63register_source.t ............................... ok
t/64db.t ............................................ ok
t/65multipk.t ....................................... ok
t/67pager.t ......................................... ok
t/69update.t ........................................ ok
t/70auto.t .......................................... ok
t/71mysql.t ......................................... skipped: Set $ENV{DBICTEST_MYSQL_DSN}, _USER and _PASS to run this test
t/72pg.t ............................................ skipped: Set $ENV{DBICTEST_PG_DSN}, _USER and _PASS to run this test
t/72pg_bytea.t ...................................... skipped: Test needs DBD::Pg (see DBIx::Class::Optional::Dependencies for details)
t/73oracle.t ........................................ skipped: Set $ENV{DBICTEST_ORA_DSN}, _USER and _PASS to run this test.
t/73oracle_blob.t ................................... skipped: Set $ENV{DBICTEST_ORA_DSN}, _USER and _PASS to run this test.
t/73oracle_hq.t ..................................... skipped: Set $ENV{DBICTEST_ORA_DSN}, _USER and _PASS to run this test.
t/745db2.t .......................................... skipped: Set $ENV{DBICTEST_DB2_DSN}, _USER and _PASS to run this test
t/746db2_400.t ...................................... skipped: Set $ENV{DBICTEST_DB2_400_DSN}, _USER and _PASS to run this test
t/746mssql.t ........................................ skipped: Set $ENV{DBICTEST_MSSQL_ODBC_DSN}, _USER and _PASS to run this test
t/746sybase.t ....................................... skipped: Set $ENV{DBICTEST_SYBASE_DSN}, _USER and _PASS to run this test. Warning: This test drops and creates the tables: 'artist', 'money_test' and 'bindtype_test'
t/747mssql_ado.t .................................... skipped: Set $ENV{DBICTEST_MSSQL_ADO_DSN}, _USER and _PASS to run this test
t/748informix.t ..................................... skipped: Set $ENV{DBICTEST_INFORMIX_DSN}, _USER and _PASS to run this test
t/749sqlanywhere.t .................................. skipped: Set $ENV{DBICTEST_SQLANYWHERE_DSN} and/or $ENV{DBICTEST_SQLANYWHERE_ODBC_DSN},
t/74mssql.t ......................................... skipped: Set $ENV{DBICTEST_MSSQL_DSN}, _USER and _PASS to run this test
t/750firebird.t ..................................... skipped: Set $ENV{DBICTEST_FIREBIRD_DSN} and/or $ENV{DBICTEST_FIREBIRD_INTERBASE_DSN} and/or $ENV{DBICTEST_FIREBIRD_ODBC_DSN}, _USER and _PASS to run these tests. WARNING: this test creates and drops the tables "artist", "bindtype_test" and "sequence_test"; the generators "gen_artist_artistid", "pkid1_seq", "pkid2_seq" and "nonpkid_seq" and the trigger "artist_bi".
t/751msaccess.t ..................................... skipped: Set $ENV{DBICTEST_MSACCESS_ODBC_DSN} and/or $ENV{DBICTEST_MSACCESS_ADO_DSN} (and optionally _USER and _PASS) to run these tests.
t/752sqlite.t ....................................... ok
t/76joins.t ......................................... ok
t/76select.t ........................................ ok
t/77join_count.t .................................... ok
t/78self_referencial.t .............................. ok
t/79aliasing.t ...................................... ok
t/80unique.t ........................................ ok
t/82cascade_copy.t .................................. ok
t/83cache.t ......................................... ok
t/84serialize.t ..................................... ok
t/85utf8.t .......................................... ok
t/86might_have.t .................................... ok
t/86sqlt.t .......................................... skipped: Test needs SQL::Translator >= 0.11018 (see DBIx::Class::Optional::Dependencies for details)
t/87ordered.t ....................................... ok
t/88result_set_column.t ............................. ok
t/90ensure_class_loaded.t ........................... ok
t/90join_torture.t .................................. ok
t/91merge_joinpref_attr.t ........................... ok
t/93autocast.t ...................................... ok
t/93single_accessor_object.t ........................ ok
t/94pk_mutation.t ................................... ok
t/94versioning.t .................................... skipped: Set $ENV{DBICTEST_MYSQL_DSN}, _USER and _PASS to run this test
t/96_is_deteministic_value.t ........................ ok
t/97result_class.t .................................. ok
t/99dbic_sqlt_parser.t .............................. skipped: Test needs SQL::Translator >= 0.11018 (see DBIx::Class::Optional::Dependencies for details)
t/admin/01load.t .................................... skipped: Test needs JSON::Any >= 1.23, MooseX::Types::JSON >= 0.02, MooseX::Types::LoadableClass >= 0.011 (see DBIx::Class::Optional::Dependencies for details)
t/admin/02ddl.t ..................................... skipped: Test needs JSON::Any >= 1.23, MooseX::Types::JSON >= 0.02, MooseX::Types::LoadableClass >= 0.011 (see DBIx::Class::Optional::Dependencies for details)
t/admin/03data.t .................................... skipped: Test needs JSON::Any >= 1.23, MooseX::Types::JSON >= 0.02, MooseX::Types::LoadableClass >= 0.011 (see DBIx::Class::Optional::Dependencies for details)
t/admin/10script.t .................................. skipped: Test needs Getopt::Long::Descriptive >= 0.081, JSON::Any >= 1.31, JSON::DWIW, MooseX::Types::JSON >= 0.02, MooseX::Types::LoadableClass >= 0.011
t/cdbi/01-columns.t ................................. skipped: Class::DBI required for this test
t/cdbi/02-Film.t .................................... skipped: Class::DBI required for this test
t/cdbi/03-subclassing.t ............................. skipped: Class::DBI required for this test
t/cdbi/04-lazy.t .................................... skipped: Class::DBI required for this test
t/cdbi/06-hasa.t .................................... skipped: Class::DBI required for this test
t/cdbi/08-inheritcols.t ............................. skipped: Class::DBI required for this test
t/cdbi/09-has_many.t ................................ skipped: Class::DBI required for this test
t/cdbi/11-triggers.t ................................ skipped: Class::DBI required for this test
t/cdbi/12-filter.t .................................. skipped: Class::DBI required for this test
t/cdbi/13-constraint.t .............................. skipped: Class::DBI required for this test
t/cdbi/14-might_have.t .............................. skipped: Class::DBI required for this test
t/cdbi/15-accessor.t ................................ skipped: Class::DBI required for this test
t/cdbi/16-reserved.t ................................ skipped: Class::DBI required for this test
t/cdbi/18-has_a.t ................................... skipped: Class::DBI required for this test
t/cdbi/19-set_sql.t ................................. skipped: Class::DBI required for this test
t/cdbi/21-iterator.t ................................ skipped: Class::DBI required for this test
t/cdbi/22-deflate_order.t ........................... skipped: Class::DBI required for this test
t/cdbi/22-self_referential.t ........................ skipped: Class::DBI required for this test
t/cdbi/23-cascade.t ................................. skipped: Class::DBI required for this test
t/cdbi/24-meta_info.t ............................... skipped: Class::DBI required for this test
t/cdbi/26-mutator.t ................................. skipped: Class::DBI required for this test
t/cdbi/30-pager.t ................................... skipped: Class::DBI required for this test
t/cdbi/68-inflate_has_a.t ........................... skipped: Class::DBI required for this test
t/cdbi/70_implicit_inflate.t ........................ skipped: Test needs DateTime::Format::SQLite
t/cdbi/71_column_object.t ........................... skipped: The tested functionality is only available in Class::DBI >= 3.0.5
t/cdbi/98-failure.t ................................. skipped: Class::DBI required for this test
t/cdbi/abstract/search_where.t ...................... skipped: Class::DBI required for this test
t/cdbi/columns_as_hashes.t .......................... skipped: Class::DBI required for this test
t/cdbi/columns_dont_override_custom_accessors.t ..... skipped: Class::DBI required for this test
t/cdbi/construct.t .................................. skipped: Class::DBI required for this test
t/cdbi/copy.t ....................................... skipped: Class::DBI required for this test
t/cdbi/DeepAbstractSearch/01_search.t ............... skipped: Class::DBI required for this test
t/cdbi/early_column_heisenbug.t ..................... skipped: Class::DBI required for this test
t/cdbi/has_many_loads_foreign_class.t ............... skipped: Class::DBI required for this test
t/cdbi/hasa_without_loading.t ....................... skipped: Class::DBI required for this test
t/cdbi/max_min_value_of.t ........................... skipped: Class::DBI required for this test
t/cdbi/mk_group_accessors.t ......................... skipped: Class::DBI required for this test
t/cdbi/multi_column_set.t ........................... skipped: Class::DBI required for this test
t/cdbi/object_cache.t ............................... skipped: Class::DBI required for this test
t/cdbi/retrieve_from_sql_with_limit.t ............... skipped: Class::DBI required for this test
t/cdbi/set_to_undef.t ............................... skipped: Class::DBI required for this test
t/cdbi/set_vs_DateTime.t ............................ skipped: Class::DBI required for this test
t/cdbi/sweet/08pager.t .............................. skipped: Class::DBI required for this test
t/count/count_rs.t .................................. ok
t/count/distinct.t .................................. ok
t/count/group_by_func.t ............................. ok
t/count/grouped_pager.t ............................. ok
t/count/in_subquery.t ............................... ok
t/count/joined.t .................................... ok
t/count/prefetch.t .................................. ok
t/count/search_related.t ............................ ok
t/delete/cascade_missing.t .......................... ok
t/delete/complex.t .................................. ok
t/delete/m2m.t ...................................... ok
t/delete/related.t .................................. ok
t/discard_changes_in_DESTROY.t ...................... ok
t/inflate/core.t .................................... ok
t/inflate/datetime.t ................................ skipped: DT inflation tests need DateTime::Format::SQLite
t/inflate/datetime_determine_parser.t ............... skipped: Test needs DateTime::Format::SQLite
t/inflate/datetime_firebird.t ....................... skipped: Set $ENV{DBICTEST_FIREBIRD_DSN} and/or $ENV{DBICTEST_FIREBIRD_INTERBASE_DSN} and/or $ENV{DBICTEST_FIREBIRD_ODBC_DSN}, _USER and _PASS to run these tests. WARNING: This test drops and creates a table called 'event'
t/inflate/datetime_informix.t ....................... skipped: Set $ENV{DBICTEST_INFORMIX_DSN} _USER and _PASS to run this test'.
t/inflate/datetime_missing_deps.t ................... ok
t/inflate/datetime_msaccess.t ....................... skipped: Set $ENV{DBICTEST_MSACCESS_ODBC_DSN} and/or $ENV{DBICTEST_MSACCESS_ADO_DSN} (and optionally _USER and _PASS) to run these tests.
t/inflate/datetime_mssql.t .......................... skipped: Set $ENV{DBICTEST_MSSQL_ODBC_DSN} and/or $ENV{DBICTEST_MSSQL_DSN} and/or $ENV{DBICTEST_MSSQL_ADO_DSN} _USER and _PASS to run this test
t/inflate/datetime_mysql.t .......................... skipped: Inflation tests need DateTime::Format::MySQL
t/inflate/datetime_oracle.t ......................... skipped: Set $ENV{DBICTEST_ORA_DSN}, _USER and _PASS to run this test. Warning: This test drops and creates a table called 'event'
t/inflate/datetime_pg.t ............................. skipped: Test needs DateTime::Format::Pg >= 0.16004
t/inflate/datetime_sqlanywhere.t .................... skipped: Set $ENV{DBICTEST_SQLANYWHERE_DSN} and/or $ENV{DBICTEST_SQLANYWHERE_ODBC_DSN}
t/inflate/datetime_sybase.t ......................... skipped: Set $ENV{DBICTEST_SYBASE_DSN}, _USER and _PASS to run this test
t/inflate/file_column.t ............................. ok
t/inflate/hri.t ..................................... ok
t/inflate/hri_torture.t ............................. ok
t/inflate/serialize.t ............................... ok
t/multi_create/cd_single.t .......................... ok
t/multi_create/diamond.t ............................ ok
t/multi_create/existing_in_chain.t .................. ok
t/multi_create/find_or_multicreate.t ................ ok
t/multi_create/has_many.t ........................... ok
t/multi_create/in_memory.t .......................... ok
t/multi_create/insert_defaults.t .................... ok
t/multi_create/m2m.t ................................ ok
t/multi_create/multilev_single_PKeqFK.t ............. ok
t/multi_create/reentrance_count.t ................... skipped: Disable test entirely until multicreate is rewritten in terms of subqueries
t/multi_create/standard.t ........................... ok
t/multi_create/torture.t ............................ ok
t/ordered/cascade_delete.t .......................... ok
t/ordered/unordered_movement.t ...................... ok
t/prefetch/attrs_untouched.t ........................ ok
t/prefetch/correlated.t ............................. ok
t/prefetch/count.t .................................. ok
t/prefetch/diamond.t ................................ ok
t/prefetch/double_prefetch.t ........................ ok
t/prefetch/empty_cache.t ............................ ok
t/prefetch/false_colvalues.t ........................ ok
t/prefetch/grouped.t ................................ ok
t/prefetch/incomplete.t ............................. ok
t/prefetch/join_type.t .............................. ok
t/prefetch/lazy_cursor.t ............................ ok
t/prefetch/manual.t ................................. ok
t/prefetch/multiple_hasmany.t ....................... ok
t/prefetch/multiple_hasmany_torture.t ............... ok
t/prefetch/o2m_o2m_order_by_with_limit.t ............ ok
t/prefetch/one_to_many_to_one.t ..................... ok
t/prefetch/refined_search_on_relation.t ............. ok
t/prefetch/restricted_children_set.t ................ ok
t/prefetch/standard.t ............................... ok
t/prefetch/via_search_related.t ..................... ok
t/prefetch/with_limit.t ............................. ok
t/relationship/after_update.t ....................... ok
t/relationship/core.t ............................... ok
t/relationship/custom.t ............................. ok
t/relationship/custom_opaque.t ...................... ok
t/relationship/custom_with_null_in_cond.t ........... ok
t/relationship/doesnt_exist.t ....................... ok
t/relationship/dynamic_foreign_columns.t ............ ok
t/relationship/info.t ............................... ok
t/relationship/malformed_declaration.t .............. ok
t/relationship/proxy.t .............................. ok
t/relationship/set_column_on_fk.t ................... ok
t/relationship/unresolvable.t ....................... ok
t/relationship/update_or_create_multi.t ............. ok
t/relationship/update_or_create_single.t ............ ok
t/resultset/as_query.t .............................. ok
t/resultset/as_subselect_rs.t ....................... ok
t/resultset/bind_attr.t ............................. ok
t/resultset/find_on_subquery_cond.t ................. ok
t/resultset/inflate_result_api.t .................... ok
t/resultset/inflatemap_abuse.t ...................... ok
t/resultset/is_ordered.t ............................ ok
t/resultset/is_paged.t .............................. ok
t/resultset/nulls_only.t ............................ ok
t/resultset/plus_select.t ........................... ok
t/resultset/rowparser_internals.t ................... ok
t/resultset/update_delete.t ......................... ok
t/resultset_class.t ................................. ok
t/resultset_overload.t .............................. ok
t/resultsource/bare_resultclass_exception.t ......... ok
t/resultsource/set_primary_key.t .................... ok
t/row/copy_with_extra_selection.t ................... ok
t/row/filter_column.t ............................... ok
t/row/find_one_has_many.t ........................... ok
t/row/inflate_result.t .............................. ok
t/row/pkless.t ...................................... ok
t/row/set_extra_column.t ............................ ok
t/schema/anon.t ..................................... ok
t/schema/clone.t .................................... ok
t/search/deprecated_attributes.t .................... ok
t/search/distinct.t ................................. ok
t/search/empty_attrs.t .............................. ok
t/search/preserve_original_rs.t ..................... ok
t/search/reentrancy.t ............................... ok
t/search/related_has_many.t ......................... ok
t/search/related_strip_prefetch.t ................... ok
t/search/select_chains.t ............................ ok
t/search/select_chains_unbalanced.t ................. ok
t/search/stack_cond.t ............................... ok
t/search/subquery.t ................................. ok
t/search/void.t ..................................... ok
t/sqlmaker/bind_transport.t ......................... ok
t/sqlmaker/core.t ................................... ok
t/sqlmaker/core_quoted.t ............................ ok
t/sqlmaker/dbihacks_internals.t ..................... ok
t/sqlmaker/hierarchical/oracle.t .................... skipped: Test needs Math::Base36 >= 0.07
t/sqlmaker/legacy_joins.t ........................... ok
t/sqlmaker/limit_dialects/basic.t ................... ok
t/sqlmaker/limit_dialects/custom.t .................. ok
t/sqlmaker/limit_dialects/fetch_first.t ............. ok
t/sqlmaker/limit_dialects/first_skip.t .............. ok
t/sqlmaker/limit_dialects/generic_subq.t ............ ok
t/sqlmaker/limit_dialects/mssql_torture.t ........... ok
t/sqlmaker/limit_dialects/rno.t ..................... ok
t/sqlmaker/limit_dialects/rownum.t .................. ok
t/sqlmaker/limit_dialects/skip_first.t .............. ok
t/sqlmaker/limit_dialects/toplimit.t ................ ok
t/sqlmaker/limit_dialects/torture.t ................. ok
t/sqlmaker/literal_with_bind.t ...................... ok
t/sqlmaker/msaccess.t ............................... ok
t/sqlmaker/mysql.t .................................. ok
t/sqlmaker/nest_deprec.t ............................ ok
t/sqlmaker/oracle.t ................................. skipped: Test needs Math::Base36 >= 0.07
t/sqlmaker/oraclejoin.t ............................. skipped: Test needs Math::Base36 >= 0.07
t/sqlmaker/order_by_bindtransport.t ................. ok
t/sqlmaker/order_by_func.t .......................... ok
t/sqlmaker/pg.t ..................................... ok
t/sqlmaker/quotes.t ................................. ok
t/sqlmaker/sqlite.t ................................. ok
t/storage/base.t .................................... ok
t/storage/cursor.t .................................. ok
t/storage/dbh_do.t .................................. ok
t/storage/dbi_coderef.t ............................. ok
t/storage/dbi_env.t ................................. ok
t/storage/dbic_pretty.t ............................. skipped: Test needs JSON::Any >= 1.23
t/storage/debug.t ................................... ok
t/storage/deploy.t .................................. skipped: Test needs SQL::Translator >= 0.11018 (see DBIx::Class::Optional::Dependencies for details)
t/storage/deprecated_exception_source_bind_attrs.t .. ok
t/storage/disable_sth_caching.t ..................... ok
t/storage/error.t ................................... ok
t/storage/exception.t ............................... ok
t/storage/global_destruction.t ...................... ok
t/storage/nobindvars.t .............................. ok
t/storage/on_connect_call.t ......................... ok
t/storage/on_connect_do.t ........................... ok
t/storage/ping_count.t .............................. ok
t/storage/prefer_stringification.t .................. ok
t/storage/quote_names.t ............................. ok
t/storage/reconnect.t ............................... ok
t/storage/replicated.t .............................. skipped: Test needs MooseX::Types::LoadableClass >= 0.011
t/storage/savepoints.t .............................. ok
t/storage/stats.t ................................... ok
t/storage/txn.t ..................................... ok
t/storage/txn_scope_guard.t ......................... ok
t/update/all.t ...................................... ok
t/update/ident_cond.t ............................... ok
t/update/type_aware.t ............................... ok
# 
# 
# 
# 208 contributors made this library what it is today
# 
# 
# Distinguished patrons:
#   * ( 2014 ~ 2015 ) Henry Van Styn, creator of http://p3rl.org/RapidApp
# 
# 
t/zzzzzzz_authors.t ................................. ok
t/zzzzzzz_perl_perf_bug.t ........................... skipped: Skipping as system appears to be a smoker
t/zzzzzzz_sqlite_deadlock.t ......................... ok
xt/authors.t ........................................ ok
xt/dbictest_unlink_guard.t .......................... ok
xt/footers.t ........................................ ok
xt/old_envvars.t .................................... ok
xt/optional_deps.t .................................. ok
xt/pod.t ............................................ ok
xt/podcoverage.t .................................... ok
xt/quote_sub.t ...................................... ok
xt/standalone_testschema_resultclasses.t ............ ok
xt/strictures.t ..................................... skipped: Test needs: Test::Strict >= 0.20
xt/whitespace.t ..................................... skipped: Test needs: Test::EOL >= 1.0, Test::NoTabs >= 0.9

Test Summary Report
-------------------
t/55namespaces_cleaned.t                          (Wstat: 512 Tests: 42 Failed: 0)
  Non-zero exit status: 2
  Parse errors: No plan found in TAP output
Files=319, Tests=13663, 96 wallclock secs ( 1.49 usr  0.58 sys + 83.58 cusr 10.15 csys = 95.80 CPU)
Result: FAIL
Failed 1/319 test programs. 0/13663 subtests failed.
make: *** [Makefile:1359: test_dynamic] Error 255

------------------------------
PREREQUISITES
------------------------------

Prerequisite modules loaded:

requires:

    Module                   Need     Have    
    ------------------------ -------- --------
    Class::Accessor::Grouped 0.10012  0.10012 
    Class::C3::Componentised 1.0009   1.001000
    Class::Inspector         1.24     1.31    
    Config::Any              0.20     0.27    
    Context::Preserve        0.01     0.01    
    Data::Dumper::Concise    2.020    2.022   
    Data::Page               2.00     2.02    
    DBD::SQLite              1.29     1.54    
    DBI                      1.57     1.636   
    Devel::GlobalDestruction 0.09     0.14    
    File::Temp               0.22     0.2304  
    Hash::Merge              0.12     0.200   
    List::Util               1.16     1.47    
    Module::Find             0.07     0.13    
    Moo                      2.000    2.003000
    MRO::Compat              0.12     0.12    
    namespace::clean         0.24     0.27    
    Package::Stash           0.28     0.37    
    Path::Class              0.18     0.37    
    perl                     5.008001 5.025007
    Scope::Guard             0.03     0.21    
    SQL::Abstract            1.81     1.81    
    Sub::Name                0.04     0.21    
    Test::Deep               0.101    1.126   
    Test::Exception          0.31     0.43    
    Test::More               0.94     1.302075
    Test::Warn               0.21     0.32    
    Text::Balanced           2.00     2.03    
    Try::Tiny                0.07     0.28    

build_requires:

    Module                   Need     Have    
    ------------------------ -------- --------
    DBD::SQLite              1.29     1.54    
    ExtUtils::MakeMaker      6.59     7.24    
    File::Temp               0.22     0.2304  
    Package::Stash           0.28     0.37    
    Test::Deep               0.101    1.126   
    Test::Exception          0.31     0.43    
    Test::More               0.94     1.302075
    Test::Warn               0.21     0.32    

configure_requires:

    Module                   Need     Have    
    ------------------------ -------- --------
    ExtUtils::MakeMaker      6.59     7.24    


------------------------------
ENVIRONMENT AND OTHER CONTEXT
------------------------------

Environment variables:

    AUTOMATED_TESTING = 1
    LANG = en_US.UTF-8
    LC_ALL = POSIX
    LDFLAGS = 
    PATH = /Users/hornenj/perl5/perlbrew/bin:/Users/hornenj/perl5/perlbrew/perls/perl-5.25.7/bin:/Users/hornenj/perl5/perlbrew/bin:/Users/hornenj/bin:/sw/lib/perl5/ExtUtils:/sw/bin:/am/ncbiapdata/bin:/usr/bin:/bin:/usr/X11R6/bin:/netopt/ncbi_tools/bin:/usr/local/ncbi/blast/bin:/net/traces01.be-md.ncbi.nlm.nih.gov/trace_software/vdb/mac/release/x86_64/bin
    PERL5LIB = /Users/hornenj/.cpan/build/SQL-Abstract-1.81-0/blib/arch:/Users/hornenj/.cpan/build/SQL-Abstract-1.81-0/blib/lib:/Users/hornenj/.cpan/build/Hash-Merge-0.200-1/blib/arch:/Users/hornenj/.cpan/build/Hash-Merge-0.200-1/blib/lib:/Users/hornenj/.cpan/build/Data-Page-2.02-0/blib/arch:/Users/hornenj/.cpan/build/Data-Page-2.02-0/blib/lib:/Users/hornenj/.cpan/build/Context-Preserve-0.01-0/blib/arch:/Users/hornenj/.cpan/build/Context-Preserve-0.01-0/blib/lib:/Users/hornenj/.cpan/build/Config-Any-0.27-0/blib/arch:/Users/hornenj/.cpan/build/Config-Any-0.27-0/blib/lib:/Users/hornenj/.cpan/build/Class-C3-Componentised-1.001000-0/blib/arch:/Users/hornenj/.cpan/build/Class-C3-Componentised-1.001000-0/blib/lib:/Users/hornenj/.cpan/build/Class-C3-0.32-0/blib/arch:/Users/hornenj/.cpan/build/Class-C3-0.32-0/blib/lib:/Users/hornenj/.cpan/build/Algorithm-C3-0.10-0/blib/arch:/Users/hornenj/.cpan/build/Algorithm-C3-0.10-0/blib/lib:/Users/hornenj/.cpan/build/Class-Accessor-Grouped-0.10012-0/blib/arch:/Users/hornenj/.cpan/build/Class-Accessor-Grouped-0.10012-0/blib/lib:/Users/hornenj/.cpan/build/CLASS-1.00-0/blib/arch:/Users/hornenj/.cpan/build/CLASS-1.00-0/blib/lib:/Users/hornenj/.cpan/build/App-Cache-0.37-0/blib/arch:/Users/hornenj/.cpan/build/App-Cache-0.37-0/blib/lib:/Users/hornenj/.cpan/build/Archive-Any-0.0945-0/blib/arch:/Users/hornenj/.cpan/build/Archive-Any-0.0945-0/blib/lib:/Users/hornenj/.cpan/build/Module-Find-0.13-0/blib/arch:/Users/hornenj/.cpan/build/Module-Find-0.13-0/blib/lib:/Users/hornenj/.cpan/build/File-MMagic-1.30-0/blib/arch:/Users/hornenj/.cpan/build/File-MMagic-1.30-0/blib/lib
    PERL5OPT = 
    PERL5_CPANPLUS_IS_RUNNING = 63948
    PERL5_CPAN_IS_RUNNING = 63948
    PERL5_MINISMOKEBOX = 0.58
    PERLBREW_BASHRC_VERSION = 0.77
    PERLBREW_HOME = /Users/hornenj/.perlbrew
    PERLBREW_LIB = 
    PERLBREW_MANPATH = /Users/hornenj/perl5/perlbrew/perls/perl-5.25.7/man
    PERLBREW_PATH = /Users/hornenj/perl5/perlbrew/bin:/Users/hornenj/perl5/perlbrew/perls/perl-5.25.7/bin
    PERLBREW_PERL = perl-5.25.7
    PERLBREW_ROOT = /Users/hornenj/perl5/perlbrew
    PERLBREW_VERSION = 0.77
    PERL_EXTUTILS_AUTOINSTALL = --defaultdeps
    PERL_LOCAL_LIB_ROOT = 
    PERL_MM_USE_DEFAULT = 1
    SHELL = /bin/sh
    TERM = xterm-256color
    TMPDIR = /var/folders/pz/pd7y1qjs6s3cbk170cw50fjc000c61/T/
    ac_cv_path_INTLTOOL_PERL = /usr/bin/perl

Perl special variables (and OS-specific diagnostics, for MSWin32):

    $^X = /Users/hornenj/perl5/perlbrew/perls/perl-5.25.7/bin/perl5.25.7
    $UID/$EUID = 12481 / 12481
    $GID = 14 14 5344 37191 527 37223 241
    $EGID = 14 14 5344 37191 527 37223 241

Perl module toolchain versions installed:

    Module              Have    
    ------------------- --------
    CPAN                2.14    
    CPAN::Meta          2.150010
    Cwd                 3.66    
    ExtUtils::CBuilder  0.280225
    ExtUtils::Command   7.24    
    ExtUtils::Install   2.04    
    ExtUtils::MakeMaker 7.24    
    ExtUtils::Manifest  1.70    
    ExtUtils::ParseXS   3.33    
    File::Spec          3.66    
    JSON                2.90    
    JSON::PP            2.27400 
    Module::Build       0.4220  
    Module::Signature   n/a     
    Parse::CPAN::Meta   2.150010
    Test::Harness       3.36_01 
    Test::More          1.302075
    YAML                1.21    
    YAML::Syck          1.29    
    version             0.9917  


--

Summary of my perl5 (revision 5 version 25 subversion 7) configuration:
   
  Platform:
    osname=darwin
    osvers=15.6.0
    archname=darwin-thread-multi-2level
    uname='darwin ncbimac2027 15.6.0 darwin kernel version 15.6.0: wed nov 2 20:30:56 pdt 2016; root:xnu-3248.60.11.1.2~2release_x86_64 x86_64 '
    config_args='-de -Dprefix=/Users/hornenj/perl5/perlbrew/perls/perl-5.25.7 -Duseithreads -Dusemultiplicity -Dusedevel -Dusedevel -Accflags=-O2 -W -Wformat=2 -Wswitch -Wshadow -Wwrite-strings -Wuninitialized -Wall -pipe -mtune=native -march=native -fomit-frame-pointer -msse2 -msse -mmmx -pedantic -D_FORTIFY_SOURCE=2 -Wpointer-arith -Wstrict-prototypes -fstack-protector -Wstack-protector -Wextra -Wbad-function-cast -Wcast-align -Wcast-qual -Wdisabled-optimization -Wendif-labels -Wfloat-equal -Wformat-nonliteral -Winline -Wmissing-declarations -Wmissing-prototypes -Wnested-externs -Wpointer-arith -Wundef -Wformat-security -fassociative-math -Acc=cc -Aeval:scriptdir=/Users/hornenj/perl5/perlbrew/perls/perl-5.25.7/bin'
    hint=recommended
    useposix=true
    d_sigaction=define
    useithreads=define
    usemultiplicity=define
    use64bitint=define
    use64bitall=define
    uselongdouble=undef
    usemymalloc=n
    bincompat5005=undef
  Compiler:
    cc=' cc'
    ccflags ='-fno-common -DPERL_DARWIN -O2 -W -Wformat=2 -Wswitch -Wshadow -Wwrite-strings -Wuninitialized -Wall -pipe -mtune=native -march=native -fomit-frame-pointer -msse2 -msse -mmmx -pedantic -D_FORTIFY_SOURCE=2 -Wpointer-arith -Wstrict-prototypes -fstack-protector -Wstack-protector -Wextra -Wbad-function-cast -Wcast-align -Wcast-qual -Wdisabled-optimization -Wendif-labels -Wfloat-equal -Wformat-nonliteral -Winline -Wmissing-declarations -Wmissing-prototypes -Wnested-externs -Wpointer-arith -Wundef -Wformat-security -fassociative-math -fno-strict-aliasing -fstack-protector-strong -I/usr/local/include'
    optimize='-O3'
    cppflags='-fno-common -DPERL_DARWIN -O2 -W -Wformat=2 -Wswitch -Wshadow -Wwrite-strings -Wuninitialized -Wall -pipe -mtune=native -march=native -fomit-frame-pointer -msse2 -msse -mmmx -pedantic -D_FORTIFY_SOURCE=2 -Wpointer-arith -Wstrict-prototypes -fstack-protector -Wstack-protector -Wextra -Wbad-function-cast -Wcast-align -Wcast-qual -Wdisabled-optimization -Wendif-labels -Wfloat-equal -Wformat-nonliteral -Winline -Wmissing-declarations -Wmissing-prototypes -Wnested-externs -Wpointer-arith -Wundef -Wformat-security -fassociative-math -fno-strict-aliasing -fstack-protector-strong -I/usr/local/include'
    ccversion=''
    gccversion='4.2.1 Compatible Apple LLVM 8.0.0 (clang-800.0.42.1)'
    gccosandvers=''
    intsize=4
    longsize=8
    ptrsize=8
    doublesize=8
    byteorder=12345678
    doublekind=3
    d_longlong=define
    longlongsize=8
    d_longdbl=define
    longdblsize=16
    longdblkind=3
    ivtype='long'
    ivsize=8
    nvtype='double'
    nvsize=8
    Off_t='off_t'
    lseeksize=8
    alignbytes=8
    prototype=define
  Linker and Libraries:
    ld='env MACOSX_DEPLOYMENT_TARGET=10.3 cc'
    ldflags =' -fstack-protector-strong -L/usr/local/lib'
    libpth=/usr/local/lib /Applications/Xcode.app/Contents/Developer/Toolchains/XcodeDefault.xctoolchain/usr/bin/../lib/clang/8.0.0/lib /Applications/Xcode.app/Contents/Developer/Toolchains/XcodeDefault.xctoolchain/usr/lib /usr/lib
    libs=-lpthread -ldbm -ldl -lm -lutil -lc
    perllibs=-lpthread -ldl -lm -lutil -lc
    libc=
    so=dylib
    useshrplib=false
    libperl=libperl.a
    gnulibc_version=''
  Dynamic Linking:
    dlsrc=dl_dlopen.xs
    dlext=bundle
    d_dlsymun=undef
    ccdlflags=' '
    cccdlflags=' '
    lddlflags=' -bundle -undefined dynamic_lookup -L/usr/local/lib -fstack-protector-strong'


Characteristics of this binary (from libperl): 
  Compile-time options:
    HAS_TIMES
    MULTIPLICITY
    PERLIO_LAYERS
    PERL_COPY_ON_WRITE
    PERL_DONT_CREATE_GVSV
    PERL_HASH_FUNC_ONE_AT_A_TIME_HARD
    PERL_IMPLICIT_CONTEXT
    PERL_MALLOC_WRAP
    PERL_OP_PARENT
    PERL_PRESERVE_IVUV
    PERL_USE_DEVEL
    USE_64_BIT_ALL
    USE_64_BIT_INT
    USE_ITHREADS
    USE_LARGE_FILES
    USE_LOCALE
    USE_LOCALE_COLLATE
    USE_LOCALE_CTYPE
    USE_LOCALE_NUMERIC
    USE_LOCALE_TIME
    USE_PERLIO
    USE_PERL_ATOF
    USE_REENTRANT_API
  Locally applied patches:
    Devel::PatchPerl 1.30
  Built under darwin
  Compiled at Dec 23 2016 07:28:31
  %ENV:
    PERL5LIB="/Users/hornenj/.cpan/build/SQL-Abstract-1.81-0/blib/arch:/Users/hornenj/.cpan/build/SQL-Abstract-1.81-0/blib/lib:/Users/hornenj/.cpan/build/Hash-Merge-0.200-1/blib/arch:/Users/hornenj/.cpan/build/Hash-Merge-0.200-1/blib/lib:/Users/hornenj/.cpan/build/Data-Page-2.02-0/blib/arch:/Users/hornenj/.cpan/build/Data-Page-2.02-0/blib/lib:/Users/hornenj/.cpan/build/Context-Preserve-0.01-0/blib/arch:/Users/hornenj/.cpan/build/Context-Preserve-0.01-0/blib/lib:/Users/hornenj/.cpan/build/Config-Any-0.27-0/blib/arch:/Users/hornenj/.cpan/build/Config-Any-0.27-0/blib/lib:/Users/hornenj/.cpan/build/Class-C3-Componentised-1.001000-0/blib/arch:/Users/hornenj/.cpan/build/Class-C3-Componentised-1.001000-0/blib/lib:/Users/hornenj/.cpan/build/Class-C3-0.32-0/blib/arch:/Users/hornenj/.cpan/build/Class-C3-0.32-0/blib/lib:/Users/hornenj/.cpan/build/Algorithm-C3-0.10-0/blib/arch:/Users/hornenj/.cpan/build/Algorithm-C3-0.10-0/blib/lib:/Users/hornenj/.cpan/build/Class-Accessor-Grouped-0.10012-0/blib/arch:/Users/hornenj/.cpan/build/Class-Accessor-Grouped-0.10012-0/blib/lib:/Users/hornenj/.cpan/build/CLASS-1.00-0/blib/arch:/Users/hornenj/.cpan/build/CLASS-1.00-0/blib/lib:/Users/hornenj/.cpan/build/App-Cache-0.37-0/blib/arch:/Users/hornenj/.cpan/build/App-Cache-0.37-0/blib/lib:/Users/hornenj/.cpan/build/Archive-Any-0.0945-0/blib/arch:/Users/hornenj/.cpan/build/Archive-Any-0.0945-0/blib/lib:/Users/hornenj/.cpan/build/Module-Find-0.13-0/blib/arch:/Users/hornenj/.cpan/build/Module-Find-0.13-0/blib/lib:/Users/hornenj/.cpan/build/File-MMagic-1.30-0/blib/arch:/Users/hornenj/.cpan/build/File-MMagic-1.30-0/blib/lib"
    PERL5OPT=""
    PERL5_CPANPLUS_IS_RUNNING="63948"
    PERL5_CPAN_IS_RUNNING="63948"
    PERL5_MINISMOKEBOX="0.58"
    PERLBREW_BASHRC_VERSION="0.77"
    PERLBREW_HOME="/Users/hornenj/.perlbrew"
    PERLBREW_LIB=""
    PERLBREW_MANPATH="/Users/hornenj/perl5/perlbrew/perls/perl-5.25.7/man"
    PERLBREW_PATH="/Users/hornenj/perl5/perlbrew/bin:/Users/hornenj/perl5/perlbrew/perls/perl-5.25.7/bin"
    PERLBREW_PERL="perl-5.25.7"
    PERLBREW_ROOT="/Users/hornenj/perl5/perlbrew"
    PERLBREW_VERSION="0.77"
    PERL_EXTUTILS_AUTOINSTALL="--defaultdeps"
    PERL_LOCAL_LIB_ROOT=""
    PERL_MM_USE_DEFAULT="1"
  @INC:
    /Users/hornenj/.cpan/build/SQL-Abstract-1.81-0/blib/arch
    /Users/hornenj/.cpan/build/SQL-Abstract-1.81-0/blib/lib
    /Users/hornenj/.cpan/build/Hash-Merge-0.200-1/blib/arch
    /Users/hornenj/.cpan/build/Hash-Merge-0.200-1/blib/lib
    /Users/hornenj/.cpan/build/Data-Page-2.02-0/blib/arch
    /Users/hornenj/.cpan/build/Data-Page-2.02-0/blib/lib
    /Users/hornenj/.cpan/build/Context-Preserve-0.01-0/blib/arch
    /Users/hornenj/.cpan/build/Context-Preserve-0.01-0/blib/lib
    /Users/hornenj/.cpan/build/Config-Any-0.27-0/blib/arch
    /Users/hornenj/.cpan/build/Config-Any-0.27-0/blib/lib
    /Users/hornenj/.cpan/build/Class-C3-Componentised-1.001000-0/blib/arch
    /Users/hornenj/.cpan/build/Class-C3-Componentised-1.001000-0/blib/lib
    /Users/hornenj/.cpan/build/Class-C3-0.32-0/blib/arch
    /Users/hornenj/.cpan/build/Class-C3-0.32-0/blib/lib
    /Users/hornenj/.cpan/build/Algorithm-C3-0.10-0/blib/arch
    /Users/hornenj/.cpan/build/Algorithm-C3-0.10-0/blib/lib
    /Users/hornenj/.cpan/build/Class-Accessor-Grouped-0.10012-0/blib/arch
    /Users/hornenj/.cpan/build/Class-Accessor-Grouped-0.10012-0/blib/lib
    /Users/hornenj/.cpan/build/CLASS-1.00-0/blib/arch
    /Users/hornenj/.cpan/build/CLASS-1.00-0/blib/lib
    /Users/hornenj/.cpan/build/App-Cache-0.37-0/blib/arch
    /Users/hornenj/.cpan/build/App-Cache-0.37-0/blib/lib
    /Users/hornenj/.cpan/build/Archive-Any-0.0945-0/blib/arch
    /Users/hornenj/.cpan/build/Archive-Any-0.0945-0/blib/lib
    /Users/hornenj/.cpan/build/Module-Find-0.13-0/blib/arch
    /Users/hornenj/.cpan/build/Module-Find-0.13-0/blib/lib
    /Users/hornenj/.cpan/build/File-MMagic-1.30-0/blib/arch
    /Users/hornenj/.cpan/build/File-MMagic-1.30-0/blib/lib
    /Users/hornenj/perl5/perlbrew/perls/perl-5.25.7/lib/site_perl/5.25.7/darwin-thread-multi-2level
    /Users/hornenj/perl5/perlbrew/perls/perl-5.25.7/lib/site_perl/5.25.7
    /Users/hornenj/perl5/perlbrew/perls/perl-5.25.7/lib/5.25.7/darwin-thread-multi-2level
    /Users/hornenj/perl5/perlbrew/perls/perl-5.25.7/lib/5.25.7
    .