DBIx-Class-EncodedColumn v0.00018 Perl 5 v5.30.0 MSWin32-x86-multi-thread-64int

Status
Fail
From
gregor herrmann
Dist
DBIx-Class-EncodedColumn v0.00018
Platform
Perl 5 v5.30.0 MSWin32-x86-multi-thread-64int
Date
2019-09-16 22:17:01
ID
70b12f20-6cda-1014-933b-7b9322f5f1aa
This distribution has been tested as part of the CPAN Testers
project, supporting the Perl programming language.  See
http://wiki.cpantesters.org/ for more information or email
questions to cpan-testers-discuss@perl.org


--
Dear Wallace Reis,

This is a computer-generated report for DBIx-Class-EncodedColumn-0.00018
on perl 5.30.0, created by CPAN-Reporter-1.2018.

Thank you for uploading your work to CPAN.  However, there was a problem
testing your distribution.

If you think this report is invalid, please consult the CPAN Testers Wiki
for suggestions on how to avoid getting FAIL reports for missing library
or binary dependencies, unsupported operating systems, and so on:

http://wiki.cpantesters.org/wiki/CPANAuthorNotes

Sections of this report:

    * Tester comments
    * Program output
    * Prerequisites
    * Environment and other context

------------------------------
TESTER COMMENTS
------------------------------

Additional comments from tester:

this report is from an automated smoke testing program
and was not reviewed by a human for accuracy

------------------------------
PROGRAM OUTPUT
------------------------------

Output from 'C:\Strawberry\perl\bin\perl.exe ./Build test':

t/author-pod-syntax.t ....... skipped: these tests are for testing by the author
t/author/timestamp.t ........ skipped: Crypt::Eksblowfish::Bcrypt not available
{UNKNOWN}: Can't locate DBIx/Class/TimeStamp.pm in @INC (you may need to install the DBIx::Class::TimeStamp module) (@INC contains: C:\cpan\build\DBIx-Class-EncodedColumn-0.00018-0\t\lib C:\cpan\build\DBIx-Class-EncodedColumn-0.00018-0\blib\arch C:\cpan\build\DBIx-Class-EncodedColumn-0.00018-0\blib\lib C:\cpan\build\Dir-Self-0.11-0/blib/arch C:\cpan\build\Dir-Self-0.11-0/blib/lib C:/Strawberry/perl/site/lib C:/Strawberry/perl/vendor/lib C:/Strawberry/perl/lib .) at C:/Strawberry/perl/vendor/lib/Class/C3/Componentised.pm line 146.
 at C:/Strawberry/perl/lib/base.pm line 137.
Compilation failed in require at C:/Strawberry/perl/lib/base.pm line 137.
	...propagated at C:/Strawberry/perl/lib/base.pm line 159.
BEGIN failed--compilation aborted at C:\cpan\build\DBIx-Class-EncodedColumn-0.00018-0\t\lib/DigestTest/Schema/WithTimeStampChild.pm line 6.
Compilation failed in require at C:/Strawberry/perl/vendor/lib/Class/C3/Componentised.pm line 146. at C:/Strawberry/perl/vendor/lib/Class/C3/Componentised.pm line 151
t/author/timestamp_order.t .. 
Dubious, test returned 2 (wstat 512, 0x200)
No subtests run 
t/bcrypt.t .................. skipped: Crypt::Eksblowfish::Bcrypt not available
t/class_level_encoders.t .... ok
t/crypt.t ................... ok
t/digest_sha.t .............. ok
t/open_pgp.t ................ skipped: Crypt::OpenPGP not available
t/whirlpool.t ............... ok

Test Summary Report
-------------------
t/author/timestamp_order.t (Wstat: 512 Tests: 0 Failed: 0)
  Non-zero exit status: 2
  Parse errors: No plan found in TAP output
Files=9, Tests=50, 48 wallclock secs ( 0.16 usr +  0.03 sys =  0.19 CPU)
Result: FAIL

------------------------------
PREREQUISITES
------------------------------

Prerequisite modules loaded:

requires:

    Module              Need    Have    
    ------------------- ------- --------
    DBIx::Class         0.06002 0.082841
    Encode              0       3.01    
    Sub::Name           0.04    0.21    

build_requires:

    Module              Need    Have    
    ------------------- ------- --------
    DBD::SQLite         0       1.62    
    Dir::Self           0       0.11    
    File::Spec          0       3.78    
    File::Temp          0       0.2309  
    Test::Exception     0       0.43    
    Test::More          0       1.302168

configure_requires:

    Module              Need    Have    
    ------------------- ------- --------
    Module::Build::Tiny 0.034   0.039   


------------------------------
ENVIRONMENT AND OTHER CONTEXT
------------------------------

Environment variables:

    AUTOMATED_TESTING = 1
    COMSPEC = C:\WINDOWS.0\system32\cmd.exe
    NONINTERACTIVE_TESTING = 1
    NUMBER_OF_PROCESSORS = 1
    PATH = C:\WINDOWS.0\system32;C:\strawberry\c\bin;C:\strawberry\perl\site\bin;C:\strawberry\perl\bin
    PERL5LIB = C:\cpan\build\Dir-Self-0.11-0/blib/arch;C:\cpan\build\Dir-Self-0.11-0/blib/lib
    PERL5OPT = 
    PERL5_CPANPLUS_IS_RUNNING = 1000
    PERL5_CPAN_IS_RUNNING = 1000
    PERL5_CPAN_IS_RUNNING_IN_RECURSION = 1652,1000
    PERL_CR_SMOKER_CURRENT = DBIx-Class-EncodedColumn-0.00018
    PERL_EXTUTILS_AUTOINSTALL = --defaultdeps
    PERL_MM_USE_DEFAULT = 1
    PERL_USE_UNSAFE_INC = 1
    PROCESSOR_IDENTIFIER = x86 Family 6 Model 14 Stepping 8, GenuineIntel
    TEMP = C:\DOKUME~1\smoker\LOKALE~1\Temp
    TERM = dumb

Perl special variables (and OS-specific diagnostics, for MSWin32):

    $^X = C:\Strawberry\perl\bin\perl.exe
    $UID/$EUID = 0 / 0
    $GID = 0
    $EGID = 0
    Win32::GetOSName = WinXP/.Net
    Win32::GetOSVersion = Service Pack 3, 5, 1, 2600, 2, 3, 0, 256, 1
    Win32::FsType = NTFS
    Win32::IsAdminUser = 1

Perl module toolchain versions installed:

    Module              Have    
    ------------------- --------
    CPAN                2.26    
    CPAN::Meta          2.150010
    Cwd                 3.78    
    ExtUtils::CBuilder  0.280231
    ExtUtils::Command   7.39_01 
    ExtUtils::Install   2.14    
    ExtUtils::MakeMaker 7.39_01 
    ExtUtils::Manifest  1.72    
    ExtUtils::ParseXS   3.40    
    File::Spec          3.78    
    JSON                4.02    
    JSON::PP            4.02    
    Module::Build       0.4229  
    Module::Signature   n/a     
    Parse::CPAN::Meta   2.150010
    Test::Harness       3.42    
    Test::More          1.302168
    YAML                1.29    
    YAML::Syck          n/a     
    version             0.9924  


--

Summary of my perl5 (revision 5 version 30 subversion 0) configuration:
   
  Platform:
    osname=MSWin32
    osvers=10.0.17763.529
    archname=MSWin32-x86-multi-thread-64int
    uname='Win32 strawberry-perl 5.30.0.1 #1 Thu May 23 09:43:53 2019 i386'
    config_args='undef'
    hint=recommended
    useposix=true
    d_sigaction=undef
    useithreads=define
    usemultiplicity=define
    use64bitint=define
    use64bitall=undef
    uselongdouble=undef
    usemymalloc=n
    default_inc_excludes_dot=define
    bincompat5005=undef
  Compiler:
    cc='gcc'
    ccflags =' -s -O2 -DWIN32 -D__USE_MINGW_ANSI_STDIO -DPERL_TEXTMODE_SCRIPTS -DPERL_IMPLICIT_CONTEXT -DPERL_IMPLICIT_SYS -DUSE_PERLIO -fwrapv -fno-strict-aliasing -mms-bitfields'
    optimize='-s -O2'
    cppflags='-DWIN32'
    ccversion=''
    gccversion='8.3.0'
    gccosandvers=''
    intsize=4
    longsize=4
    ptrsize=4
    doublesize=8
    byteorder=12345678
    doublekind=3
    d_longlong=define
    longlongsize=8
    d_longdbl=define
    longdblsize=12
    longdblkind=3
    ivtype='long long'
    ivsize=8
    nvtype='double'
    nvsize=8
    Off_t='long long'
    lseeksize=8
    alignbytes=8
    prototype=define
  Linker and Libraries:
    ld='g++'
    ldflags ='-s -L"C:\STRAWB~1\perl\lib\CORE" -L"C:\STRAWB~1\c\lib"'
    libpth=C:\STRAWB~1\c\lib C:\STRAWB~1\c\i686-w64-mingw32\lib C:\STRAWB~1\c\lib\gcc\i686-w64-mingw32\8.3.0
    libs= -lmoldname -lkernel32 -luser32 -lgdi32 -lwinspool -lcomdlg32 -ladvapi32 -lshell32 -lole32 -loleaut32 -lnetapi32 -luuid -lws2_32 -lmpr -lwinmm -lversion -lodbc32 -lodbccp32 -lcomctl32
    perllibs= -lmoldname -lkernel32 -luser32 -lgdi32 -lwinspool -lcomdlg32 -ladvapi32 -lshell32 -lole32 -loleaut32 -lnetapi32 -luuid -lws2_32 -lmpr -lwinmm -lversion -lodbc32 -lodbccp32 -lcomctl32
    libc=
    so=dll
    useshrplib=true
    libperl=libperl530.a
    gnulibc_version=''
  Dynamic Linking:
    dlsrc=dl_win32.xs
    dlext=xs.dll
    d_dlsymun=undef
    ccdlflags=' '
    cccdlflags=' '
    lddlflags='-mdll -s -L"C:\STRAWB~1\perl\lib\CORE" -L"C:\STRAWB~1\c\lib"'


Characteristics of this binary (from libperl): 
  Compile-time options:
    HAS_TIMES
    HAVE_INTERP_INTERN
    MULTIPLICITY
    PERLIO_LAYERS
    PERL_COPY_ON_WRITE
    PERL_DONT_CREATE_GVSV
    PERL_IMPLICIT_CONTEXT
    PERL_IMPLICIT_SYS
    PERL_MALLOC_WRAP
    PERL_OP_PARENT
    PERL_PRESERVE_IVUV
    USE_64_BIT_INT
    USE_ITHREADS
    USE_LARGE_FILES
    USE_LOCALE
    USE_LOCALE_COLLATE
    USE_LOCALE_CTYPE
    USE_LOCALE_NUMERIC
    USE_LOCALE_TIME
    USE_PERLIO
    USE_PERL_ATOF
  Built under MSWin32
  Compiled at May 23 2019 09:49:35
  %ENV:
    PERL5LIB="C:\cpan\build\Dir-Self-0.11-0/blib/arch;C:\cpan\build\Dir-Self-0.11-0/blib/lib"
    PERL5_CPANPLUS_IS_RUNNING="1000"
    PERL5_CPAN_IS_RUNNING="1000"
    PERL5_CPAN_IS_RUNNING_IN_RECURSION="1652,1000"
    PERL_CR_SMOKER_CURRENT="DBIx-Class-EncodedColumn-0.00018"
    PERL_EXTUTILS_AUTOINSTALL="--defaultdeps"
    PERL_MM_USE_DEFAULT="1"
    PERL_USE_UNSAFE_INC="1"
  @INC:
    C:\cpan\build\Dir-Self-0.11-0/blib/arch
    C:\cpan\build\Dir-Self-0.11-0/blib/lib
    C:/Strawberry/perl/site/lib
    C:/Strawberry/perl/vendor/lib
    C:/Strawberry/perl/lib
    .