cPanel-TaskQueue v0.903 Perl 5 v5.8.8 x86_64-linux-thread-multi-ld

Status
Fail
From
Andreas J. König (ANDK)
Dist
cPanel-TaskQueue v0.903
Platform
Perl 5 v5.8.8 x86_64-linux-thread-multi-ld
Date
2022-04-30 15:44:38
ID
712f723a-c89c-11ec-8eae-328484b7b698
This distribution has been tested as part of the CPAN Testers
project, supporting the Perl programming language.  See
http://wiki.cpantesters.org/ for more information or email
questions to cpan-testers-discuss@perl.org


--
Dear cPanel, L. L. C.,

This is a computer-generated report for cPanel-TaskQueue-0.903
on perl 5.8.8, created by CPAN-Reporter-1.2018.

Thank you for uploading your work to CPAN.  However, there was a problem
testing your distribution.

If you think this report is invalid, please consult the CPAN Testers Wiki
for suggestions on how to avoid getting FAIL reports for missing library
or binary dependencies, unsupported operating systems, and so on:

http://wiki.cpantesters.org/wiki/CPANAuthorNotes

Sections of this report:

    * Tester comments
    * Program output
    * Prerequisites
    * Environment and other context

------------------------------
TESTER COMMENTS
------------------------------

Additional comments from tester:

this report is from an automated smoke testing program
and was not reviewed by a human for accuracy

------------------------------
PROGRAM OUTPUT
------------------------------

Output from '/usr/bin/make test':

PERL_DL_NONLAZY=1 "/home/sand/src/perl/repoperls/installed-perls/host/k93msid/perl-5.8.8/3889/bin/perl" "-MExtUtils::Command::MM" "-MTest::Harness" "-e" "undef *Test::Harness::Switches; test_harness(0, 'blib/lib', 'blib/arch')" t/*.t

#   Failed test 'use cPanel::TaskQueue;'
#   at t/00.load.t line 4.
#     Tried to use 'cPanel::TaskQueue'.
#     Error:  Global symbol "$task_list" requires explicit package name at /tmp/loop_over_bdir-4282-WeDi67/cPanel-TaskQueue-0.903-0/blib/lib/cPanel/TaskQueue.pm line 320.
# Global symbol "$task_list" requires explicit package name at /tmp/loop_over_bdir-4282-WeDi67/cPanel-TaskQueue-0.903-0/blib/lib/cPanel/TaskQueue.pm line 320.
# Global symbol "$task_list" requires explicit package name at /tmp/loop_over_bdir-4282-WeDi67/cPanel-TaskQueue-0.903-0/blib/lib/cPanel/TaskQueue.pm line 320.
# Global symbol "$meta" requires explicit package name at /tmp/loop_over_bdir-4282-WeDi67/cPanel-TaskQueue-0.903-0/blib/lib/cPanel/TaskQueue.pm line 363.
# Global symbol "$meta" requires explicit package name at /tmp/loop_over_bdir-4282-WeDi67/cPanel-TaskQueue-0.903-0/blib/lib/cPanel/TaskQueue.pm line 364.
# Global symbol "$meta" requires explicit package name at /tmp/loop_over_bdir-4282-WeDi67/cPanel-TaskQueue-0.903-0/blib/lib/cPanel/TaskQueue.pm line 364.
# Global symbol "$self" requires explicit package name at /tmp/loop_over_bdir-4282-WeDi67/cPanel-TaskQueue-0.903-0/blib/lib/cPanel/TaskQueue.pm line 366.
# Global symbol "$fh" requires explicit package name at /tmp/loop_over_bdir-4282-WeDi67/cPanel-TaskQueue-0.903-0/blib/lib/cPanel/TaskQueue.pm line 366.
# Global symbol "$meta" requires explicit package name at /tmp/loop_over_bdir-4282-WeDi67/cPanel-TaskQueue-0.903-0/blib/lib/cPanel/TaskQueue.pm line 366.
# Unmatched right curly bracket at /tmp/loop_over_bdir-4282-WeDi67/cPanel-TaskQueue-0.903-0/blib/lib/cPanel/TaskQueue.pm line 936, at end of line
# /tmp/loop_over_bdir-4282-WeDi67/cPanel-TaskQueue-0.903-0/blib/lib/cPanel/TaskQueue.pm has too many errors.
# Compilation failed in require at t/00.load.t line 4.
# BEGIN failed--compilation aborted at t/00.load.t line 4.
# Testing cPanel::TaskQueue 
# Looks like you failed 1 test of 1.
t/00.load.t ................................. 
Dubious, test returned 1 (wstat 256, 0x100)
Failed 1/1 subtests 
t/author-pod-syntax.t ....................... skipped: these tests are for testing by the author
t/statefile_bad_call_unlocked.t ............. ok
t/statefile_bad_policy.t .................... ok
t/statefile_filelocker_abandoned.t .......... ok
t/statefile_filelocker_bad_locks.t .......... ok
t/statefile_filelocker_bad_unlock.t ......... ok
t/statefile_filelocker_empty_lockfile.t ..... ok
t/statefile_filelocker_expired_lockfile.t ... ok
t/statefile_filelocker_new.t ................ ok
t/statefile_filelocker_pid_clash.t .......... ok
t/statefile_filelocker_unlock_empty.t ....... ok
t/statefile_load.t .......................... ok
t/statefile_load_save.t ..................... ok
t/statefile_logging_policy.t ................ ok
t/statefile_new_bad_args.t .................. ok
Global symbol "$task_list" requires explicit package name at /tmp/loop_over_bdir-4282-WeDi67/cPanel-TaskQueue-0.903-0/blib/lib/cPanel/TaskQueue.pm line 320.
Global symbol "$task_list" requires explicit package name at /tmp/loop_over_bdir-4282-WeDi67/cPanel-TaskQueue-0.903-0/blib/lib/cPanel/TaskQueue.pm line 320.
Global symbol "$task_list" requires explicit package name at /tmp/loop_over_bdir-4282-WeDi67/cPanel-TaskQueue-0.903-0/blib/lib/cPanel/TaskQueue.pm line 320.
Global symbol "$meta" requires explicit package name at /tmp/loop_over_bdir-4282-WeDi67/cPanel-TaskQueue-0.903-0/blib/lib/cPanel/TaskQueue.pm line 363.
Global symbol "$meta" requires explicit package name at /tmp/loop_over_bdir-4282-WeDi67/cPanel-TaskQueue-0.903-0/blib/lib/cPanel/TaskQueue.pm line 364.
Global symbol "$meta" requires explicit package name at /tmp/loop_over_bdir-4282-WeDi67/cPanel-TaskQueue-0.903-0/blib/lib/cPanel/TaskQueue.pm line 364.
Global symbol "$self" requires explicit package name at /tmp/loop_over_bdir-4282-WeDi67/cPanel-TaskQueue-0.903-0/blib/lib/cPanel/TaskQueue.pm line 366.
Global symbol "$fh" requires explicit package name at /tmp/loop_over_bdir-4282-WeDi67/cPanel-TaskQueue-0.903-0/blib/lib/cPanel/TaskQueue.pm line 366.
Global symbol "$meta" requires explicit package name at /tmp/loop_over_bdir-4282-WeDi67/cPanel-TaskQueue-0.903-0/blib/lib/cPanel/TaskQueue.pm line 366.
Unmatched right curly bracket at /tmp/loop_over_bdir-4282-WeDi67/cPanel-TaskQueue-0.903-0/blib/lib/cPanel/TaskQueue.pm line 936, at end of line
/tmp/loop_over_bdir-4282-WeDi67/cPanel-TaskQueue-0.903-0/blib/lib/cPanel/TaskQueue.pm has too many errors.
Compilation failed in require at t/taskqueue_bad_statefile.t line 12.
BEGIN failed--compilation aborted at t/taskqueue_bad_statefile.t line 12.
# Looks like your test exited with 9 before it could output anything.
t/taskqueue_bad_statefile.t ................. 
Dubious, test returned 9 (wstat 2304, 0x900)
Failed 7/7 subtests 
Global symbol "$task_list" requires explicit package name at /tmp/loop_over_bdir-4282-WeDi67/cPanel-TaskQueue-0.903-0/blib/lib/cPanel/TaskQueue.pm line 320.
Global symbol "$task_list" requires explicit package name at /tmp/loop_over_bdir-4282-WeDi67/cPanel-TaskQueue-0.903-0/blib/lib/cPanel/TaskQueue.pm line 320.
Global symbol "$task_list" requires explicit package name at /tmp/loop_over_bdir-4282-WeDi67/cPanel-TaskQueue-0.903-0/blib/lib/cPanel/TaskQueue.pm line 320.
Global symbol "$meta" requires explicit package name at /tmp/loop_over_bdir-4282-WeDi67/cPanel-TaskQueue-0.903-0/blib/lib/cPanel/TaskQueue.pm line 363.
Global symbol "$meta" requires explicit package name at /tmp/loop_over_bdir-4282-WeDi67/cPanel-TaskQueue-0.903-0/blib/lib/cPanel/TaskQueue.pm line 364.
Global symbol "$meta" requires explicit package name at /tmp/loop_over_bdir-4282-WeDi67/cPanel-TaskQueue-0.903-0/blib/lib/cPanel/TaskQueue.pm line 364.
Global symbol "$self" requires explicit package name at /tmp/loop_over_bdir-4282-WeDi67/cPanel-TaskQueue-0.903-0/blib/lib/cPanel/TaskQueue.pm line 366.
Global symbol "$fh" requires explicit package name at /tmp/loop_over_bdir-4282-WeDi67/cPanel-TaskQueue-0.903-0/blib/lib/cPanel/TaskQueue.pm line 366.
Global symbol "$meta" requires explicit package name at /tmp/loop_over_bdir-4282-WeDi67/cPanel-TaskQueue-0.903-0/blib/lib/cPanel/TaskQueue.pm line 366.
Unmatched right curly bracket at /tmp/loop_over_bdir-4282-WeDi67/cPanel-TaskQueue-0.903-0/blib/lib/cPanel/TaskQueue.pm line 936, at end of line
/tmp/loop_over_bdir-4282-WeDi67/cPanel-TaskQueue-0.903-0/blib/lib/cPanel/TaskQueue.pm has too many errors.
Compilation failed in require at t/taskqueue_bad_yaml_statefile.t line 12.
BEGIN failed--compilation aborted at t/taskqueue_bad_yaml_statefile.t line 12.
# Looks like your test exited with 9 before it could output anything.
t/taskqueue_bad_yaml_statefile.t ............ 
Dubious, test returned 9 (wstat 2304, 0x900)
Failed 7/7 subtests 
Global symbol "$task_list" requires explicit package name at /tmp/loop_over_bdir-4282-WeDi67/cPanel-TaskQueue-0.903-0/blib/lib/cPanel/TaskQueue.pm line 320.
Global symbol "$task_list" requires explicit package name at /tmp/loop_over_bdir-4282-WeDi67/cPanel-TaskQueue-0.903-0/blib/lib/cPanel/TaskQueue.pm line 320.
Global symbol "$task_list" requires explicit package name at /tmp/loop_over_bdir-4282-WeDi67/cPanel-TaskQueue-0.903-0/blib/lib/cPanel/TaskQueue.pm line 320.
Global symbol "$meta" requires explicit package name at /tmp/loop_over_bdir-4282-WeDi67/cPanel-TaskQueue-0.903-0/blib/lib/cPanel/TaskQueue.pm line 363.
Global symbol "$meta" requires explicit package name at /tmp/loop_over_bdir-4282-WeDi67/cPanel-TaskQueue-0.903-0/blib/lib/cPanel/TaskQueue.pm line 364.
Global symbol "$meta" requires explicit package name at /tmp/loop_over_bdir-4282-WeDi67/cPanel-TaskQueue-0.903-0/blib/lib/cPanel/TaskQueue.pm line 364.
Global symbol "$self" requires explicit package name at /tmp/loop_over_bdir-4282-WeDi67/cPanel-TaskQueue-0.903-0/blib/lib/cPanel/TaskQueue.pm line 366.
Global symbol "$fh" requires explicit package name at /tmp/loop_over_bdir-4282-WeDi67/cPanel-TaskQueue-0.903-0/blib/lib/cPanel/TaskQueue.pm line 366.
Global symbol "$meta" requires explicit package name at /tmp/loop_over_bdir-4282-WeDi67/cPanel-TaskQueue-0.903-0/blib/lib/cPanel/TaskQueue.pm line 366.
Unmatched right curly bracket at /tmp/loop_over_bdir-4282-WeDi67/cPanel-TaskQueue-0.903-0/blib/lib/cPanel/TaskQueue.pm line 936, at end of line
/tmp/loop_over_bdir-4282-WeDi67/cPanel-TaskQueue-0.903-0/blib/lib/cPanel/TaskQueue.pm has too many errors.
Compilation failed in require at t/taskqueue_basics.t line 13.
BEGIN failed--compilation aborted at t/taskqueue_basics.t line 13.
# Looks like your test exited with 9 before it could output anything.
t/taskqueue_basics.t ........................ 
Dubious, test returned 9 (wstat 2304, 0x900)
Failed 42/42 subtests 
Global symbol "$task_list" requires explicit package name at /tmp/loop_over_bdir-4282-WeDi67/cPanel-TaskQueue-0.903-0/blib/lib/cPanel/TaskQueue.pm line 320.
Global symbol "$task_list" requires explicit package name at /tmp/loop_over_bdir-4282-WeDi67/cPanel-TaskQueue-0.903-0/blib/lib/cPanel/TaskQueue.pm line 320.
Global symbol "$task_list" requires explicit package name at /tmp/loop_over_bdir-4282-WeDi67/cPanel-TaskQueue-0.903-0/blib/lib/cPanel/TaskQueue.pm line 320.
Global symbol "$meta" requires explicit package name at /tmp/loop_over_bdir-4282-WeDi67/cPanel-TaskQueue-0.903-0/blib/lib/cPanel/TaskQueue.pm line 363.
Global symbol "$meta" requires explicit package name at /tmp/loop_over_bdir-4282-WeDi67/cPanel-TaskQueue-0.903-0/blib/lib/cPanel/TaskQueue.pm line 364.
Global symbol "$meta" requires explicit package name at /tmp/loop_over_bdir-4282-WeDi67/cPanel-TaskQueue-0.903-0/blib/lib/cPanel/TaskQueue.pm line 364.
Global symbol "$self" requires explicit package name at /tmp/loop_over_bdir-4282-WeDi67/cPanel-TaskQueue-0.903-0/blib/lib/cPanel/TaskQueue.pm line 366.
Global symbol "$fh" requires explicit package name at /tmp/loop_over_bdir-4282-WeDi67/cPanel-TaskQueue-0.903-0/blib/lib/cPanel/TaskQueue.pm line 366.
Global symbol "$meta" requires explicit package name at /tmp/loop_over_bdir-4282-WeDi67/cPanel-TaskQueue-0.903-0/blib/lib/cPanel/TaskQueue.pm line 366.
Unmatched right curly bracket at /tmp/loop_over_bdir-4282-WeDi67/cPanel-TaskQueue-0.903-0/blib/lib/cPanel/TaskQueue.pm line 936, at end of line
/tmp/loop_over_bdir-4282-WeDi67/cPanel-TaskQueue-0.903-0/blib/lib/cPanel/TaskQueue.pm has too many errors.
Compilation failed in require at /tmp/loop_over_bdir-4282-WeDi67/cPanel-TaskQueue-0.903-0/blib/lib/cPanel/TaskQueue/Scheduler.pm line 9.
BEGIN failed--compilation aborted at /tmp/loop_over_bdir-4282-WeDi67/cPanel-TaskQueue-0.903-0/blib/lib/cPanel/TaskQueue/Scheduler.pm line 9.
Compilation failed in require at /tmp/loop_over_bdir-4282-WeDi67/cPanel-TaskQueue-0.903-0/blib/lib/cPanel/TaskQueue/ChildProcessor.pm line 7.
BEGIN failed--compilation aborted at /tmp/loop_over_bdir-4282-WeDi67/cPanel-TaskQueue-0.903-0/blib/lib/cPanel/TaskQueue/ChildProcessor.pm line 7.
Compilation failed in require at t/taskqueue_child_processor.t line 7.
BEGIN failed--compilation aborted at t/taskqueue_child_processor.t line 7.
# Looks like your test exited with 9 before it could output anything.
t/taskqueue_child_processor.t ............... 
Dubious, test returned 9 (wstat 2304, 0x900)
Failed 6/6 subtests 
Global symbol "$task_list" requires explicit package name at /tmp/loop_over_bdir-4282-WeDi67/cPanel-TaskQueue-0.903-0/blib/lib/cPanel/TaskQueue.pm line 320.
Global symbol "$task_list" requires explicit package name at /tmp/loop_over_bdir-4282-WeDi67/cPanel-TaskQueue-0.903-0/blib/lib/cPanel/TaskQueue.pm line 320.
Global symbol "$task_list" requires explicit package name at /tmp/loop_over_bdir-4282-WeDi67/cPanel-TaskQueue-0.903-0/blib/lib/cPanel/TaskQueue.pm line 320.
Global symbol "$meta" requires explicit package name at /tmp/loop_over_bdir-4282-WeDi67/cPanel-TaskQueue-0.903-0/blib/lib/cPanel/TaskQueue.pm line 363.
Global symbol "$meta" requires explicit package name at /tmp/loop_over_bdir-4282-WeDi67/cPanel-TaskQueue-0.903-0/blib/lib/cPanel/TaskQueue.pm line 364.
Global symbol "$meta" requires explicit package name at /tmp/loop_over_bdir-4282-WeDi67/cPanel-TaskQueue-0.903-0/blib/lib/cPanel/TaskQueue.pm line 364.
Global symbol "$self" requires explicit package name at /tmp/loop_over_bdir-4282-WeDi67/cPanel-TaskQueue-0.903-0/blib/lib/cPanel/TaskQueue.pm line 366.
Global symbol "$fh" requires explicit package name at /tmp/loop_over_bdir-4282-WeDi67/cPanel-TaskQueue-0.903-0/blib/lib/cPanel/TaskQueue.pm line 366.
Global symbol "$meta" requires explicit package name at /tmp/loop_over_bdir-4282-WeDi67/cPanel-TaskQueue-0.903-0/blib/lib/cPanel/TaskQueue.pm line 366.
Unmatched right curly bracket at /tmp/loop_over_bdir-4282-WeDi67/cPanel-TaskQueue-0.903-0/blib/lib/cPanel/TaskQueue.pm line 936, at end of line
/tmp/loop_over_bdir-4282-WeDi67/cPanel-TaskQueue-0.903-0/blib/lib/cPanel/TaskQueue.pm has too many errors.
Compilation failed in require at /tmp/loop_over_bdir-4282-WeDi67/cPanel-TaskQueue-0.903-0/blib/lib/cPanel/TaskQueue/Ctrl.pm line 6.
BEGIN failed--compilation aborted at /tmp/loop_over_bdir-4282-WeDi67/cPanel-TaskQueue-0.903-0/blib/lib/cPanel/TaskQueue/Ctrl.pm line 6.
Compilation failed in require at t/taskqueue_ctrl.t line 15.
BEGIN failed--compilation aborted at t/taskqueue_ctrl.t line 15.
# Looks like your test exited with 9 before it could output anything.
t/taskqueue_ctrl.t .......................... 
Dubious, test returned 9 (wstat 2304, 0x900)
Failed 86/86 subtests 
Global symbol "$task_list" requires explicit package name at /tmp/loop_over_bdir-4282-WeDi67/cPanel-TaskQueue-0.903-0/blib/lib/cPanel/TaskQueue.pm line 320.
Global symbol "$task_list" requires explicit package name at /tmp/loop_over_bdir-4282-WeDi67/cPanel-TaskQueue-0.903-0/blib/lib/cPanel/TaskQueue.pm line 320.
Global symbol "$task_list" requires explicit package name at /tmp/loop_over_bdir-4282-WeDi67/cPanel-TaskQueue-0.903-0/blib/lib/cPanel/TaskQueue.pm line 320.
Global symbol "$meta" requires explicit package name at /tmp/loop_over_bdir-4282-WeDi67/cPanel-TaskQueue-0.903-0/blib/lib/cPanel/TaskQueue.pm line 363.
Global symbol "$meta" requires explicit package name at /tmp/loop_over_bdir-4282-WeDi67/cPanel-TaskQueue-0.903-0/blib/lib/cPanel/TaskQueue.pm line 364.
Global symbol "$meta" requires explicit package name at /tmp/loop_over_bdir-4282-WeDi67/cPanel-TaskQueue-0.903-0/blib/lib/cPanel/TaskQueue.pm line 364.
Global symbol "$self" requires explicit package name at /tmp/loop_over_bdir-4282-WeDi67/cPanel-TaskQueue-0.903-0/blib/lib/cPanel/TaskQueue.pm line 366.
Global symbol "$fh" requires explicit package name at /tmp/loop_over_bdir-4282-WeDi67/cPanel-TaskQueue-0.903-0/blib/lib/cPanel/TaskQueue.pm line 366.
Global symbol "$meta" requires explicit package name at /tmp/loop_over_bdir-4282-WeDi67/cPanel-TaskQueue-0.903-0/blib/lib/cPanel/TaskQueue.pm line 366.
Unmatched right curly bracket at /tmp/loop_over_bdir-4282-WeDi67/cPanel-TaskQueue-0.903-0/blib/lib/cPanel/TaskQueue.pm line 936, at end of line
/tmp/loop_over_bdir-4282-WeDi67/cPanel-TaskQueue-0.903-0/blib/lib/cPanel/TaskQueue.pm has too many errors.
Compilation failed in require at t/taskqueue_deferral_bug.t line 14.
BEGIN failed--compilation aborted at t/taskqueue_deferral_bug.t line 14.
t/taskqueue_deferral_bug.t .................. skipped: (no reason given)
Global symbol "$task_list" requires explicit package name at /tmp/loop_over_bdir-4282-WeDi67/cPanel-TaskQueue-0.903-0/blib/lib/cPanel/TaskQueue.pm line 320.
Global symbol "$task_list" requires explicit package name at /tmp/loop_over_bdir-4282-WeDi67/cPanel-TaskQueue-0.903-0/blib/lib/cPanel/TaskQueue.pm line 320.
Global symbol "$task_list" requires explicit package name at /tmp/loop_over_bdir-4282-WeDi67/cPanel-TaskQueue-0.903-0/blib/lib/cPanel/TaskQueue.pm line 320.
Global symbol "$meta" requires explicit package name at /tmp/loop_over_bdir-4282-WeDi67/cPanel-TaskQueue-0.903-0/blib/lib/cPanel/TaskQueue.pm line 363.
Global symbol "$meta" requires explicit package name at /tmp/loop_over_bdir-4282-WeDi67/cPanel-TaskQueue-0.903-0/blib/lib/cPanel/TaskQueue.pm line 364.
Global symbol "$meta" requires explicit package name at /tmp/loop_over_bdir-4282-WeDi67/cPanel-TaskQueue-0.903-0/blib/lib/cPanel/TaskQueue.pm line 364.
Global symbol "$self" requires explicit package name at /tmp/loop_over_bdir-4282-WeDi67/cPanel-TaskQueue-0.903-0/blib/lib/cPanel/TaskQueue.pm line 366.
Global symbol "$fh" requires explicit package name at /tmp/loop_over_bdir-4282-WeDi67/cPanel-TaskQueue-0.903-0/blib/lib/cPanel/TaskQueue.pm line 366.
Global symbol "$meta" requires explicit package name at /tmp/loop_over_bdir-4282-WeDi67/cPanel-TaskQueue-0.903-0/blib/lib/cPanel/TaskQueue.pm line 366.
Unmatched right curly bracket at /tmp/loop_over_bdir-4282-WeDi67/cPanel-TaskQueue-0.903-0/blib/lib/cPanel/TaskQueue.pm line 936, at end of line
/tmp/loop_over_bdir-4282-WeDi67/cPanel-TaskQueue-0.903-0/blib/lib/cPanel/TaskQueue.pm has too many errors.
Compilation failed in require at t/taskqueue_delete_unprocessed.t line 12.
BEGIN failed--compilation aborted at t/taskqueue_delete_unprocessed.t line 12.
# Looks like your test exited with 9 before it could output anything.
t/taskqueue_delete_unprocessed.t ............ 
Dubious, test returned 9 (wstat 2304, 0x900)
Failed 6/6 subtests 
Global symbol "$task_list" requires explicit package name at /tmp/loop_over_bdir-4282-WeDi67/cPanel-TaskQueue-0.903-0/blib/lib/cPanel/TaskQueue.pm line 320.
Global symbol "$task_list" requires explicit package name at /tmp/loop_over_bdir-4282-WeDi67/cPanel-TaskQueue-0.903-0/blib/lib/cPanel/TaskQueue.pm line 320.
Global symbol "$task_list" requires explicit package name at /tmp/loop_over_bdir-4282-WeDi67/cPanel-TaskQueue-0.903-0/blib/lib/cPanel/TaskQueue.pm line 320.
Global symbol "$meta" requires explicit package name at /tmp/loop_over_bdir-4282-WeDi67/cPanel-TaskQueue-0.903-0/blib/lib/cPanel/TaskQueue.pm line 363.
Global symbol "$meta" requires explicit package name at /tmp/loop_over_bdir-4282-WeDi67/cPanel-TaskQueue-0.903-0/blib/lib/cPanel/TaskQueue.pm line 364.
Global symbol "$meta" requires explicit package name at /tmp/loop_over_bdir-4282-WeDi67/cPanel-TaskQueue-0.903-0/blib/lib/cPanel/TaskQueue.pm line 364.
Global symbol "$self" requires explicit package name at /tmp/loop_over_bdir-4282-WeDi67/cPanel-TaskQueue-0.903-0/blib/lib/cPanel/TaskQueue.pm line 366.
Global symbol "$fh" requires explicit package name at /tmp/loop_over_bdir-4282-WeDi67/cPanel-TaskQueue-0.903-0/blib/lib/cPanel/TaskQueue.pm line 366.
Global symbol "$meta" requires explicit package name at /tmp/loop_over_bdir-4282-WeDi67/cPanel-TaskQueue-0.903-0/blib/lib/cPanel/TaskQueue.pm line 366.
Unmatched right curly bracket at /tmp/loop_over_bdir-4282-WeDi67/cPanel-TaskQueue-0.903-0/blib/lib/cPanel/TaskQueue.pm line 936, at end of line
/tmp/loop_over_bdir-4282-WeDi67/cPanel-TaskQueue-0.903-0/blib/lib/cPanel/TaskQueue.pm has too many errors.
Compilation failed in require at t/taskqueue_dupes_and_overrides.t line 13.
BEGIN failed--compilation aborted at t/taskqueue_dupes_and_overrides.t line 13.
# Looks like your test exited with 9 before it could output anything.
t/taskqueue_dupes_and_overrides.t ........... 
Dubious, test returned 9 (wstat 2304, 0x900)
Failed 39/39 subtests 
Global symbol "$task_list" requires explicit package name at /tmp/loop_over_bdir-4282-WeDi67/cPanel-TaskQueue-0.903-0/blib/lib/cPanel/TaskQueue.pm line 320.
Global symbol "$task_list" requires explicit package name at /tmp/loop_over_bdir-4282-WeDi67/cPanel-TaskQueue-0.903-0/blib/lib/cPanel/TaskQueue.pm line 320.
Global symbol "$task_list" requires explicit package name at /tmp/loop_over_bdir-4282-WeDi67/cPanel-TaskQueue-0.903-0/blib/lib/cPanel/TaskQueue.pm line 320.
Global symbol "$meta" requires explicit package name at /tmp/loop_over_bdir-4282-WeDi67/cPanel-TaskQueue-0.903-0/blib/lib/cPanel/TaskQueue.pm line 363.
Global symbol "$meta" requires explicit package name at /tmp/loop_over_bdir-4282-WeDi67/cPanel-TaskQueue-0.903-0/blib/lib/cPanel/TaskQueue.pm line 364.
Global symbol "$meta" requires explicit package name at /tmp/loop_over_bdir-4282-WeDi67/cPanel-TaskQueue-0.903-0/blib/lib/cPanel/TaskQueue.pm line 364.
Global symbol "$self" requires explicit package name at /tmp/loop_over_bdir-4282-WeDi67/cPanel-TaskQueue-0.903-0/blib/lib/cPanel/TaskQueue.pm line 366.
Global symbol "$fh" requires explicit package name at /tmp/loop_over_bdir-4282-WeDi67/cPanel-TaskQueue-0.903-0/blib/lib/cPanel/TaskQueue.pm line 366.
Global symbol "$meta" requires explicit package name at /tmp/loop_over_bdir-4282-WeDi67/cPanel-TaskQueue-0.903-0/blib/lib/cPanel/TaskQueue.pm line 366.
Unmatched right curly bracket at /tmp/loop_over_bdir-4282-WeDi67/cPanel-TaskQueue-0.903-0/blib/lib/cPanel/TaskQueue.pm line 936, at end of line
/tmp/loop_over_bdir-4282-WeDi67/cPanel-TaskQueue-0.903-0/blib/lib/cPanel/TaskQueue.pm has too many errors.
Compilation failed in require at t/taskqueue_find_commands.t line 10.
BEGIN failed--compilation aborted at t/taskqueue_find_commands.t line 10.
# Looks like your test exited with 9 before it could output anything.
t/taskqueue_find_commands.t ................. 
Dubious, test returned 9 (wstat 2304, 0x900)
Failed 10/10 subtests 
Global symbol "$task_list" requires explicit package name at /tmp/loop_over_bdir-4282-WeDi67/cPanel-TaskQueue-0.903-0/blib/lib/cPanel/TaskQueue.pm line 320.
Global symbol "$task_list" requires explicit package name at /tmp/loop_over_bdir-4282-WeDi67/cPanel-TaskQueue-0.903-0/blib/lib/cPanel/TaskQueue.pm line 320.
Global symbol "$task_list" requires explicit package name at /tmp/loop_over_bdir-4282-WeDi67/cPanel-TaskQueue-0.903-0/blib/lib/cPanel/TaskQueue.pm line 320.
Global symbol "$meta" requires explicit package name at /tmp/loop_over_bdir-4282-WeDi67/cPanel-TaskQueue-0.903-0/blib/lib/cPanel/TaskQueue.pm line 363.
Global symbol "$meta" requires explicit package name at /tmp/loop_over_bdir-4282-WeDi67/cPanel-TaskQueue-0.903-0/blib/lib/cPanel/TaskQueue.pm line 364.
Global symbol "$meta" requires explicit package name at /tmp/loop_over_bdir-4282-WeDi67/cPanel-TaskQueue-0.903-0/blib/lib/cPanel/TaskQueue.pm line 364.
Global symbol "$self" requires explicit package name at /tmp/loop_over_bdir-4282-WeDi67/cPanel-TaskQueue-0.903-0/blib/lib/cPanel/TaskQueue.pm line 366.
Global symbol "$fh" requires explicit package name at /tmp/loop_over_bdir-4282-WeDi67/cPanel-TaskQueue-0.903-0/blib/lib/cPanel/TaskQueue.pm line 366.
Global symbol "$meta" requires explicit package name at /tmp/loop_over_bdir-4282-WeDi67/cPanel-TaskQueue-0.903-0/blib/lib/cPanel/TaskQueue.pm line 366.
Unmatched right curly bracket at /tmp/loop_over_bdir-4282-WeDi67/cPanel-TaskQueue-0.903-0/blib/lib/cPanel/TaskQueue.pm line 936, at end of line
/tmp/loop_over_bdir-4282-WeDi67/cPanel-TaskQueue-0.903-0/blib/lib/cPanel/TaskQueue.pm has too many errors.
Compilation failed in require at t/taskqueue_find_task.t line 13.
BEGIN failed--compilation aborted at t/taskqueue_find_task.t line 13.
# Looks like your test exited with 9 before it could output anything.
t/taskqueue_find_task.t ..................... 
Dubious, test returned 9 (wstat 2304, 0x900)
Failed 20/20 subtests 

#   Failed test 'use cPanel::TaskQueue;'
#   at t/taskqueue_load.t line 9.
#     Tried to use 'cPanel::TaskQueue'.
#     Error:  Global symbol "$task_list" requires explicit package name at /tmp/loop_over_bdir-4282-WeDi67/cPanel-TaskQueue-0.903-0/blib/lib/cPanel/TaskQueue.pm line 320.
# Global symbol "$task_list" requires explicit package name at /tmp/loop_over_bdir-4282-WeDi67/cPanel-TaskQueue-0.903-0/blib/lib/cPanel/TaskQueue.pm line 320.
# Global symbol "$task_list" requires explicit package name at /tmp/loop_over_bdir-4282-WeDi67/cPanel-TaskQueue-0.903-0/blib/lib/cPanel/TaskQueue.pm line 320.
# Global symbol "$meta" requires explicit package name at /tmp/loop_over_bdir-4282-WeDi67/cPanel-TaskQueue-0.903-0/blib/lib/cPanel/TaskQueue.pm line 363.
# Global symbol "$meta" requires explicit package name at /tmp/loop_over_bdir-4282-WeDi67/cPanel-TaskQueue-0.903-0/blib/lib/cPanel/TaskQueue.pm line 364.
# Global symbol "$meta" requires explicit package name at /tmp/loop_over_bdir-4282-WeDi67/cPanel-TaskQueue-0.903-0/blib/lib/cPanel/TaskQueue.pm line 364.
# Global symbol "$self" requires explicit package name at /tmp/loop_over_bdir-4282-WeDi67/cPanel-TaskQueue-0.903-0/blib/lib/cPanel/TaskQueue.pm line 366.
# Global symbol "$fh" requires explicit package name at /tmp/loop_over_bdir-4282-WeDi67/cPanel-TaskQueue-0.903-0/blib/lib/cPanel/TaskQueue.pm line 366.
# Global symbol "$meta" requires explicit package name at /tmp/loop_over_bdir-4282-WeDi67/cPanel-TaskQueue-0.903-0/blib/lib/cPanel/TaskQueue.pm line 366.
# Unmatched right curly bracket at /tmp/loop_over_bdir-4282-WeDi67/cPanel-TaskQueue-0.903-0/blib/lib/cPanel/TaskQueue.pm line 936, at end of line
# /tmp/loop_over_bdir-4282-WeDi67/cPanel-TaskQueue-0.903-0/blib/lib/cPanel/TaskQueue.pm has too many errors.
# Compilation failed in require at t/taskqueue_load.t line 9.
# BEGIN failed--compilation aborted at t/taskqueue_load.t line 9.
# Looks like you failed 1 test of 1.
t/taskqueue_load.t .......................... 
Dubious, test returned 1 (wstat 256, 0x100)
Failed 1/1 subtests 
Global symbol "$task_list" requires explicit package name at /tmp/loop_over_bdir-4282-WeDi67/cPanel-TaskQueue-0.903-0/blib/lib/cPanel/TaskQueue.pm line 320.
Global symbol "$task_list" requires explicit package name at /tmp/loop_over_bdir-4282-WeDi67/cPanel-TaskQueue-0.903-0/blib/lib/cPanel/TaskQueue.pm line 320.
Global symbol "$task_list" requires explicit package name at /tmp/loop_over_bdir-4282-WeDi67/cPanel-TaskQueue-0.903-0/blib/lib/cPanel/TaskQueue.pm line 320.
Global symbol "$meta" requires explicit package name at /tmp/loop_over_bdir-4282-WeDi67/cPanel-TaskQueue-0.903-0/blib/lib/cPanel/TaskQueue.pm line 363.
Global symbol "$meta" requires explicit package name at /tmp/loop_over_bdir-4282-WeDi67/cPanel-TaskQueue-0.903-0/blib/lib/cPanel/TaskQueue.pm line 364.
Global symbol "$meta" requires explicit package name at /tmp/loop_over_bdir-4282-WeDi67/cPanel-TaskQueue-0.903-0/blib/lib/cPanel/TaskQueue.pm line 364.
Global symbol "$self" requires explicit package name at /tmp/loop_over_bdir-4282-WeDi67/cPanel-TaskQueue-0.903-0/blib/lib/cPanel/TaskQueue.pm line 366.
Global symbol "$fh" requires explicit package name at /tmp/loop_over_bdir-4282-WeDi67/cPanel-TaskQueue-0.903-0/blib/lib/cPanel/TaskQueue.pm line 366.
Global symbol "$meta" requires explicit package name at /tmp/loop_over_bdir-4282-WeDi67/cPanel-TaskQueue-0.903-0/blib/lib/cPanel/TaskQueue.pm line 366.
Unmatched right curly bracket at /tmp/loop_over_bdir-4282-WeDi67/cPanel-TaskQueue-0.903-0/blib/lib/cPanel/TaskQueue.pm line 936, at end of line
/tmp/loop_over_bdir-4282-WeDi67/cPanel-TaskQueue-0.903-0/blib/lib/cPanel/TaskQueue.pm has too many errors.
Compilation failed in require at t/taskqueue_logging_policy.t line 15.
BEGIN failed--compilation aborted at t/taskqueue_logging_policy.t line 15.
# Looks like your test exited with 9 before it could output anything.
t/taskqueue_logging_policy.t ................ 
Dubious, test returned 9 (wstat 2304, 0x900)
Failed 10/10 subtests 
Global symbol "$task_list" requires explicit package name at /tmp/loop_over_bdir-4282-WeDi67/cPanel-TaskQueue-0.903-0/blib/lib/cPanel/TaskQueue.pm line 320.
Global symbol "$task_list" requires explicit package name at /tmp/loop_over_bdir-4282-WeDi67/cPanel-TaskQueue-0.903-0/blib/lib/cPanel/TaskQueue.pm line 320.
Global symbol "$task_list" requires explicit package name at /tmp/loop_over_bdir-4282-WeDi67/cPanel-TaskQueue-0.903-0/blib/lib/cPanel/TaskQueue.pm line 320.
Global symbol "$meta" requires explicit package name at /tmp/loop_over_bdir-4282-WeDi67/cPanel-TaskQueue-0.903-0/blib/lib/cPanel/TaskQueue.pm line 363.
Global symbol "$meta" requires explicit package name at /tmp/loop_over_bdir-4282-WeDi67/cPanel-TaskQueue-0.903-0/blib/lib/cPanel/TaskQueue.pm line 364.
Global symbol "$meta" requires explicit package name at /tmp/loop_over_bdir-4282-WeDi67/cPanel-TaskQueue-0.903-0/blib/lib/cPanel/TaskQueue.pm line 364.
Global symbol "$self" requires explicit package name at /tmp/loop_over_bdir-4282-WeDi67/cPanel-TaskQueue-0.903-0/blib/lib/cPanel/TaskQueue.pm line 366.
Global symbol "$fh" requires explicit package name at /tmp/loop_over_bdir-4282-WeDi67/cPanel-TaskQueue-0.903-0/blib/lib/cPanel/TaskQueue.pm line 366.
Global symbol "$meta" requires explicit package name at /tmp/loop_over_bdir-4282-WeDi67/cPanel-TaskQueue-0.903-0/blib/lib/cPanel/TaskQueue.pm line 366.
Unmatched right curly bracket at /tmp/loop_over_bdir-4282-WeDi67/cPanel-TaskQueue-0.903-0/blib/lib/cPanel/TaskQueue.pm line 936, at end of line
/tmp/loop_over_bdir-4282-WeDi67/cPanel-TaskQueue-0.903-0/blib/lib/cPanel/TaskQueue.pm has too many errors.
Compilation failed in require at t/taskqueue_long_processes.t line 16.
BEGIN failed--compilation aborted at t/taskqueue_long_processes.t line 16.
# Looks like your test exited with 9 before it could output anything.
t/taskqueue_long_processes.t ................ 
Dubious, test returned 9 (wstat 2304, 0x900)
Failed 34/34 subtests 
Global symbol "$task_list" requires explicit package name at /tmp/loop_over_bdir-4282-WeDi67/cPanel-TaskQueue-0.903-0/blib/lib/cPanel/TaskQueue.pm line 320.
Global symbol "$task_list" requires explicit package name at /tmp/loop_over_bdir-4282-WeDi67/cPanel-TaskQueue-0.903-0/blib/lib/cPanel/TaskQueue.pm line 320.
Global symbol "$task_list" requires explicit package name at /tmp/loop_over_bdir-4282-WeDi67/cPanel-TaskQueue-0.903-0/blib/lib/cPanel/TaskQueue.pm line 320.
Global symbol "$meta" requires explicit package name at /tmp/loop_over_bdir-4282-WeDi67/cPanel-TaskQueue-0.903-0/blib/lib/cPanel/TaskQueue.pm line 363.
Global symbol "$meta" requires explicit package name at /tmp/loop_over_bdir-4282-WeDi67/cPanel-TaskQueue-0.903-0/blib/lib/cPanel/TaskQueue.pm line 364.
Global symbol "$meta" requires explicit package name at /tmp/loop_over_bdir-4282-WeDi67/cPanel-TaskQueue-0.903-0/blib/lib/cPanel/TaskQueue.pm line 364.
Global symbol "$self" requires explicit package name at /tmp/loop_over_bdir-4282-WeDi67/cPanel-TaskQueue-0.903-0/blib/lib/cPanel/TaskQueue.pm line 366.
Global symbol "$fh" requires explicit package name at /tmp/loop_over_bdir-4282-WeDi67/cPanel-TaskQueue-0.903-0/blib/lib/cPanel/TaskQueue.pm line 366.
Global symbol "$meta" requires explicit package name at /tmp/loop_over_bdir-4282-WeDi67/cPanel-TaskQueue-0.903-0/blib/lib/cPanel/TaskQueue.pm line 366.
Unmatched right curly bracket at /tmp/loop_over_bdir-4282-WeDi67/cPanel-TaskQueue-0.903-0/blib/lib/cPanel/TaskQueue.pm line 936, at end of line
/tmp/loop_over_bdir-4282-WeDi67/cPanel-TaskQueue-0.903-0/blib/lib/cPanel/TaskQueue.pm has too many errors.
Compilation failed in require at t/taskqueue_missing_dir.t line 9.
BEGIN failed--compilation aborted at t/taskqueue_missing_dir.t line 9.
# Looks like your test exited with 9 before it could output anything.
t/taskqueue_missing_dir.t ................... 
Dubious, test returned 9 (wstat 2304, 0x900)
Failed 2/2 subtests 
Global symbol "$task_list" requires explicit package name at /tmp/loop_over_bdir-4282-WeDi67/cPanel-TaskQueue-0.903-0/blib/lib/cPanel/TaskQueue.pm line 320.
Global symbol "$task_list" requires explicit package name at /tmp/loop_over_bdir-4282-WeDi67/cPanel-TaskQueue-0.903-0/blib/lib/cPanel/TaskQueue.pm line 320.
Global symbol "$task_list" requires explicit package name at /tmp/loop_over_bdir-4282-WeDi67/cPanel-TaskQueue-0.903-0/blib/lib/cPanel/TaskQueue.pm line 320.
Global symbol "$meta" requires explicit package name at /tmp/loop_over_bdir-4282-WeDi67/cPanel-TaskQueue-0.903-0/blib/lib/cPanel/TaskQueue.pm line 363.
Global symbol "$meta" requires explicit package name at /tmp/loop_over_bdir-4282-WeDi67/cPanel-TaskQueue-0.903-0/blib/lib/cPanel/TaskQueue.pm line 364.
Global symbol "$meta" requires explicit package name at /tmp/loop_over_bdir-4282-WeDi67/cPanel-TaskQueue-0.903-0/blib/lib/cPanel/TaskQueue.pm line 364.
Global symbol "$self" requires explicit package name at /tmp/loop_over_bdir-4282-WeDi67/cPanel-TaskQueue-0.903-0/blib/lib/cPanel/TaskQueue.pm line 366.
Global symbol "$fh" requires explicit package name at /tmp/loop_over_bdir-4282-WeDi67/cPanel-TaskQueue-0.903-0/blib/lib/cPanel/TaskQueue.pm line 366.
Global symbol "$meta" requires explicit package name at /tmp/loop_over_bdir-4282-WeDi67/cPanel-TaskQueue-0.903-0/blib/lib/cPanel/TaskQueue.pm line 366.
Unmatched right curly bracket at /tmp/loop_over_bdir-4282-WeDi67/cPanel-TaskQueue-0.903-0/blib/lib/cPanel/TaskQueue.pm line 936, at end of line
/tmp/loop_over_bdir-4282-WeDi67/cPanel-TaskQueue-0.903-0/blib/lib/cPanel/TaskQueue.pm has too many errors.
Compilation failed in require at t/taskqueue_new_bad_args.t line 12.
BEGIN failed--compilation aborted at t/taskqueue_new_bad_args.t line 12.
# Looks like your test exited with 9 before it could output anything.
t/taskqueue_new_bad_args.t .................. 
Dubious, test returned 9 (wstat 2304, 0x900)
Failed 2/2 subtests 
Global symbol "$task_list" requires explicit package name at /tmp/loop_over_bdir-4282-WeDi67/cPanel-TaskQueue-0.903-0/blib/lib/cPanel/TaskQueue.pm line 320.
Global symbol "$task_list" requires explicit package name at /tmp/loop_over_bdir-4282-WeDi67/cPanel-TaskQueue-0.903-0/blib/lib/cPanel/TaskQueue.pm line 320.
Global symbol "$task_list" requires explicit package name at /tmp/loop_over_bdir-4282-WeDi67/cPanel-TaskQueue-0.903-0/blib/lib/cPanel/TaskQueue.pm line 320.
Global symbol "$meta" requires explicit package name at /tmp/loop_over_bdir-4282-WeDi67/cPanel-TaskQueue-0.903-0/blib/lib/cPanel/TaskQueue.pm line 363.
Global symbol "$meta" requires explicit package name at /tmp/loop_over_bdir-4282-WeDi67/cPanel-TaskQueue-0.903-0/blib/lib/cPanel/TaskQueue.pm line 364.
Global symbol "$meta" requires explicit package name at /tmp/loop_over_bdir-4282-WeDi67/cPanel-TaskQueue-0.903-0/blib/lib/cPanel/TaskQueue.pm line 364.
Global symbol "$self" requires explicit package name at /tmp/loop_over_bdir-4282-WeDi67/cPanel-TaskQueue-0.903-0/blib/lib/cPanel/TaskQueue.pm line 366.
Global symbol "$fh" requires explicit package name at /tmp/loop_over_bdir-4282-WeDi67/cPanel-TaskQueue-0.903-0/blib/lib/cPanel/TaskQueue.pm line 366.
Global symbol "$meta" requires explicit package name at /tmp/loop_over_bdir-4282-WeDi67/cPanel-TaskQueue-0.903-0/blib/lib/cPanel/TaskQueue.pm line 366.
Unmatched right curly bracket at /tmp/loop_over_bdir-4282-WeDi67/cPanel-TaskQueue-0.903-0/blib/lib/cPanel/TaskQueue.pm line 936, at end of line
/tmp/loop_over_bdir-4282-WeDi67/cPanel-TaskQueue-0.903-0/blib/lib/cPanel/TaskQueue.pm has too many errors.
Compilation failed in require at t/taskqueue_parameter_changes.t line 15.
BEGIN failed--compilation aborted at t/taskqueue_parameter_changes.t line 15.
# Looks like your test exited with 9 before it could output anything.
t/taskqueue_parameter_changes.t ............. 
Dubious, test returned 9 (wstat 2304, 0x900)
Failed 15/15 subtests 
Global symbol "$task_list" requires explicit package name at /tmp/loop_over_bdir-4282-WeDi67/cPanel-TaskQueue-0.903-0/blib/lib/cPanel/TaskQueue.pm line 320.
Global symbol "$task_list" requires explicit package name at /tmp/loop_over_bdir-4282-WeDi67/cPanel-TaskQueue-0.903-0/blib/lib/cPanel/TaskQueue.pm line 320.
Global symbol "$task_list" requires explicit package name at /tmp/loop_over_bdir-4282-WeDi67/cPanel-TaskQueue-0.903-0/blib/lib/cPanel/TaskQueue.pm line 320.
Global symbol "$meta" requires explicit package name at /tmp/loop_over_bdir-4282-WeDi67/cPanel-TaskQueue-0.903-0/blib/lib/cPanel/TaskQueue.pm line 363.
Global symbol "$meta" requires explicit package name at /tmp/loop_over_bdir-4282-WeDi67/cPanel-TaskQueue-0.903-0/blib/lib/cPanel/TaskQueue.pm line 364.
Global symbol "$meta" requires explicit package name at /tmp/loop_over_bdir-4282-WeDi67/cPanel-TaskQueue-0.903-0/blib/lib/cPanel/TaskQueue.pm line 364.
Global symbol "$self" requires explicit package name at /tmp/loop_over_bdir-4282-WeDi67/cPanel-TaskQueue-0.903-0/blib/lib/cPanel/TaskQueue.pm line 366.
Global symbol "$fh" requires explicit package name at /tmp/loop_over_bdir-4282-WeDi67/cPanel-TaskQueue-0.903-0/blib/lib/cPanel/TaskQueue.pm line 366.
Global symbol "$meta" requires explicit package name at /tmp/loop_over_bdir-4282-WeDi67/cPanel-TaskQueue-0.903-0/blib/lib/cPanel/TaskQueue.pm line 366.
Unmatched right curly bracket at /tmp/loop_over_bdir-4282-WeDi67/cPanel-TaskQueue-0.903-0/blib/lib/cPanel/TaskQueue.pm line 936, at end of line
/tmp/loop_over_bdir-4282-WeDi67/cPanel-TaskQueue-0.903-0/blib/lib/cPanel/TaskQueue.pm has too many errors.
Compilation failed in require at t/taskqueue_pausing.t line 10.
BEGIN failed--compilation aborted at t/taskqueue_pausing.t line 10.
# Looks like your test exited with 9 before it could output anything.
t/taskqueue_pausing.t ....................... 
Dubious, test returned 9 (wstat 2304, 0x900)
Failed 15/15 subtests 
Global symbol "$task_list" requires explicit package name at /tmp/loop_over_bdir-4282-WeDi67/cPanel-TaskQueue-0.903-0/blib/lib/cPanel/TaskQueue.pm line 320.
Global symbol "$task_list" requires explicit package name at /tmp/loop_over_bdir-4282-WeDi67/cPanel-TaskQueue-0.903-0/blib/lib/cPanel/TaskQueue.pm line 320.
Global symbol "$task_list" requires explicit package name at /tmp/loop_over_bdir-4282-WeDi67/cPanel-TaskQueue-0.903-0/blib/lib/cPanel/TaskQueue.pm line 320.
Global symbol "$meta" requires explicit package name at /tmp/loop_over_bdir-4282-WeDi67/cPanel-TaskQueue-0.903-0/blib/lib/cPanel/TaskQueue.pm line 363.
Global symbol "$meta" requires explicit package name at /tmp/loop_over_bdir-4282-WeDi67/cPanel-TaskQueue-0.903-0/blib/lib/cPanel/TaskQueue.pm line 364.
Global symbol "$meta" requires explicit package name at /tmp/loop_over_bdir-4282-WeDi67/cPanel-TaskQueue-0.903-0/blib/lib/cPanel/TaskQueue.pm line 364.
Global symbol "$self" requires explicit package name at /tmp/loop_over_bdir-4282-WeDi67/cPanel-TaskQueue-0.903-0/blib/lib/cPanel/TaskQueue.pm line 366.
Global symbol "$fh" requires explicit package name at /tmp/loop_over_bdir-4282-WeDi67/cPanel-TaskQueue-0.903-0/blib/lib/cPanel/TaskQueue.pm line 366.
Global symbol "$meta" requires explicit package name at /tmp/loop_over_bdir-4282-WeDi67/cPanel-TaskQueue-0.903-0/blib/lib/cPanel/TaskQueue.pm line 366.
Unmatched right curly bracket at /tmp/loop_over_bdir-4282-WeDi67/cPanel-TaskQueue-0.903-0/blib/lib/cPanel/TaskQueue.pm line 936, at end of line
/tmp/loop_over_bdir-4282-WeDi67/cPanel-TaskQueue-0.903-0/blib/lib/cPanel/TaskQueue.pm has too many errors.
Compilation failed in require at /tmp/loop_over_bdir-4282-WeDi67/cPanel-TaskQueue-0.903-0/blib/lib/cPanel/TaskQueue/PluginManager.pm line 4.
BEGIN failed--compilation aborted at /tmp/loop_over_bdir-4282-WeDi67/cPanel-TaskQueue-0.903-0/blib/lib/cPanel/TaskQueue/PluginManager.pm line 4.
Compilation failed in require at t/taskqueue_plugin_manager.t line 22.
BEGIN failed--compilation aborted at t/taskqueue_plugin_manager.t line 22.
# Looks like your test exited with 9 before it could output anything.
t/taskqueue_plugin_manager.t ................ 
Dubious, test returned 9 (wstat 2304, 0x900)
Failed 13/13 subtests 
Global symbol "$task_list" requires explicit package name at /tmp/loop_over_bdir-4282-WeDi67/cPanel-TaskQueue-0.903-0/blib/lib/cPanel/TaskQueue.pm line 320.
Global symbol "$task_list" requires explicit package name at /tmp/loop_over_bdir-4282-WeDi67/cPanel-TaskQueue-0.903-0/blib/lib/cPanel/TaskQueue.pm line 320.
Global symbol "$task_list" requires explicit package name at /tmp/loop_over_bdir-4282-WeDi67/cPanel-TaskQueue-0.903-0/blib/lib/cPanel/TaskQueue.pm line 320.
Global symbol "$meta" requires explicit package name at /tmp/loop_over_bdir-4282-WeDi67/cPanel-TaskQueue-0.903-0/blib/lib/cPanel/TaskQueue.pm line 363.
Global symbol "$meta" requires explicit package name at /tmp/loop_over_bdir-4282-WeDi67/cPanel-TaskQueue-0.903-0/blib/lib/cPanel/TaskQueue.pm line 364.
Global symbol "$meta" requires explicit package name at /tmp/loop_over_bdir-4282-WeDi67/cPanel-TaskQueue-0.903-0/blib/lib/cPanel/TaskQueue.pm line 364.
Global symbol "$self" requires explicit package name at /tmp/loop_over_bdir-4282-WeDi67/cPanel-TaskQueue-0.903-0/blib/lib/cPanel/TaskQueue.pm line 366.
Global symbol "$fh" requires explicit package name at /tmp/loop_over_bdir-4282-WeDi67/cPanel-TaskQueue-0.903-0/blib/lib/cPanel/TaskQueue.pm line 366.
Global symbol "$meta" requires explicit package name at /tmp/loop_over_bdir-4282-WeDi67/cPanel-TaskQueue-0.903-0/blib/lib/cPanel/TaskQueue.pm line 366.
Unmatched right curly bracket at /tmp/loop_over_bdir-4282-WeDi67/cPanel-TaskQueue-0.903-0/blib/lib/cPanel/TaskQueue.pm line 936, at end of line
/tmp/loop_over_bdir-4282-WeDi67/cPanel-TaskQueue-0.903-0/blib/lib/cPanel/TaskQueue.pm has too many errors.
Compilation failed in require at /tmp/loop_over_bdir-4282-WeDi67/cPanel-TaskQueue-0.903-0/blib/lib/cPanel/TaskQueue/PluginManager.pm line 4.
BEGIN failed--compilation aborted at /tmp/loop_over_bdir-4282-WeDi67/cPanel-TaskQueue-0.903-0/blib/lib/cPanel/TaskQueue/PluginManager.pm line 4.
Compilation failed in require at t/taskqueue_plugin_manager_load_all.t line 17.
BEGIN failed--compilation aborted at t/taskqueue_plugin_manager_load_all.t line 17.
t/taskqueue_plugin_manager_load_all.t ....... 
Dubious, test returned 9 (wstat 2304, 0x900)
No subtests run 
Global symbol "$task_list" requires explicit package name at /tmp/loop_over_bdir-4282-WeDi67/cPanel-TaskQueue-0.903-0/blib/lib/cPanel/TaskQueue.pm line 320.
Global symbol "$task_list" requires explicit package name at /tmp/loop_over_bdir-4282-WeDi67/cPanel-TaskQueue-0.903-0/blib/lib/cPanel/TaskQueue.pm line 320.
Global symbol "$task_list" requires explicit package name at /tmp/loop_over_bdir-4282-WeDi67/cPanel-TaskQueue-0.903-0/blib/lib/cPanel/TaskQueue.pm line 320.
Global symbol "$meta" requires explicit package name at /tmp/loop_over_bdir-4282-WeDi67/cPanel-TaskQueue-0.903-0/blib/lib/cPanel/TaskQueue.pm line 363.
Global symbol "$meta" requires explicit package name at /tmp/loop_over_bdir-4282-WeDi67/cPanel-TaskQueue-0.903-0/blib/lib/cPanel/TaskQueue.pm line 364.
Global symbol "$meta" requires explicit package name at /tmp/loop_over_bdir-4282-WeDi67/cPanel-TaskQueue-0.903-0/blib/lib/cPanel/TaskQueue.pm line 364.
Global symbol "$self" requires explicit package name at /tmp/loop_over_bdir-4282-WeDi67/cPanel-TaskQueue-0.903-0/blib/lib/cPanel/TaskQueue.pm line 366.
Global symbol "$fh" requires explicit package name at /tmp/loop_over_bdir-4282-WeDi67/cPanel-TaskQueue-0.903-0/blib/lib/cPanel/TaskQueue.pm line 366.
Global symbol "$meta" requires explicit package name at /tmp/loop_over_bdir-4282-WeDi67/cPanel-TaskQueue-0.903-0/blib/lib/cPanel/TaskQueue.pm line 366.
Unmatched right curly bracket at /tmp/loop_over_bdir-4282-WeDi67/cPanel-TaskQueue-0.903-0/blib/lib/cPanel/TaskQueue.pm line 936, at end of line
/tmp/loop_over_bdir-4282-WeDi67/cPanel-TaskQueue-0.903-0/blib/lib/cPanel/TaskQueue.pm has too many errors.
Compilation failed in require at /tmp/loop_over_bdir-4282-WeDi67/cPanel-TaskQueue-0.903-0/blib/lib/cPanel/TaskQueue/PluginManager.pm line 4.
BEGIN failed--compilation aborted at /tmp/loop_over_bdir-4282-WeDi67/cPanel-TaskQueue-0.903-0/blib/lib/cPanel/TaskQueue/PluginManager.pm line 4.
Compilation failed in require at t/taskqueue_plugin_manager_load_named.t line 12.
BEGIN failed--compilation aborted at t/taskqueue_plugin_manager_load_named.t line 12.
# Looks like your test exited with 9 before it could output anything.
t/taskqueue_plugin_manager_load_named.t ..... 
Dubious, test returned 9 (wstat 2304, 0x900)
Failed 10/10 subtests 
t/taskqueue_processor.t ..................... ok
t/taskqueue_processor_checked_system.t ...... ok
t/taskqueue_processor_deferrable.t .......... ok
Global symbol "$task_list" requires explicit package name at /tmp/loop_over_bdir-4282-WeDi67/cPanel-TaskQueue-0.903-0/blib/lib/cPanel/TaskQueue.pm line 320.
Global symbol "$task_list" requires explicit package name at /tmp/loop_over_bdir-4282-WeDi67/cPanel-TaskQueue-0.903-0/blib/lib/cPanel/TaskQueue.pm line 320.
Global symbol "$task_list" requires explicit package name at /tmp/loop_over_bdir-4282-WeDi67/cPanel-TaskQueue-0.903-0/blib/lib/cPanel/TaskQueue.pm line 320.
Global symbol "$meta" requires explicit package name at /tmp/loop_over_bdir-4282-WeDi67/cPanel-TaskQueue-0.903-0/blib/lib/cPanel/TaskQueue.pm line 363.
Global symbol "$meta" requires explicit package name at /tmp/loop_over_bdir-4282-WeDi67/cPanel-TaskQueue-0.903-0/blib/lib/cPanel/TaskQueue.pm line 364.
Global symbol "$meta" requires explicit package name at /tmp/loop_over_bdir-4282-WeDi67/cPanel-TaskQueue-0.903-0/blib/lib/cPanel/TaskQueue.pm line 364.
Global symbol "$self" requires explicit package name at /tmp/loop_over_bdir-4282-WeDi67/cPanel-TaskQueue-0.903-0/blib/lib/cPanel/TaskQueue.pm line 366.
Global symbol "$fh" requires explicit package name at /tmp/loop_over_bdir-4282-WeDi67/cPanel-TaskQueue-0.903-0/blib/lib/cPanel/TaskQueue.pm line 366.
Global symbol "$meta" requires explicit package name at /tmp/loop_over_bdir-4282-WeDi67/cPanel-TaskQueue-0.903-0/blib/lib/cPanel/TaskQueue.pm line 366.
Unmatched right curly bracket at /tmp/loop_over_bdir-4282-WeDi67/cPanel-TaskQueue-0.903-0/blib/lib/cPanel/TaskQueue.pm line 936, at end of line
/tmp/loop_over_bdir-4282-WeDi67/cPanel-TaskQueue-0.903-0/blib/lib/cPanel/TaskQueue.pm has too many errors.
Compilation failed in require at t/taskqueue_register_processors.t line 13.
BEGIN failed--compilation aborted at t/taskqueue_register_processors.t line 13.
# Looks like your test exited with 9 before it could output anything.
t/taskqueue_register_processors.t ........... 
Dubious, test returned 9 (wstat 2304, 0x900)
Failed 20/20 subtests 
Global symbol "$task_list" requires explicit package name at /tmp/loop_over_bdir-4282-WeDi67/cPanel-TaskQueue-0.903-0/blib/lib/cPanel/TaskQueue.pm line 320.
Global symbol "$task_list" requires explicit package name at /tmp/loop_over_bdir-4282-WeDi67/cPanel-TaskQueue-0.903-0/blib/lib/cPanel/TaskQueue.pm line 320.
Global symbol "$task_list" requires explicit package name at /tmp/loop_over_bdir-4282-WeDi67/cPanel-TaskQueue-0.903-0/blib/lib/cPanel/TaskQueue.pm line 320.
Global symbol "$meta" requires explicit package name at /tmp/loop_over_bdir-4282-WeDi67/cPanel-TaskQueue-0.903-0/blib/lib/cPanel/TaskQueue.pm line 363.
Global symbol "$meta" requires explicit package name at /tmp/loop_over_bdir-4282-WeDi67/cPanel-TaskQueue-0.903-0/blib/lib/cPanel/TaskQueue.pm line 364.
Global symbol "$meta" requires explicit package name at /tmp/loop_over_bdir-4282-WeDi67/cPanel-TaskQueue-0.903-0/blib/lib/cPanel/TaskQueue.pm line 364.
Global symbol "$self" requires explicit package name at /tmp/loop_over_bdir-4282-WeDi67/cPanel-TaskQueue-0.903-0/blib/lib/cPanel/TaskQueue.pm line 366.
Global symbol "$fh" requires explicit package name at /tmp/loop_over_bdir-4282-WeDi67/cPanel-TaskQueue-0.903-0/blib/lib/cPanel/TaskQueue.pm line 366.
Global symbol "$meta" requires explicit package name at /tmp/loop_over_bdir-4282-WeDi67/cPanel-TaskQueue-0.903-0/blib/lib/cPanel/TaskQueue.pm line 366.
Unmatched right curly bracket at /tmp/loop_over_bdir-4282-WeDi67/cPanel-TaskQueue-0.903-0/blib/lib/cPanel/TaskQueue.pm line 936, at end of line
/tmp/loop_over_bdir-4282-WeDi67/cPanel-TaskQueue-0.903-0/blib/lib/cPanel/TaskQueue.pm has too many errors.
Compilation failed in require at /tmp/loop_over_bdir-4282-WeDi67/cPanel-TaskQueue-0.903-0/blib/lib/cPanel/TaskQueue/Scheduler.pm line 9.
BEGIN failed--compilation aborted at /tmp/loop_over_bdir-4282-WeDi67/cPanel-TaskQueue-0.903-0/blib/lib/cPanel/TaskQueue/Scheduler.pm line 9.
Compilation failed in require at t/taskqueue_retries.t line 16.
BEGIN failed--compilation aborted at t/taskqueue_retries.t line 16.
# Looks like your test exited with 9 before it could output anything.
t/taskqueue_retries.t ....................... 
Dubious, test returned 9 (wstat 2304, 0x900)
Failed 17/17 subtests 
Global symbol "$task_list" requires explicit package name at /tmp/loop_over_bdir-4282-WeDi67/cPanel-TaskQueue-0.903-0/blib/lib/cPanel/TaskQueue.pm line 320.
Global symbol "$task_list" requires explicit package name at /tmp/loop_over_bdir-4282-WeDi67/cPanel-TaskQueue-0.903-0/blib/lib/cPanel/TaskQueue.pm line 320.
Global symbol "$task_list" requires explicit package name at /tmp/loop_over_bdir-4282-WeDi67/cPanel-TaskQueue-0.903-0/blib/lib/cPanel/TaskQueue.pm line 320.
Global symbol "$meta" requires explicit package name at /tmp/loop_over_bdir-4282-WeDi67/cPanel-TaskQueue-0.903-0/blib/lib/cPanel/TaskQueue.pm line 363.
Global symbol "$meta" requires explicit package name at /tmp/loop_over_bdir-4282-WeDi67/cPanel-TaskQueue-0.903-0/blib/lib/cPanel/TaskQueue.pm line 364.
Global symbol "$meta" requires explicit package name at /tmp/loop_over_bdir-4282-WeDi67/cPanel-TaskQueue-0.903-0/blib/lib/cPanel/TaskQueue.pm line 364.
Global symbol "$self" requires explicit package name at /tmp/loop_over_bdir-4282-WeDi67/cPanel-TaskQueue-0.903-0/blib/lib/cPanel/TaskQueue.pm line 366.
Global symbol "$fh" requires explicit package name at /tmp/loop_over_bdir-4282-WeDi67/cPanel-TaskQueue-0.903-0/blib/lib/cPanel/TaskQueue.pm line 366.
Global symbol "$meta" requires explicit package name at /tmp/loop_over_bdir-4282-WeDi67/cPanel-TaskQueue-0.903-0/blib/lib/cPanel/TaskQueue.pm line 366.
Unmatched right curly bracket at /tmp/loop_over_bdir-4282-WeDi67/cPanel-TaskQueue-0.903-0/blib/lib/cPanel/TaskQueue.pm line 936, at end of line
/tmp/loop_over_bdir-4282-WeDi67/cPanel-TaskQueue-0.903-0/blib/lib/cPanel/TaskQueue.pm has too many errors.
Compilation failed in require at /tmp/loop_over_bdir-4282-WeDi67/cPanel-TaskQueue-0.903-0/blib/lib/cPanel/TaskQueue/Scheduler.pm line 9.
BEGIN failed--compilation aborted at /tmp/loop_over_bdir-4282-WeDi67/cPanel-TaskQueue-0.903-0/blib/lib/cPanel/TaskQueue/Scheduler.pm line 9.
Compilation failed in require at t/taskqueue_scheduler.t line 17.
BEGIN failed--compilation aborted at t/taskqueue_scheduler.t line 17.
# Looks like your test exited with 9 before it could output anything.
t/taskqueue_scheduler.t ..................... 
Dubious, test returned 9 (wstat 2304, 0x900)
Failed 94/94 subtests 
Global symbol "$task_list" requires explicit package name at /tmp/loop_over_bdir-4282-WeDi67/cPanel-TaskQueue-0.903-0/blib/lib/cPanel/TaskQueue.pm line 320.
Global symbol "$task_list" requires explicit package name at /tmp/loop_over_bdir-4282-WeDi67/cPanel-TaskQueue-0.903-0/blib/lib/cPanel/TaskQueue.pm line 320.
Global symbol "$task_list" requires explicit package name at /tmp/loop_over_bdir-4282-WeDi67/cPanel-TaskQueue-0.903-0/blib/lib/cPanel/TaskQueue.pm line 320.
Global symbol "$meta" requires explicit package name at /tmp/loop_over_bdir-4282-WeDi67/cPanel-TaskQueue-0.903-0/blib/lib/cPanel/TaskQueue.pm line 363.
Global symbol "$meta" requires explicit package name at /tmp/loop_over_bdir-4282-WeDi67/cPanel-TaskQueue-0.903-0/blib/lib/cPanel/TaskQueue.pm line 364.
Global symbol "$meta" requires explicit package name at /tmp/loop_over_bdir-4282-WeDi67/cPanel-TaskQueue-0.903-0/blib/lib/cPanel/TaskQueue.pm line 364.
Global symbol "$self" requires explicit package name at /tmp/loop_over_bdir-4282-WeDi67/cPanel-TaskQueue-0.903-0/blib/lib/cPanel/TaskQueue.pm line 366.
Global symbol "$fh" requires explicit package name at /tmp/loop_over_bdir-4282-WeDi67/cPanel-TaskQueue-0.903-0/blib/lib/cPanel/TaskQueue.pm line 366.
Global symbol "$meta" requires explicit package name at /tmp/loop_over_bdir-4282-WeDi67/cPanel-TaskQueue-0.903-0/blib/lib/cPanel/TaskQueue.pm line 366.
Unmatched right curly bracket at /tmp/loop_over_bdir-4282-WeDi67/cPanel-TaskQueue-0.903-0/blib/lib/cPanel/TaskQueue.pm line 936, at end of line
/tmp/loop_over_bdir-4282-WeDi67/cPanel-TaskQueue-0.903-0/blib/lib/cPanel/TaskQueue.pm has too many errors.
Compilation failed in require at /tmp/loop_over_bdir-4282-WeDi67/cPanel-TaskQueue-0.903-0/blib/lib/cPanel/TaskQueue/Scheduler.pm line 9.
BEGIN failed--compilation aborted at /tmp/loop_over_bdir-4282-WeDi67/cPanel-TaskQueue-0.903-0/blib/lib/cPanel/TaskQueue/Scheduler.pm line 9.
Compilation failed in require at t/taskqueue_scheduler_bad_statefile.t line 12.
BEGIN failed--compilation aborted at t/taskqueue_scheduler_bad_statefile.t line 12.
# Looks like your test exited with 9 before it could output anything.
t/taskqueue_scheduler_bad_statefile.t ....... 
Dubious, test returned 9 (wstat 2304, 0x900)
Failed 7/7 subtests 
Global symbol "$task_list" requires explicit package name at /tmp/loop_over_bdir-4282-WeDi67/cPanel-TaskQueue-0.903-0/blib/lib/cPanel/TaskQueue.pm line 320.
Global symbol "$task_list" requires explicit package name at /tmp/loop_over_bdir-4282-WeDi67/cPanel-TaskQueue-0.903-0/blib/lib/cPanel/TaskQueue.pm line 320.
Global symbol "$task_list" requires explicit package name at /tmp/loop_over_bdir-4282-WeDi67/cPanel-TaskQueue-0.903-0/blib/lib/cPanel/TaskQueue.pm line 320.
Global symbol "$meta" requires explicit package name at /tmp/loop_over_bdir-4282-WeDi67/cPanel-TaskQueue-0.903-0/blib/lib/cPanel/TaskQueue.pm line 363.
Global symbol "$meta" requires explicit package name at /tmp/loop_over_bdir-4282-WeDi67/cPanel-TaskQueue-0.903-0/blib/lib/cPanel/TaskQueue.pm line 364.
Global symbol "$meta" requires explicit package name at /tmp/loop_over_bdir-4282-WeDi67/cPanel-TaskQueue-0.903-0/blib/lib/cPanel/TaskQueue.pm line 364.
Global symbol "$self" requires explicit package name at /tmp/loop_over_bdir-4282-WeDi67/cPanel-TaskQueue-0.903-0/blib/lib/cPanel/TaskQueue.pm line 366.
Global symbol "$fh" requires explicit package name at /tmp/loop_over_bdir-4282-WeDi67/cPanel-TaskQueue-0.903-0/blib/lib/cPanel/TaskQueue.pm line 366.
Global symbol "$meta" requires explicit package name at /tmp/loop_over_bdir-4282-WeDi67/cPanel-TaskQueue-0.903-0/blib/lib/cPanel/TaskQueue.pm line 366.
Unmatched right curly bracket at /tmp/loop_over_bdir-4282-WeDi67/cPanel-TaskQueue-0.903-0/blib/lib/cPanel/TaskQueue.pm line 936, at end of line
/tmp/loop_over_bdir-4282-WeDi67/cPanel-TaskQueue-0.903-0/blib/lib/cPanel/TaskQueue.pm has too many errors.
Compilation failed in require at /tmp/loop_over_bdir-4282-WeDi67/cPanel-TaskQueue-0.903-0/blib/lib/cPanel/TaskQueue/Scheduler.pm line 9.
BEGIN failed--compilation aborted at /tmp/loop_over_bdir-4282-WeDi67/cPanel-TaskQueue-0.903-0/blib/lib/cPanel/TaskQueue/Scheduler.pm line 9.
Compilation failed in require at t/taskqueue_scheduler_bad_yaml_statefile.t line 12.
BEGIN failed--compilation aborted at t/taskqueue_scheduler_bad_yaml_statefile.t line 12.
# Looks like your test exited with 9 before it could output anything.
t/taskqueue_scheduler_bad_yaml_statefile.t .. 
Dubious, test returned 9 (wstat 2304, 0x900)
Failed 7/7 subtests 
Global symbol "$task_list" requires explicit package name at /tmp/loop_over_bdir-4282-WeDi67/cPanel-TaskQueue-0.903-0/blib/lib/cPanel/TaskQueue.pm line 320.
Global symbol "$task_list" requires explicit package name at /tmp/loop_over_bdir-4282-WeDi67/cPanel-TaskQueue-0.903-0/blib/lib/cPanel/TaskQueue.pm line 320.
Global symbol "$task_list" requires explicit package name at /tmp/loop_over_bdir-4282-WeDi67/cPanel-TaskQueue-0.903-0/blib/lib/cPanel/TaskQueue.pm line 320.
Global symbol "$meta" requires explicit package name at /tmp/loop_over_bdir-4282-WeDi67/cPanel-TaskQueue-0.903-0/blib/lib/cPanel/TaskQueue.pm line 363.
Global symbol "$meta" requires explicit package name at /tmp/loop_over_bdir-4282-WeDi67/cPanel-TaskQueue-0.903-0/blib/lib/cPanel/TaskQueue.pm line 364.
Global symbol "$meta" requires explicit package name at /tmp/loop_over_bdir-4282-WeDi67/cPanel-TaskQueue-0.903-0/blib/lib/cPanel/TaskQueue.pm line 364.
Global symbol "$self" requires explicit package name at /tmp/loop_over_bdir-4282-WeDi67/cPanel-TaskQueue-0.903-0/blib/lib/cPanel/TaskQueue.pm line 366.
Global symbol "$fh" requires explicit package name at /tmp/loop_over_bdir-4282-WeDi67/cPanel-TaskQueue-0.903-0/blib/lib/cPanel/TaskQueue.pm line 366.
Global symbol "$meta" requires explicit package name at /tmp/loop_over_bdir-4282-WeDi67/cPanel-TaskQueue-0.903-0/blib/lib/cPanel/TaskQueue.pm line 366.
Unmatched right curly bracket at /tmp/loop_over_bdir-4282-WeDi67/cPanel-TaskQueue-0.903-0/blib/lib/cPanel/TaskQueue.pm line 936, at end of line
/tmp/loop_over_bdir-4282-WeDi67/cPanel-TaskQueue-0.903-0/blib/lib/cPanel/TaskQueue.pm has too many errors.
Compilation failed in require at /tmp/loop_over_bdir-4282-WeDi67/cPanel-TaskQueue-0.903-0/blib/lib/cPanel/TaskQueue/Scheduler.pm line 9.
BEGIN failed--compilation aborted at /tmp/loop_over_bdir-4282-WeDi67/cPanel-TaskQueue-0.903-0/blib/lib/cPanel/TaskQueue/Scheduler.pm line 9.
Compilation failed in require at t/taskqueue_scheduler_logging_policy.t line 15.
BEGIN failed--compilation aborted at t/taskqueue_scheduler_logging_policy.t line 15.
# Looks like your test exited with 9 before it could output anything.
t/taskqueue_scheduler_logging_policy.t ...... 
Dubious, test returned 9 (wstat 2304, 0x900)
Failed 7/7 subtests 
Global symbol "$task_list" requires explicit package name at /tmp/loop_over_bdir-4282-WeDi67/cPanel-TaskQueue-0.903-0/blib/lib/cPanel/TaskQueue.pm line 320.
Global symbol "$task_list" requires explicit package name at /tmp/loop_over_bdir-4282-WeDi67/cPanel-TaskQueue-0.903-0/blib/lib/cPanel/TaskQueue.pm line 320.
Global symbol "$task_list" requires explicit package name at /tmp/loop_over_bdir-4282-WeDi67/cPanel-TaskQueue-0.903-0/blib/lib/cPanel/TaskQueue.pm line 320.
Global symbol "$meta" requires explicit package name at /tmp/loop_over_bdir-4282-WeDi67/cPanel-TaskQueue-0.903-0/blib/lib/cPanel/TaskQueue.pm line 363.
Global symbol "$meta" requires explicit package name at /tmp/loop_over_bdir-4282-WeDi67/cPanel-TaskQueue-0.903-0/blib/lib/cPanel/TaskQueue.pm line 364.
Global symbol "$meta" requires explicit package name at /tmp/loop_over_bdir-4282-WeDi67/cPanel-TaskQueue-0.903-0/blib/lib/cPanel/TaskQueue.pm line 364.
Global symbol "$self" requires explicit package name at /tmp/loop_over_bdir-4282-WeDi67/cPanel-TaskQueue-0.903-0/blib/lib/cPanel/TaskQueue.pm line 366.
Global symbol "$fh" requires explicit package name at /tmp/loop_over_bdir-4282-WeDi67/cPanel-TaskQueue-0.903-0/blib/lib/cPanel/TaskQueue.pm line 366.
Global symbol "$meta" requires explicit package name at /tmp/loop_over_bdir-4282-WeDi67/cPanel-TaskQueue-0.903-0/blib/lib/cPanel/TaskQueue.pm line 366.
Unmatched right curly bracket at /tmp/loop_over_bdir-4282-WeDi67/cPanel-TaskQueue-0.903-0/blib/lib/cPanel/TaskQueue.pm line 936, at end of line
/tmp/loop_over_bdir-4282-WeDi67/cPanel-TaskQueue-0.903-0/blib/lib/cPanel/TaskQueue.pm has too many errors.
Compilation failed in require at /tmp/loop_over_bdir-4282-WeDi67/cPanel-TaskQueue-0.903-0/blib/lib/cPanel/TaskQueue/Scheduler.pm line 9.
BEGIN failed--compilation aborted at /tmp/loop_over_bdir-4282-WeDi67/cPanel-TaskQueue-0.903-0/blib/lib/cPanel/TaskQueue/Scheduler.pm line 9.
Compilation failed in require at t/taskqueue_scheduler_long_processes.t line 17.
BEGIN failed--compilation aborted at t/taskqueue_scheduler_long_processes.t line 17.
# Looks like your test exited with 9 before it could output anything.
t/taskqueue_scheduler_long_processes.t ...... 
Dubious, test returned 9 (wstat 2304, 0x900)
Failed 18/18 subtests 
Global symbol "$task_list" requires explicit package name at /tmp/loop_over_bdir-4282-WeDi67/cPanel-TaskQueue-0.903-0/blib/lib/cPanel/TaskQueue.pm line 320.
Global symbol "$task_list" requires explicit package name at /tmp/loop_over_bdir-4282-WeDi67/cPanel-TaskQueue-0.903-0/blib/lib/cPanel/TaskQueue.pm line 320.
Global symbol "$task_list" requires explicit package name at /tmp/loop_over_bdir-4282-WeDi67/cPanel-TaskQueue-0.903-0/blib/lib/cPanel/TaskQueue.pm line 320.
Global symbol "$meta" requires explicit package name at /tmp/loop_over_bdir-4282-WeDi67/cPanel-TaskQueue-0.903-0/blib/lib/cPanel/TaskQueue.pm line 363.
Global symbol "$meta" requires explicit package name at /tmp/loop_over_bdir-4282-WeDi67/cPanel-TaskQueue-0.903-0/blib/lib/cPanel/TaskQueue.pm line 364.
Global symbol "$meta" requires explicit package name at /tmp/loop_over_bdir-4282-WeDi67/cPanel-TaskQueue-0.903-0/blib/lib/cPanel/TaskQueue.pm line 364.
Global symbol "$self" requires explicit package name at /tmp/loop_over_bdir-4282-WeDi67/cPanel-TaskQueue-0.903-0/blib/lib/cPanel/TaskQueue.pm line 366.
Global symbol "$fh" requires explicit package name at /tmp/loop_over_bdir-4282-WeDi67/cPanel-TaskQueue-0.903-0/blib/lib/cPanel/TaskQueue.pm line 366.
Global symbol "$meta" requires explicit package name at /tmp/loop_over_bdir-4282-WeDi67/cPanel-TaskQueue-0.903-0/blib/lib/cPanel/TaskQueue.pm line 366.
Unmatched right curly bracket at /tmp/loop_over_bdir-4282-WeDi67/cPanel-TaskQueue-0.903-0/blib/lib/cPanel/TaskQueue.pm line 936, at end of line
/tmp/loop_over_bdir-4282-WeDi67/cPanel-TaskQueue-0.903-0/blib/lib/cPanel/TaskQueue.pm has too many errors.
Compilation failed in require at /tmp/loop_over_bdir-4282-WeDi67/cPanel-TaskQueue-0.903-0/blib/lib/cPanel/TaskQueue/Scheduler.pm line 9.
BEGIN failed--compilation aborted at /tmp/loop_over_bdir-4282-WeDi67/cPanel-TaskQueue-0.903-0/blib/lib/cPanel/TaskQueue/Scheduler.pm line 9.
Compilation failed in require at t/taskqueue_scheduler_token.t line 11.
BEGIN failed--compilation aborted at t/taskqueue_scheduler_token.t line 11.
# Looks like your test exited with 9 before it could output anything.
t/taskqueue_scheduler_token.t ............... 
Dubious, test returned 9 (wstat 2304, 0x900)
Failed 10/10 subtests 
Global symbol "$task_list" requires explicit package name at /tmp/loop_over_bdir-4282-WeDi67/cPanel-TaskQueue-0.903-0/blib/lib/cPanel/TaskQueue.pm line 320.
Global symbol "$task_list" requires explicit package name at /tmp/loop_over_bdir-4282-WeDi67/cPanel-TaskQueue-0.903-0/blib/lib/cPanel/TaskQueue.pm line 320.
Global symbol "$task_list" requires explicit package name at /tmp/loop_over_bdir-4282-WeDi67/cPanel-TaskQueue-0.903-0/blib/lib/cPanel/TaskQueue.pm line 320.
Global symbol "$meta" requires explicit package name at /tmp/loop_over_bdir-4282-WeDi67/cPanel-TaskQueue-0.903-0/blib/lib/cPanel/TaskQueue.pm line 363.
Global symbol "$meta" requires explicit package name at /tmp/loop_over_bdir-4282-WeDi67/cPanel-TaskQueue-0.903-0/blib/lib/cPanel/TaskQueue.pm line 364.
Global symbol "$meta" requires explicit package name at /tmp/loop_over_bdir-4282-WeDi67/cPanel-TaskQueue-0.903-0/blib/lib/cPanel/TaskQueue.pm line 364.
Global symbol "$self" requires explicit package name at /tmp/loop_over_bdir-4282-WeDi67/cPanel-TaskQueue-0.903-0/blib/lib/cPanel/TaskQueue.pm line 366.
Global symbol "$fh" requires explicit package name at /tmp/loop_over_bdir-4282-WeDi67/cPanel-TaskQueue-0.903-0/blib/lib/cPanel/TaskQueue.pm line 366.
Global symbol "$meta" requires explicit package name at /tmp/loop_over_bdir-4282-WeDi67/cPanel-TaskQueue-0.903-0/blib/lib/cPanel/TaskQueue.pm line 366.
Unmatched right curly bracket at /tmp/loop_over_bdir-4282-WeDi67/cPanel-TaskQueue-0.903-0/blib/lib/cPanel/TaskQueue.pm line 936, at end of line
/tmp/loop_over_bdir-4282-WeDi67/cPanel-TaskQueue-0.903-0/blib/lib/cPanel/TaskQueue.pm has too many errors.
Compilation failed in require at /tmp/loop_over_bdir-4282-WeDi67/cPanel-TaskQueue-0.903-0/blib/lib/cPanel/TaskQueue/Scheduler.pm line 9.
BEGIN failed--compilation aborted at /tmp/loop_over_bdir-4282-WeDi67/cPanel-TaskQueue-0.903-0/blib/lib/cPanel/TaskQueue/Scheduler.pm line 9.
Compilation failed in require at t/taskqueue_scheduler_token_yaml.t line 10.
BEGIN failed--compilation aborted at t/taskqueue_scheduler_token_yaml.t line 10.
# Looks like your test exited with 9 before it could output anything.
t/taskqueue_scheduler_token_yaml.t .......... 
Dubious, test returned 9 (wstat 2304, 0x900)
Failed 10/10 subtests 
t/taskqueue_task.t .......................... ok
t/taskqueue_task_bad_new.t .................. ok
t/taskqueue_task_clones.t ................... ok
Global symbol "$task_list" requires explicit package name at /tmp/loop_over_bdir-4282-WeDi67/cPanel-TaskQueue-0.903-0/blib/lib/cPanel/TaskQueue.pm line 320.
Global symbol "$task_list" requires explicit package name at /tmp/loop_over_bdir-4282-WeDi67/cPanel-TaskQueue-0.903-0/blib/lib/cPanel/TaskQueue.pm line 320.
Global symbol "$task_list" requires explicit package name at /tmp/loop_over_bdir-4282-WeDi67/cPanel-TaskQueue-0.903-0/blib/lib/cPanel/TaskQueue.pm line 320.
Global symbol "$meta" requires explicit package name at /tmp/loop_over_bdir-4282-WeDi67/cPanel-TaskQueue-0.903-0/blib/lib/cPanel/TaskQueue.pm line 363.
Global symbol "$meta" requires explicit package name at /tmp/loop_over_bdir-4282-WeDi67/cPanel-TaskQueue-0.903-0/blib/lib/cPanel/TaskQueue.pm line 364.
Global symbol "$meta" requires explicit package name at /tmp/loop_over_bdir-4282-WeDi67/cPanel-TaskQueue-0.903-0/blib/lib/cPanel/TaskQueue.pm line 364.
Global symbol "$self" requires explicit package name at /tmp/loop_over_bdir-4282-WeDi67/cPanel-TaskQueue-0.903-0/blib/lib/cPanel/TaskQueue.pm line 366.
Global symbol "$fh" requires explicit package name at /tmp/loop_over_bdir-4282-WeDi67/cPanel-TaskQueue-0.903-0/blib/lib/cPanel/TaskQueue.pm line 366.
Global symbol "$meta" requires explicit package name at /tmp/loop_over_bdir-4282-WeDi67/cPanel-TaskQueue-0.903-0/blib/lib/cPanel/TaskQueue.pm line 366.
Unmatched right curly bracket at /tmp/loop_over_bdir-4282-WeDi67/cPanel-TaskQueue-0.903-0/blib/lib/cPanel/TaskQueue.pm line 936, at end of line
/tmp/loop_over_bdir-4282-WeDi67/cPanel-TaskQueue-0.903-0/blib/lib/cPanel/TaskQueue.pm has too many errors.
Compilation failed in require at t/taskqueue_task_deferrable.t line 8.
BEGIN failed--compilation aborted at t/taskqueue_task_deferrable.t line 8.
# Looks like your test exited with 9 before it could output anything.
t/taskqueue_task_deferrable.t ............... 
Dubious, test returned 9 (wstat 2304, 0x900)
Failed 34/34 subtests 
t/taskqueue_task_load.t ..................... ok
t/taskqueue_task_mutate.t ................... ok
t/taskqueue_task_reconstitute.t ............. ok
t/taskqueue_task_retries.t .................. ok
t/taskqueue_task_userdata.t ................. ok

Test Summary Report
-------------------
t/00.load.t                               (Wstat: 256 (exited 1) Tests: 1 Failed: 1)
  Failed test:  1
  Non-zero exit status: 1
t/taskqueue_bad_statefile.t               (Wstat: 2304 (exited 9) Tests: 0 Failed: 0)
  Non-zero exit status: 9
  Parse errors: Bad plan.  You planned 7 tests but ran 0.
t/taskqueue_bad_yaml_statefile.t          (Wstat: 2304 (exited 9) Tests: 0 Failed: 0)
  Non-zero exit status: 9
  Parse errors: Bad plan.  You planned 7 tests but ran 0.
t/taskqueue_basics.t                      (Wstat: 2304 (exited 9) Tests: 0 Failed: 0)
  Non-zero exit status: 9
  Parse errors: Bad plan.  You planned 42 tests but ran 0.
t/taskqueue_child_processor.t             (Wstat: 2304 (exited 9) Tests: 0 Failed: 0)
  Non-zero exit status: 9
  Parse errors: Bad plan.  You planned 6 tests but ran 0.
t/taskqueue_ctrl.t                        (Wstat: 2304 (exited 9) Tests: 0 Failed: 0)
  Non-zero exit status: 9
  Parse errors: Bad plan.  You planned 86 tests but ran 0.
t/taskqueue_deferral_bug.t                (Wstat: 2304 (exited 9) Tests: 0 Failed: 0)
  Non-zero exit status: 9
t/taskqueue_delete_unprocessed.t          (Wstat: 2304 (exited 9) Tests: 0 Failed: 0)
  Non-zero exit status: 9
  Parse errors: Bad plan.  You planned 6 tests but ran 0.
t/taskqueue_dupes_and_overrides.t         (Wstat: 2304 (exited 9) Tests: 0 Failed: 0)
  Non-zero exit status: 9
  Parse errors: Bad plan.  You planned 39 tests but ran 0.
t/taskqueue_find_commands.t               (Wstat: 2304 (exited 9) Tests: 0 Failed: 0)
  Non-zero exit status: 9
  Parse errors: Bad plan.  You planned 10 tests but ran 0.
t/taskqueue_find_task.t                   (Wstat: 2304 (exited 9) Tests: 0 Failed: 0)
  Non-zero exit status: 9
  Parse errors: Bad plan.  You planned 20 tests but ran 0.
t/taskqueue_load.t                        (Wstat: 256 (exited 1) Tests: 1 Failed: 1)
  Failed test:  1
  Non-zero exit status: 1
t/taskqueue_logging_policy.t              (Wstat: 2304 (exited 9) Tests: 0 Failed: 0)
  Non-zero exit status: 9
  Parse errors: Bad plan.  You planned 10 tests but ran 0.
t/taskqueue_long_processes.t              (Wstat: 2304 (exited 9) Tests: 0 Failed: 0)
  Non-zero exit status: 9
  Parse errors: Bad plan.  You planned 34 tests but ran 0.
t/taskqueue_missing_dir.t                 (Wstat: 2304 (exited 9) Tests: 0 Failed: 0)
  Non-zero exit status: 9
  Parse errors: Bad plan.  You planned 2 tests but ran 0.
t/taskqueue_new_bad_args.t                (Wstat: 2304 (exited 9) Tests: 0 Failed: 0)
  Non-zero exit status: 9
  Parse errors: Bad plan.  You planned 2 tests but ran 0.
t/taskqueue_parameter_changes.t           (Wstat: 2304 (exited 9) Tests: 0 Failed: 0)
  Non-zero exit status: 9
  Parse errors: Bad plan.  You planned 15 tests but ran 0.
t/taskqueue_pausing.t                     (Wstat: 2304 (exited 9) Tests: 0 Failed: 0)
  Non-zero exit status: 9
  Parse errors: Bad plan.  You planned 15 tests but ran 0.
t/taskqueue_plugin_manager.t              (Wstat: 2304 (exited 9) Tests: 0 Failed: 0)
  Non-zero exit status: 9
  Parse errors: Bad plan.  You planned 13 tests but ran 0.
t/taskqueue_plugin_manager_load_all.t     (Wstat: 2304 (exited 9) Tests: 0 Failed: 0)
  Non-zero exit status: 9
  Parse errors: No plan found in TAP output
t/taskqueue_plugin_manager_load_named.t   (Wstat: 2304 (exited 9) Tests: 0 Failed: 0)
  Non-zero exit status: 9
  Parse errors: Bad plan.  You planned 10 tests but ran 0.
t/taskqueue_register_processors.t         (Wstat: 2304 (exited 9) Tests: 0 Failed: 0)
  Non-zero exit status: 9
  Parse errors: Bad plan.  You planned 20 tests but ran 0.
t/taskqueue_retries.t                     (Wstat: 2304 (exited 9) Tests: 0 Failed: 0)
  Non-zero exit status: 9
  Parse errors: Bad plan.  You planned 17 tests but ran 0.
t/taskqueue_scheduler.t                   (Wstat: 2304 (exited 9) Tests: 0 Failed: 0)
  Non-zero exit status: 9
  Parse errors: Bad plan.  You planned 94 tests but ran 0.
t/taskqueue_scheduler_bad_statefile.t     (Wstat: 2304 (exited 9) Tests: 0 Failed: 0)
  Non-zero exit status: 9
  Parse errors: Bad plan.  You planned 7 tests but ran 0.
t/taskqueue_scheduler_bad_yaml_statefile.t (Wstat: 2304 (exited 9) Tests: 0 Failed: 0)
  Non-zero exit status: 9
  Parse errors: Bad plan.  You planned 7 tests but ran 0.
t/taskqueue_scheduler_logging_policy.t    (Wstat: 2304 (exited 9) Tests: 0 Failed: 0)
  Non-zero exit status: 9
  Parse errors: Bad plan.  You planned 7 tests but ran 0.
t/taskqueue_scheduler_long_processes.t    (Wstat: 2304 (exited 9) Tests: 0 Failed: 0)
  Non-zero exit status: 9
  Parse errors: Bad plan.  You planned 18 tests but ran 0.
t/taskqueue_scheduler_token.t             (Wstat: 2304 (exited 9) Tests: 0 Failed: 0)
  Non-zero exit status: 9
  Parse errors: Bad plan.  You planned 10 tests but ran 0.
t/taskqueue_scheduler_token_yaml.t        (Wstat: 2304 (exited 9) Tests: 0 Failed: 0)
  Non-zero exit status: 9
  Parse errors: Bad plan.  You planned 10 tests but ran 0.
t/taskqueue_task_deferrable.t             (Wstat: 2304 (exited 9) Tests: 0 Failed: 0)
  Non-zero exit status: 9
  Parse errors: Bad plan.  You planned 34 tests but ran 0.
Files=57, Tests=242, 196 wallclock secs ( 0.18 usr  0.19 sys +  3.94 cusr  1.00 csys =  5.31 CPU)
Result: FAIL
Failed 31/57 test programs. 2/242 subtests failed.
make: *** [Makefile:974: test_dynamic] Error 255

------------------------------
PREREQUISITES
------------------------------

Prerequisite modules loaded:

requires:

    Module              Need Have       
    ------------------- ---- -----------
    base                0    2.07       
    Fcntl               0    1.05       
    File::Path          0    2.16       
    File::Spec          0    3.75       
    Getopt::Long        0    2.52       
    parent              0    0.238      
    POSIX               0    1.09       
    Scalar::Util        0    1.18       
    Storable            0    2.15       
    strict              0    1.03       
    Term::ReadLine      0    1.02       
    Text::Wrap          0    2005.082401
    Unix::PID           0.21 0.23       
    warnings            0    1.05       
    YAML::Syck          0    1.32       

build_requires:

    Module              Need Have       
    ------------------- ---- -----------
    Carp                0    1.50       
    Cwd                 0    3.75       
    ExtUtils::MakeMaker 0    7.44       
    File::Temp          0    0.2311     
    FindBin             0    1.47       
    lib                 0    0.5565     
    Test::Exception     0    0.43       
    Test::More          0    1.302190   

configure_requires:

    Module              Need Have       
    ------------------- ---- -----------
    ExtUtils::MakeMaker 0    7.44       


------------------------------
ENVIRONMENT AND OTHER CONTEXT
------------------------------

Environment variables:

    AUTOMATED_TESTING = 1
    LANG = en_US.UTF-8
    PATH = /home/sand/bin:/usr/local/bin:/usr/bin:/bin:/usr/games:/usr/local/perl/bin:/usr/X11/bin:/sbin:/usr/sbin
    PERL5LIB = 
    PERL5OPT = 
    PERL5_CPANPLUS_IS_RUNNING = 1576390
    PERL5_CPAN_IS_RUNNING = 1576390
    PERL_CANARY_STABILITY_NOPROMPT = 1
    PERL_MM_USE_DEFAULT = 1
    PERL_USE_UNSAFE_INC = 1
    SHELL = /usr/bin/zsh
    TERM = screen

Perl special variables (and OS-specific diagnostics, for MSWin32):

    $^X = /home/sand/src/perl/repoperls/installed-perls/host/k93msid/perl-5.8.8/3889/bin/perl
    $UID/$EUID = 1005 / 1005
    $GID = 1005 1005
    $EGID = 1005 1005

Perl module toolchain versions installed:

    Module              Have    
    ------------------- --------
    CPAN                2.29    
    CPAN::Meta          2.150010
    Cwd                 3.75    
    ExtUtils::CBuilder  0.280234
    ExtUtils::Command   7.44    
    ExtUtils::Install   2.06    
    ExtUtils::MakeMaker 7.44    
    ExtUtils::Manifest  1.70    
    ExtUtils::ParseXS   3.35    
    File::Spec          3.75    
    JSON                4.05    
    JSON::PP            4.08    
    Module::Build       0.4231  
    Module::Signature   n/a     
    Parse::CPAN::Meta   2.150010
    Test::Harness       3.43_06 
    Test::More          1.302190
    YAML                1.30    
    YAML::Syck          1.32    
    version             0.9924  


--

Summary of my perl5 (revision 5 version 8 subversion 8) configuration:
  Platform:
    osname=linux, osvers=5.3.0-2-amd64, archname=x86_64-linux-thread-multi-ld
    uname='linux k93msid 5.3.0-2-amd64 #1 smp debian 5.3.9-3 (2019-11-19) x86_64 gnulinux '
    config_args='-Dprefix=/home/sand/src/perl/repoperls/installed-perls/host/k93msid/perl-5.8.8/3889 -Dmyhostname=k93msid -Dinstallusrbinperl=n -Uversiononly -Dusedevel -des -Ui_db -Dlibswanted=cl pthread socket inet nsl gdbm dbm malloc dl ld sun m crypt sec util c cposix posix ucb BSD gdbm_compat -Duseithreads -Duselongdouble -Doptimize=-g'
    hint=recommended, useposix=true, d_sigaction=define
    usethreads=define use5005threads=undef useithreads=define usemultiplicity=define
    useperlio=define d_sfio=undef uselargefiles=define usesocks=undef
    use64bitint=define use64bitall=define uselongdouble=define
    usemymalloc=n, bincompat5005=undef
  Compiler:
    cc='cc', ccflags ='-D_REENTRANT -D_GNU_SOURCE -fwrapv -DDEBUGGING -fno-strict-aliasing -pipe -Wdeclaration-after-statement -I/usr/local/include -D_LARGEFILE_SOURCE -D_FILE_OFFSET_BITS=64',
    optimize='-g',
    cppflags='-D_REENTRANT -D_GNU_SOURCE -fwrapv -DDEBUGGING -fno-strict-aliasing -pipe -Wdeclaration-after-statement -I/usr/local/include'
    ccversion='', gccversion='9.2.1 20191109', gccosandvers=''
    intsize=4, longsize=8, ptrsize=8, doublesize=8, byteorder=12345678
    d_longlong=define, longlongsize=8, d_longdbl=define, longdblsize=16
    ivtype='long', ivsize=8, nvtype='long double', nvsize=16, Off_t='off_t', lseeksize=8
    alignbytes=16, prototype=define
  Linker and Libraries:
    ld='cc', ldflags =' -L/usr/local/lib'
    libpth=/usr/local/lib /lib/x86_64-linux-gnu /lib/../lib /usr/lib/x86_64-linux-gnu /usr/lib/../lib /lib /usr/lib
    libs=-lpthread -lnsl -ldl -lm -lcrypt -lutil -lc
    perllibs=-lpthread -lnsl -ldl -lm -lcrypt -lutil -lc
    libc=libc-2.29.so, so=so, useshrplib=false, libperl=libperl.a
    gnulibc_version='2.29'
  Dynamic Linking:
    dlsrc=dl_dlopen.xs, dlext=so, d_dlsymun=undef, ccdlflags='-Wl,-E'
    cccdlflags='-fpic', lddlflags='-shared -L/usr/local/lib'


Characteristics of this binary (from libperl): 
  Compile-time options: DEBUGGING MULTIPLICITY PERL_IMPLICIT_CONTEXT
                        PERL_MALLOC_WRAP USE_64_BIT_ALL USE_64_BIT_INT
                        USE_ITHREADS USE_LARGE_FILES USE_LONG_DOUBLE
                        USE_PERLIO USE_REENTRANT_API
  Built under linux
  Compiled at Jun  8 2020 13:13:32
  %ENV:
    PERL5LIB=""
    PERL5OPT=""
    PERL5_CPANPLUS_IS_RUNNING="1576390"
    PERL5_CPAN_IS_RUNNING="1576390"
    PERL_CANARY_STABILITY_NOPROMPT="1"
    PERL_MM_USE_DEFAULT="1"
    PERL_USE_UNSAFE_INC="1"
  @INC:
    /home/sand/src/perl/repoperls/installed-perls/host/k93msid/perl-5.8.8/3889/lib/5.8.8/x86_64-linux-thread-multi-ld
    /home/sand/src/perl/repoperls/installed-perls/host/k93msid/perl-5.8.8/3889/lib/5.8.8
    /home/sand/src/perl/repoperls/installed-perls/host/k93msid/perl-5.8.8/3889/lib/site_perl/5.8.8/x86_64-linux-thread-multi-ld
    /home/sand/src/perl/repoperls/installed-perls/host/k93msid/perl-5.8.8/3889/lib/site_perl/5.8.8
    /home/sand/src/perl/repoperls/installed-perls/host/k93msid/perl-5.8.8/3889/lib/site_perl
    .