Report for PerlIO-Util-0.72

Back
From: metabase:user:320bfe00-2aae-11df-837a-5e0a49663a4f
Subject: FAIL PerlIO-Util-0.72 v5.19.6 GNU/Linux
Date: 2013-11-13T06:54:29Z

This distribution has been tested as part of the CPAN Testers
project, supporting the Perl programming language.  See
http://wiki.cpantesters.org/ for more information or email
questions to cpan-testers-discuss@perl.org


--
Dear Goro Fuji,

This is a computer-generated report for PerlIO-Util-0.72
on perl 5.19.6, created by CPAN-Reporter-1.2010.

Thank you for uploading your work to CPAN.  However, there was a problem
testing your distribution.

If you think this report is invalid, please consult the CPAN Testers Wiki
for suggestions on how to avoid getting FAIL reports for missing library
or binary dependencies, unsupported operating systems, and so on:

http://wiki.cpantesters.org/wiki/CPANAuthorNotes

Sections of this report:

    * Tester comments
    * Program output
    * Prerequisites
    * Environment and other context

------------------------------
TESTER COMMENTS
------------------------------

Additional comments from tester:

this report is from an automated smoke testing program
and was not reviewed by a human for accuracy

------------------------------
PROGRAM OUTPUT
------------------------------

Output from '/usr/bin/make test':

PERL_DL_NONLAZY=1 /tmp/basesmoker-reloperl-zMfd/bin/perl "-MExtUtils::Command::MM" "-MTest::Harness" "-e" "undef *Test::Harness::Switches; test_harness(0, 'inc', 'blib/lib', 'blib/arch')" t/*.t
t/00_load.t .......... ok
t/01_util.t .......... ok
t/02_flock.t ......... ok
t/03_creat.t ......... ok
t/04_excl.t .......... ok
t/05_extra.t ......... ok
t/061_tee_binmode.t .. ok
t/062_tee_threads.t .. skipped: no threads

#   Failed test '(refcnt aftere closed)'
#   at t/06_tee.t line 31.
#     Structures begin differing at:
#          $got->[0] = '2'
#     $expected->[0] = '1'

#   Failed test '(refcnt aftere closed)'
#   at t/06_tee.t line 49.
#     Structures begin differing at:
#          $got->[0] = '2'
#     $expected->[0] = '1'
# Looks like you failed 2 tests of 66.
t/06_tee.t ........... 
Dubious, test returned 2 (wstat 512, 0x200)
Failed 2/66 subtests 
t/08_taint.t ......... ok
t/09_invalid.t ....... ok
t/10_dir.t ........... ok
t/20_reverse.t ....... ok

Test Summary Report
-------------------
t/05_extra.t       (Wstat: 0 Tests: 13 Failed: 0)
  TODO passed:   8-10
t/06_tee.t         (Wstat: 512 Tests: 66 Failed: 2)
  Failed tests:  10, 16
  Non-zero exit status: 2
Files=13, Tests=290,  1 wallclock secs ( 0.07 usr  0.01 sys +  0.54 cusr  0.05 csys =  0.67 CPU)
Result: FAIL
Failed 1/13 test programs. 2/290 subtests failed.
make: *** [test_dynamic] Error 255

------------------------------
PREREQUISITES
------------------------------

Prerequisite modules loaded:

requires:

    Module              Need     Have    
    ------------------- -------- --------
    perl                5.008001 5.019006
    XSLoader            0.02     0.16    

build_requires:

    Module              Need     Have    
    ------------------- -------- --------
    Devel::PPPort       3.19     3.21    
    ExtUtils::MakeMaker 6.42     6.82    
    ExtUtils::ParseXS   2.21     3.23    
    Test::More          0.62     1.001002

configure_requires:

    Module              Need     Have    
    ------------------- -------- --------
    Devel::PPPort       3.19     3.21    
    ExtUtils::MakeMaker 6.42     6.82    


------------------------------
ENVIRONMENT AND OTHER CONTEXT
------------------------------

Environment variables:

    AUTOMATED_TESTING = 1
    LANG = en_US.UTF-8
    LANGUAGE = en_US:en
    PATH = /usr/lib/ccache:/home/sand/bin:/usr/local/bin:/usr/bin:/bin:/usr/bin/X11:/usr/games:/usr/local/perl/bin:/usr/X11/bin:/sbin:/usr/sbin
    PERL5LIB = 
    PERL5OPT = 
    PERL5_CPANPLUS_IS_RUNNING = 5534
    PERL5_CPAN_IS_RUNNING = 5534
    PERL_MM_USE_DEFAULT = 1
    SHELL = /usr/bin/zsh
    TERM = screen

Perl special variables (and OS-specific diagnostics, for MSWin32):

    $^X = /tmp/basesmoker-reloperl-zMfd/bin/perl
    $UID/$EUID = 1005 / 1005
    $GID = 1005 1005
    $EGID = 1005 1005

Perl module toolchain versions installed:

    Module              Have    
    ------------------- --------
    CPAN                2.03    
    CPAN::Meta          2.132830
    Cwd                 3.45    
    ExtUtils::CBuilder  0.280212
    ExtUtils::Command   1.18    
    ExtUtils::Install   1.61    
    ExtUtils::MakeMaker 6.82    
    ExtUtils::Manifest  1.63    
    ExtUtils::ParseXS   3.23    
    File::Spec          3.45    
    JSON                2.90    
    JSON::PP            2.27203 
    Module::Build       0.4200  
    Module::Signature   0.73    
    Parse::CPAN::Meta   1.4409  
    Test::Harness       3.30    
    Test::More          1.001002
    YAML                0.84    
    YAML::Syck          1.27    
    version             0.9904  


--

Summary of my perl5 (revision 5 version 19 subversion 6) configuration:
  Commit id: 406e3fef7f4bebd2003087bce74d22303981ac48
  Platform:
    osname=linux, osvers=3.11-1-amd64, archname=x86_64-linux-ld
    uname='linux k83 3.11-1-amd64 #1 smp debian 3.11.6-2 (2013-11-01) x86_64 gnulinux '
    config_args='-Dprefix=/home/sand/src/perl/repoperls/installed-perls/perl/v5.19.5-265-g406e3fe/127e -Dmyhostname=k83 -Dinstallusrbinperl=n -Uversiononly -Dusedevel -des -Ui_db -Uuseithreads -Duselongdouble -DDEBUGGING=-g'
    hint=recommended, useposix=true, d_sigaction=define
    useithreads=undef, usemultiplicity=undef
    useperlio=define, d_sfio=undef, uselargefiles=define, usesocks=undef
    use64bitint=define, use64bitall=define, uselongdouble=define
    usemymalloc=n, bincompat5005=undef
  Compiler:
    cc='cc', ccflags ='-fno-strict-aliasing -pipe -fstack-protector -I/usr/local/include -D_LARGEFILE_SOURCE -D_FILE_OFFSET_BITS=64',
    optimize='-O2 -g',
    cppflags='-fno-strict-aliasing -pipe -fstack-protector -I/usr/local/include'
    ccversion='', gccversion='4.8.2', gccosandvers=''
    intsize=4, longsize=8, ptrsize=8, doublesize=8, byteorder=12345678
    d_longlong=define, longlongsize=8, d_longdbl=define, longdblsize=16
    ivtype='long', ivsize=8, nvtype='long double', nvsize=16, Off_t='off_t', lseeksize=8
    alignbytes=16, prototype=define
  Linker and Libraries:
    ld='cc', ldflags =' -fstack-protector -L/usr/local/lib'
    libpth=/usr/local/lib /lib/x86_64-linux-gnu /lib/../lib /usr/lib/x86_64-linux-gnu /usr/lib/../lib /lib /usr/lib
    libs=-lnsl -lgdbm -ldb -ldl -lm -lcrypt -lutil -lc -lgdbm_compat
    perllibs=-lnsl -ldl -lm -lcrypt -lutil -lc
    libc=, so=so, useshrplib=false, libperl=libperl.a
    gnulibc_version='2.17'
  Dynamic Linking:
    dlsrc=dl_dlopen.xs, dlext=so, d_dlsymun=undef, ccdlflags='-Wl,-E'
    cccdlflags='-fPIC', lddlflags='-shared -O2 -g -L/usr/local/lib -fstack-protector'


Characteristics of this binary (from libperl): 
  Compile-time options: HAS_TIMES PERLIO_LAYERS PERL_DONT_CREATE_GVSV
                        PERL_HASH_FUNC_ONE_AT_A_TIME_HARD PERL_MALLOC_WRAP
                        PERL_NEW_COPY_ON_WRITE PERL_PRESERVE_IVUV
                        PERL_USE_DEVEL USE_64_BIT_ALL USE_64_BIT_INT
                        USE_LARGE_FILES USE_LOCALE USE_LOCALE_COLLATE
                        USE_LOCALE_CTYPE USE_LOCALE_NUMERIC USE_LONG_DOUBLE
                        USE_PERLIO USE_PERL_ATOF
  Built under linux
  Compiled at Nov 13 2013 02:14:26
  %ENV:
    PERL5LIB=""
    PERL5OPT=""
    PERL5_CPANPLUS_IS_RUNNING="5534"
    PERL5_CPAN_IS_RUNNING="5534"
    PERL_MM_USE_DEFAULT="1"
  @INC:
    /home/sand/src/perl/repoperls/installed-perls/perl/v5.19.5-265-g406e3fe/127e/lib/site_perl/5.19.6/x86_64-linux-ld
    /home/sand/src/perl/repoperls/installed-perls/perl/v5.19.5-265-g406e3fe/127e/lib/site_perl/5.19.6
    /home/sand/src/perl/repoperls/installed-perls/perl/v5.19.5-265-g406e3fe/127e/lib/5.19.6/x86_64-linux-ld
    /home/sand/src/perl/repoperls/installed-perls/perl/v5.19.5-265-g406e3fe/127e/lib/5.19.6
    .