Report for XML-ExtOn-0.15

Back
From: metabase:user:322078bc-2aae-11df-837a-5e0a49663a4f
Subject: FAIL XML-ExtOn-0.15 v5.8.9 Dragonfly BSD
Date: 2010-10-19T02:56:17Z

This distribution has been tested as part of the CPAN Testers
project, supporting the Perl programming language.  See
http://wiki.cpantesters.org/ for more information or email
questions to cpan-testers-discuss@perl.org


--

Dear Zahatski Aliaksandr,
    
This is a computer-generated error report created automatically by
CPANPLUS, version 0.9007. Testers personal comments may appear 
at the end of this report.


Thank you for uploading your work to CPAN.  However, it appears that
there were some problems testing your distribution.

TEST RESULTS:

Below is the error stack from stage 'make test':

[MSG] [Tue Oct 19 03:56:08 2010] Building XML-ExtOn

[ERROR] [Tue Oct 19 03:56:16 2010] MAKE TEST failed:
t/008_TieAttrs.t .......... ok
t/009_Attributes.t ........ ok
t/009_Context.t ........... ok
t/010_Element.t ........... ok
Use of uninitialized value in concatenation (.) or string at /usr/home/cpan/pit/64bit/conf/perl-5.8.9/.cpanplus/5.8.9/build/XML-Filter-SAX1toSAX2-0.03/blib/lib/XML/Filter/SAX1toSAX2.pm line 81.
Use of uninitialized value in substitution iterator at /usr/home/cpan/pit/64bit/conf/perl-5.8.9/.cpanplus/5.8.9/build/XML-SAX-Writer-0.53/blib/lib/XML/SAX/Writer.pm line 152.
Use of uninitialized value in substitution iterator at /usr/home/cpan/pit/64bit/conf/perl-5.8.9/.cpanplus/5.8.9/build/XML-SAX-Writer-0.53/blib/lib/XML/SAX/Writer.pm line 152.
Use of uninitialized value in substitution iterator at /usr/home/cpan/pit/64bit/conf/perl-5.8.9/.cpanplus/5.8.9/build/XML-SAX-Writer-0.53/blib/lib/XML/SAX/Writer.pm line 152.
Use of uninitialized value in substitution iterator at /usr/home/cpan/pit/64bit/conf/perl-5.8.9/.cpanplus/5.8.9/build/XML-SAX-Writer-0.53/blib/lib/XML/SAX/Writer.pm line 152.
Use of uninitialized value in substitution iterator at /usr/home/cpan/pit/64bit/conf/perl-5.8.9/.cpanplus/5.8.9/build/XML-SAX-Writer-0.53/blib/lib/XML/SAX/Writer.pm line 152.
Use of uninitialized value in substitution iterator at /usr/home/cpan/pit/64bit/conf/perl-5.8.9/.cpanplus/5.8.9/build/XML-SAX-Writer-0.53/blib/lib/XML/SAX/Writer.pm line 152.
Use of uninitialized value in substitution iterator at /usr/home/cpan/pit/64bit/conf/perl-5.8.9/.cpanplus/5.8.9/build/XML-SAX-Writer-0.53/blib/lib/XML/SAX/Writer.pm line 152.
Use of uninitialized value in substitution iterator at /usr/home/cpan/pit/64bit/conf/perl-5.8.9/.cpanplus/5.8.9/build/XML-SAX-Writer-0.53/blib/lib/XML/SAX/Writer.pm line 152.
Use of uninitialized value in substitution iterator at /usr/home/cpan/pit/64bit/conf/perl-5.8.9/.cpanplus/5.8.9/build/XML-SAX-Writer-0.53/blib/lib/XML/SAX/Writer.pm line 152.
Use of uninitialized value in substitution iterator at /usr/home/cpan/pit/64bit/conf/perl-5.8.9/.cpanplus/5.8.9/build/XML-SAX-Writer-0.53/blib/lib/XML/SAX/Writer.pm line 152.
Use of uninitialized value in substitution iterator at /usr/home/cpan/pit/64bit/conf/perl-5.8.9/.cpanplus/5.8.9/build/XML-SAX-Writer-0.53/blib/lib/XML/SAX/Writer.pm line 152.
Use of uninitialized value in substitution iterator at /usr/home/cpan/pit/64bit/conf/perl-5.8.9/.cpanplus/5.8.9/build/XML-SAX-Writer-0.53/blib/lib/XML/SAX/Writer.pm line 152.
Use of uninitialized value in substitution iterator at /usr/home/cpan/pit/64bit/conf/perl-5.8.9/.cpanplus/5.8.9/build/XML-SAX-Writer-0.53/blib/lib/XML/SAX/Writer.pm line 152.
Use of uninitialized value in substitution iterator at /usr/home/cpan/pit/64bit/conf/perl-5.8.9/.cpanplus/5.8.9/build/XML-SAX-Writer-0.53/blib/lib/XML/SAX/Writer.pm line 152.
Use of uninitialized value in substitution iterator at /usr/home/cpan/pit/64bit/conf/perl-5.8.9/.cpanplus/5.8.9/build/XML-SAX-Writer-0.53/blib/lib/XML/SAX/Writer.pm line 152.
Use of uninitialized value in substitution iterator at /usr/home/cpan/pit/64bit/conf/perl-5.8.9/.cpanplus/5.8.9/build/XML-SAX-Writer-0.53/blib/lib/XML/SAX/Writer.pm line 152.
Use of uninitialized value in substitution iterator at /usr/home/cpan/pit/64bit/conf/perl-5.8.9/.cpanplus/5.8.9/build/XML-SAX-Writer-0.53/blib/lib/XML/SAX/Writer.pm line 152.
Use of uninitialized value in substitution iterator at /usr/home/cpan/pit/64bit/conf/perl-5.8.9/.cpanplus/5.8.9/build/XML-SAX-Writer-0.53/blib/lib/XML/SAX/Writer.pm line 152.
Use of uninitialized value in substitution iterator at /usr/home/cpan/pit/64bit/conf/perl-5.8.9/.cpanplus/5.8.9/build/XML-SAX-Writer-0.53/blib/lib/XML/SAX/Writer.pm line 152.
Use of uninitialized value in substitution iterator at /usr/home/cpan/pit/64bit/conf/perl-5.8.9/.cpanplus/5.8.9/build/XML-SAX-Writer-0.53/blib/lib/XML/SAX/Writer.pm line 152.
Use of uninitialized value in substitution iterator at /usr/home/cpan/pit/64bit/conf/perl-5.8.9/.cpanplus/5.8.9/build/XML-SAX-Writer-0.53/blib/lib/XML/SAX/Writer.pm line 152.
Use of uninitialized value in substitution iterator at /usr/home/cpan/pit/64bit/conf/perl-5.8.9/.cpanplus/5.8.9/build/XML-SAX-Writer-0.53/blib/lib/XML/SAX/Writer.pm line 152.
Use of uninitialized value in substitution iterator at /usr/home/cpan/pit/64bit/conf/perl-5.8.9/.cpanplus/5.8.9/build/XML-SAX-Writer-0.53/blib/lib/XML/SAX/Writer.pm line 152.
Use of uninitialized value in substitution iterator at /usr/home/cpan/pit/64bit/conf/perl-5.8.9/.cpanplus/5.8.9/build/XML-SAX-Writer-0.53/blib/lib/XML/SAX/Writer.pm line 152.
Use of uninitialized value in substitution iterator at /usr/home/cpan/pit/64bit/conf/perl-5.8.9/.cpanplus/5.8.9/build/XML-SAX-Writer-0.53/blib/lib/XML/SAX/Writer.pm line 152.
Use of uninitialized value in substitution iterator at /usr/home/cpan/pit/64bit/conf/perl-5.8.9/.cpanplus/5.8.9/build/XML-SAX-Writer-0.53/blib/lib/XML/SAX/Writer.pm line 152.
Use of uninitialized value in substitution iterator at /usr/home/cpan/pit/64bit/conf/perl-5.8.9/.cpanplus/5.8.9/build/XML-SAX-Writer-0.53/blib/lib/XML/SAX/Writer.pm line 152.
Use of uninitialized value in substitution iterator at /usr/home/cpan/pit/64bit/conf/perl-5.8.9/.cpanplus/5.8.9/build/XML-SAX-Writer-0.53/blib/lib/XML/SAX/Writer.pm line 152.
Use of uninitialized value in substitution iterator at /usr/home/cpan/pit/64bit/conf/perl-5.8.9/.cpanplus/5.8.9/build/XML-SAX-Writer-0.53/blib/lib/XML/SAX/Writer.pm line 152.
Use of uninitialized value in substitution iterator at /usr/home/cpan/pit/64bit/conf/perl-5.8.9/.cpanplus/5.8.9/build/XML-SAX-Writer-0.53/blib/lib/XML/SAX/Writer.pm line 152.
Use of uninitialized value in substitution iterator at /usr/home/cpan/pit/64bit/conf/perl-5.8.9/.cpanplus/5.8.9/build/XML-SAX-Writer-0.53/blib/lib/XML/SAX/Writer.pm line 152.
Use of uninitialized value in substitution iterator at /usr/home/cpan/pit/64bit/conf/perl-5.8.9/.cpanplus/5.8.9/build/XML-SAX-Writer-0.53/blib/lib/XML/SAX/Writer.pm line 152.
Use of uninitialized value in substitution iterator at /usr/home/cpan/pit/64bit/conf/perl-5.8.9/.cpanplus/5.8.9/build/XML-SAX-Writer-0.53/blib/lib/XML/SAX/Writer.pm line 152.
Use of uninitialized value in substitution iterator at /usr/home/cpan/pit/64bit/conf/perl-5.8.9/.cpanplus/5.8.9/build/XML-SAX-Writer-0.53/blib/lib/XML/SAX/Writer.pm line 152.
Use of uninitialized value in substitution iterator at /usr/home/cpan/pit/64bit/conf/perl-5.8.9/.cpanplus/5.8.9/build/XML-SAX-Writer-0.53/blib/lib/XML/SAX/Writer.pm line 152.
Use of uninitialized value in substitution iterator at /usr/home/cpan/pit/64bit/conf/perl-5.8.9/.cpanplus/5.8.9/build/XML-SAX-Writer-0.53/blib/lib/XML/SAX/Writer.pm line 152.
Use of uninitialized value in substitution iterator at /usr/home/cpan/pit/64bit/conf/perl-5.8.9/.cpanplus/5.8.9/build/XML-SAX-Writer-0.53/blib/lib/XML/SAX/Writer.pm line 152.
Use of uninitialized value in substitution iterator at /usr/home/cpan/pit/64bit/conf/perl-5.8.9/.cpanplus/5.8.9/build/XML-SAX-Writer-0.53/blib/lib/XML/SAX/Writer.pm line 152.
Use of uninitialized value in substitution iterator at /usr/home/cpan/pit/64bit/conf/perl-5.8.9/.cpanplus/5.8.9/build/XML-SAX-Writer-0.53/blib/lib/XML/SAX/Writer.pm line 152.
Use of uninitialized value in substitution iterator at /usr/home/cpan/pit/64bit/conf/perl-5.8.9/.cpanplus/5.8.9/build/XML-SAX-Writer-0.53/blib/lib/XML/SAX/Writer.pm line 152.
Use of uninitialized value in substitution iterator at /usr/home/cpan/pit/64bit/conf/perl-5.8.9/.cpanplus/5.8.9/build/XML-SAX-Writer-0.53/blib/lib/XML/SAX/Writer.pm line 152.
Use of uninitialized value in substitution iterator at /usr/home/cpan/pit/64bit/conf/perl-5.8.9/.cpanplus/5.8.9/build/XML-SAX-Writer-0.53/blib/lib/XML/SAX/Writer.pm line 152.
Use of uninitialized value in substitution iterator at /usr/home/cpan/pit/64bit/conf/perl-5.8.9/.cpanplus/5.8.9/build/XML-SAX-Writer-0.53/blib/lib/XML/SAX/Writer.pm line 152.
Use of uninitialized value in substitution iterator at /usr/home/cpan/pit/64bit/conf/perl-5.8.9/.cpanplus/5.8.9/build/XML-SAX-Writer-0.53/blib/lib/XML/SAX/Writer.pm line 152.
Use of uninitialized value in substitution iterator at /usr/home/cpan/pit/64bit/conf/perl-5.8.9/.cpanplus/5.8.9/build/XML-SAX-Writer-0.53/blib/lib/XML/SAX/Writer.pm line 152.
Use of uninitialized value in substitution iterator at /usr/home/cpan/pit/64bit/conf/perl-5.8.9/.cpanplus/5.8.9/build/XML-SAX-Writer-0.53/blib/lib/XML/SAX/Writer.pm line 152.
Use of uninitialized value in substitution iterator at /usr/home/cpan/pit/64bit/conf/perl-5.8.9/.cpanplus/5.8.9/build/XML-SAX-Writer-0.53/blib/lib/XML/SAX/Writer.pm line 152.
Use of uninitialized value in substitution iterator at /usr/home/cpan/pit/64bit/conf/perl-5.8.9/.cpanplus/5.8.9/build/XML-SAX-Writer-0.53/blib/lib/XML/SAX/Writer.pm line 152.
Use of uninitialized value in substitution iterator at /usr/home/cpan/pit/64bit/conf/perl-5.8.9/.cpanplus/5.8.9/build/XML-SAX-Writer-0.53/blib/lib/XML/SAX/Writer.pm line 152.
Use of uninitialized value in substitution iterator at /usr/home/cpan/pit/64bit/conf/perl-5.8.9/.cpanplus/5.8.9/build/XML-SAX-Writer-0.53/blib/lib/XML/SAX/Writer.pm line 152.
Use of uninitialized value in substitution iterator at /usr/home/cpan/pit/64bit/conf/perl-5.8.9/.cpanplus/5.8.9/build/XML-SAX-Writer-0.53/blib/lib/XML/SAX/Writer.pm line 152.
Use of uninitialized value in substitution iterator at /usr/home/cpan/pit/64bit/conf/perl-5.8.9/.cpanplus/5.8.9/build/XML-SAX-Writer-0.53/blib/lib/XML/SAX/Writer.pm line 152.
Use of uninitialized value in substitution iterator at /usr/home/cpan/pit/64bit/conf/perl-5.8.9/.cpanplus/5.8.9/build/XML-SAX-Writer-0.53/blib/lib/XML/SAX/Writer.pm line 152.
Use of uninitialized value in substitution iterator at /usr/home/cpan/pit/64bit/conf/perl-5.8.9/.cpanplus/5.8.9/build/XML-SAX-Writer-0.53/blib/lib/XML/SAX/Writer.pm line 152.
Use of uninitialized value in substitution iterator at /usr/home/cpan/pit/64bit/conf/perl-5.8.9/.cpanplus/5.8.9/build/XML-SAX-Writer-0.53/blib/lib/XML/SAX/Writer.pm line 152.
Use of uninitialized value in concatenation (.) or string at /usr/home/cpan/pit/64bit/conf/perl-5.8.9/.cpanplus/5.8.9/build/XML-Filter-SAX1toSAX2-0.03/blib/lib/XML/Filter/SAX1toSAX2.pm line 81.
Use of uninitialized value in concatenation (.) or string at /usr/home/cpan/pit/64bit/conf/perl-5.8.9/.cpanplus/5.8.9/build/XML-Filter-SAX1toSAX2-0.03/blib/lib/XML/Filter/SAX1toSAX2.pm line 81.
Use of uninitialized value in substitution iterator at /usr/home/cpan/pit/64bit/conf/perl-5.8.9/.cpanplus/5.8.9/build/XML-SAX-Writer-0.53/blib/lib/XML/SAX/Writer.pm line 152.
Use of uninitialized value in substitution iterator at /usr/home/cpan/pit/64bit/conf/perl-5.8.9/.cpanplus/5.8.9/build/XML-SAX-Writer-0.53/blib/lib/XML/SAX/Writer.pm line 152.
Use of uninitialized value in substitution iterator at /usr/home/cpan/pit/64bit/conf/perl-5.8.9/.cpanplus/5.8.9/build/XML-SAX-Writer-0.53/blib/lib/XML/SAX/Writer.pm line 152.
Use of uninitialized value in substitution iterator at /usr/home/cpan/pit/64bit/conf/perl-5.8.9/.cpanplus/5.8.9/build/XML-SAX-Writer-0.53/blib/lib/XML/SAX/Writer.pm line 152.
Use of uninitialized value in substitution iterator at /usr/home/cpan/pit/64bit/conf/perl-5.8.9/.cpanplus/5.8.9/build/XML-SAX-Writer-0.53/blib/lib/XML/SAX/Writer.pm line 152.
Use of uninitialized value in substitution iterator at /usr/home/cpan/pit/64bit/conf/perl-5.8.9/.cpanplus/5.8.9/build/XML-SAX-Writer-0.53/blib/lib/XML/SAX/Writer.pm line 152.
Use of uninitialized value in substitution iterator at /usr/home/cpan/pit/64bit/conf/perl-5.8.9/.cpanplus/5.8.9/build/XML-SAX-Writer-0.53/blib/lib/XML/SAX/Writer.pm line 152.
Use of uninitialized value in substitution iterator at /usr/home/cpan/pit/64bit/conf/perl-5.8.9/.cpanplus/5.8.9/build/XML-SAX-Writer-0.53/blib/lib/XML/SAX/Writer.pm line 152.
Use of uninitialized value in substitution iterator at /usr/home/cpan/pit/64bit/conf/perl-5.8.9/.cpanplus/5.8.9/build/XML-SAX-Writer-0.53/blib/lib/XML/SAX/Writer.pm line 152.
Use of uninitialized value in substitution iterator at /usr/home/cpan/pit/64bit/conf/perl-5.8.9/.cpanplus/5.8.9/build/XML-SAX-Writer-0.53/blib/lib/XML/SAX/Writer.pm line 152.
Use of uninitialized value in concatenation (.) or string at /usr/home/cpan/pit/64bit/conf/perl-5.8.9/.cpanplus/5.8.9/build/XML-Filter-SAX1toSAX2-0.03/blib/lib/XML/Filter/SAX1toSAX2.pm line 81.
Use of uninitialized value in substitution iterator at /usr/home/cpan/pit/64bit/conf/perl-5.8.9/.cpanplus/5.8.9/build/XML-SAX-Writer-0.53/blib/lib/XML/SAX/Writer.pm line 152.
Use of uninitialized value in substitution iterator at /usr/home/cpan/pit/64bit/conf/perl-5.8.9/.cpanplus/5.8.9/build/XML-SAX-Writer-0.53/blib/lib/XML/SAX/Writer.pm line 152.
Use of uninitialized value in substitution iterator at /usr/home/cpan/pit/64bit/conf/perl-5.8.9/.cpanplus/5.8.9/build/XML-SAX-Writer-0.53/blib/lib/XML/SAX/Writer.pm line 152.
Use of uninitialized value in substitution iterator at /usr/home/cpan/pit/64bit/conf/perl-5.8.9/.cpanplus/5.8.9/build/XML-SAX-Writer-0.53/blib/lib/XML/SAX/Writer.pm line 152.
Use of uninitialized value in substitution iterator at /usr/home/cpan/pit/64bit/conf/perl-5.8.9/.cpanplus/5.8.9/build/XML-SAX-Writer-0.53/blib/lib/XML/SAX/Writer.pm line 152.
Use of uninitialized value in substitution iterator at /usr/home/cpan/pit/64bit/conf/perl-5.8.9/.cpanplus/5.8.9/build/XML-SAX-Writer-0.53/blib/lib/XML/SAX/Writer.pm line 152.
Use of uninitialized value in substitution iterator at /usr/home/cpan/pit/64bit/conf/perl-5.8.9/.cpanplus/5.8.9/build/XML-SAX-Writer-0.53/blib/lib/XML/SAX/Writer.pm line 152.
Use of uninitialized value in substitution iterator at /usr/home/cpan/pit/64bit/conf/perl-5.8.9/.cpanplus/5.8.9/build/XML-SAX-Writer-0.53/blib/lib/XML/SAX/Writer.pm line 152.
Use of uninitialized value in substitution iterator at /usr/home/cpan/pit/64bit/conf/perl-5.8.9/.cpanplus/5.8.9/build/XML-SAX-Writer-0.53/blib/lib/XML/SAX/Writer.pm line 152.
Use of uninitialized value in substitution iterator at /usr/home/cpan/pit/64bit/conf/perl-5.8.9/.cpanplus/5.8.9/build/XML-SAX-Writer-0.53/blib/lib/XML/SAX/Writer.pm line 152.
Use of uninitialized value in substitution iterator at /usr/home/cpan/pit/64bit/conf/perl-5.8.9/.cpanplus/5.8.9/build/XML-SAX-Writer-0.53/blib/lib/XML/SAX/Writer.pm line 152.
Use of uninitialized value in substitution iterator at /usr/home/cpan/pit/64bit/conf/perl-5.8.9/.cpanplus/5.8.9/build/XML-SAX-Writer-0.53/blib/lib/XML/SAX/Writer.pm line 152.
Use of uninitialized value in substitution iterator at /usr/home/cpan/pit/64bit/conf/perl-5.8.9/.cpanplus/5.8.9/build/XML-SAX-Writer-0.53/blib/lib/XML/SAX/Writer.pm line 152.
Use of uninitialized value in substitution iterator at /usr/home/cpan/pit/64bit/conf/perl-5.8.9/.cpanplus/5.8.9/build/XML-SAX-Writer-0.53/blib/lib/XML/SAX/Writer.pm line 152.
Use of uninitialized value in substitution iterator at /usr/home/cpan/pit/64bit/conf/perl-5.8.9/.cpanplus/5.8.9/build/XML-SAX-Writer-0.53/blib/lib/XML/SAX/Writer.pm line 152.
Use of uninitialized value in substitution iterator at /usr/home/cpan/pit/64bit/conf/perl-5.8.9/.cpanplus/5.8.9/build/XML-SAX-Writer-0.53/blib/lib/XML/SAX/Writer.pm line 152.
Use of uninitialized value in substitution iterator at /usr/home/cpan/pit/64bit/conf/perl-5.8.9/.cpanplus/5.8.9/build/XML-SAX-Writer-0.53/blib/lib/XML/SAX/Writer.pm line 152.
Use of uninitialized value in substitution iterator at /usr/home/cpan/pit/64bit/conf/perl-5.8.9/.cpanplus/5.8.9/build/XML-SAX-Writer-0.53/blib/lib/XML/SAX/Writer.pm line 152.
Use of uninitialized value in substitution iterator at /usr/home/cpan/pit/64bit/conf/perl-5.8.9/.cpanplus/5.8.9/build/XML-SAX-Writer-0.53/blib/lib/XML/SAX/Writer.pm line 152.
Use of uninitialized value in substitution iterator at /usr/home/cpan/pit/64bit/conf/perl-5.8.9/.cpanplus/5.8.9/build/XML-SAX-Writer-0.53/blib/lib/XML/SAX/Writer.pm line 152.
Use of uninitialized value in substitution iterator at /usr/home/cpan/pit/64bit/conf/perl-5.8.9/.cpanplus/5.8.9/build/XML-SAX-Writer-0.53/blib/lib/XML/SAX/Writer.pm line 152.
Use of uninitialized value in substitution iterator at /usr/home/cpan/pit/64bit/conf/perl-5.8.9/.cpanplus/5.8.9/build/XML-SAX-Writer-0.53/blib/lib/XML/SAX/Writer.pm line 152.
Use of uninitialized value in substitution iterator at /usr/home/cpan/pit/64bit/conf/perl-5.8.9/.cpanplus/5.8.9/build/XML-SAX-Writer-0.53/blib/lib/XML/SAX/Writer.pm line 152.
Use of uninitialized value in substitution iterator at /usr/home/cpan/pit/64bit/conf/perl-5.8.9/.cpanplus/5.8.9/build/XML-SAX-Writer-0.53/blib/lib/XML/SAX/Writer.pm line 152.
Use of uninitialized value in substitution iterator at /usr/home/cpan/pit/64bit/conf/perl-5.8.9/.cpanplus/5.8.9/build/XML-SAX-Writer-0.53/blib/lib/XML/SAX/Writer.pm line 152.
Use of uninitialized value in substitution iterator at /usr/home/cpan/pit/64bit/conf/perl-5.8.9/.cpanplus/5.8.9/build/XML-SAX-Writer-0.53/blib/lib/XML/SAX/Writer.pm line 152.
Use of uninitialized value in substitution iterator at /usr/home/cpan/pit/64bit/conf/perl-5.8.9/.cpanplus/5.8.9/build/XML-SAX-Writer-0.53/blib/lib/XML/SAX/Writer.pm line 152.
Use of uninitialized value in substitution iterator at /usr/home/cpan/pit/64bit/conf/perl-5.8.9/.cpanplus/5.8.9/build/XML-SAX-Writer-0.53/blib/lib/XML/SAX/Writer.pm line 152.
Use of uninitialized value in substitution iterator at /usr/home/cpan/pit/64bit/conf/perl-5.8.9/.cpanplus/5.8.9/build/XML-SAX-Writer-0.53/blib/lib/XML/SAX/Writer.pm line 152.
Use of uninitialized value in substitution iterator at /usr/home/cpan/pit/64bit/conf/perl-5.8.9/.cpanplus/5.8.9/build/XML-SAX-Writer-0.53/blib/lib/XML/SAX/Writer.pm line 152.
Use of uninitialized value in substitution iterator at /usr/home/cpan/pit/64bit/conf/perl-5.8.9/.cpanplus/5.8.9/build/XML-SAX-Writer-0.53/blib/lib/XML/SAX/Writer.pm line 152.
Use of uninitialized value in substitution iterator at /usr/home/cpan/pit/64bit/conf/perl-5.8.9/.cpanplus/5.8.9/build/XML-SAX-Writer-0.53/blib/lib/XML/SAX/Writer.pm line 152.
Use of uninitialized value in substitution iterator at /usr/home/cpan/pit/64bit/conf/perl-5.8.9/.cpanplus/5.8.9/build/XML-SAX-Writer-0.53/blib/lib/XML/SAX/Writer.pm line 152.
Use of uninitialized value in substitution iterator at /usr/home/cpan/pit/64bit/conf/perl-5.8.9/.cpanplus/5.8.9/build/XML-SAX-Writer-0.53/blib/lib/XML/SAX/Writer.pm line 152.
Use of uninitialized value in substitution iterator at /usr/home/cpan/pit/64bit/conf/perl-5.8.9/.cpanplus/5.8.9/build/XML-SAX-Writer-0.53/blib/lib/XML/SAX/Writer.pm line 152.
Use of uninitialized value in substitution iterator at /usr/home/cpan/pit/64bit/conf/perl-5.8.9/.cpanplus/5.8.9/build/XML-SAX-Writer-0.53/blib/lib/XML/SAX/Writer.pm line 152.
Use of uninitialized value in substitution iterator at /usr/home/cpan/pit/64bit/conf/perl-5.8.9/.cpanplus/5.8.9/build/XML-SAX-Writer-0.53/blib/lib/XML/SAX/Writer.pm line 152.
Use of uninitialized value in substitution iterator at /usr/home/cpan/pit/64bit/conf/perl-5.8.9/.cpanplus/5.8.9/build/XML-SAX-Writer-0.53/blib/lib/XML/SAX/Writer.pm line 152.
Use of uninitialized value in substitution iterator at /usr/home/cpan/pit/64bit/conf/perl-5.8.9/.cpanplus/5.8.9/build/XML-SAX-Writer-0.53/blib/lib/XML/SAX/Writer.pm line 152.
Use of uninitialized value in substitution iterator at /usr/home/cpan/pit/64bit/conf/perl-5.8.9/.cpanplus/5.8.9/build/XML-SAX-Writer-0.53/blib/lib/XML/SAX/Writer.pm line 152.
Use of uninitialized value in substitution iterator at /usr/home/cpan/pit/64bit/conf/perl-5.8.9/.cpanplus/5.8.9/build/XML-SAX-Writer-0.53/blib/lib/XML/SAX/Writer.pm line 152.
Use of uninitialized value in substitution iterator at /usr/home/cpan/pit/64bit/conf/perl-5.8.9/.cpanplus/5.8.9/build/XML-SAX-Writer-0.53/blib/lib/XML/SAX/Writer.pm line 152.
Use of uninitialized value in substitution iterator at /usr/home/cpan/pit/64bit/conf/perl-5.8.9/.cpanplus/5.8.9/build/XML-SAX-Writer-0.53/blib/lib/XML/SAX/Writer.pm line 152.
Use of uninitialized value in substitution iterator at /usr/home/cpan/pit/64bit/conf/perl-5.8.9/.cpanplus/5.8.9/build/XML-SAX-Writer-0.53/blib/lib/XML/SAX/Writer.pm line 152.
Use of uninitialized value in substitution iterator at /usr/home/cpan/pit/64bit/conf/perl-5.8.9/.cpanplus/5.8.9/build/XML-SAX-Writer-0.53/blib/lib/XML/SAX/Writer.pm line 152.
Use of uninitialized value in substitution iterator at /usr/home/cpan/pit/64bit/conf/perl-5.8.9/.cpanplus/5.8.9/build/XML-SAX-Writer-0.53/blib/lib/XML/SAX/Writer.pm line 152.
Use of uninitialized value in substitution iterator at /usr/home/cpan/pit/64bit/conf/perl-5.8.9/.cpanplus/5.8.9/build/XML-SAX-Writer-0.53/blib/lib/XML/SAX/Writer.pm line 152.
Use of uninitialized value in substitution iterator at /usr/home/cpan/pit/64bit/conf/perl-5.8.9/.cpanplus/5.8.9/build/XML-SAX-Writer-0.53/blib/lib/XML/SAX/Writer.pm line 152.
Use of uninitialized value in substitution iterator at /usr/home/cpan/pit/64bit/conf/perl-5.8.9/.cpanplus/5.8.9/build/XML-SAX-Writer-0.53/blib/lib/XML/SAX/Writer.pm line 152.
Use of uninitialized value in substitution iterator at /usr/home/cpan/pit/64bit/conf/perl-5.8.9/.cpanplus/5.8.9/build/XML-SAX-Writer-0.53/blib/lib/XML/SAX/Writer.pm line 152.
Use of uninitialized value in substitution iterator at /usr/home/cpan/pit/64bit/conf/perl-5.8.9/.cpanplus/5.8.9/build/XML-SAX-Writer-0.53/blib/lib/XML/SAX/Writer.pm line 152.
Use of uninitialized value in substitution iterator at /usr/home/cpan/pit/64bit/conf/perl-5.8.9/.cpanplus/5.8.9/build/XML-SAX-Writer-0.53/blib/lib/XML/SAX/Writer.pm line 152.
Use of uninitialized value in substitution iterator at /usr/home/cpan/pit/64bit/conf/perl-5.8.9/.cpanplus/5.8.9/build/XML-SAX-Writer-0.53/blib/lib/XML/SAX/Writer.pm line 152.
Use of uninitialized value in substitution iterator at /usr/home/cpan/pit/64bit/conf/perl-5.8.9/.cpanplus/5.8.9/build/XML-SAX-Writer-0.53/blib/lib/XML/SAX/Writer.pm line 152.
Use of uninitialized value in substitution iterator at /usr/home/cpan/pit/64bit/conf/perl-5.8.9/.cpanplus/5.8.9/build/XML-SAX-Writer-0.53/blib/lib/XML/SAX/Writer.pm line 152.
Use of uninitialized value in substitution iterator at /usr/home/cpan/pit/64bit/conf/perl-5.8.9/.cpanplus/5.8.9/build/XML-SAX-Writer-0.53/blib/lib/XML/SAX/Writer.pm line 152.
Use of uninitialized value in substitution iterator at /usr/home/cpan/pit/64bit/conf/perl-5.8.9/.cpanplus/5.8.9/build/XML-SAX-Writer-0.53/blib/lib/XML/SAX/Writer.pm line 152.
Use of uninitialized value in substitution iterator at /usr/home/cpan/pit/64bit/conf/perl-5.8.9/.cpanplus/5.8.9/build/XML-SAX-Writer-0.53/blib/lib/XML/SAX/Writer.pm line 152.
Use of uninitialized value in concatenation (.) or string at /usr/home/cpan/pit/64bit/conf/perl-5.8.9/.cpanplus/5.8.9/build/XML-Filter-SAX1toSAX2-0.03/blib/lib/XML/Filter/SAX1toSAX2.pm line 81.
Use of uninitialized value in substitution iterator at /usr/home/cpan/pit/64bit/conf/perl-5.8.9/.cpanplus/5.8.9/build/XML-SAX-Writer-0.53/blib/lib/XML/SAX/Writer.pm line 152.
Use of uninitialized value in substitution iterator at /usr/home/cpan/pit/64bit/conf/perl-5.8.9/.cpanplus/5.8.9/build/XML-SAX-Writer-0.53/blib/lib/XML/SAX/Writer.pm line 152.
Use of uninitialized value in substitution iterator at /usr/home/cpan/pit/64bit/conf/perl-5.8.9/.cpanplus/5.8.9/build/XML-SAX-Writer-0.53/blib/lib/XML/SAX/Writer.pm line 152.
Use of uninitialized value in substitution iterator at /usr/home/cpan/pit/64bit/conf/perl-5.8.9/.cpanplus/5.8.9/build/XML-SAX-Writer-0.53/blib/lib/XML/SAX/Writer.pm line 152.
Use of uninitialized value in substitution iterator at /usr/home/cpan/pit/64bit/conf/perl-5.8.9/.cpanplus/5.8.9/build/XML-SAX-Writer-0.53/blib/lib/XML/SAX/Writer.pm line 152.
Use of uninitialized value in substitution iterator at /usr/home/cpan/pit/64bit/conf/perl-5.8.9/.cpanplus/5.8.9/build/XML-SAX-Writer-0.53/blib/lib/XML/SAX/Writer.pm line 152.
Use of uninitialized value in substitution iterator at /usr/home/cpan/pit/64bit/conf/perl-5.8.9/.cpanplus/5.8.9/build/XML-SAX-Writer-0.53/blib/lib/XML/SAX/Writer.pm line 152.
Use of uninitialized value in substitution iterator at /usr/home/cpan/pit/64bit/conf/perl-5.8.9/.cpanplus/5.8.9/build/XML-SAX-Writer-0.53/blib/lib/XML/SAX/Writer.pm line 152.
Use of uninitialized value in substitution iterator at /usr/home/cpan/pit/64bit/conf/perl-5.8.9/.cpanplus/5.8.9/build/XML-SAX-Writer-0.53/blib/lib/XML/SAX/Writer.pm line 152.
Use of uninitialized value in substitution iterator at /usr/home/cpan/pit/64bit/conf/perl-5.8.9/.cpanplus/5.8.9/build/XML-SAX-Writer-0.53/blib/lib/XML/SAX/Writer.pm line 152.
Use of uninitialized value in substitution iterator at /usr/home/cpan/pit/64bit/conf/perl-5.8.9/.cpanplus/5.8.9/build/XML-SAX-Writer-0.53/blib/lib/XML/SAX/Writer.pm line 152.
Use of uninitialized value in substitution iterator at /usr/home/cpan/pit/64bit/conf/perl-5.8.9/.cpanplus/5.8.9/build/XML-SAX-Writer-0.53/blib/lib/XML/SAX/Writer.pm line 152.
Use of uninitialized value in substitution iterator at /usr/home/cpan/pit/64bit/conf/perl-5.8.9/.cpanplus/5.8.9/build/XML-SAX-Writer-0.53/blib/lib/XML/SAX/Writer.pm line 152.
Use of uninitialized value in substitution iterator at /usr/home/cpan/pit/64bit/conf/perl-5.8.9/.cpanplus/5.8.9/build/XML-SAX-Writer-0.53/blib/lib/XML/SAX/Writer.pm line 152.
Use of uninitialized value in substitution iterator at /usr/home/cpan/pit/64bit/conf/perl-5.8.9/.cpanplus/5.8.9/build/XML-SAX-Writer-0.53/blib/lib/XML/SAX/Writer.pm line 152.
Use of uninitialized value in substitution iterator at /usr/home/cpan/pit/64bit/conf/perl-5.8.9/.cpanplus/5.8.9/build/XML-SAX-Writer-0.53/blib/lib/XML/SAX/Writer.pm line 152.
Use of uninitialized value in substitution iterator at /usr/home/cpan/pit/64bit/conf/perl-5.8.9/.cpanplus/5.8.9/build/XML-SAX-Writer-0.53/blib/lib/XML/SAX/Writer.pm line 152.
Use of uninitialized value in substitution iterator at /usr/home/cpan/pit/64bit/conf/perl-5.8.9/.cpanplus/5.8.9/build/XML-SAX-Writer-0.53/blib/lib/XML/SAX/Writer.pm line 152.
Use of uninitialized value in substitution iterator at /usr/home/cpan/pit/64bit/conf/perl-5.8.9/.cpanplus/5.8.9/build/XML-SAX-Writer-0.53/blib/lib/XML/SAX/Writer.pm line 152.
Use of uninitialized value in substitution iterator at /usr/home/cpan/pit/64bit/conf/perl-5.8.9/.cpanplus/5.8.9/build/XML-SAX-Writer-0.53/blib/lib/XML/SAX/Writer.pm line 152.
Use of uninitialized value in substitution iterator at /usr/home/cpan/pit/64bit/conf/perl-5.8.9/.cpanplus/5.8.9/build/XML-SAX-Writer-0.53/blib/lib/XML/SAX/Writer.pm line 152.
Use of uninitialized value in concatenation (.) or string at /usr/home/cpan/pit/64bit/conf/perl-5.8.9/.cpanplus/5.8.9/build/XML-Filter-SAX1toSAX2-0.03/blib/lib/XML/Filter/SAX1toSAX2.pm line 81.
Use of uninitialized value in concatenation (.) or string at /usr/home/cpan/pit/64bit/conf/perl-5.8.9/.cpanplus/5.8.9/build/XML-Filter-SAX1toSAX2-0.03/blib/lib/XML/Filter/SAX1toSAX2.pm line 81.
Use of uninitialized value in substitution iterator at /usr/home/cpan/pit/64bit/conf/perl-5.8.9/.cpanplus/5.8.9/build/XML-SAX-Writer-0.53/blib/lib/XML/SAX/Writer.pm line 152.
Use of uninitialized value in substitution iterator at /usr/home/cpan/pit/64bit/conf/perl-5.8.9/.cpanplus/5.8.9/build/XML-SAX-Writer-0.53/blib/lib/XML/SAX/Writer.pm line 152.
Use of uninitialized value in substitution iterator at /usr/home/cpan/pit/64bit/conf/perl-5.8.9/.cpanplus/5.8.9/build/XML-SAX-Writer-0.53/blib/lib/XML/SAX/Writer.pm line 152.
Use of uninitialized value in substitution iterator at /usr/home/cpan/pit/64bit/conf/perl-5.8.9/.cpanplus/5.8.9/build/XML-SAX-Writer-0.53/blib/lib/XML/SAX/Writer.pm line 152.
Use of uninitialized value in substitution iterator at /usr/home/cpan/pit/64bit/conf/perl-5.8.9/.cpanplus/5.8.9/build/XML-SAX-Writer-0.53/blib/lib/XML/SAX/Writer.pm line 152.
Use of uninitialized value in substitution iterator at /usr/home/cpan/pit/64bit/conf/perl-5.8.9/.cpanplus/5.8.9/build/XML-SAX-Writer-0.53/blib/lib/XML/SAX/Writer.pm line 152.
Use of uninitialized value in substitution iterator at /usr/home/cpan/pit/64bit/conf/perl-5.8.9/.cpanplus/5.8.9/build/XML-SAX-Writer-0.53/blib/lib/XML/SAX/Writer.pm line 152.
Use of uninitialized value in substitution iterator at /usr/home/cpan/pit/64bit/conf/perl-5.8.9/.cpanplus/5.8.9/build/XML-SAX-Writer-0.53/blib/lib/XML/SAX/Writer.pm line 152.
Use of uninitialized value in substitution iterator at /usr/home/cpan/pit/64bit/conf/perl-5.8.9/.cpanplus/5.8.9/build/XML-SAX-Writer-0.53/blib/lib/XML/SAX/Writer.pm line 152.
Use of uninitialized value in substitution iterator at /usr/home/cpan/pit/64bit/conf/perl-5.8.9/.cpanplus/5.8.9/build/XML-SAX-Writer-0.53/blib/lib/XML/SAX/Writer.pm line 152.
Use of uninitialized value in substitution iterator at /usr/home/cpan/pit/64bit/conf/perl-5.8.9/.cpanplus/5.8.9/build/XML-SAX-Writer-0.53/blib/lib/XML/SAX/Writer.pm line 152.
Use of uninitialized value in substitution iterator at /usr/home/cpan/pit/64bit/conf/perl-5.8.9/.cpanplus/5.8.9/build/XML-SAX-Writer-0.53/blib/lib/XML/SAX/Writer.pm line 152.
Use of uninitialized value in substitution iterator at /usr/home/cpan/pit/64bit/conf/perl-5.8.9/.cpanplus/5.8.9/build/XML-SAX-Writer-0.53/blib/lib/XML/SAX/Writer.pm line 152.
Use of uninitialized value in substitution iterator at /usr/home/cpan/pit/64bit/conf/perl-5.8.9/.cpanplus/5.8.9/build/XML-SAX-Writer-0.53/blib/lib/XML/SAX/Writer.pm line 152.
Use of uninitialized value in substitution iterator at /usr/home/cpan/pit/64bit/conf/perl-5.8.9/.cpanplus/5.8.9/build/XML-SAX-Writer-0.53/blib/lib/XML/SAX/Writer.pm line 152.
Use of uninitialized value in substitution iterator at /usr/home/cpan/pit/64bit/conf/perl-5.8.9/.cpanplus/5.8.9/build/XML-SAX-Writer-0.53/blib/lib/XML/SAX/Writer.pm line 152.
Use of uninitialized value in substitution iterator at /usr/home/cpan/pit/64bit/conf/perl-5.8.9/.cpanplus/5.8.9/build/XML-SAX-Writer-0.53/blib/lib/XML/SAX/Writer.pm line 152.
Use of uninitialized value in substitution iterator at /usr/home/cpan/pit/64bit/conf/perl-5.8.9/.cpanplus/5.8.9/build/XML-SAX-Writer-0.53/blib/lib/XML/SAX/Writer.pm line 152.
Use of uninitialized value in substitution iterator at /usr/home/cpan/pit/64bit/conf/perl-5.8.9/.cpanplus/5.8.9/build/XML-SAX-Writer-0.53/blib/lib/XML/SAX/Writer.pm line 152.
Use of uninitialized value in substitution iterator at /usr/home/cpan/pit/64bit/conf/perl-5.8.9/.cpanplus/5.8.9/build/XML-SAX-Writer-0.53/blib/lib/XML/SAX/Writer.pm line 152.
Use of uninitialized value in substitution iterator at /usr/home/cpan/pit/64bit/conf/perl-5.8.9/.cpanplus/5.8.9/build/XML-SAX-Writer-0.53/blib/lib/XML/SAX/Writer.pm line 152.
Use of uninitialized value in substitution iterator at /usr/home/cpan/pit/64bit/conf/perl-5.8.9/.cpanplus/5.8.9/build/XML-SAX-Writer-0.53/blib/lib/XML/SAX/Writer.pm line 152.
Use of uninitialized value in substitution iterator at /usr/home/cpan/pit/64bit/conf/perl-5.8.9/.cpanplus/5.8.9/build/XML-SAX-Writer-0.53/blib/lib/XML/SAX/Writer.pm line 152.
Use of uninitialized value in substitution iterator at /usr/home/cpan/pit/64bit/conf/perl-5.8.9/.cpanplus/5.8.9/build/XML-SAX-Writer-0.53/blib/lib/XML/SAX/Writer.pm line 152.
Use of uninitialized value in substitution iterator at /usr/home/cpan/pit/64bit/conf/perl-5.8.9/.cpanplus/5.8.9/build/XML-SAX-Writer-0.53/blib/lib/XML/SAX/Writer.pm line 152.
Use of uninitialized value in substitution iterator at /usr/home/cpan/pit/64bit/conf/perl-5.8.9/.cpanplus/5.8.9/build/XML-SAX-Writer-0.53/blib/lib/XML/SAX/Writer.pm line 152.
Use of uninitialized value in substitution iterator at /usr/home/cpan/pit/64bit/conf/perl-5.8.9/.cpanplus/5.8.9/build/XML-SAX-Writer-0.53/blib/lib/XML/SAX/Writer.pm line 152.
Use of uninitialized value in substitution iterator at /usr/home/cpan/pit/64bit/conf/perl-5.8.9/.cpanplus/5.8.9/build/XML-SAX-Writer-0.53/blib/lib/XML/SAX/Writer.pm line 152.
Use of uninitialized value in substitution iterator at /usr/home/cpan/pit/64bit/conf/perl-5.8.9/.cpanplus/5.8.9/build/XML-SAX-Writer-0.53/blib/lib/XML/SAX/Writer.pm line 152.
Use of uninitialized value in substitution iterator at /usr/home/cpan/pit/64bit/conf/perl-5.8.9/.cpanplus/5.8.9/build/XML-SAX-Writer-0.53/blib/lib/XML/SAX/Writer.pm line 152.
Use of uninitialized value in substitution iterator at /usr/home/cpan/pit/64bit/conf/perl-5.8.9/.cpanplus/5.8.9/build/XML-SAX-Writer-0.53/blib/lib/XML/SAX/Writer.pm line 152.
Use of uninitialized value in substitution iterator at /usr/home/cpan/pit/64bit/conf/perl-5.8.9/.cpanplus/5.8.9/build/XML-SAX-Writer-0.53/blib/lib/XML/SAX/Writer.pm line 152.
Use of uninitialized value in substitution iterator at /usr/home/cpan/pit/64bit/conf/perl-5.8.9/.cpanplus/5.8.9/build/XML-SAX-Writer-0.53/blib/lib/XML/SAX/Writer.pm line 152.
Use of uninitialized value in substitution iterator at /usr/home/cpan/pit/64bit/conf/perl-5.8.9/.cpanplus/5.8.9/build/XML-SAX-Writer-0.53/blib/lib/XML/SAX/Writer.pm line 152.
Use of uninitialized value in substitution iterator at /usr/home/cpan/pit/64bit/conf/perl-5.8.9/.cpanplus/5.8.9/build/XML-SAX-Writer-0.53/blib/lib/XML/SAX/Writer.pm line 152.
Use of uninitialized value in substitution iterator at /usr/home/cpan/pit/64bit/conf/perl-5.8.9/.cpanplus/5.8.9/build/XML-SAX-Writer-0.53/blib/lib/XML/SAX/Writer.pm line 152.
Use of uninitialized value in substitution iterator at /usr/home/cpan/pit/64bit/conf/perl-5.8.9/.cpanplus/5.8.9/build/XML-SAX-Writer-0.53/blib/lib/XML/SAX/Writer.pm line 152.
Use of uninitialized value in substitution iterator at /usr/home/cpan/pit/64bit/conf/perl-5.8.9/.cpanplus/5.8.9/build/XML-SAX-Writer-0.53/blib/lib/XML/SAX/Writer.pm line 152.
Use of uninitialized value in substitution iterator at /usr/home/cpan/pit/64bit/conf/perl-5.8.9/.cpanplus/5.8.9/build/XML-SAX-Writer-0.53/blib/lib/XML/SAX/Writer.pm line 152.
Use of uninitialized value in substitution iterator at /usr/home/cpan/pit/64bit/conf/perl-5.8.9/.cpanplus/5.8.9/build/XML-SAX-Writer-0.53/blib/lib/XML/SAX/Writer.pm line 152.
Use of uninitialized value in substitution iterator at /usr/home/cpan/pit/64bit/conf/perl-5.8.9/.cpanplus/5.8.9/build/XML-SAX-Writer-0.53/blib/lib/XML/SAX/Writer.pm line 152.
Use of uninitialized value in substitution iterator at /usr/home/cpan/pit/64bit/conf/perl-5.8.9/.cpanplus/5.8.9/build/XML-SAX-Writer-0.53/blib/lib/XML/SAX/Writer.pm line 152.
Use of uninitialized value in substitution iterator at /usr/home/cpan/pit/64bit/conf/perl-5.8.9/.cpanplus/5.8.9/build/XML-SAX-Writer-0.53/blib/lib/XML/SAX/Writer.pm line 152.
Use of uninitialized value in substitution iterator at /usr/home/cpan/pit/64bit/conf/perl-5.8.9/.cpanplus/5.8.9/build/XML-SAX-Writer-0.53/blib/lib/XML/SAX/Writer.pm line 152.
Use of uninitialized value in substitution iterator at /usr/home/cpan/pit/64bit/conf/perl-5.8.9/.cpanplus/5.8.9/build/XML-SAX-Writer-0.53/blib/lib/XML/SAX/Writer.pm line 152.
Use of uninitialized value in substitution iterator at /usr/home/cpan/pit/64bit/conf/perl-5.8.9/.cpanplus/5.8.9/build/XML-SAX-Writer-0.53/blib/lib/XML/SAX/Writer.pm line 152.
Use of uninitialized value in substitution iterator at /usr/home/cpan/pit/64bit/conf/perl-5.8.9/.cpanplus/5.8.9/build/XML-SAX-Writer-0.53/blib/lib/XML/SAX/Writer.pm line 152.
Use of uninitialized value in substitution iterator at /usr/home/cpan/pit/64bit/conf/perl-5.8.9/.cpanplus/5.8.9/build/XML-SAX-Writer-0.53/blib/lib/XML/SAX/Writer.pm line 152.
Use of uninitialized value in substitution iterator at /usr/home/cpan/pit/64bit/conf/perl-5.8.9/.cpanplus/5.8.9/build/XML-SAX-Writer-0.53/blib/lib/XML/SAX/Writer.pm line 152.
Use of uninitialized value in substitution iterator at /usr/home/cpan/pit/64bit/conf/perl-5.8.9/.cpanplus/5.8.9/build/XML-SAX-Writer-0.53/blib/lib/XML/SAX/Writer.pm line 152.
Use of uninitialized value in substitution iterator at /usr/home/cpan/pit/64bit/conf/perl-5.8.9/.cpanplus/5.8.9/build/XML-SAX-Writer-0.53/blib/lib/XML/SAX/Writer.pm line 152.
Use of uninitialized value in substitution iterator at /usr/home/cpan/pit/64bit/conf/perl-5.8.9/.cpanplus/5.8.9/build/XML-SAX-Writer-0.53/blib/lib/XML/SAX/Writer.pm line 152.
Use of uninitialized value in substitution iterator at /usr/home/cpan/pit/64bit/conf/perl-5.8.9/.cpanplus/5.8.9/build/XML-SAX-Writer-0.53/blib/lib/XML/SAX/Writer.pm line 152.
Use of uninitialized value in substitution iterator at /usr/home/cpan/pit/64bit/conf/perl-5.8.9/.cpanplus/5.8.9/build/XML-SAX-Writer-0.53/blib/lib/XML/SAX/Writer.pm line 152.
Use of uninitialized value in substitution iterator at /usr/home/cpan/pit/64bit/conf/perl-5.8.9/.cpanplus/5.8.9/build/XML-SAX-Writer-0.53/blib/lib/XML/SAX/Writer.pm line 152.
Use of uninitialized value in substitution iterator at /usr/home/cpan/pit/64bit/conf/perl-5.8.9/.cpanplus/5.8.9/build/XML-SAX-Writer-0.53/blib/lib/XML/SAX/Writer.pm line 152.
Use of uninitialized value in substitution iterator at /usr/home/cpan/pit/64bit/conf/perl-5.8.9/.cpanplus/5.8.9/build/XML-SAX-Writer-0.53/blib/lib/XML/SAX/Writer.pm line 152.
Use of uninitialized value in substitution iterator at /usr/home/cpan/pit/64bit/conf/perl-5.8.9/.cpanplus/5.8.9/build/XML-SAX-Writer-0.53/blib/lib/XML/SAX/Writer.pm line 152.
Use of uninitialized value in substitution iterator at /usr/home/cpan/pit/64bit/conf/perl-5.8.9/.cpanplus/5.8.9/build/XML-SAX-Writer-0.53/blib/lib/XML/SAX/Writer.pm line 152.
Use of uninitialized value in substitution iterator at /usr/home/cpan/pit/64bit/conf/perl-5.8.9/.cpanplus/5.8.9/build/XML-SAX-Writer-0.53/blib/lib/XML/SAX/Writer.pm line 152.
Use of uninitialized value in substitution iterator at /usr/home/cpan/pit/64bit/conf/perl-5.8.9/.cpanplus/5.8.9/build/XML-SAX-Writer-0.53/blib/lib/XML/SAX/Writer.pm line 152.
Use of uninitialized value in substitution iterator at /usr/home/cpan/pit/64bit/conf/perl-5.8.9/.cpanplus/5.8.9/build/XML-SAX-Writer-0.53/blib/lib/XML/SAX/Writer.pm line 152.
Use of uninitialized value in substitution iterator at /usr/home/cpan/pit/64bit/conf/perl-5.8.9/.cpanplus/5.8.9/build/XML-SAX-Writer-0.53/blib/lib/XML/SAX/Writer.pm line 152.
Use of uninitialized value in substitution iterator at /usr/home/cpan/pit/64bit/conf/perl-5.8.9/.cpanplus/5.8.9/build/XML-SAX-Writer-0.53/blib/lib/XML/SAX/Writer.pm line 152.
Use of uninitialized value in substitution iterator at /usr/home/cpan/pit/64bit/conf/perl-5.8.9/.cpanplus/5.8.9/build/XML-SAX-Writer-0.53/blib/lib/XML/SAX/Writer.pm line 152.
Use of uninitialized value in substitution iterator at /usr/home/cpan/pit/64bit/conf/perl-5.8.9/.cpanplus/5.8.9/build/XML-SAX-Writer-0.53/blib/lib/XML/SAX/Writer.pm line 152.
Use of uninitialized value in concatenation (.) or string at /usr/home/cpan/pit/64bit/conf/perl-5.8.9/.cpanplus/5.8.9/build/XML-Filter-SAX1toSAX2-0.03/blib/lib/XML/Filter/SAX1toSAX2.pm line 81.
Use of uninitialized value in concatenation (.) or string at /usr/home/cpan/pit/64bit/conf/perl-5.8.9/.cpanplus/5.8.9/build/XML-Filter-SAX1toSAX2-0.03/blib/lib/XML/Filter/SAX1toSAX2.pm line 81.
Use of uninitialized value in substitution iterator at /usr/home/cpan/pit/64bit/conf/perl-5.8.9/.cpanplus/5.8.9/build/XML-SAX-Writer-0.53/blib/lib/XML/SAX/Writer.pm line 152.
Use of uninitialized value in substitution iterator at /usr/home/cpan/pit/64bit/conf/perl-5.8.9/.cpanplus/5.8.9/build/XML-SAX-Writer-0.53/blib/lib/XML/SAX/Writer.pm line 152.
Use of uninitialized value in substitution iterator at /usr/home/cpan/pit/64bit/conf/perl-5.8.9/.cpanplus/5.8.9/build/XML-SAX-Writer-0.53/blib/lib/XML/SAX/Writer.pm line 152.
Use of uninitialized value in substitution iterator at /usr/home/cpan/pit/64bit/conf/perl-5.8.9/.cpanplus/5.8.9/build/XML-SAX-Writer-0.53/blib/lib/XML/SAX/Writer.pm line 152.
Use of uninitialized value in substitution iterator at /usr/home/cpan/pit/64bit/conf/perl-5.8.9/.cpanplus/5.8.9/build/XML-SAX-Writer-0.53/blib/lib/XML/SAX/Writer.pm line 152.
Use of uninitialized value in substitution iterator at /usr/home/cpan/pit/64bit/conf/perl-5.8.9/.cpanplus/5.8.9/build/XML-SAX-Writer-0.53/blib/lib/XML/SAX/Writer.pm line 152.
Use of uninitialized value in substitution iterator at /usr/home/cpan/pit/64bit/conf/perl-5.8.9/.cpanplus/5.8.9/build/XML-SAX-Writer-0.53/blib/lib/XML/SAX/Writer.pm line 152.
Use of uninitialized value in substitution iterator at /usr/home/cpan/pit/64bit/conf/perl-5.8.9/.cpanplus/5.8.9/build/XML-SAX-Writer-0.53/blib/lib/XML/SAX/Writer.pm line 152.
Use of uninitialized value in substitution iterator at /usr/home/cpan/pit/64bit/conf/perl-5.8.9/.cpanplus/5.8.9/build/XML-SAX-Writer-0.53/blib/lib/XML/SAX/Writer.pm line 152.
Use of uninitialized value in substitution iterator at /usr/home/cpan/pit/64bit/conf/perl-5.8.9/.cpanplus/5.8.9/build/XML-SAX-Writer-0.53/blib/lib/XML/SAX/Writer.pm line 152.
Use of uninitialized value in substitution iterator at /usr/home/cpan/pit/64bit/conf/perl-5.8.9/.cpanplus/5.8.9/build/XML-SAX-Writer-0.53/blib/lib/XML/SAX/Writer.pm line 152.
Use of uninitialized value in substitution iterator at /usr/home/cpan/pit/64bit/conf/perl-5.8.9/.cpanplus/5.8.9/build/XML-SAX-Writer-0.53/blib/lib/XML/SAX/Writer.pm line 152.
Use of uninitialized value in substitution iterator at /usr/home/cpan/pit/64bit/conf/perl-5.8.9/.cpanplus/5.8.9/build/XML-SAX-Writer-0.53/blib/lib/XML/SAX/Writer.pm line 152.
Use of uninitialized value in substitution iterator at /usr/home/cpan/pit/64bit/conf/perl-5.8.9/.cpanplus/5.8.9/build/XML-SAX-Writer-0.53/blib/lib/XML/SAX/Writer.pm line 152.
Use of uninitialized value in substitution iterator at /usr/home/cpan/pit/64bit/conf/perl-5.8.9/.cpanplus/5.8.9/build/XML-SAX-Writer-0.53/blib/lib/XML/SAX/Writer.pm line 152.
Use of uninitialized value in substitution iterator at /usr/home/cpan/pit/64bit/conf/perl-5.8.9/.cpanplus/5.8.9/build/XML-SAX-Writer-0.53/blib/lib/XML/SAX/Writer.pm line 152.
Use of uninitialized value in substitution iterator at /usr/home/cpan/pit/64bit/conf/perl-5.8.9/.cpanplus/5.8.9/build/XML-SAX-Writer-0.53/blib/lib/XML/SAX/Writer.pm line 152.
Use of uninitialized value in substitution iterator at /usr/home/cpan/pit/64bit/conf/perl-5.8.9/.cpanplus/5.8.9/build/XML-SAX-Writer-0.53/blib/lib/XML/SAX/Writer.pm line 152.
Use of uninitialized value in substitution iterator at /usr/home/cpan/pit/64bit/conf/perl-5.8.9/.cpanplus/5.8.9/build/XML-SAX-Writer-0.53/blib/lib/XML/SAX/Writer.pm line 152.
Use of uninitialized value in substitution iterator at /usr/home/cpan/pit/64bit/conf/perl-5.8.9/.cpanplus/5.8.9/build/XML-SAX-Writer-0.53/blib/lib/XML/SAX/Writer.pm line 152.
Use of uninitialized value in substitution iterator at /usr/home/cpan/pit/64bit/conf/perl-5.8.9/.cpanplus/5.8.9/build/XML-SAX-Writer-0.53/blib/lib/XML/SAX/Writer.pm line 152.
Use of uninitialized value in substitution iterator at /usr/home/cpan/pit/64bit/conf/perl-5.8.9/.cpanplus/5.8.9/build/XML-SAX-Writer-0.53/blib/lib/XML/SAX/Writer.pm line 152.
Use of uninitialized value in substitution iterator at /usr/home/cpan/pit/64bit/conf/perl-5.8.9/.cpanplus/5.8.9/build/XML-SAX-Writer-0.53/blib/lib/XML/SAX/Writer.pm line 152.
Use of uninitialized value in substitution iterator at /usr/home/cpan/pit/64bit/conf/perl-5.8.9/.cpanplus/5.8.9/build/XML-SAX-Writer-0.53/blib/lib/XML/SAX/Writer.pm line 152.
Use of uninitialized value in substitution iterator at /usr/home/cpan/pit/64bit/conf/perl-5.8.9/.cpanplus/5.8.9/build/XML-SAX-Writer-0.53/blib/lib/XML/SAX/Writer.pm line 152.
Use of uninitialized value in substitution iterator at /usr/home/cpan/pit/64bit/conf/perl-5.8.9/.cpanplus/5.8.9/build/XML-SAX-Writer-0.53/blib/lib/XML/SAX/Writer.pm line 152.
Use of uninitialized value in substitution iterator at /usr/home/cpan/pit/64bit/conf/perl-5.8.9/.cpanplus/5.8.9/build/XML-SAX-Writer-0.53/blib/lib/XML/SAX/Writer.pm line 152.
Use of uninitialized value in substitution iterator at /usr/home/cpan/pit/64bit/conf/perl-5.8.9/.cpanplus/5.8.9/build/XML-SAX-Writer-0.53/blib/lib/XML/SAX/Writer.pm line 152.
Use of uninitialized value in substitution iterator at /usr/home/cpan/pit/64bit/conf/perl-5.8.9/.cpanplus/5.8.9/build/XML-SAX-Writer-0.53/blib/lib/XML/SAX/Writer.pm line 152.
Use of uninitialized value in substitution iterator at /usr/home/cpan/pit/64bit/conf/perl-5.8.9/.cpanplus/5.8.9/build/XML-SAX-Writer-0.53/blib/lib/XML/SAX/Writer.pm line 152.
Use of uninitialized value in substitution iterator at /usr/home/cpan/pit/64bit/conf/perl-5.8.9/.cpanplus/5.8.9/build/XML-SAX-Writer-0.53/blib/lib/XML/SAX/Writer.pm line 152.
Use of uninitialized value in substitution iterator at /usr/home/cpan/pit/64bit/conf/perl-5.8.9/.cpanplus/5.8.9/build/XML-SAX-Writer-0.53/blib/lib/XML/SAX/Writer.pm line 152.
Use of uninitialized value in substitution iterator at /usr/home/cpan/pit/64bit/conf/perl-5.8.9/.cpanplus/5.8.9/build/XML-SAX-Writer-0.53/blib/lib/XML/SAX/Writer.pm line 152.
Use of uninitialized value in substitution iterator at /usr/home/cpan/pit/64bit/conf/perl-5.8.9/.cpanplus/5.8.9/build/XML-SAX-Writer-0.53/blib/lib/XML/SAX/Writer.pm line 152.
Use of uninitialized value in substitution iterator at /usr/home/cpan/pit/64bit/conf/perl-5.8.9/.cpanplus/5.8.9/build/XML-SAX-Writer-0.53/blib/lib/XML/SAX/Writer.pm line 152.
Use of uninitialized value in substitution iterator at /usr/home/cpan/pit/64bit/conf/perl-5.8.9/.cpanplus/5.8.9/build/XML-SAX-Writer-0.53/blib/lib/XML/SAX/Writer.pm line 152.
Use of uninitialized value in substitution iterator at /usr/home/cpan/pit/64bit/conf/perl-5.8.9/.cpanplus/5.8.9/build/XML-SAX-Writer-0.53/blib/lib/XML/SAX/Writer.pm line 152.
Use of uninitialized value in substitution iterator at /usr/home/cpan/pit/64bit/conf/perl-5.8.9/.cpanplus/5.8.9/build/XML-SAX-Writer-0.53/blib/lib/XML/SAX/Writer.pm line 152.
Use of uninitialized value in substitution iterator at /usr/home/cpan/pit/64bit/conf/perl-5.8.9/.cpanplus/5.8.9/build/XML-SAX-Writer-0.53/blib/lib/XML/SAX/Writer.pm line 152.
Use of uninitialized value in substitution iterator at /usr/home/cpan/pit/64bit/conf/perl-5.8.9/.cpanplus/5.8.9/build/XML-SAX-Writer-0.53/blib/lib/XML/SAX/Writer.pm line 152.
Use of uninitialized value in substitution iterator at /usr/home/cpan/pit/64bit/conf/perl-5.8.9/.cpanplus/5.8.9/build/XML-SAX-Writer-0.53/blib/lib/XML/SAX/Writer.pm line 152.
Use of uninitialized value in substitution iterator at /usr/home/cpan/pit/64bit/conf/perl-5.8.9/.cpanplus/5.8.9/build/XML-SAX-Writer-0.53/blib/lib/XML/SAX/Writer.pm line 152.
Use of uninitialized value in substitution iterator at /usr/home/cpan/pit/64bit/conf/perl-5.8.9/.cpanplus/5.8.9/build/XML-SAX-Writer-0.53/blib/lib/XML/SAX/Writer.pm line 152.
Use of uninitialized value in concatenation (.) or string at /usr/home/cpan/pit/64bit/conf/perl-5.8.9/.cpanplus/5.8.9/build/XML-Filter-SAX1toSAX2-0.03/blib/lib/XML/Filter/SAX1toSAX2.pm line 81.
Use of uninitialized value in substitution iterator at /usr/home/cpan/pit/64bit/conf/perl-5.8.9/.cpanplus/5.8.9/build/XML-SAX-Writer-0.53/blib/lib/XML/SAX/Writer.pm line 152.
Use of uninitialized value in substitution iterator at /usr/home/cpan/pit/64bit/conf/perl-5.8.9/.cpanplus/5.8.9/build/XML-SAX-Writer-0.53/blib/lib/XML/SAX/Writer.pm line 152.
Use of uninitialized value in substitution iterator at /usr/home/cpan/pit/64bit/conf/perl-5.8.9/.cpanplus/5.8.9/build/XML-SAX-Writer-0.53/blib/lib/XML/SAX/Writer.pm line 152.
Use of uninitialized value in substitution iterator at /usr/home/cpan/pit/64bit/conf/perl-5.8.9/.cpanplus/5.8.9/build/XML-SAX-Writer-0.53/blib/lib/XML/SAX/Writer.pm line 152.
Use of uninitialized value in substitution iterator at /usr/home/cpan/pit/64bit/conf/perl-5.8.9/.cpanplus/5.8.9/build/XML-SAX-Writer-0.53/blib/lib/XML/SAX/Writer.pm line 152.
Use of uninitialized value in substitution iterator at /usr/home/cpan/pit/64bit/conf/perl-5.8.9/.cpanplus/5.8.9/build/XML-SAX-Writer-0.53/blib/lib/XML/SAX/Writer.pm line 152.
Use of uninitialized value in substitution iterator at /usr/home/cpan/pit/64bit/conf/perl-5.8.9/.cpanplus/5.8.9/build/XML-SAX-Writer-0.53/blib/lib/XML/SAX/Writer.pm line 152.
Use of uninitialized value in substitution iterator at /usr/home/cpan/pit/64bit/conf/perl-5.8.9/.cpanplus/5.8.9/build/XML-SAX-Writer-0.53/blib/lib/XML/SAX/Writer.pm line 152.
Use of uninitialized value in substitution iterator at /usr/home/cpan/pit/64bit/conf/perl-5.8.9/.cpanplus/5.8.9/build/XML-SAX-Writer-0.53/blib/lib/XML/SAX/Writer.pm line 152.
Use of uninitialized value in substitution iterator at /usr/home/cpan/pit/64bit/conf/perl-5.8.9/.cpanplus/5.8.9/build/XML-SAX-Writer-0.53/blib/lib/XML/SAX/Writer.pm line 152.
Use of uninitialized value in substitution iterator at /usr/home/cpan/pit/64bit/conf/perl-5.8.9/.cpanplus/5.8.9/build/XML-SAX-Writer-0.53/blib/lib/XML/SAX/Writer.pm line 152.
Use of uninitialized value in substitution iterator at /usr/home/cpan/pit/64bit/conf/perl-5.8.9/.cpanplus/5.8.9/build/XML-SAX-Writer-0.53/blib/lib/XML/SAX/Writer.pm line 152.
Use of uninitialized value in substitution iterator at /usr/home/cpan/pit/64bit/conf/perl-5.8.9/.cpanplus/5.8.9/build/XML-SAX-Writer-0.53/blib/lib/XML/SAX/Writer.pm line 152.
Use of uninitialized value in substitution iterator at /usr/home/cpan/pit/64bit/conf/perl-5.8.9/.cpanplus/5.8.9/build/XML-SAX-Writer-0.53/blib/lib/XML/SAX/Writer.pm line 152.
Use of uninitialized value in substitution iterator at /usr/home/cpan/pit/64bit/conf/perl-5.8.9/.cpanplus/5.8.9/build/XML-SAX-Writer-0.53/blib/lib/XML/SAX/Writer.pm line 152.
Use of uninitialized value in substitution iterator at /usr/home/cpan/pit/64bit/conf/perl-5.8.9/.cpanplus/5.8.9/build/XML-SAX-Writer-0.53/blib/lib/XML/SAX/Writer.pm line 152.
Use of uninitialized value in substitution iterator at /usr/home/cpan/pit/64bit/conf/perl-5.8.9/.cpanplus/5.8.9/build/XML-SAX-Writer-0.53/blib/lib/XML/SAX/Writer.pm line 152.
Use of uninitialized value in substitution iterator at /usr/home/cpan/pit/64bit/conf/perl-5.8.9/.cpanplus/5.8.9/build/XML-SAX-Writer-0.53/blib/lib/XML/SAX/Writer.pm line 152.
Use of uninitialized value in substitution iterator at /usr/home/cpan/pit/64bit/conf/perl-5.8.9/.cpanplus/5.8.9/build/XML-SAX-Writer-0.53/blib/lib/XML/SAX/Writer.pm line 152.
Use of uninitialized value in substitution iterator at /usr/home/cpan/pit/64bit/conf/perl-5.8.9/.cpanplus/5.8.9/build/XML-SAX-Writer-0.53/blib/lib/XML/SAX/Writer.pm line 152.
Use of uninitialized value in substitution iterator at /usr/home/cpan/pit/64bit/conf/perl-5.8.9/.cpanplus/5.8.9/build/XML-SAX-Writer-0.53/blib/lib/XML/SAX/Writer.pm line 152.
Use of uninitialized value in substitution iterator at /usr/home/cpan/pit/64bit/conf/perl-5.8.9/.cpanplus/5.8.9/build/XML-SAX-Writer-0.53/blib/lib/XML/SAX/Writer.pm line 152.
Use of uninitialized value in substitution iterator at /usr/home/cpan/pit/64bit/conf/perl-5.8.9/.cpanplus/5.8.9/build/XML-SAX-Writer-0.53/blib/lib/XML/SAX/Writer.pm line 152.
Use of uninitialized value in substitution iterator at /usr/home/cpan/pit/64bit/conf/perl-5.8.9/.cpanplus/5.8.9/build/XML-SAX-Writer-0.53/blib/lib/XML/SAX/Writer.pm line 152.
Use of uninitialized value in substitution iterator at /usr/home/cpan/pit/64bit/conf/perl-5.8.9/.cpanplus/5.8.9/build/XML-SAX-Writer-0.53/blib/lib/XML/SAX/Writer.pm line 152.
Use of uninitialized value in substitution iterator at /usr/home/cpan/pit/64bit/conf/perl-5.8.9/.cpanplus/5.8.9/build/XML-SAX-Writer-0.53/blib/lib/XML/SAX/Writer.pm line 152.
Use of uninitialized value in substitution iterator at /usr/home/cpan/pit/64bit/conf/perl-5.8.9/.cpanplus/5.8.9/build/XML-SAX-Writer-0.53/blib/lib/XML/SAX/Writer.pm line 152.
Use of uninitialized value in substitution iterator at /usr/home/cpan/pit/64bit/conf/perl-5.8.9/.cpanplus/5.8.9/build/XML-SAX-Writer-0.53/blib/lib/XML/SAX/Writer.pm line 152.
Use of uninitialized value in substitution iterator at /usr/home/cpan/pit/64bit/conf/perl-5.8.9/.cpanplus/5.8.9/build/XML-SAX-Writer-0.53/blib/lib/XML/SAX/Writer.pm line 152.
Use of uninitialized value in substitution iterator at /usr/home/cpan/pit/64bit/conf/perl-5.8.9/.cpanplus/5.8.9/build/XML-SAX-Writer-0.53/blib/lib/XML/SAX/Writer.pm line 152.
Use of uninitialized value in substitution iterator at /usr/home/cpan/pit/64bit/conf/perl-5.8.9/.cpanplus/5.8.9/build/XML-SAX-Writer-0.53/blib/lib/XML/SAX/Writer.pm line 152.
Use of uninitialized value in substitution iterator at /usr/home/cpan/pit/64bit/conf/perl-5.8.9/.cpanplus/5.8.9/build/XML-SAX-Writer-0.53/blib/lib/XML/SAX/Writer.pm line 152.
t/050.t ................... ok
t/060_ExtOn_skip_root.t ... ok
Use of uninitialized value in substitution iterator at /usr/home/cpan/pit/64bit/conf/perl-5.8.9/.cpanplus/5.8.9/build/XML-SAX-Writer-0.53/blib/lib/XML/SAX/Writer.pm line 152.
Use of uninitialized value in substitution iterator at /usr/home/cpan/pit/64bit/conf/perl-5.8.9/.cpanplus/5.8.9/build/XML-SAX-Writer-0.53/blib/lib/XML/SAX/Writer.pm line 152.
Use of uninitialized value in substitution iterator at /usr/home/cpan/pit/64bit/conf/perl-5.8.9/.cpanplus/5.8.9/build/XML-SAX-Writer-0.53/blib/lib/XML/SAX/Writer.pm line 152.
t/070_characters_cdata.t .. ok
Can't locate object method "get_handler" via package "MyHandler1" at /usr/home/cpan/pit/64bit/conf/perl-5.8.9/.cpanplus/5.8.9/build/XML-ExtOn-0.15/blib/lib/XML/ExtOn.pm line 195.
# Looks like you planned 6 tests but ran 2.
# Looks like your test exited with 255 just after 2.
t/080_create_pipe.t ....... 
Dubious, test returned 255 (wstat 65280, 0xff00)
Failed 4/6 subtests 
t/081_split_pipe.t ........ ok
Can't locate object method "get_handler" via package "MyHandler2" at /usr/home/cpan/pit/64bit/conf/perl-5.8.9/.cpanplus/5.8.9/build/XML-ExtOn-0.15/blib/lib/XML/ExtOn.pm line 195.
# Looks like you planned 3 tests but ran 2.
# Looks like your test exited with 255 just after 2.
t/090_add_content.t ....... 
Dubious, test returned 255 (wstat 65280, 0xff00)
Failed 1/3 subtests 
Can't locate object method "get_handler" via package "XML::ExtOn" at /usr/home/cpan/pit/64bit/conf/perl-5.8.9/.cpanplus/5.8.9/build/XML-ExtOn-0.15/blib/lib/XML/ExtOn.pm line 195.
# Looks like you planned 15 tests but ran 2.
# Looks like your test exited with 255 just after 2.
t/093_wrap_around.t ....... 
Dubious, test returned 255 (wstat 65280, 0xff00)
Failed 13/15 subtests 

Test Summary Report
-------------------
t/080_create_pipe.t     (Wstat: 65280 Tests: 2 Failed: 0)
  Non-zero exit status: 255
  Parse errors: Bad plan.  You planned 6 tests but ran 2.
t/090_add_content.t     (Wstat: 65280 Tests: 2 Failed: 0)
  Non-zero exit status: 255
  Parse errors: Bad plan.  You planned 3 tests but ran 2.
t/093_wrap_around.t     (Wstat: 65280 Tests: 2 Failed: 0)
  Non-zero exit status: 255
  Parse errors: Bad plan.  You planned 15 tests but ran 2.
Files=11, Tests=63,  7 wallclock secs ( 0.34 usr  0.45 sys +  2.69 cusr  3.11 csys =  6.59 CPU)
Result: FAIL
Failed 3/11 test programs. 0/63 subtests failed.
BEGIN failed--compilation aborted at /usr/home/cpan/pit/64bit/perl-5.8.9/bin/cpanp-run-perl line 8.
 
[MSG] [Tue Oct 19 03:56:16 2010] DEFAULT 'proceed_on_test_failure' HANDLER RETURNING 'sub return value'

PREREQUISITES:

Here is a list of prerequisites you specified and versions we 
managed to load:
                                
	  Module Name                        Have     Want
	  Tie::UnionHash                     0.02        0
	  XML::Filter::SAX1toSAX2            0.03        0
	  XML::Flow                          0.86     0.85
	  XML::Parser::PerlSAX               0.08        0
	  XML::SAX                           0.96        0
	  XML::SAX::Writer                   0.53        0

Perl module toolchain versions installed:
	Module Name                        Have
	CPANPLUS                         0.9007
	CPANPLUS::Dist::Build              0.48
	Cwd                                3.33
	ExtUtils::CBuilder               0.2703
	ExtUtils::Command                  1.16
	ExtUtils::Install                  1.54
	ExtUtils::MakeMaker                6.56
	ExtUtils::Manifest                 1.58
	ExtUtils::ParseXS                2.2206
	File::Spec                         3.33
	Module::Build                    0.3607
	Test::Harness                      3.22
	Test::More                         0.96
	version                            0.82

******************************** NOTE ********************************
The comments above are created mechanically, possibly without manual
checking by the sender.  As there are many people performing automatic
tests on each upload to CPAN, it is likely that you will receive 
identical messages about the same problem.

If you believe that the message is mistaken, please reply to the first
one with correction and/or additional informations, and do not take
it personally.  We appreciate your patience. :)
**********************************************************************

Additional comments:
 

This report was machine-generated by CPANPLUS::Dist::YACSmoke 0.58.
Powered by minismokebox version 0.32

------------------------------
ENVIRONMENT AND OTHER CONTEXT
------------------------------

Environment variables:

    AUTOMATED_TESTING = 1
    PATH = /sbin:/bin:/usr/sbin:/usr/bin:/usr/games:/usr/pkg/sbin:/usr/pkg/bin:/usr/pkg/xorg/bin:/usr/local/sbin:/usr/local/bin:/home/cpan/bin
    PERL5LIB = :/usr/home/cpan/pit/64bit/conf/perl-5.8.9/.cpanplus/5.8.9/build/Algorithm-C3-0.08/blib/lib:/usr/home/cpan/pit/64bit/conf/perl-5.8.9/.cpanplus/5.8.9/build/Algorithm-C3-0.08/blib/arch:/usr/home/cpan/pit/64bit/conf/perl-5.8.9/.cpanplus/5.8.9/build/Class-C3-0.23/blib/lib:/usr/home/cpan/pit/64bit/conf/perl-5.8.9/.cpanplus/5.8.9/build/Class-C3-0.23/blib/arch:/usr/home/cpan/pit/64bit/conf/perl-5.8.9/.cpanplus/5.8.9/build/MRO-Compat-0.11/blib/lib:/usr/home/cpan/pit/64bit/conf/perl-5.8.9/.cpanplus/5.8.9/build/MRO-Compat-0.11/blib/arch:/usr/home/cpan/pit/64bit/conf/perl-5.8.9/.cpanplus/5.8.9/build/Sub-Uplevel-0.22/blib/lib:/usr/home/cpan/pit/64bit/conf/perl-5.8.9/.cpanplus/5.8.9/build/Sub-Uplevel-0.22/blib/arch:/usr/home/cpan/pit/64bit/conf/perl-5.8.9/.cpanplus/5.8.9/build/Test-Exception-0.31/blib/lib:/usr/home/cpan/pit/64bit/conf/perl-5.8.9/.cpanplus/5.8.9/build/Test-Exception-0.31/blib/arch:/usr/home/cpan/pit/64bit/conf/perl-5.8.9/.cpanplus/5.8.9/build/Test-Class-0.36/blib/lib:/usr/home/cpan/pit/64bit/conf/perl-5.8.9/.cpanplus/5.8.9/build/Test-Class-0.36/blib/arch:/usr/home/cpan/pit/64bit/conf/perl-5.8.9/.cpanplus/5.8.9/build/Tie-UnionHash-0.02/blib/lib:/usr/home/cpan/pit/64bit/conf/perl-5.8.9/.cpanplus/5.8.9/build/Tie-UnionHash-0.02/blib/arch:/usr/home/cpan/pit/64bit/conf/perl-5.8.9/.cpanplus/5.8.9/build/XML-NamespaceSupport-1.11/blib/lib:/usr/home/cpan/pit/64bit/conf/perl-5.8.9/.cpanplus/5.8.9/build/XML-NamespaceSupport-1.11/blib/arch:/usr/home/cpan/pit/64bit/conf/perl-5.8.9/.cpanplus/5.8.9/build/XML-SAX-Base-1.02/blib/lib:/usr/home/cpan/pit/64bit/conf/perl-5.8.9/.cpanplus/5.8.9/build/XML-SAX-Base-1.02/blib/arch:/usr/home/cpan/pit/64bit/conf/perl-5.8.9/.cpanplus/5.8.9/build/XML-SAX-0.96/blib/lib:/usr/home/cpan/pit/64bit/conf/perl-5.8.9/.cpanplus/5.8.9/build/XML-SAX-0.96/blib/arch:/usr/home/cpan/pit/64bit/conf/perl-5.8.9/.cpanplus/5.8.9/build/XML-Filter-BufferText-1.01/blib/lib:/usr/home/cpan/pit/64bit/conf/perl-5.8.9/.cpanplus/5.8.9/build/XML-Filter-BufferText-1.01/blib/arch:/usr/home/cpan/pit/64bit/conf/perl-5.8.9/.cpanplus/5.8.9/build/XML-SAX-Writer-0.53/blib/lib:/usr/home/cpan/pit/64bit/conf/perl-5.8.9/.cpanplus/5.8.9/build/XML-SAX-Writer-0.53/blib/arch:/usr/home/cpan/pit/64bit/conf/perl-5.8.9/.cpanplus/5.8.9/build/XML-Filter-SAX1toSAX2-0.03/blib/lib:/usr/home/cpan/pit/64bit/conf/perl-5.8.9/.cpanplus/5.8.9/build/XML-Filter-SAX1toSAX2-0.03/blib/arch:/usr/home/cpan/pit/64bit/conf/perl-5.8.9/.cpanplus/5.8.9/build/HTML-Tagset-3.20/blib/lib:/usr/home/cpan/pit/64bit/conf/perl-5.8.9/.cpanplus/5.8.9/build/HTML-Tagset-3.20/blib/arch:/usr/home/cpan/pit/64bit/conf/perl-5.8.9/.cpanplus/5.8.9/build/HTML-Parser-3.68/blib/lib:/usr/home/cpan/pit/64bit/conf/perl-5.8.9/.cpanplus/5.8.9/build/HTML-Parser-3.68/blib/arch:/usr/home/cpan/pit/64bit/conf/perl-5.8.9/.cpanplus/5.8.9/build/URI-1.56/blib/lib:/usr/home/cpan/pit/64bit/conf/perl-5.8.9/.cpanplus/5.8.9/build/URI-1.56/blib/arch:/usr/home/cpan/pit/64bit/conf/perl-5.8.9/.cpanplus/5.8.9/build/libwww-perl-5.837/blib/lib:/usr/home/cpan/pit/64bit/conf/perl-5.8.9/.cpanplus/5.8.9/build/libwww-perl-5.837/blib/arch:/usr/home/cpan/pit/64bit/conf/perl-5.8.9/.cpanplus/5.8.9/build/XML-Parser-2.40/blib/lib:/usr/home/cpan/pit/64bit/conf/perl-5.8.9/.cpanplus/5.8.9/build/XML-Parser-2.40/blib/arch:/usr/home/cpan/pit/64bit/conf/perl-5.8.9/.cpanplus/5.8.9/build/XML-Writer-0.612/blib/lib:/usr/home/cpan/pit/64bit/conf/perl-5.8.9/.cpanplus/5.8.9/build/XML-Writer-0.612/blib/arch:/usr/home/cpan/pit/64bit/conf/perl-5.8.9/.cpanplus/5.8.9/build/XML-Flow-0.86/blib/lib:/usr/home/cpan/pit/64bit/conf/perl-5.8.9/.cpanplus/5.8.9/build/XML-Flow-0.86/blib/arch:/usr/home/cpan/pit/64bit/conf/perl-5.8.9/.cpanplus/5.8.9/build/libxml-perl-0.08/blib/lib:/usr/home/cpan/pit/64bit/conf/perl-5.8.9/.cpanplus/5.8.9/build/libxml-perl-0.08/blib/arch:/usr/home/cpan/pit/64bit/conf/perl-5.8.9/.cpanplus/5.8.9/build/XML-ExtOn-0.15/blib/lib:/usr/home/cpan/pit/64bit/conf/perl-5.8.9/.cpanplus/5.8.9/build/XML-ExtOn-0.15/blib/arch
    PERL5_CPANPLUS_IS_RUNNING = 28990
    PERL5_CPANPLUS_IS_VERSION = 0.9007
    PERL5_MINISMOKEBOX = 0.32
    PERL5_YACSMOKE_BASE = /usr/home/cpan/pit/64bit/conf/perl-5.8.9
    PERL_EXTUTILS_AUTOINSTALL = --defaultdeps
    PERL_MM_USE_DEFAULT = 1
    SHELL = /usr/pkg/bin/bash
    TERM = screen

Perl special variables (and OS-specific diagnostics, for MSWin32):

    Perl: $^X = /usr/home/cpan/pit/64bit/perl-5.8.9/bin/perl
    UID:  $<  = 1002
    EUID: $>  = 1002
    GID:  $(  = 1002 1002
    EGID: $)  = 1002 1002


-------------------------------


--

Summary of my perl5 (revision 5 version 8 subversion 9) configuration:
  Platform:
    osname=dragonfly, osvers=2.6-release, archname=i386-dragonfly-64int
    uname='dragonfly ddraig32.bingosnet.co.uk 2.6-release dragonfly v2.6.3-release #4: mon may 3 09:54:14 pdt 2010 root@test28.backplane.com:usrobjusrsrc-miscsysgeneric i386 '
    config_args='-des -Dprefix=/usr/home/cpan/pit/64bit/perl-5.8.9 -Duse64bitint'
    hint=recommended, useposix=true, d_sigaction=define
    usethreads=undef use5005threads=undef useithreads=undef usemultiplicity=undef
    useperlio=define d_sfio=undef uselargefiles=define usesocks=undef
    use64bitint=define use64bitall=undef uselongdouble=undef
    usemymalloc=n, bincompat5005=undef
  Compiler:
    cc='cc', ccflags ='-DHAS_FPSETMASK -DHAS_FLOATINGPOINT_H -fno-strict-aliasing -pipe -I/usr/local/include',
    optimize='-O',
    cppflags='-DHAS_FPSETMASK -DHAS_FLOATINGPOINT_H -fno-strict-aliasing -pipe -I/usr/local/include'
    ccversion='', gccversion='4.1.2 (DragonFly)', gccosandvers=''
    intsize=4, longsize=4, ptrsize=4, doublesize=8, byteorder=12345678
    d_longlong=define, longlongsize=8, d_longdbl=define, longdblsize=12
    ivtype='long long', ivsize=8, nvtype='double', nvsize=8, Off_t='off_t', lseeksize=8
    alignbytes=4, prototype=define
  Linker and Libraries:
    ld='cc', ldflags ='-Wl,-E  -L/usr/local/lib'
    libpth=/usr/lib /usr/local/lib
    libs=-lm -lcrypt -lutil -lc
    perllibs=-lm -lcrypt -lutil -lc
    libc=, so=so, useshrplib=false, libperl=libperl.a
    gnulibc_version=''
  Dynamic Linking:
    dlsrc=dl_dlopen.xs, dlext=so, d_dlsymun=undef, ccdlflags=' '
    cccdlflags='-DPIC -fPIC', lddlflags='-shared  -L/usr/local/lib'


Characteristics of this binary (from libperl): 
  Compile-time options: PERL_MALLOC_WRAP USE_64_BIT_INT USE_FAST_STDIO
                        USE_LARGE_FILES USE_PERLIO
  Built under dragonfly
  Compiled at Sep 27 2010 05:12:27
  %ENV:
    PERL5LIB=":/usr/home/cpan/pit/64bit/conf/perl-5.8.9/.cpanplus/5.8.9/build/Algorithm-C3-0.08/blib/lib:/usr/home/cpan/pit/64bit/conf/perl-5.8.9/.cpanplus/5.8.9/build/Algorithm-C3-0.08/blib/arch:/usr/home/cpan/pit/64bit/conf/perl-5.8.9/.cpanplus/5.8.9/build/Class-C3-0.23/blib/lib:/usr/home/cpan/pit/64bit/conf/perl-5.8.9/.cpanplus/5.8.9/build/Class-C3-0.23/blib/arch:/usr/home/cpan/pit/64bit/conf/perl-5.8.9/.cpanplus/5.8.9/build/MRO-Compat-0.11/blib/lib:/usr/home/cpan/pit/64bit/conf/perl-5.8.9/.cpanplus/5.8.9/build/MRO-Compat-0.11/blib/arch:/usr/home/cpan/pit/64bit/conf/perl-5.8.9/.cpanplus/5.8.9/build/Sub-Uplevel-0.22/blib/lib:/usr/home/cpan/pit/64bit/conf/perl-5.8.9/.cpanplus/5.8.9/build/Sub-Uplevel-0.22/blib/arch:/usr/home/cpan/pit/64bit/conf/perl-5.8.9/.cpanplus/5.8.9/build/Test-Exception-0.31/blib/lib:/usr/home/cpan/pit/64bit/conf/perl-5.8.9/.cpanplus/5.8.9/build/Test-Exception-0.31/blib/arch:/usr/home/cpan/pit/64bit/conf/perl-5.8.9/.cpanplus/5.8.9/build/Test-Class-0.36/blib/lib:/usr/home/cpan/pit/64bit/conf/perl-5.8.9/.cpanplus/5.8.9/build/Test-Class-0.36/blib/arch:/usr/home/cpan/pit/64bit/conf/perl-5.8.9/.cpanplus/5.8.9/build/Tie-UnionHash-0.02/blib/lib:/usr/home/cpan/pit/64bit/conf/perl-5.8.9/.cpanplus/5.8.9/build/Tie-UnionHash-0.02/blib/arch:/usr/home/cpan/pit/64bit/conf/perl-5.8.9/.cpanplus/5.8.9/build/XML-NamespaceSupport-1.11/blib/lib:/usr/home/cpan/pit/64bit/conf/perl-5.8.9/.cpanplus/5.8.9/build/XML-NamespaceSupport-1.11/blib/arch:/usr/home/cpan/pit/64bit/conf/perl-5.8.9/.cpanplus/5.8.9/build/XML-SAX-Base-1.02/blib/lib:/usr/home/cpan/pit/64bit/conf/perl-5.8.9/.cpanplus/5.8.9/build/XML-SAX-Base-1.02/blib/arch:/usr/home/cpan/pit/64bit/conf/perl-5.8.9/.cpanplus/5.8.9/build/XML-SAX-0.96/blib/lib:/usr/home/cpan/pit/64bit/conf/perl-5.8.9/.cpanplus/5.8.9/build/XML-SAX-0.96/blib/arch:/usr/home/cpan/pit/64bit/conf/perl-5.8.9/.cpanplus/5.8.9/build/XML-Filter-BufferText-1.01/blib/lib:/usr/home/cpan/pit/64bit/conf/perl-5.8.9/.cpanplus/5.8.9/build/XML-Filter-BufferText-1.01/blib/arch:/usr/home/cpan/pit/64bit/conf/perl-5.8.9/.cpanplus/5.8.9/build/XML-SAX-Writer-0.53/blib/lib:/usr/home/cpan/pit/64bit/conf/perl-5.8.9/.cpanplus/5.8.9/build/XML-SAX-Writer-0.53/blib/arch:/usr/home/cpan/pit/64bit/conf/perl-5.8.9/.cpanplus/5.8.9/build/XML-Filter-SAX1toSAX2-0.03/blib/lib:/usr/home/cpan/pit/64bit/conf/perl-5.8.9/.cpanplus/5.8.9/build/XML-Filter-SAX1toSAX2-0.03/blib/arch:/usr/home/cpan/pit/64bit/conf/perl-5.8.9/.cpanplus/5.8.9/build/HTML-Tagset-3.20/blib/lib:/usr/home/cpan/pit/64bit/conf/perl-5.8.9/.cpanplus/5.8.9/build/HTML-Tagset-3.20/blib/arch:/usr/home/cpan/pit/64bit/conf/perl-5.8.9/.cpanplus/5.8.9/build/HTML-Parser-3.68/blib/lib:/usr/home/cpan/pit/64bit/conf/perl-5.8.9/.cpanplus/5.8.9/build/HTML-Parser-3.68/blib/arch:/usr/home/cpan/pit/64bit/conf/perl-5.8.9/.cpanplus/5.8.9/build/URI-1.56/blib/lib:/usr/home/cpan/pit/64bit/conf/perl-5.8.9/.cpanplus/5.8.9/build/URI-1.56/blib/arch:/usr/home/cpan/pit/64bit/conf/perl-5.8.9/.cpanplus/5.8.9/build/libwww-perl-5.837/blib/lib:/usr/home/cpan/pit/64bit/conf/perl-5.8.9/.cpanplus/5.8.9/build/libwww-perl-5.837/blib/arch:/usr/home/cpan/pit/64bit/conf/perl-5.8.9/.cpanplus/5.8.9/build/XML-Parser-2.40/blib/lib:/usr/home/cpan/pit/64bit/conf/perl-5.8.9/.cpanplus/5.8.9/build/XML-Parser-2.40/blib/arch:/usr/home/cpan/pit/64bit/conf/perl-5.8.9/.cpanplus/5.8.9/build/XML-Writer-0.612/blib/lib:/usr/home/cpan/pit/64bit/conf/perl-5.8.9/.cpanplus/5.8.9/build/XML-Writer-0.612/blib/arch:/usr/home/cpan/pit/64bit/conf/perl-5.8.9/.cpanplus/5.8.9/build/XML-Flow-0.86/blib/lib:/usr/home/cpan/pit/64bit/conf/perl-5.8.9/.cpanplus/5.8.9/build/XML-Flow-0.86/blib/arch:/usr/home/cpan/pit/64bit/conf/perl-5.8.9/.cpanplus/5.8.9/build/libxml-perl-0.08/blib/lib:/usr/home/cpan/pit/64bit/conf/perl-5.8.9/.cpanplus/5.8.9/build/libxml-perl-0.08/blib/arch:/usr/home/cpan/pit/64bit/conf/perl-5.8.9/.cpanplus/5.8.9/build/XML-ExtOn-0.15/blib/lib:/usr/home/cpan/pit/64bit/conf/perl-5.8.9/.cpanplus/5.8.9/build/XML-ExtOn-0.15/blib/arch"
    PERL5_CPANPLUS_IS_RUNNING="28990"
    PERL5_CPANPLUS_IS_VERSION="0.9007"
    PERL5_MINISMOKEBOX="0.32"
    PERL5_YACSMOKE_BASE="/usr/home/cpan/pit/64bit/conf/perl-5.8.9"
    PERL_EXTUTILS_AUTOINSTALL="--defaultdeps"
    PERL_MM_USE_DEFAULT="1"
  @INC:
    /usr/home/cpan/pit/64bit/conf/perl-5.8.9/.cpanplus/5.8.9/build/Algorithm-C3-0.08/blib/lib
    /usr/home/cpan/pit/64bit/conf/perl-5.8.9/.cpanplus/5.8.9/build/Algorithm-C3-0.08/blib/arch
    /usr/home/cpan/pit/64bit/conf/perl-5.8.9/.cpanplus/5.8.9/build/Class-C3-0.23/blib/lib
    /usr/home/cpan/pit/64bit/conf/perl-5.8.9/.cpanplus/5.8.9/build/Class-C3-0.23/blib/arch
    /usr/home/cpan/pit/64bit/conf/perl-5.8.9/.cpanplus/5.8.9/build/MRO-Compat-0.11/blib/lib
    /usr/home/cpan/pit/64bit/conf/perl-5.8.9/.cpanplus/5.8.9/build/MRO-Compat-0.11/blib/arch
    /usr/home/cpan/pit/64bit/conf/perl-5.8.9/.cpanplus/5.8.9/build/Sub-Uplevel-0.22/blib/lib
    /usr/home/cpan/pit/64bit/conf/perl-5.8.9/.cpanplus/5.8.9/build/Sub-Uplevel-0.22/blib/arch
    /usr/home/cpan/pit/64bit/conf/perl-5.8.9/.cpanplus/5.8.9/build/Test-Exception-0.31/blib/lib
    /usr/home/cpan/pit/64bit/conf/perl-5.8.9/.cpanplus/5.8.9/build/Test-Exception-0.31/blib/arch
    /usr/home/cpan/pit/64bit/conf/perl-5.8.9/.cpanplus/5.8.9/build/Test-Class-0.36/blib/lib
    /usr/home/cpan/pit/64bit/conf/perl-5.8.9/.cpanplus/5.8.9/build/Test-Class-0.36/blib/arch
    /usr/home/cpan/pit/64bit/conf/perl-5.8.9/.cpanplus/5.8.9/build/Tie-UnionHash-0.02/blib/lib
    /usr/home/cpan/pit/64bit/conf/perl-5.8.9/.cpanplus/5.8.9/build/Tie-UnionHash-0.02/blib/arch
    /usr/home/cpan/pit/64bit/conf/perl-5.8.9/.cpanplus/5.8.9/build/XML-NamespaceSupport-1.11/blib/lib
    /usr/home/cpan/pit/64bit/conf/perl-5.8.9/.cpanplus/5.8.9/build/XML-NamespaceSupport-1.11/blib/arch
    /usr/home/cpan/pit/64bit/conf/perl-5.8.9/.cpanplus/5.8.9/build/XML-SAX-Base-1.02/blib/lib
    /usr/home/cpan/pit/64bit/conf/perl-5.8.9/.cpanplus/5.8.9/build/XML-SAX-Base-1.02/blib/arch
    /usr/home/cpan/pit/64bit/conf/perl-5.8.9/.cpanplus/5.8.9/build/XML-SAX-0.96/blib/lib
    /usr/home/cpan/pit/64bit/conf/perl-5.8.9/.cpanplus/5.8.9/build/XML-SAX-0.96/blib/arch
    /usr/home/cpan/pit/64bit/conf/perl-5.8.9/.cpanplus/5.8.9/build/XML-Filter-BufferText-1.01/blib/lib
    /usr/home/cpan/pit/64bit/conf/perl-5.8.9/.cpanplus/5.8.9/build/XML-Filter-BufferText-1.01/blib/arch
    /usr/home/cpan/pit/64bit/conf/perl-5.8.9/.cpanplus/5.8.9/build/XML-SAX-Writer-0.53/blib/lib
    /usr/home/cpan/pit/64bit/conf/perl-5.8.9/.cpanplus/5.8.9/build/XML-SAX-Writer-0.53/blib/arch
    /usr/home/cpan/pit/64bit/conf/perl-5.8.9/.cpanplus/5.8.9/build/XML-Filter-SAX1toSAX2-0.03/blib/lib
    /usr/home/cpan/pit/64bit/conf/perl-5.8.9/.cpanplus/5.8.9/build/XML-Filter-SAX1toSAX2-0.03/blib/arch
    /usr/home/cpan/pit/64bit/conf/perl-5.8.9/.cpanplus/5.8.9/build/HTML-Tagset-3.20/blib/lib
    /usr/home/cpan/pit/64bit/conf/perl-5.8.9/.cpanplus/5.8.9/build/HTML-Tagset-3.20/blib/arch
    /usr/home/cpan/pit/64bit/conf/perl-5.8.9/.cpanplus/5.8.9/build/HTML-Parser-3.68/blib/lib
    /usr/home/cpan/pit/64bit/conf/perl-5.8.9/.cpanplus/5.8.9/build/HTML-Parser-3.68/blib/arch
    /usr/home/cpan/pit/64bit/conf/perl-5.8.9/.cpanplus/5.8.9/build/URI-1.56/blib/lib
    /usr/home/cpan/pit/64bit/conf/perl-5.8.9/.cpanplus/5.8.9/build/URI-1.56/blib/arch
    /usr/home/cpan/pit/64bit/conf/perl-5.8.9/.cpanplus/5.8.9/build/libwww-perl-5.837/blib/lib
    /usr/home/cpan/pit/64bit/conf/perl-5.8.9/.cpanplus/5.8.9/build/libwww-perl-5.837/blib/arch
    /usr/home/cpan/pit/64bit/conf/perl-5.8.9/.cpanplus/5.8.9/build/XML-Parser-2.40/blib/lib
    /usr/home/cpan/pit/64bit/conf/perl-5.8.9/.cpanplus/5.8.9/build/XML-Parser-2.40/blib/arch
    /usr/home/cpan/pit/64bit/conf/perl-5.8.9/.cpanplus/5.8.9/build/XML-Writer-0.612/blib/lib
    /usr/home/cpan/pit/64bit/conf/perl-5.8.9/.cpanplus/5.8.9/build/XML-Writer-0.612/blib/arch
    /usr/home/cpan/pit/64bit/conf/perl-5.8.9/.cpanplus/5.8.9/build/XML-Flow-0.86/blib/lib
    /usr/home/cpan/pit/64bit/conf/perl-5.8.9/.cpanplus/5.8.9/build/XML-Flow-0.86/blib/arch
    /usr/home/cpan/pit/64bit/conf/perl-5.8.9/.cpanplus/5.8.9/build/libxml-perl-0.08/blib/lib
    /usr/home/cpan/pit/64bit/conf/perl-5.8.9/.cpanplus/5.8.9/build/libxml-perl-0.08/blib/arch
    /usr/home/cpan/pit/64bit/conf/perl-5.8.9/.cpanplus/5.8.9/build/XML-ExtOn-0.15/blib/lib
    /usr/home/cpan/pit/64bit/conf/perl-5.8.9/.cpanplus/5.8.9/build/XML-ExtOn-0.15/blib/arch
    /usr/home/cpan/pit/64bit/perl-5.8.9/lib/5.8.9/i386-dragonfly-64int
    /usr/home/cpan/pit/64bit/perl-5.8.9/lib/5.8.9
    /usr/home/cpan/pit/64bit/perl-5.8.9/lib/site_perl/5.8.9/i386-dragonfly-64int
    /usr/home/cpan/pit/64bit/perl-5.8.9/lib/site_perl/5.8.9
    .