Back
From: metabase:user:320bfe00-2aae-11df-837a-5e0a49663a4f
Subject: FAIL JSON-RPC-Simple-0.06 v5.23.1 GNU/Linux
Date: 2015-06-30T16:31:22Z
This distribution has been tested as part of the CPAN Testers
project, supporting the Perl programming language. See
http://wiki.cpantesters.org/ for more information or email
questions to cpan-testers-discuss@perl.org
--
Dear Claes Jakobsson,
This is a computer-generated report for JSON-RPC-Simple-0.06
on perl 5.23.1, created by CPAN-Reporter-1.2014.
Thank you for uploading your work to CPAN. However, there was a problem
testing your distribution.
If you think this report is invalid, please consult the CPAN Testers Wiki
for suggestions on how to avoid getting FAIL reports for missing library
or binary dependencies, unsupported operating systems, and so on:
http://wiki.cpantesters.org/wiki/CPANAuthorNotes
Sections of this report:
* Tester comments
* Program output
* Prerequisites
* Environment and other context
------------------------------
TESTER COMMENTS
------------------------------
Additional comments from tester:
this report is from an automated smoke testing program
and was not reviewed by a human for accuracy
------------------------------
PROGRAM OUTPUT
------------------------------
Output from '/usr/bin/make test':
PERL_DL_NONLAZY=1 "/tmp/basesmoker-reloperl-Lh24/bin/perl" "-MExtUtils::Command::MM" "-MTest::Harness" "-e" "undef *Test::Harness::Switches; test_harness(0, 'blib/lib', 'blib/arch')" t/*.t
t/01-load.t ........ ok
t/02-dispatcher.t .. ok
Can't connect to www.raboof.com:80
Name or service not known at /home/sand/src/perl/repoperls/installed-perls/perl/v5.23.0-66-g93c10d6/127e/lib/site_perl/5.23.1/LWP/Protocol/http.pm line 47.
at t/03-client.t line 16.
# Looks like you planned 5 tests but ran 1.
# Looks like your test exited with 255 just after 1.
t/03-client.t ......
Dubious, test returned 255 (wstat 65280, 0xff00)
Failed 4/5 subtests
Test Summary Report
-------------------
t/03-client.t (Wstat: 65280 Tests: 1 Failed: 0)
Non-zero exit status: 255
Parse errors: Bad plan. You planned 5 tests but ran 1.
Files=3, Tests=24, 21 wallclock secs ( 0.02 usr 0.03 sys + 0.17 cusr 0.06 csys = 0.28 CPU)
Result: FAIL
Failed 1/3 test programs. 0/24 subtests failed.
Makefile:883: recipe for target 'test_dynamic' failed
make: *** [test_dynamic] Error 255
------------------------------
PREREQUISITES
------------------------------
Prerequisite modules loaded:
requires:
Module Need Have
------------------- ---- -------
HTTP::Request 0 6.00
HTTP::Response 0 6.04
JSON 0 2.90
LWP::UserAgent 0 6.13
Scalar::Util 0 1.42_01
Test::Exception 0 0.40
URI::Escape 1.31 3.31
build_requires:
Module Need Have
------------------- ---- -------
ExtUtils::MakeMaker 0 7.04_01
configure_requires:
Module Need Have
------------------- ---- -------
ExtUtils::MakeMaker 0 7.04_01
------------------------------
ENVIRONMENT AND OTHER CONTEXT
------------------------------
Environment variables:
AUTOMATED_TESTING = 1
LANG = en_US.UTF-8
LANGUAGE = en_US:en
PATH = /home/sand/bin:/usr/local/bin:/usr/bin:/bin:/usr/games:/usr/local/perl/bin:/usr/X11/bin:/sbin:/usr/sbin
PERL5LIB = /tmp/loop_over_bdir-7236-JE4ic8/Alien-ActiveMQ-0.00005-EKsRSn/blib/arch:/tmp/loop_over_bdir-7236-JE4ic8/Alien-ActiveMQ-0.00005-EKsRSn/blib/lib
PERL5OPT =
PERL5_CPANPLUS_IS_RUNNING = 5619
PERL5_CPAN_IS_RUNNING = 5619
PERL_MM_USE_DEFAULT = 1
SHELL = /usr/bin/zsh
TERM = screen
Perl special variables (and OS-specific diagnostics, for MSWin32):
$^X = /tmp/basesmoker-reloperl-Lh24/bin/perl
$UID/$EUID = 1005 / 1005
$GID = 1005 1005
$EGID = 1005 1005
Perl module toolchain versions installed:
Module Have
------------------- --------
CPAN 2.10
CPAN::Meta 2.150005
Cwd 3.56
ExtUtils::CBuilder 0.280223
ExtUtils::Command 1.20
ExtUtils::Install 2.04
ExtUtils::MakeMaker 7.04_01
ExtUtils::Manifest 1.70
ExtUtils::ParseXS 3.28
File::Spec 3.56
JSON 2.90
JSON::PP 2.27300
Module::Build 0.4214
Module::Signature 0.79
Parse::CPAN::Meta 1.4417
Test::Harness 3.35
Test::More 1.001014
YAML 1.15
YAML::Syck 1.29
version 0.9909
--
Summary of my perl5 (revision 5 version 23 subversion 1) configuration:
Commit id: 93c10d608c4f8b29a548e6e6da3816375c034859
Platform:
osname=linux, osvers=4.0.0-2-amd64, archname=x86_64-linux-ld
uname='linux k83 4.0.0-2-amd64 #1 smp debian 4.0.5-1 (2015-06-16) x86_64 gnulinux '
config_args='-Dprefix=/home/sand/src/perl/repoperls/installed-perls/perl/v5.23.0-66-g93c10d6/127e -Dmyhostname=k83 -Dinstallusrbinperl=n -Uversiononly -Dusedevel -des -Ui_db -Uuseithreads -Duselongdouble -DDEBUGGING=-g'
hint=recommended, useposix=true, d_sigaction=define
useithreads=undef, usemultiplicity=undef
use64bitint=define, use64bitall=define, uselongdouble=define
usemymalloc=n, bincompat5005=undef
Compiler:
cc='cc', ccflags ='-fwrapv -fno-strict-aliasing -pipe -fstack-protector-strong -I/usr/local/include -D_LARGEFILE_SOURCE -D_FILE_OFFSET_BITS=64 -D_FORTIFY_SOURCE=2',
optimize='-O2 -g',
cppflags='-fwrapv -fno-strict-aliasing -pipe -fstack-protector-strong -I/usr/local/include'
ccversion='', gccversion='4.9.2', gccosandvers=''
intsize=4, longsize=8, ptrsize=8, doublesize=8, byteorder=12345678, doublekind=3
d_longlong=define, longlongsize=8, d_longdbl=define, longdblsize=16, longdblkind=3
ivtype='long', ivsize=8, nvtype='long double', nvsize=16, Off_t='off_t', lseeksize=8
alignbytes=16, prototype=define
Linker and Libraries:
ld='cc', ldflags =' -fstack-protector-strong -L/usr/local/lib'
libpth=/usr/local/lib /usr/lib/gcc/x86_64-linux-gnu/4.9/include-fixed /usr/include/x86_64-linux-gnu /usr/lib /lib/x86_64-linux-gnu /lib/../lib /usr/lib/x86_64-linux-gnu /usr/lib/../lib /lib
libs=-lpthread -lnsl -lgdbm -ldb -ldl -lm -lcrypt -lutil -lc -lgdbm_compat
perllibs=-lpthread -lnsl -ldl -lm -lcrypt -lutil -lc
libc=libc-2.19.so, so=so, useshrplib=false, libperl=libperl.a
gnulibc_version='2.19'
Dynamic Linking:
dlsrc=dl_dlopen.xs, dlext=so, d_dlsymun=undef, ccdlflags='-Wl,-E'
cccdlflags='-fPIC', lddlflags='-shared -O2 -g -L/usr/local/lib -fstack-protector-strong'
Characteristics of this binary (from libperl):
Compile-time options: HAS_TIMES PERLIO_LAYERS PERL_COPY_ON_WRITE
PERL_DONT_CREATE_GVSV
PERL_HASH_FUNC_ONE_AT_A_TIME_HARD PERL_MALLOC_WRAP
PERL_PRESERVE_IVUV PERL_USE_DEVEL USE_64_BIT_ALL
USE_64_BIT_INT USE_LARGE_FILES USE_LOCALE
USE_LOCALE_COLLATE USE_LOCALE_CTYPE
USE_LOCALE_NUMERIC USE_LOCALE_TIME USE_LONG_DOUBLE
USE_PERLIO USE_PERL_ATOF
Built under linux
Compiled at Jun 29 2015 22:07:49
%ENV:
PERL5LIB="/tmp/loop_over_bdir-7236-JE4ic8/Alien-ActiveMQ-0.00005-EKsRSn/blib/arch:/tmp/loop_over_bdir-7236-JE4ic8/Alien-ActiveMQ-0.00005-EKsRSn/blib/lib"
PERL5OPT=""
PERL5_CPANPLUS_IS_RUNNING="5619"
PERL5_CPAN_IS_RUNNING="5619"
PERL_MM_USE_DEFAULT="1"
@INC:
/tmp/loop_over_bdir-7236-JE4ic8/Alien-ActiveMQ-0.00005-EKsRSn/blib/arch
/tmp/loop_over_bdir-7236-JE4ic8/Alien-ActiveMQ-0.00005-EKsRSn/blib/lib
/home/sand/src/perl/repoperls/installed-perls/perl/v5.23.0-66-g93c10d6/127e/lib/site_perl/5.23.1/x86_64-linux-ld
/home/sand/src/perl/repoperls/installed-perls/perl/v5.23.0-66-g93c10d6/127e/lib/site_perl/5.23.1
/home/sand/src/perl/repoperls/installed-perls/perl/v5.23.0-66-g93c10d6/127e/lib/5.23.1/x86_64-linux-ld
/home/sand/src/perl/repoperls/installed-perls/perl/v5.23.0-66-g93c10d6/127e/lib/5.23.1
.