Report for Mail-SPF-v2.9.0

Back
From: metabase:user:838e5b0a-2bb6-1016-a696-43a2537fa0c6
Subject: FAIL Mail-SPF-v2.9.0 v5.23.0 OpenBSD
Date: 2015-08-07T04:54:55Z

This distribution has been tested as part of the CPAN Testers
project, supporting the Perl programming language.  See
http://wiki.cpantesters.org/ for more information or email
questions to cpan-testers-discuss@perl.org


--
Dear Julian Mehnle,

This is a computer-generated report for Mail-SPF-v2.9.0
on perl 5.23.0, created by CPAN-Reporter-1.2014.

Thank you for uploading your work to CPAN.  However, there was a problem
testing your distribution.

If you think this report is invalid, please consult the CPAN Testers Wiki
for suggestions on how to avoid getting FAIL reports for missing library
or binary dependencies, unsupported operating systems, and so on:

http://wiki.cpantesters.org/wiki/CPANAuthorNotes

Sections of this report:

    * Tester comments
    * Program output
    * Prerequisites
    * Environment and other context

------------------------------
TESTER COMMENTS
------------------------------

Additional comments from tester:

this report is from an automated smoke testing program
and was not reviewed by a human for accuracy

------------------------------
PROGRAM OUTPUT
------------------------------

Output from './Build test':

t/00.00-class-misc.t .......... ok
t/00.01-class-util.t .......... ok
t/00.02-class-request.t ....... ok
t/00.03-class-result.t ........ ok
Unknown error on DNS 'A' lookup of 'example.com' (EDNSError) at /home/perluser/.cpan/build/Mail-SPF-v2.9.0-Xkkp7s/blib/lib/Mail/SPF/Server.pm line 573.
# Looks like you planned 23 tests but ran 19.
# Looks like your test exited with 255 just after 19.
t/00.04-class-server.t ........ 
Dubious, test returned 255 (wstat 65280, 0xff00)
Failed 4/23 subtests 
t/00.05-class-macrostring.t ... ok
t/00.99-class-misc.t .......... ok
t/10.00-rfc4408.t ............. skipped: Mail::SPF::Test required for testing Mail::SPF's RFC compliance
t/10.01-rfc4406.t ............. skipped: Mail::SPF::Test required for testing Mail::SPF's RFC compliance
t/90-author-pod-validation.t .. skipped: Test::Pod 1.00 required for testing POD validity

Test Summary Report
-------------------
t/00.04-class-server.t      (Wstat: 65280 Tests: 19 Failed: 0)
  Non-zero exit status: 255
  Parse errors: Bad plan.  You planned 23 tests but ran 19.
Files=10, Tests=128,  2 wallclock secs ( 0.04 usr  0.11 sys +  1.12 cusr  0.48 csys =  1.75 CPU)
Result: FAIL
Failed 1/10 test programs. 0/128 subtests failed.

------------------------------
PREREQUISITES
------------------------------

Prerequisite modules loaded:

requires:

    Module                           Need   Have    
    -------------------------------- ------ --------
    Error                            0      0.17024 
    Net::DNS                         0.62   1.01    
    NetAddr::IP                      4      4.075   
    perl                             5.006  5.023000
    URI                              1.13   1.68    
    version                          0      0.9909  

build_requires:

    Module                           Need   Have    
    -------------------------------- ------ --------
    Module::Build                    0.2805 0.4214  
    Net::DNS::Resolver::Programmable 0.003  v0.003  
    Test::More                       0      1.001014

configure_requires:

    Module                           Need   Have    
    -------------------------------- ------ --------
    Module::Build                    0.2805 0.4214  


------------------------------
ENVIRONMENT AND OTHER CONTEXT
------------------------------

Environment variables:

    AUTOMATED_TESTING = 1
    PATH = /home/perluser/perl5/perlbrew/bin:/home/perluser/perl5/perlbrew/perls/perl-5.23.0/bin:/sbin:/usr/sbin:/bin:/usr/bin:/usr/X11R6/bin:/usr/local/sbin:/usr/local/bin
    PERL5LIB = /home/perluser/.cpan/build/Error-0.17024-zuQhcj/blib/arch:/home/perluser/.cpan/build/Error-0.17024-zuQhcj/blib/lib:/home/perluser/.cpan/build/Net-DNS-Resolver-Programmable-v0.003-tgLv_4/blib/arch:/home/perluser/.cpan/build/Net-DNS-Resolver-Programmable-v0.003-tgLv_4/blib/lib:/home/perluser/.cpan/build/NetAddr-IP-4.075-wuVADL/blib/arch:/home/perluser/.cpan/build/NetAddr-IP-4.075-wuVADL/blib/lib:/home/perluser/.cpan/build/Net-DNS-1.01-4sBP3E/blib/arch:/home/perluser/.cpan/build/Net-DNS-1.01-4sBP3E/blib/lib:/home/perluser/.cpan/build/MIME-Base32-1.02-1bUd_T/blib/arch:/home/perluser/.cpan/build/MIME-Base32-1.02-1bUd_T/blib/lib:/home/perluser/.cpan/build/Digest-HMAC-1.03-GV4rrl/blib/arch:/home/perluser/.cpan/build/Digest-HMAC-1.03-GV4rrl/blib/lib
    PERL5OPT = 
    PERL5_CPANPLUS_IS_RUNNING = 26714
    PERL5_CPAN_IS_RUNNING = 26714
    PERL5_CPAN_IS_RUNNING_IN_RECURSION = 2307,26714
    PERLBREW_BASHRC_VERSION = 0.71
    PERLBREW_HOME = /home/perluser/.perlbrew
    PERLBREW_MANPATH = /home/perluser/perl5/perlbrew/perls/perl-5.23.0/man
    PERLBREW_PATH = /home/perluser/perl5/perlbrew/bin:/home/perluser/perl5/perlbrew/perls/perl-5.23.0/bin
    PERLBREW_PERL = perl-5.23.0
    PERLBREW_ROOT = /home/perluser/perl5/perlbrew
    PERLBREW_VERSION = 0.71
    PERL_CR_SMOKER_CURRENT = Mail-MtPolicyd-1.19
    PERL_EXTUTILS_AUTOINSTALL = --defaultdeps
    PERL_MM_USE_DEFAULT = 1
    SHELL = /bin/ksh
    TERM = vt220

Perl special variables (and OS-specific diagnostics, for MSWin32):

    $^X = /home/perluser/perl5/perlbrew/perls/perl-5.23.0/bin/perl5.23.0
    $UID/$EUID = 1000 / 1000
    $GID = 1000 1000
    $EGID = 1000 1000

Perl module toolchain versions installed:

    Module              Have    
    ------------------- --------
    CPAN                2.11    
    CPAN::Meta          2.150005
    Cwd                 3.56    
    ExtUtils::CBuilder  0.280223
    ExtUtils::Command   1.20    
    ExtUtils::Install   2.04    
    ExtUtils::MakeMaker 7.04_01 
    ExtUtils::Manifest  1.70    
    ExtUtils::ParseXS   3.28    
    File::Spec          3.56    
    JSON                2.90    
    JSON::PP            2.27300 
    Module::Build       0.4214  
    Module::Signature   n/a     
    Parse::CPAN::Meta   1.4417  
    Test::Harness       3.35    
    Test::More          1.001014
    YAML                1.15    
    YAML::Syck          1.29    
    version             0.9909  


--

Summary of my perl5 (revision 5 version 23 subversion 0) configuration:
   
  Platform:
    osname=openbsd, osvers=5.5, archname=OpenBSD.amd64-openbsd
    uname='openbsd openbsd-test.manor.solimano.org 5.5 generic#271 amd64 '
    config_args='-de -Dprefix=/home/perluser/perl5/perlbrew/perls/perl-5.23.0 -Dusedevel -Aeval:scriptdir=/home/perluser/perl5/perlbrew/perls/perl-5.23.0/bin'
    hint=recommended, useposix=true, d_sigaction=define
    useithreads=undef, usemultiplicity=undef
    use64bitint=define, use64bitall=define, uselongdouble=undef
    usemymalloc=n, bincompat5005=undef
  Compiler:
    cc='cc', ccflags ='-fno-strict-aliasing -pipe -fstack-protector-strong -I/usr/local/include -D_FORTIFY_SOURCE=2',
    optimize='-O2',
    cppflags='-fno-strict-aliasing -pipe -fstack-protector-strong -I/usr/local/include'
    ccversion='', gccversion='4.2.1 20070719 ', gccosandvers='openbsd5.5'
    intsize=4, longsize=8, ptrsize=8, doublesize=8, byteorder=12345678, doublekind=3
    d_longlong=define, longlongsize=8, d_longdbl=define, longdblsize=16, longdblkind=3
    ivtype='long', ivsize=8, nvtype='double', nvsize=8, Off_t='off_t', lseeksize=8
    alignbytes=8, prototype=define
  Linker and Libraries:
    ld='cc', ldflags ='-Wl,-E  -fstack-protector-strong -L/usr/local/lib'
    libpth=/usr/lib /usr/local/lib
    libs=-lpthread -lm -lutil -lc
    perllibs=-lpthread -lm -lutil -lc
    libc=/usr/lib/libc.so.73.1, so=so, useshrplib=false, libperl=libperl.a
    gnulibc_version=''
  Dynamic Linking:
    dlsrc=dl_dlopen.xs, dlext=so, d_dlsymun=undef, ccdlflags=' '
    cccdlflags='-DPIC -fPIC ', lddlflags='-shared -fPIC  -L/usr/local/lib -fstack-protector-strong'


Characteristics of this binary (from libperl): 
  Compile-time options: HAS_TIMES PERLIO_LAYERS PERL_DONT_CREATE_GVSV
                        PERL_HASH_FUNC_ONE_AT_A_TIME_HARD PERL_MALLOC_WRAP
                        PERL_NEW_COPY_ON_WRITE PERL_PRESERVE_IVUV
                        PERL_USE_DEVEL USE_64_BIT_ALL USE_64_BIT_INT
                        USE_LARGE_FILES USE_LOCALE USE_LOCALE_COLLATE
                        USE_LOCALE_CTYPE USE_LOCALE_NUMERIC USE_LOCALE_TIME
                        USE_PERLIO USE_PERL_ATOF
  Locally applied patches:
	Devel::PatchPerl 1.30
  Built under openbsd
  Compiled at Jul  4 2015 00:40:29
  %ENV:
    PERL5LIB="/home/perluser/.cpan/build/Error-0.17024-zuQhcj/blib/arch:/home/perluser/.cpan/build/Error-0.17024-zuQhcj/blib/lib:/home/perluser/.cpan/build/Net-DNS-Resolver-Programmable-v0.003-tgLv_4/blib/arch:/home/perluser/.cpan/build/Net-DNS-Resolver-Programmable-v0.003-tgLv_4/blib/lib:/home/perluser/.cpan/build/NetAddr-IP-4.075-wuVADL/blib/arch:/home/perluser/.cpan/build/NetAddr-IP-4.075-wuVADL/blib/lib:/home/perluser/.cpan/build/Net-DNS-1.01-4sBP3E/blib/arch:/home/perluser/.cpan/build/Net-DNS-1.01-4sBP3E/blib/lib:/home/perluser/.cpan/build/MIME-Base32-1.02-1bUd_T/blib/arch:/home/perluser/.cpan/build/MIME-Base32-1.02-1bUd_T/blib/lib:/home/perluser/.cpan/build/Digest-HMAC-1.03-GV4rrl/blib/arch:/home/perluser/.cpan/build/Digest-HMAC-1.03-GV4rrl/blib/lib"
    PERL5OPT=""
    PERL5_CPANPLUS_IS_RUNNING="26714"
    PERL5_CPAN_IS_RUNNING="26714"
    PERL5_CPAN_IS_RUNNING_IN_RECURSION="2307,26714"
    PERLBREW_BASHRC_VERSION="0.71"
    PERLBREW_HOME="/home/perluser/.perlbrew"
    PERLBREW_MANPATH="/home/perluser/perl5/perlbrew/perls/perl-5.23.0/man"
    PERLBREW_PATH="/home/perluser/perl5/perlbrew/bin:/home/perluser/perl5/perlbrew/perls/perl-5.23.0/bin"
    PERLBREW_PERL="perl-5.23.0"
    PERLBREW_ROOT="/home/perluser/perl5/perlbrew"
    PERLBREW_VERSION="0.71"
    PERL_CR_SMOKER_CURRENT="Mail-MtPolicyd-1.19"
    PERL_EXTUTILS_AUTOINSTALL="--defaultdeps"
    PERL_MM_USE_DEFAULT="1"
  @INC:
    /home/perluser/.cpan/build/Error-0.17024-zuQhcj/blib/arch
    /home/perluser/.cpan/build/Error-0.17024-zuQhcj/blib/lib
    /home/perluser/.cpan/build/Net-DNS-Resolver-Programmable-v0.003-tgLv_4/blib/arch
    /home/perluser/.cpan/build/Net-DNS-Resolver-Programmable-v0.003-tgLv_4/blib/lib
    /home/perluser/.cpan/build/NetAddr-IP-4.075-wuVADL/blib/arch
    /home/perluser/.cpan/build/NetAddr-IP-4.075-wuVADL/blib/lib
    /home/perluser/.cpan/build/Net-DNS-1.01-4sBP3E/blib/arch
    /home/perluser/.cpan/build/Net-DNS-1.01-4sBP3E/blib/lib
    /home/perluser/.cpan/build/MIME-Base32-1.02-1bUd_T/blib/arch
    /home/perluser/.cpan/build/MIME-Base32-1.02-1bUd_T/blib/lib
    /home/perluser/.cpan/build/Digest-HMAC-1.03-GV4rrl/blib/arch
    /home/perluser/.cpan/build/Digest-HMAC-1.03-GV4rrl/blib/lib
    /home/perluser/perl5/perlbrew/perls/perl-5.23.0/lib/site_perl/5.23.0/OpenBSD.amd64-openbsd
    /home/perluser/perl5/perlbrew/perls/perl-5.23.0/lib/site_perl/5.23.0
    /home/perluser/perl5/perlbrew/perls/perl-5.23.0/lib/5.23.0/OpenBSD.amd64-openbsd
    /home/perluser/perl5/perlbrew/perls/perl-5.23.0/lib/5.23.0
    .