Report for Module-Build-Kwalitee-0.24

Back
From: metabase:user:d2c9f356-b46f-11df-9a90-20a83c0b7757
Subject: FAIL Module-Build-Kwalitee-0.24 v5.15.5 SunOS/Solaris
Date: 2011-12-18T22:34:29Z

This distribution has been tested as part of the CPAN Testers
project, supporting the Perl programming language.  See
http://wiki.cpantesters.org/ for more information or email
questions to cpan-testers-discuss@perl.org


--
Dear Fotango Ltd,

This is a computer-generated report for Module-Build-Kwalitee-0.24
on perl 5.15.5, created by CPAN-Reporter-1.2003.

Thank you for uploading your work to CPAN.  However, there was a problem
testing your distribution.

If you think this report is invalid, please consult the CPAN Testers Wiki
for suggestions on how to avoid getting FAIL reports for missing library
or binary dependencies, unsupported operating systems, and so on:

http://wiki.cpantesters.org/wiki/CPANAuthorNotes

Sections of this report:

    * Tester comments
    * Program output
    * Prerequisites
    * Environment and other context

------------------------------
TESTER COMMENTS
------------------------------

Additional comments from tester:

this report is from an automated smoke testing program
and was not reviewed by a human for accuracy

------------------------------
PROGRAM OUTPUT
------------------------------

Output from './Build test':

main::path_to_pkg() called too early to check prototype at t/000compile.t line 15.
t/000compile.t .. ok
t/001pragmas.t .. ok
t/003pod.t ...... ok
t/004uselib.t ... ok
No 'module_name' was provided and it could not be inferred
from other properties.  This will prevent a packlist from
being written for this file.  Please set either 'module_name'
or 'dist_version_from' in Build.PL.
Creating t/ dir for tests...
File 'MANIFEST.SKIP' does not exist: Creating a temporary 'MANIFEST.SKIP'
Added to MANIFEST: MANIFEST
Added to MANIFEST: t/000compile.t
Added to MANIFEST: t/001pragmas.t
Added to MANIFEST: t/003pod.t
Added to MANIFEST: t/004uselib.t
Module::Build was not found in configure_requires! Adding it now
automatically as: configure_requires => { 'Module::Build' => 0.39 }
cannot remove path when cwd is /tmp/uXv4TfPjPg for /tmp/uXv4TfPjPg:  at /export/home/cpant4/perl5/lib/5.15.5/File/Temp.pm line 902
t/build.t ....... ok

#   Failed test 'passed t/000compile.t'
#   at t/mbk.t line 25.
# main::path_to_pkg() called too early to check prototype at t/000compile.t line 15.
# 1..1
# 
# #   Failed test 'use MBKFail;'
# #   at t/000compile.t line 64.
# #     Tried to use 'MBKFail'.
# #     Error:  Can't locate MBKFail.pm in @INC (@INC contains: _build/lib /export/home/cpant4/.cpan/build/Module-Build-Kwalitee-0.24-dhvyNg/blib/lib /export/home/cpant4/.cpan/build/Module-Build-Kwalitee-0.24-dhvyNg/blib/arch /export/home/cpant4/.cpan/build/Module-Build-Kwalitee-0.24-dhvyNg/lib /export/home/cpant4/.cpan/build/Module-Build-Kwalitee-0.24-dhvyNg /export/home/cpant4/.cpan/build/Module-Build-Kwalitee-0.24-dhvyNg/blib/lib /export/home/cpant4/.cpan/build/Module-Build-Kwalitee-0.24-dhvyNg/blib/arch /export/home/cpant4/.cpan/build/Module-Build-Kwalitee-0.24-dhvyNg/lib /export/home/cpant4/.cpan/build/Module-Build-Kwalitee-0.24-dhvyNg /export/home/cpant4/perl5/lib/site_perl/5.15.5/i86pc-solaris-64int /export/home/cpant4/perl5/lib/site_perl/5.15.5 /export/home/cpant4/perl5/lib/5.15.5/i86pc-solaris-64int /export/home/cpant4/perl5/lib/5.15.5 /export/home/cpant4/perl5/lib/site_perl .) at (eval 85) line 2.
# # BEGIN failed--compilation aborted at (eval 85) line 2.
# not ok 1 - use MBKFail
# 
# #   Failed test 'use MBKFail'
# #   at t/000compile.t line 70.
# # Looks like you failed 1 test of 1.

#   Failed test 'passed t/000compile.t'
#   at t/mbk.t line 25.
# main::path_to_pkg() called too early to check prototype at t/000compile.t line 15.
# 1..1
# 
# #   Failed test 'use MBKFail;'
# #   at t/000compile.t line 64.
# #     Tried to use 'MBKFail'.
# #     Error:  Can't locate MBKFail.pm in @INC (@INC contains: _build/lib /export/home/cpant4/.cpan/build/Module-Build-Kwalitee-0.24-dhvyNg/blib/lib /export/home/cpant4/.cpan/build/Module-Build-Kwalitee-0.24-dhvyNg/blib/arch /export/home/cpant4/.cpan/build/Module-Build-Kwalitee-0.24-dhvyNg/lib /export/home/cpant4/.cpan/build/Module-Build-Kwalitee-0.24-dhvyNg /export/home/cpant4/.cpan/build/Module-Build-Kwalitee-0.24-dhvyNg/blib/lib /export/home/cpant4/.cpan/build/Module-Build-Kwalitee-0.24-dhvyNg/blib/arch /export/home/cpant4/.cpan/build/Module-Build-Kwalitee-0.24-dhvyNg/lib /export/home/cpant4/.cpan/build/Module-Build-Kwalitee-0.24-dhvyNg /export/home/cpant4/perl5/lib/site_perl/5.15.5/i86pc-solaris-64int /export/home/cpant4/perl5/lib/site_perl/5.15.5 /export/home/cpant4/perl5/lib/5.15.5/i86pc-solaris-64int /export/home/cpant4/perl5/lib/5.15.5 /export/home/cpant4/perl5/lib/site_perl .) at (eval 85) line 2.
# # BEGIN failed--compilation aborted at (eval 85) line 2.
# not ok 1 - use MBKFail
# 
# #   Failed test 'use MBKFail'
# #   at t/000compile.t line 70.
# # Looks like you failed 1 test of 1.

#   Failed test 'failed t/003pod.t'
#   at t/mbk.t line 25.
# 1..4
# ok 1 - POD test for lib/MBKFail.pm (no pod)
# ok 2 - lib/MBKFail.pm has POD
# ok 3 # skip lib/MBKFail.pm has no subs
# ok 4 # skip no files with pod

#   Failed test 'passed t/000compile.t'
#   at t/mbk.t line 25.
# main::path_to_pkg() called too early to check prototype at t/000compile.t line 15.
# 1..1
# 
# #   Failed test 'use MBKFail;'
# #   at t/000compile.t line 64.
# #     Tried to use 'MBKFail'.
# #     Error:  Can't locate MBKFail.pm in @INC (@INC contains: _build/lib /export/home/cpant4/.cpan/build/Module-Build-Kwalitee-0.24-dhvyNg/blib/lib /export/home/cpant4/.cpan/build/Module-Build-Kwalitee-0.24-dhvyNg/blib/arch /export/home/cpant4/.cpan/build/Module-Build-Kwalitee-0.24-dhvyNg/lib /export/home/cpant4/.cpan/build/Module-Build-Kwalitee-0.24-dhvyNg /export/home/cpant4/.cpan/build/Module-Build-Kwalitee-0.24-dhvyNg/blib/lib /export/home/cpant4/.cpan/build/Module-Build-Kwalitee-0.24-dhvyNg/blib/arch /export/home/cpant4/.cpan/build/Module-Build-Kwalitee-0.24-dhvyNg/lib /export/home/cpant4/.cpan/build/Module-Build-Kwalitee-0.24-dhvyNg /export/home/cpant4/perl5/lib/site_perl/5.15.5/i86pc-solaris-64int /export/home/cpant4/perl5/lib/site_perl/5.15.5 /export/home/cpant4/perl5/lib/5.15.5/i86pc-solaris-64int /export/home/cpant4/perl5/lib/5.15.5 /export/home/cpant4/perl5/lib/site_perl .) at (eval 85) line 2.
# # BEGIN failed--compilation aborted at (eval 85) line 2.
# not ok 1 - use MBKFail
# 
# #   Failed test 'use MBKFail'
# #   at t/000compile.t line 70.
# # Looks like you failed 1 test of 1.
# Looks like you failed 4 tests of 30.
t/mbk.t ......... 
Dubious, test returned 4 (wstat 1024, 0x400)
Failed 4/30 subtests 

Test Summary Report
-------------------
t/mbk.t       (Wstat: 1024 Tests: 30 Failed: 4)
  Failed tests:  15, 21, 23, 27
  Non-zero exit status: 4
Files=6, Tests=59, 12 wallclock secs ( 0.04 usr  0.01 sys +  3.40 cusr  0.42 csys =  3.87 CPU)
Result: FAIL
Failed 1/6 test programs. 4/59 subtests failed.

------------------------------
PREREQUISITES
------------------------------

Prerequisite modules loaded:

requires:

    Module                      Need   Have    
    --------------------------- ------ --------
    File::Find::Rule            0      0.33    
    Module::Build               0.2609 0.39_01 
    perl                        v5.8.1 5.015005
    Pod::Coverage::CountParents 0      0       
    Test::More                  0      0.98    
    Test::Pod                   0      1.45    
    YAML                        0      0.77    

build_requires:

    Module                      Need   Have    
    --------------------------- ------ --------
    IPC::Open3                  0      1.12    


------------------------------
ENVIRONMENT AND OTHER CONTEXT
------------------------------

Environment variables:

    AUTOMATED_TESTING = 1
    LANG = C
    LD_LIBRARY_PATH = /usr/local/lib:
    PATH = /export/home/cpant4/perl5/bin:/usr/local/bin:/usr/bin
    PERL5LIB = 
    PERL5OPT = 
    PERL5_CPANPLUS_IS_RUNNING = 20510
    PERL5_CPAN_IS_RUNNING = 20510
    PERL5_CPAN_IS_RUNNING_IN_RECURSION = 2919,20510
    PERL_CR_SMOKER_CURRENT = Module-Build-Kwalitee-0.24
    PERL_EXTUTILS_AUTOINSTALL = --defaultdeps
    PERL_MM_USE_DEFAULT = 1
    SHELL = /bin/bash
    TERM = xterm

Perl special variables (and OS-specific diagnostics, for MSWin32):

    $^X = /export/home/cpant4/perl5/bin/perl5.15.5
    $UID/$EUID = 104 / 104
    $GID = 1 1
    $EGID = 1 1

Perl module toolchain versions installed:

    Module              Have    
    ------------------- --------
    CPAN                1.9800  
    CPAN::Meta          2.112621
    Cwd                 3.37    
    ExtUtils::CBuilder  0.280204
    ExtUtils::Command   1.17    
    ExtUtils::Install   1.57    
    ExtUtils::MakeMaker 6.63_02 
    ExtUtils::Manifest  1.60    
    ExtUtils::ParseXS   3.07    
    File::Spec          3.34    
    JSON                2.53    
    JSON::PP            2.27200 
    Module::Build       0.39_01 
    Module::Signature   n/a     
    Parse::CPAN::Meta   1.4401  
    Test::Harness       3.23    
    Test::More          0.98    
    YAML                0.77    
    YAML::Syck          1.19    
    version             0.95    


--

Summary of my perl5 (revision 5 version 15 subversion 5) configuration:
   
  Platform:
    osname=solaris, osvers=2.10, archname=i86pc-solaris-64int
    uname='sunos vmrz0046 5.10 generic_141445-09 i86pc i386 i86pc solaris '
    config_args='-Dcc=gcc -Dprefix=~/perl5 -Duse64bitint -Dusedevel -d'
    hint=recommended, useposix=true, d_sigaction=define
    useithreads=undef, usemultiplicity=undef
    useperlio=define, d_sfio=undef, uselargefiles=define, usesocks=undef
    use64bitint=define, use64bitall=undef, uselongdouble=undef
    usemymalloc=n, bincompat5005=undef
  Compiler:
    cc='gcc', ccflags ='-DPTR_IS_LONG -fno-strict-aliasing -pipe -I/usr/local/include -D_LARGEFILE_SOURCE -D_FILE_OFFSET_BITS=64 -DPERL_USE_SAFE_PUTENV',
    optimize='-O',
    cppflags='-DPTR_IS_LONG -fno-strict-aliasing -pipe -I/usr/local/include'
    ccversion='', gccversion='3.4.6', gccosandvers='solaris2.10'
    intsize=4, longsize=4, ptrsize=4, doublesize=8, byteorder=12345678
    d_longlong=define, longlongsize=8, d_longdbl=define, longdblsize=12
    ivtype='long long', ivsize=8, nvtype='double', nvsize=8, Off_t='off_t', lseeksize=8
    alignbytes=4, prototype=define
  Linker and Libraries:
    ld='gcc', ldflags =' -L/usr/local/lib '
    libpth=/usr/local/lib /usr/lib /usr/ccs/lib
    libs=-lsocket -lnsl -lgdbm -ldl -lm -lc
    perllibs=-lsocket -lnsl -ldl -lm -lc
    libc=/lib/libc.so, so=so, useshrplib=false, libperl=libperl.a
    gnulibc_version=''
  Dynamic Linking:
    dlsrc=dl_dlopen.xs, dlext=so, d_dlsymun=undef, ccdlflags=' '
    cccdlflags='-fPIC', lddlflags='-G -L/usr/local/lib'


Characteristics of this binary (from libperl): 
  Compile-time options: HAS_TIMES PERLIO_LAYERS PERL_DONT_CREATE_GVSV
                        PERL_MALLOC_WRAP PERL_PRESERVE_IVUV PERL_USE_DEVEL
                        PERL_USE_SAFE_PUTENV USE_64_BIT_INT USE_LARGE_FILES
                        USE_LOCALE USE_LOCALE_COLLATE USE_LOCALE_CTYPE
                        USE_LOCALE_NUMERIC USE_PERLIO USE_PERL_ATOF
  Built under solaris
  Compiled at Nov 28 2011 11:34:47
  %ENV:
    PERL5LIB=""
    PERL5OPT=""
    PERL5_CPANPLUS_IS_RUNNING="20510"
    PERL5_CPAN_IS_RUNNING="20510"
    PERL5_CPAN_IS_RUNNING_IN_RECURSION="2919,20510"
    PERL_CR_SMOKER_CURRENT="Module-Build-Kwalitee-0.24"
    PERL_EXTUTILS_AUTOINSTALL="--defaultdeps"
    PERL_MM_USE_DEFAULT="1"
  @INC:
    /export/home/cpant4/perl5/lib/site_perl/5.15.5/i86pc-solaris-64int
    /export/home/cpant4/perl5/lib/site_perl/5.15.5
    /export/home/cpant4/perl5/lib/5.15.5/i86pc-solaris-64int
    /export/home/cpant4/perl5/lib/5.15.5
    /export/home/cpant4/perl5/lib/site_perl
    .