Report for Class-Methodist-1.6

Back
From: metabase:user:cd035d39-6d5b-1014-ab3a-39c0c09612a1
Subject: FAIL Class-Methodist-1.6 v5.20.0 
Date: 2014-06-22T08:19:47Z

This distribution has been tested as part of the CPAN Testers
project, supporting the Perl programming language.  See
http://wiki.cpantesters.org/ for more information or email
questions to cpan-testers-discuss@perl.org


--
Dear Tom Nurkkala,

This is a computer-generated report for Class-Methodist-1.6
on perl 5.20.0, created by CPAN-Reporter-1.2011.

Thank you for uploading your work to CPAN.  However, there was a problem
testing your distribution.

If you think this report is invalid, please consult the CPAN Testers Wiki
for suggestions on how to avoid getting FAIL reports for missing library
or binary dependencies, unsupported operating systems, and so on:

http://wiki.cpantesters.org/wiki/CPANAuthorNotes

Sections of this report:

    * Tester comments
    * Program output
    * Prerequisites
    * Environment and other context

------------------------------
TESTER COMMENTS
------------------------------

Additional comments from tester:

this report is from an automated smoke testing program
and was not reviewed by a human for accuracy

------------------------------
PROGRAM OUTPUT
------------------------------

Output from 'C:\strawberry\c\bin\dmake.EXE test':

C:\strawberry\perl\bin\perl.exe "-MExtUtils::Command::MM" "-MTest::Harness" "-e" "undef *Test::Harness::Switches; test_harness(0, 'blib\lib', 'blib\arch')" t/*.t
Can't locate Devel/Symdump.pm in @INC (you may need to install the Devel::Symdump module) (@INC contains: C:\cpan\build\Class-Methodist-1.6-qivqLD\blib\lib C:\cpan\build\Class-Methodist-1.6-qivqLD\blib\arch C:\cpan\build\Class-ISA-0.36-T3f9I_/blib/arch C:\cpan\build\Class-ISA-0.36-T3f9I_/blib/lib C:\cpan\build\Class-ISA-0.36-T3f9I_/blib/arch C:\cpan\build\Class-ISA-0.36-T3f9I_/blib/lib C:/strawberry/perl/site/lib C:/strawberry/perl/vendor/lib C:/strawberry/perl/lib .) at C:\cpan\build\Class-Methodist-1.6-qivqLD\blib\lib/Class/Methodist.pm line 155.
BEGIN failed--compilation aborted at C:\cpan\build\Class-Methodist-1.6-qivqLD\blib\lib/Class/Methodist.pm line 155.
Compilation failed in require at t/41-use.t line 9.
BEGIN failed--compilation aborted at t/41-use.t line 9.
t/41-use.t ............. 
Dubious, test returned 2 (wstat 512, 0x200)
No subtests run 
Can't locate Devel/Symdump.pm in @INC (you may need to install the Devel::Symdump module) (@INC contains: C:\cpan\build\Class-Methodist-1.6-qivqLD\blib\lib C:\cpan\build\Class-Methodist-1.6-qivqLD\blib\arch C:\cpan\build\Class-ISA-0.36-T3f9I_/blib/arch C:\cpan\build\Class-ISA-0.36-T3f9I_/blib/lib C:\cpan\build\Class-ISA-0.36-T3f9I_/blib/arch C:\cpan\build\Class-ISA-0.36-T3f9I_/blib/lib C:/strawberry/perl/site/lib C:/strawberry/perl/vendor/lib C:/strawberry/perl/lib .) at C:\cpan\build\Class-Methodist-1.6-qivqLD\blib\lib/Class/Methodist.pm line 155.
BEGIN failed--compilation aborted at C:\cpan\build\Class-Methodist-1.6-qivqLD\blib\lib/Class/Methodist.pm line 155.
Compilation failed in require at t/42-scalar.t line 11.
BEGIN failed--compilation aborted at t/42-scalar.t line 11.
t/42-scalar.t .......... 
Dubious, test returned 2 (wstat 512, 0x200)
No subtests run 
Can't locate Devel/Symdump.pm in @INC (you may need to install the Devel::Symdump module) (@INC contains: C:\cpan\build\Class-Methodist-1.6-qivqLD\blib\lib C:\cpan\build\Class-Methodist-1.6-qivqLD\blib\arch C:\cpan\build\Class-ISA-0.36-T3f9I_/blib/arch C:\cpan\build\Class-ISA-0.36-T3f9I_/blib/lib C:\cpan\build\Class-ISA-0.36-T3f9I_/blib/arch C:\cpan\build\Class-ISA-0.36-T3f9I_/blib/lib C:/strawberry/perl/site/lib C:/strawberry/perl/vendor/lib C:/strawberry/perl/lib .) at C:\cpan\build\Class-Methodist-1.6-qivqLD\blib\lib/Class/Methodist.pm line 155.
BEGIN failed--compilation aborted at C:\cpan\build\Class-Methodist-1.6-qivqLD\blib\lib/Class/Methodist.pm line 155.
Compilation failed in require at t/43-list.t line 10.
BEGIN failed--compilation aborted at t/43-list.t line 10.
t/43-list.t ............ 
Dubious, test returned 2 (wstat 512, 0x200)
No subtests run 
Can't locate Devel/Symdump.pm in @INC (you may need to install the Devel::Symdump module) (@INC contains: C:\cpan\build\Class-Methodist-1.6-qivqLD\blib\lib C:\cpan\build\Class-Methodist-1.6-qivqLD\blib\arch C:\cpan\build\Class-ISA-0.36-T3f9I_/blib/arch C:\cpan\build\Class-ISA-0.36-T3f9I_/blib/lib C:\cpan\build\Class-ISA-0.36-T3f9I_/blib/arch C:\cpan\build\Class-ISA-0.36-T3f9I_/blib/lib C:/strawberry/perl/site/lib C:/strawberry/perl/vendor/lib C:/strawberry/perl/lib .) at C:\cpan\build\Class-Methodist-1.6-qivqLD\blib\lib/Class/Methodist.pm line 155.
BEGIN failed--compilation aborted at C:\cpan\build\Class-Methodist-1.6-qivqLD\blib\lib/Class/Methodist.pm line 155.
Compilation failed in require at t/44-object.t line 28.
BEGIN failed--compilation aborted at t/44-object.t line 28.
t/44-object.t .......... 
Dubious, test returned 2 (wstat 512, 0x200)
No subtests run 
Can't locate Devel/Symdump.pm in @INC (you may need to install the Devel::Symdump module) (@INC contains: C:\cpan\build\Class-Methodist-1.6-qivqLD\blib\lib C:\cpan\build\Class-Methodist-1.6-qivqLD\blib\arch C:\cpan\build\Class-ISA-0.36-T3f9I_/blib/arch C:\cpan\build\Class-ISA-0.36-T3f9I_/blib/lib C:\cpan\build\Class-ISA-0.36-T3f9I_/blib/arch C:\cpan\build\Class-ISA-0.36-T3f9I_/blib/lib C:/strawberry/perl/site/lib C:/strawberry/perl/vendor/lib C:/strawberry/perl/lib .) at C:\cpan\build\Class-Methodist-1.6-qivqLD\blib\lib/Class/Methodist.pm line 155.
BEGIN failed--compilation aborted at C:\cpan\build\Class-Methodist-1.6-qivqLD\blib\lib/Class/Methodist.pm line 155.
Compilation failed in require at t/45-hash.t line 10.
BEGIN failed--compilation aborted at t/45-hash.t line 10.
t/45-hash.t ............ 
Dubious, test returned 2 (wstat 512, 0x200)
No subtests run 
Can't locate Devel/Symdump.pm in @INC (you may need to install the Devel::Symdump module) (@INC contains: C:\cpan\build\Class-Methodist-1.6-qivqLD\blib\lib C:\cpan\build\Class-Methodist-1.6-qivqLD\blib\arch C:\cpan\build\Class-ISA-0.36-T3f9I_/blib/arch C:\cpan\build\Class-ISA-0.36-T3f9I_/blib/lib C:\cpan\build\Class-ISA-0.36-T3f9I_/blib/arch C:\cpan\build\Class-ISA-0.36-T3f9I_/blib/lib C:/strawberry/perl/site/lib C:/strawberry/perl/vendor/lib C:/strawberry/perl/lib .) at C:\cpan\build\Class-Methodist-1.6-qivqLD\blib\lib/Class/Methodist.pm line 155.
BEGIN failed--compilation aborted at C:\cpan\build\Class-Methodist-1.6-qivqLD\blib\lib/Class/Methodist.pm line 155.
Compilation failed in require at t/46-object.t line 15.
BEGIN failed--compilation aborted at t/46-object.t line 15.
t/46-object.t .......... 
Dubious, test returned 2 (wstat 512, 0x200)
No subtests run 
Can't locate Devel/Symdump.pm in @INC (you may need to install the Devel::Symdump module) (@INC contains: C:\cpan\build\Class-Methodist-1.6-qivqLD\blib\lib C:\cpan\build\Class-Methodist-1.6-qivqLD\blib\arch C:\cpan\build\Class-ISA-0.36-T3f9I_/blib/arch C:\cpan\build\Class-ISA-0.36-T3f9I_/blib/lib C:\cpan\build\Class-ISA-0.36-T3f9I_/blib/arch C:\cpan\build\Class-ISA-0.36-T3f9I_/blib/lib C:/strawberry/perl/site/lib C:/strawberry/perl/vendor/lib C:/strawberry/perl/lib .) at C:\cpan\build\Class-Methodist-1.6-qivqLD\blib\lib/Class/Methodist.pm line 155.
BEGIN failed--compilation aborted at C:\cpan\build\Class-Methodist-1.6-qivqLD\blib\lib/Class/Methodist.pm line 155.
Compilation failed in require at t/47-hash-of-lists.t line 10.
BEGIN failed--compilation aborted at t/47-hash-of-lists.t line 10.
t/47-hash-of-lists.t ... 
Dubious, test returned 2 (wstat 512, 0x200)
No subtests run 
Can't locate Devel/Symdump.pm in @INC (you may need to install the Devel::Symdump module) (@INC contains: C:\cpan\build\Class-Methodist-1.6-qivqLD\blib\lib C:\cpan\build\Class-Methodist-1.6-qivqLD\blib\arch C:\cpan\build\Class-ISA-0.36-T3f9I_/blib/arch C:\cpan\build\Class-ISA-0.36-T3f9I_/blib/lib C:\cpan\build\Class-ISA-0.36-T3f9I_/blib/arch C:\cpan\build\Class-ISA-0.36-T3f9I_/blib/lib C:/strawberry/perl/site/lib C:/strawberry/perl/vendor/lib C:/strawberry/perl/lib .) at C:\cpan\build\Class-Methodist-1.6-qivqLD\blib\lib/Class/Methodist.pm line 155.
BEGIN failed--compilation aborted at C:\cpan\build\Class-Methodist-1.6-qivqLD\blib\lib/Class/Methodist.pm line 155.
Compilation failed in require at t/48-initialization.t line 10.
BEGIN failed--compilation aborted at t/48-initialization.t line 10.
t/48-initialization.t .. 
Dubious, test returned 2 (wstat 512, 0x200)
No subtests run 
Can't locate Devel/Symdump.pm in @INC (you may need to install the Devel::Symdump module) (@INC contains: C:\cpan\build\Class-Methodist-1.6-qivqLD\blib\lib C:\cpan\build\Class-Methodist-1.6-qivqLD\blib\arch C:\cpan\build\Class-ISA-0.36-T3f9I_/blib/arch C:\cpan\build\Class-ISA-0.36-T3f9I_/blib/lib C:\cpan\build\Class-ISA-0.36-T3f9I_/blib/arch C:\cpan\build\Class-ISA-0.36-T3f9I_/blib/lib C:/strawberry/perl/site/lib C:/strawberry/perl/vendor/lib C:/strawberry/perl/lib .) at C:\cpan\build\Class-Methodist-1.6-qivqLD\blib\lib/Class/Methodist.pm line 155.
BEGIN failed--compilation aborted at C:\cpan\build\Class-Methodist-1.6-qivqLD\blib\lib/Class/Methodist.pm line 155.
Compilation failed in require at t/49-enum.t line 14.
BEGIN failed--compilation aborted at t/49-enum.t line 14.
t/49-enum.t ............ 
Dubious, test returned 2 (wstat 512, 0x200)
No subtests run 

Test Summary Report
-------------------
t/41-use.t           (Wstat: 512 Tests: 0 Failed: 0)
  Non-zero exit status: 2
  Parse errors: No plan found in TAP output
t/42-scalar.t        (Wstat: 512 Tests: 0 Failed: 0)
  Non-zero exit status: 2
  Parse errors: No plan found in TAP output
t/43-list.t          (Wstat: 512 Tests: 0 Failed: 0)
  Non-zero exit status: 2
  Parse errors: No plan found in TAP output
t/44-object.t        (Wstat: 512 Tests: 0 Failed: 0)
  Non-zero exit status: 2
  Parse errors: No plan found in TAP output
t/45-hash.t          (Wstat: 512 Tests: 0 Failed: 0)
  Non-zero exit status: 2
  Parse errors: No plan found in TAP output
t/46-object.t        (Wstat: 512 Tests: 0 Failed: 0)
  Non-zero exit status: 2
  Parse errors: No plan found in TAP output
t/47-hash-of-lists.t (Wstat: 512 Tests: 0 Failed: 0)
  Non-zero exit status: 2
  Parse errors: No plan found in TAP output
t/48-initialization.t (Wstat: 512 Tests: 0 Failed: 0)
  Non-zero exit status: 2
  Parse errors: No plan found in TAP output
t/49-enum.t          (Wstat: 512 Tests: 0 Failed: 0)
  Non-zero exit status: 2
  Parse errors: No plan found in TAP output
Files=9, Tests=0,  1 wallclock secs ( 0.11 usr +  0.06 sys =  0.17 CPU)
Result: FAIL
Failed 9/9 test programs. 0/0 subtests failed.
dmake.EXE:  Error code 130, while making 'test_dynamic'

------------------------------
PREREQUISITES
------------------------------

Prerequisite modules loaded:

requires:

    Module              Need Have    
    ------------------- ---- --------
    Class::ISA          0    0.36    
    Class::Singleton    0    1.4     
    Test::Exception     0    0.32    
    Test::More          0    1.001003

build_requires:

    Module              Need Have    
    ------------------- ---- --------
    ExtUtils::MakeMaker 0    6.98    


------------------------------
ENVIRONMENT AND OTHER CONTEXT
------------------------------

Environment variables:

    AUTOMATED_TESTING = 1
    COMSPEC = C:\WINDOWS.0\system32\cmd.exe
    NONINTERACTIVE_TESTING = 1
    NUMBER_OF_PROCESSORS = 1
    PATH = C:\WINDOWS.0\system32;C:\strawberry\c\bin;C:\strawberry\perl\site\bin;C:\strawberry\perl\bin
    PERL5LIB = C:\cpan\build\Class-ISA-0.36-T3f9I_/blib/arch;C:\cpan\build\Class-ISA-0.36-T3f9I_/blib/lib
    PERL5OPT = 
    PERL5_CPANPLUS_IS_RUNNING = 3584
    PERL5_CPAN_IS_RUNNING = 3584
    PERL5_CPAN_IS_RUNNING_IN_RECURSION = 3044,3584
    PERL_CR_SMOKER_CURRENT = Class-Methodist-1.6
    PERL_EXTUTILS_AUTOINSTALL = --defaultdeps
    PERL_MM_USE_DEFAULT = 1
    PROCESSOR_IDENTIFIER = x86 Family 6 Model 14 Stepping 8, GenuineIntel
    TEMP = C:\DOKUME~1\smoker\LOKALE~1\Temp

Perl special variables (and OS-specific diagnostics, for MSWin32):

    $^X = C:\strawberry\perl\bin\perl.exe
    $UID/$EUID = 0 / 0
    $GID = 0
    $EGID = 0
    Win32::GetOSName = WinXP/.Net
    Win32::GetOSVersion = Service Pack 3, 5, 1, 2600, 2, 3, 0, 256, 1
    Win32::FsType = NTFS
    Win32::IsAdminUser = 1

Perl module toolchain versions installed:

    Module              Have    
    ------------------- --------
    CPAN                2.05    
    CPAN::Meta          2.141520
    Cwd                 3.47    
    ExtUtils::CBuilder  0.280216
    ExtUtils::Command   1.18    
    ExtUtils::Install   1.68    
    ExtUtils::MakeMaker 6.98    
    ExtUtils::Manifest  1.63    
    ExtUtils::ParseXS   3.24    
    File::Spec          3.47    
    JSON                2.90    
    JSON::PP            2.27203 
    Module::Build       0.4205  
    Module::Signature   n/a     
    Parse::CPAN::Meta   1.4414  
    Test::Harness       3.32    
    Test::More          1.001003
    YAML                0.92    
    YAML::Syck          n/a     
    version             0.9908  


--

Summary of my perl5 (revision 5 version 20 subversion 0) configuration:
   
  Platform:
    osname=MSWin32, osvers=6.2, archname=MSWin32-x86-multi-thread-64int
    uname='Win32 strawberry-perl 5.20.0.1 #1 Fri May 30 23:25:11 2014 i386'
    config_args='undef'
    hint=recommended, useposix=true, d_sigaction=undef
    useithreads=define, usemultiplicity=define
    use64bitint=define, use64bitall=undef, uselongdouble=undef
    usemymalloc=n, bincompat5005=undef
  Compiler:
    cc='gcc', ccflags =' -s -O2 -DWIN32  -DPERL_TEXTMODE_SCRIPTS -DPERL_IMPLICIT_CONTEXT -DPERL_IMPLICIT_SYS -DUSE_PERLIO -fwrapv -fno-strict-aliasing -mms-bitfields',
    optimize='-s -O2',
    cppflags='-DWIN32'
    ccversion='', gccversion='4.8.2', gccosandvers=''
    intsize=4, longsize=4, ptrsize=4, doublesize=8, byteorder=12345678
    d_longlong=define, longlongsize=8, d_longdbl=define, longdblsize=12
    ivtype='long long', ivsize=8, nvtype='double', nvsize=8, Off_t='long long', lseeksize=8
    alignbytes=8, prototype=define
  Linker and Libraries:
    ld='g++', ldflags ='-s -L"C:\STRAWB~1\perl\lib\CORE" -L"C:\STRAWB~1\c\lib"'
    libpth=C:\STRAWB~1\c\lib C:\STRAWB~1\c\i686-w64-mingw32\lib C:\STRAWB~1\c\lib\gcc\i686-w64-mingw32\4.8.2
    libs=-lmoldname -lkernel32 -luser32 -lgdi32 -lwinspool -lcomdlg32 -ladvapi32 -lshell32 -lole32 -loleaut32 -lnetapi32 -luuid -lws2_32 -lmpr -lwinmm -lversion -lodbc32 -lodbccp32 -lcomctl32
    perllibs=-lmoldname -lkernel32 -luser32 -lgdi32 -lwinspool -lcomdlg32 -ladvapi32 -lshell32 -lole32 -loleaut32 -lnetapi32 -luuid -lws2_32 -lmpr -lwinmm -lversion -lodbc32 -lodbccp32 -lcomctl32
    libc=, so=dll, useshrplib=true, libperl=libperl520.a
    gnulibc_version=''
  Dynamic Linking:
    dlsrc=dl_win32.xs, dlext=xs.dll, d_dlsymun=undef, ccdlflags=' '
    cccdlflags=' ', lddlflags='-mdll -s -L"C:\STRAWB~1\perl\lib\CORE" -L"C:\STRAWB~1\c\lib"'


Characteristics of this binary (from libperl): 
  Compile-time options: HAS_TIMES HAVE_INTERP_INTERN MULTIPLICITY
                        PERLIO_LAYERS PERL_DONT_CREATE_GVSV
                        PERL_HASH_FUNC_ONE_AT_A_TIME_HARD
                        PERL_IMPLICIT_CONTEXT PERL_IMPLICIT_SYS
                        PERL_MALLOC_WRAP PERL_NEW_COPY_ON_WRITE
                        PERL_PRESERVE_IVUV USE_64_BIT_INT USE_ITHREADS
                        USE_LARGE_FILES USE_LOCALE USE_LOCALE_COLLATE
                        USE_LOCALE_CTYPE USE_LOCALE_NUMERIC USE_PERLIO
                        USE_PERL_ATOF
  Built under MSWin32
  Compiled at May 30 2014 23:29:27
  %ENV:
    PERL5LIB="C:\cpan\build\Class-ISA-0.36-T3f9I_/blib/arch;C:\cpan\build\Class-ISA-0.36-T3f9I_/blib/lib"
    PERL5_CPANPLUS_IS_RUNNING="3584"
    PERL5_CPAN_IS_RUNNING="3584"
    PERL5_CPAN_IS_RUNNING_IN_RECURSION="3044,3584"
    PERL_CR_SMOKER_CURRENT="Class-Methodist-1.6"
    PERL_EXTUTILS_AUTOINSTALL="--defaultdeps"
    PERL_MM_USE_DEFAULT="1"
  @INC:
    C:\cpan\build\Class-ISA-0.36-T3f9I_/blib/arch
    C:\cpan\build\Class-ISA-0.36-T3f9I_/blib/lib
    C:/strawberry/perl/site/lib
    C:/strawberry/perl/vendor/lib
    C:/strawberry/perl/lib
    .