Report for Net-FreshBooks-API-0.24

Back
From: metabase:user:314402c4-2aae-11df-837a-5e0a49663a4f
Subject: FAIL Net-FreshBooks-API-0.24 v5.16.3 FreeBSD
Date: 2014-05-03T06:45:00Z

This distribution has been tested as part of the CPAN Testers
project, supporting the Perl programming language.  See
http://wiki.cpantesters.org/ for more information or email
questions to cpan-testers-discuss@perl.org


--
Dear Olaf Alders,

This is a computer-generated report for Net-FreshBooks-API-0.24
on perl 5.16.3, created by CPAN-Reporter-1.2011.

Thank you for uploading your work to CPAN.  However, there was a problem
testing your distribution.

If you think this report is invalid, please consult the CPAN Testers Wiki
for suggestions on how to avoid getting FAIL reports for missing library
or binary dependencies, unsupported operating systems, and so on:

http://wiki.cpantesters.org/wiki/CPANAuthorNotes

Sections of this report:

    * Tester comments
    * Program output
    * Prerequisites
    * Environment and other context

------------------------------
TESTER COMMENTS
------------------------------

Additional comments from tester:

none provided

------------------------------
PROGRAM OUTPUT
------------------------------

Output from './Build test':

# Acme::Override::INET replaced IO::Socket::INET with IO::Socket::IP
Fatal error 'mutex is on list' at line 272 in file /usr/src/lib/libthr/thread/thr_mutex.c (errno = 22)
t/001_api.t ............................. 
All 8 subtests passed 
	(less 1 skipped subtest: 7 okay)
t/002_base-parameters_to_request_xml.t .. ok
t/003-client_create.t ................... ok
t/004-client_list.t ..................... ok
t/005-invoice_create.t .................. ok
t/006_live_connect.t .................... skipped: Set FB_LIVE_TESTS to true in your %ENV to run live tests
t/007_live_test.t ....................... skipped: Set FB_LIVE_TESTS to true in your %ENV to run live tests
t/008-recurring.t ....................... skipped: Set FB_LIVE_TESTS to true in your %ENV to run live tests
t/009-estimate.t ........................ skipped: Set FB_LIVE_TESTS to true in your %ENV to run live tests
# line
t/010-invoice_line.t .................... ok
t/011_error.t ........................... ok
t/012_oauth.t ........................... ok
t/013_gateway.t ......................... skipped: Set FB_LIVE_TESTS to true in your %ENV to run live tests
t/014_language.t ........................ skipped: Set FB_LIVE_TESTS to true in your %ENV to run live tests
# alternate syntax
t/015_autobill.t ........................ ok
t/author-critic.t ....................... skipped: these tests are for testing by the author

Test Summary Report
-------------------
t/001_api.t                           (Wstat: 6 Tests: 8 Failed: 0)
  Non-zero wait status: 6
Files=16, Tests=132, 22 wallclock secs ( 0.09 usr  0.05 sys + 15.12 cusr  1.01 csys = 16.27 CPU)
Result: FAIL
Failed 1/16 test programs. 0/132 subtests failed.

------------------------------
PREREQUISITES
------------------------------

Prerequisite modules loaded:

requires:

    Module               Need   Have    
    -------------------- ------ --------
    B::Hooks::EndOfScope 0.09   0.12    
    base                 0      2.18    
    Carp                 0      1.32    
    Clone                0      0.35    
    Data::Dump           0      1.22    
    Lingua::EN::Inflect  0      1.895   
    LWP::Protocol::https 0      6.06    
    LWP::UserAgent       0      6.06    
    Moose                0      2.1204  
    Moose::Role          0      2.1204  
    namespace::autoclean 0.11   0.15    
    Net::OAuth::Simple   0      1.5     
    Params::Validate     0      1.08    
    parent               0.224  0.228   
    Path::Class          0      0.33    
    Scalar::Util         0      1.38    
    strict               0      1.07    
    URI                  0      1.60    
    warnings             0      1.13    
    WWW::Mechanize       0      1.73    
    XML::LibXML          0      2.0108  
    XML::Simple          0      2.20    

build_requires:

    Module               Need   Have    
    -------------------- ------ --------
    DateTime             0      1.06    
    File::Slurp          0      9999.19 
    Module::Build        0.3601 0.4204  
    Sub::Override        0      0.09    
    Test::Exception      0      0.32    
    Test::More           0      1.001003
    Test::Simple         0.98   1.001003
    Test::WWW::Mechanize 0      1.44    
    Test::XML            0      0.08    


------------------------------
ENVIRONMENT AND OTHER CONTEXT
------------------------------

Environment variables:

    DBIC_NO_WARN_BAD_PERL = 1
    LC_ALL = de_DE.ISO8859-1
    PATH = /usr/local/bin:/usr/bin:/bin:/usr/local/sbin:/usr/sbin:/sbin:/home/cpansand/bin/freebsd9.1:/home/cpansand/bin/sh:/home/cpansand/bin:/usr/games:/home/cpansand/devel:/usr/home/eserte/work/srezic-misc/scripts
    PERL5LIB = 
    PERL5OPT = 
    PERL5_CPANPLUS_IS_RUNNING = 28295
    PERL5_CPAN_IS_RUNNING = 28295
    PERL5_CPAN_IS_RUNNING_IN_RECURSION = 28274,28295
    PERLDOC = -MPod::Perldoc::ToTextOverstrike
    PERL_BATCH = yes
    PERL_CPAN_REPORTER_CONFIG = /var/tmp/cpansmoker-1023/sUK5NfpndJ_config.ini
    PERL_EXTUTILS_AUTOINSTALL = --defaultdeps
    PERL_HTML_DISPLAY_CLASS = HTML::Display::Mozilla
    SHELL = /usr/local/bin/zsh
    TERM = screen
    TMPDIR = /var/tmp/cpansmoker-1023

Perl special variables (and OS-specific diagnostics, for MSWin32):

    $^X = /usr/perl5.16.3/bin/perl
    $UID/$EUID = 1023 / 1023
    $GID = 1023 1023
    $EGID = 1023 1023

Perl module toolchain versions installed:

    Module              Have    
    ------------------- --------
    CPAN                2.05    
    CPAN::Meta          2.141170
    Cwd                 3.40    
    ExtUtils::CBuilder  0.280206
    ExtUtils::Command   1.17    
    ExtUtils::Install   1.58    
    ExtUtils::MakeMaker 6.98    
    ExtUtils::Manifest  1.61    
    ExtUtils::ParseXS   3.22    
    File::Spec          3.40    
    JSON                2.90    
    JSON::PP            2.27203 
    Module::Build       0.4204  
    Module::Signature   0.73    
    Parse::CPAN::Meta   1.4414  
    Test::Harness       3.30    
    Test::More          1.001003
    YAML                0.90    
    YAML::Syck          1.27    
    version             0.9908  


--

Summary of my perl5 (revision 5 version 16 subversion 3) configuration:
   
  Platform:
    osname=freebsd, osvers=9.2-release, archname=amd64-freebsd
    uname='freebsd cvrsnica-freebsd-92 9.2-release freebsd 9.2-release #0 r255898: thu sep 26 22:50:31 utc 2013 root@bake.isc.freebsd.org:usrobjusrsrcsysgeneric amd64 '
    config_args='-ds -e -Dprefix=/usr/perl5.16.3'
    hint=recommended, useposix=true, d_sigaction=define
    useithreads=undef, usemultiplicity=undef
    useperlio=define, d_sfio=undef, uselargefiles=define, usesocks=undef
    use64bitint=define, use64bitall=define, uselongdouble=undef
    usemymalloc=n, bincompat5005=undef
  Compiler:
    cc='cc', ccflags ='-DHAS_FPSETMASK -DHAS_FLOATINGPOINT_H -fno-strict-aliasing -pipe -fstack-protector -I/usr/local/include',
    optimize='-O',
    cppflags='-DHAS_FPSETMASK -DHAS_FLOATINGPOINT_H -fno-strict-aliasing -pipe -fstack-protector -I/usr/local/include'
    ccversion='', gccversion='4.2.1 20070831 patched [FreeBSD]', gccosandvers=''
    intsize=4, longsize=8, ptrsize=8, doublesize=8, byteorder=12345678
    d_longlong=define, longlongsize=8, d_longdbl=define, longdblsize=16
    ivtype='long', ivsize=8, nvtype='double', nvsize=8, Off_t='off_t', lseeksize=8
    alignbytes=8, prototype=define
  Linker and Libraries:
    ld='cc', ldflags ='-Wl,-E  -fstack-protector -L/usr/local/lib'
    libpth=/usr/lib /usr/local/lib
    libs=-lm -lcrypt -lutil -lc
    perllibs=-lm -lcrypt -lutil -lc
    libc=, so=so, useshrplib=false, libperl=libperl.a
    gnulibc_version=''
  Dynamic Linking:
    dlsrc=dl_dlopen.xs, dlext=so, d_dlsymun=undef, ccdlflags=' '
    cccdlflags='-DPIC -fPIC', lddlflags='-shared  -L/usr/local/lib -fstack-protector'


Characteristics of this binary (from libperl): 
  Compile-time options: HAS_TIMES PERLIO_LAYERS PERL_DONT_CREATE_GVSV
                        PERL_MALLOC_WRAP PERL_PRESERVE_IVUV USE_64_BIT_ALL
                        USE_64_BIT_INT USE_LARGE_FILES USE_LOCALE
                        USE_LOCALE_COLLATE USE_LOCALE_CTYPE
                        USE_LOCALE_NUMERIC USE_PERLIO USE_PERL_ATOF
  Built under freebsd
  Compiled at Nov 17 2013 13:29:42
  %ENV:
    PERL5LIB=""
    PERL5OPT=""
    PERL5_CPANPLUS_IS_RUNNING="28295"
    PERL5_CPAN_IS_RUNNING="28295"
    PERL5_CPAN_IS_RUNNING_IN_RECURSION="28274,28295"
    PERLDOC="-MPod::Perldoc::ToTextOverstrike"
    PERL_BATCH="yes"
    PERL_CPAN_REPORTER_CONFIG="/var/tmp/cpansmoker-1023/sUK5NfpndJ_config.ini"
    PERL_EXTUTILS_AUTOINSTALL="--defaultdeps"
    PERL_HTML_DISPLAY_CLASS="HTML::Display::Mozilla"
  @INC:
    /usr/perl5.16.3/lib/site_perl/5.16.3/amd64-freebsd
    /usr/perl5.16.3/lib/site_perl/5.16.3
    /usr/perl5.16.3/lib/5.16.3/amd64-freebsd
    /usr/perl5.16.3/lib/5.16.3
    .