Back
From: metabase:user:322078bc-2aae-11df-837a-5e0a49663a4f
Subject: FAIL Module-Info-0.35_02 v5.22.0 NetBSD
Date: 2015-06-19T18:46:09Z
This distribution has been tested as part of the CPAN Testers
project, supporting the Perl programming language. See
http://wiki.cpantesters.org/ for more information or email
questions to cpan-testers-discuss@perl.org
--
Dear NEILB,
This is a computer-generated error report created automatically by
CPANPLUS, version 0.9152. Testers personal comments may appear
at the end of this report.
Thank you for uploading your work to CPAN. However, it appears that
there were some problems testing your distribution.
TEST RESULTS:
Below is the error stack from stage 'make test':
PERL_DL_NONLAZY=1 "/home/cpan/pit/thr/perl-5.22.0/bin/perl" "-MExtUtils::Command::MM" "-MTest::Harness" "-e" "undef *Test::Harness::Switches; test_harness(0, 'blib/lib', 'blib/arch')" t/*.t
# Failed test (t/Module-Info.t at line 82)
# got: '4'
# expected: '3'
# Failed test (t/Module-Info.t at line 83)
# Structures begin differing at:
# $got->[3] = 'Subroutine B::OP::parent redefined at /home/cpan/pit/thr/conf/perl-5.22.0/.cpanplus/5.22.0/build/B-Utils-0.26/blib/lib/B/Utils.pm line 186.'
# $expected->[3] = Does not exist
# Failed test (t/Module-Info.t at line 88)
# got: '4'
# expected: '3'
# Failed test (t/Module-Info.t at line 89)
# got: 'Unknown regexp modifier "/r" at -e line 1, at end of line'
# expected: '0.3502'
# Failed test (t/Module-Info.t at line 185)
# got: '3'
# expected: '2'
# Failed test (t/Module-Info.t at line 186)
# Failed test (t/Module-Info.t at line 189)
# got: '3'
# expected: '2'
# Failed test (t/Module-Info.t at line 190)
# got: 'syntax error at -e line 1, near "/."'
# expected: '7.254'
# Failed test (t/Module-Info.t at line 191)
# got: 'Unknown regexp modifier "/h" at -e line 1, at end of line'
# expected: undef
# Looks like you failed 9 tests of 59.
t/Module-Info.t ..........
Dubious, test returned 9 (wstat 2304, 0x900)
Failed 9/59 subtests
t/n0_die_on_error.t ...... ok
t/n1_modules_required.t .. ok
t/n2_safe.t .............. ok
t/n3_version.t ........... ok
t/zy_pod_coverage.t ...... skipped: Test::Pod::Coverage 1.00 required for testing POD coverage
t/zz_pod.t ............... skipped: Test::Pod 1.00 required for testing POD
Test Summary Report
-------------------
t/Module-Info.t (Wstat: 2304 Tests: 59 Failed: 9)
Failed tests: 10-13, 43-47
Non-zero exit status: 9
Files=7, Tests=88, 4 wallclock secs ( 0.06 usr 0.00 sys + 2.97 cusr 0.22 csys = 3.25 CPU)
Result: FAIL
Failed 1/7 test programs. 9/88 subtests failed.
*** Error code 255
Stop.
make: stopped in /home/cpan/pit/thr/conf/perl-5.22.0/.cpanplus/5.22.0/build/Module-Info-0.35_02
PREREQUISITES:
Here is a list of prerequisites you specified and versions we
managed to load:
Module Name Have Want
B 1.58 0
B::Utils 0.26 0.26
Carp 1.36 0
ExtUtils::MakeMaker 7.04_01 0
File::Spec 3.56 0.8
strict 1.09 0
Perl module toolchain versions installed:
Module Name Have
CPANPLUS 0.9152
CPANPLUS::Dist::Build 0.78
Cwd 3.56
ExtUtils::CBuilder 0.280223
ExtUtils::Command 1.20
ExtUtils::Install 2.04
ExtUtils::MakeMaker 7.04_01
ExtUtils::Manifest 1.70
ExtUtils::ParseXS 3.28
File::Spec 3.56
Module::Build 0.4212
Pod::Parser 1.63
Pod::Simple 3.29
Test::Harness 3.35
Test::More 1.001014
version 0.9912
******************************** NOTE ********************************
The comments above are created mechanically, possibly without manual
checking by the sender. As there are many people performing automatic
tests on each upload to CPAN, it is likely that you will receive
identical messages about the same problem.
If you believe that the message is mistaken, please reply to the first
one with correction and/or additional informations, and do not take
it personally. We appreciate your patience. :)
**********************************************************************
Additional comments:
This report was machine-generated by CPANPLUS::Dist::YACSmoke 0.94.
Powered by minismokebox version 0.58
------------------------------
ENVIRONMENT AND OTHER CONTEXT
------------------------------
Environment variables:
AUTOMATED_TESTING = 1
NONINTERACTIVE_TESTING = 1
PATH = /home/cpan/pit/thr/conf/perl-5.22.0/.cpanplus/5.22.0/build/Module-Info-0.35_02/blib/script:/home/cpan/bin:/bin:/sbin:/usr/bin:/usr/sbin:/usr/X11R7/bin:/usr/X11R6/bin:/usr/pkg/bin:/usr/pkg/sbin:/usr/games:/usr/local/bin:/usr/local/sbin
PERL5LIB = :/home/cpan/pit/thr/conf/perl-5.22.0/.cpanplus/5.22.0/build/ExtUtils-Depends-0.404/blib/lib:/home/cpan/pit/thr/conf/perl-5.22.0/.cpanplus/5.22.0/build/ExtUtils-Depends-0.404/blib/arch:/home/cpan/pit/thr/conf/perl-5.22.0/.cpanplus/5.22.0/build/Task-Weaken-1.04/blib/lib:/home/cpan/pit/thr/conf/perl-5.22.0/.cpanplus/5.22.0/build/Task-Weaken-1.04/blib/arch:/home/cpan/pit/thr/conf/perl-5.22.0/.cpanplus/5.22.0/build/B-Utils-0.26/blib/lib:/home/cpan/pit/thr/conf/perl-5.22.0/.cpanplus/5.22.0/build/B-Utils-0.26/blib/arch:/home/cpan/pit/thr/conf/perl-5.22.0/.cpanplus/5.22.0/build/Module-Info-0.35_02/blib/lib:/home/cpan/pit/thr/conf/perl-5.22.0/.cpanplus/5.22.0/build/Module-Info-0.35_02/blib/arch
PERL5_CPANPLUS_IS_RUNNING = 19858
PERL5_CPANPLUS_IS_VERSION = 0.9152
PERL5_MINISMOKEBOX = 0.58
PERL5_YACSMOKE_BASE = /home/cpan/pit/thr/conf/perl-5.22.0
PERL_EXTUTILS_AUTOINSTALL = --defaultdeps
PERL_MM_USE_DEFAULT = 1
SHELL = /usr/pkg/bin/bash
TERM = screen
Perl special variables (and OS-specific diagnostics, for MSWin32):
Perl: $^X = /home/cpan/pit/thr/perl-5.22.0/bin/perl
UID: $< = 1002
EUID: $> = 1002
GID: $( = 100 100
EGID: $) = 100 100
-------------------------------
--
Summary of my perl5 (revision 5 version 22 subversion 0) configuration:
Platform:
osname=netbsd, osvers=6.1.4, archname=amd64-netbsd-thread-multi
uname='netbsd naboo.bingosnet.co.uk 6.1.4 netbsd 6.1.4 (generic) amd64 '
config_args='-des -Dprefix=/home/cpan/pit/thr/perl-5.22.0 -Dusethreads'
hint=recommended, useposix=true, d_sigaction=define
useithreads=define, usemultiplicity=define
use64bitint=define, use64bitall=define, uselongdouble=undef
usemymalloc=n, bincompat5005=undef
Compiler:
cc='cc', ccflags ='-fwrapv -fno-strict-aliasing -pipe -fstack-protector -I/usr/pkg/include -D_FORTIFY_SOURCE=2',
optimize='-O',
cppflags='-fwrapv -fno-strict-aliasing -pipe -fstack-protector -I/usr/pkg/include'
ccversion='', gccversion='4.5.3', gccosandvers=''
intsize=4, longsize=8, ptrsize=8, doublesize=8, byteorder=12345678, doublekind=3
d_longlong=define, longlongsize=8, d_longdbl=define, longdblsize=16, longdblkind=3
ivtype='long', ivsize=8, nvtype='double', nvsize=8, Off_t='off_t', lseeksize=8
alignbytes=8, prototype=define
Linker and Libraries:
ld='cc', ldflags =' -Wl,-rpath,/usr/pkg/lib -Wl,-rpath,/usr/local/lib -fstack-protector -L/usr/pkg/lib'
libpth=/usr/include/gcc-4.5 /usr/lib /usr/pkg/lib /lib
libs=-lpthread -lgdbm -lm -lcrypt -lutil -lc -lposix
perllibs=-lpthread -lm -lcrypt -lutil -lc -lposix
libc=/lib/libc.so, so=so, useshrplib=false, libperl=libperl.a
gnulibc_version=''
Dynamic Linking:
dlsrc=dl_dlopen.xs, dlext=so, d_dlsymun=undef, ccdlflags='-Wl,-E '
cccdlflags='-DPIC -fPIC ', lddlflags='--whole-archive -shared -L/usr/pkg/lib -fstack-protector'
Characteristics of this binary (from libperl):
Compile-time options: HAS_TIMES MULTIPLICITY PERLIO_LAYERS
PERL_DONT_CREATE_GVSV
PERL_HASH_FUNC_ONE_AT_A_TIME_HARD
PERL_IMPLICIT_CONTEXT PERL_MALLOC_WRAP
PERL_NEW_COPY_ON_WRITE PERL_PRESERVE_IVUV
USE_64_BIT_ALL USE_64_BIT_INT USE_ITHREADS
USE_LARGE_FILES USE_LOCALE USE_LOCALE_COLLATE
USE_LOCALE_CTYPE USE_LOCALE_NUMERIC USE_LOCALE_TIME
USE_PERLIO USE_PERL_ATOF USE_REENTRANT_API
Locally applied patches:
Devel::PatchPerl 1.34
Built under netbsd
Compiled at Jun 8 2015 12:09:04
%ENV:
PERL5LIB=":/home/cpan/pit/thr/conf/perl-5.22.0/.cpanplus/5.22.0/build/ExtUtils-Depends-0.404/blib/lib:/home/cpan/pit/thr/conf/perl-5.22.0/.cpanplus/5.22.0/build/ExtUtils-Depends-0.404/blib/arch:/home/cpan/pit/thr/conf/perl-5.22.0/.cpanplus/5.22.0/build/Task-Weaken-1.04/blib/lib:/home/cpan/pit/thr/conf/perl-5.22.0/.cpanplus/5.22.0/build/Task-Weaken-1.04/blib/arch:/home/cpan/pit/thr/conf/perl-5.22.0/.cpanplus/5.22.0/build/B-Utils-0.26/blib/lib:/home/cpan/pit/thr/conf/perl-5.22.0/.cpanplus/5.22.0/build/B-Utils-0.26/blib/arch:/home/cpan/pit/thr/conf/perl-5.22.0/.cpanplus/5.22.0/build/Module-Info-0.35_02/blib/lib:/home/cpan/pit/thr/conf/perl-5.22.0/.cpanplus/5.22.0/build/Module-Info-0.35_02/blib/arch"
PERL5_CPANPLUS_IS_RUNNING="19858"
PERL5_CPANPLUS_IS_VERSION="0.9152"
PERL5_MINISMOKEBOX="0.58"
PERL5_YACSMOKE_BASE="/home/cpan/pit/thr/conf/perl-5.22.0"
PERL_EXTUTILS_AUTOINSTALL="--defaultdeps"
PERL_MM_USE_DEFAULT="1"
@INC:
/home/cpan/pit/thr/conf/perl-5.22.0/.cpanplus/5.22.0/build/ExtUtils-Depends-0.404/blib/lib
/home/cpan/pit/thr/conf/perl-5.22.0/.cpanplus/5.22.0/build/ExtUtils-Depends-0.404/blib/arch
/home/cpan/pit/thr/conf/perl-5.22.0/.cpanplus/5.22.0/build/Task-Weaken-1.04/blib/lib
/home/cpan/pit/thr/conf/perl-5.22.0/.cpanplus/5.22.0/build/Task-Weaken-1.04/blib/arch
/home/cpan/pit/thr/conf/perl-5.22.0/.cpanplus/5.22.0/build/B-Utils-0.26/blib/lib
/home/cpan/pit/thr/conf/perl-5.22.0/.cpanplus/5.22.0/build/B-Utils-0.26/blib/arch
/home/cpan/pit/thr/conf/perl-5.22.0/.cpanplus/5.22.0/build/Module-Info-0.35_02/blib/lib
/home/cpan/pit/thr/conf/perl-5.22.0/.cpanplus/5.22.0/build/Module-Info-0.35_02/blib/arch
/home/cpan/pit/thr/perl-5.22.0/lib/site_perl/5.22.0/amd64-netbsd-thread-multi
/home/cpan/pit/thr/perl-5.22.0/lib/site_perl/5.22.0
/home/cpan/pit/thr/perl-5.22.0/lib/5.22.0/amd64-netbsd-thread-multi
/home/cpan/pit/thr/perl-5.22.0/lib/5.22.0
.