Report for Log-Log4perl-AutoCategorize-0.03_51

Back
From: metabase:user:320bfe00-2aae-11df-837a-5e0a49663a4f
Subject: FAIL Log-Log4perl-AutoCategorize-0.03_51 v5.14.2 GNU/Linux
Date: 2017-06-08T17:25:21Z

This distribution has been tested as part of the CPAN Testers
project, supporting the Perl programming language.  See
http://wiki.cpantesters.org/ for more information or email
questions to cpan-testers-discuss@perl.org


--
Dear Jim Cromie,

This is a computer-generated report for Log-Log4perl-AutoCategorize-0.03_51
on perl 5.14.2, created by CPAN-Reporter-1.2018.

Thank you for uploading your work to CPAN.  However, there was a problem
testing your distribution.

If you think this report is invalid, please consult the CPAN Testers Wiki
for suggestions on how to avoid getting FAIL reports for missing library
or binary dependencies, unsupported operating systems, and so on:

http://wiki.cpantesters.org/wiki/CPANAuthorNotes

Sections of this report:

    * Tester comments
    * Program output
    * Prerequisites
    * Environment and other context

------------------------------
TESTER COMMENTS
------------------------------

Additional comments from tester:

this report is from an automated smoke testing program
and was not reviewed by a human for accuracy

------------------------------
PROGRAM OUTPUT
------------------------------

Output from '/usr/bin/make test':

/home/sand/src/perl/repoperls/installed-perls/host/k93msid/v5.14.2/d2d1/bin/perl Build --makefile_env_macros 1 test
Use of qw(...) as parentheses is deprecated at ../lib/Log/Log4perl/AutoCategorize.pm line 175.
Use of qw(...) as parentheses is deprecated at ../lib/Log/Log4perl/AutoCategorize.pm line 339.
2017/06/08 17:25:00 Log.Log4perl.AutoCategorize.END.info.322: Seen Log Events:, {
  'Log.Log4perl.AutoCategorize.END.info.322' => 1
}
2017/06/08 17:25:00 Log.Log4perl.AutoCategorize.END.info.322: UnSeen Log Events:, {}
2017/06/08 17:25:00 Log.Log4perl.AutoCategorize.END.info.322: cat2data:, {}
t/01_use.t ........... ok
Use of qw(...) as parentheses is deprecated at ../lib/Log/Log4perl/AutoCategorize.pm line 175.
Use of qw(...) as parentheses is deprecated at ../lib/Log/Log4perl/AutoCategorize.pm line 339.

#   Failed test 'exited with 0'
#   at t/02_basic.t line 25.

#   Failed test 'got something on stdout'
#   at t/02_basic.t line 37.

#   Failed test 'found Foo->bar() unmunged'
#   at t/02_basic.t line 39.
#                   ''
#     doesn't match '(?^ms:in Foo->bar\(\))'

#   Failed test 'found Foo->bar(1) unmunged'
#   at t/02_basic.t line 40.
#                   ''
#     doesn't match '(?^ms:in Foo->bar\(1\))'

#   Failed test 'found debug.36, 1st call'
#   at t/02_basic.t line 48.
#                   'Can't locate Log/Log4perl.pm in @INC (you may need to install the Log::Log4perl module) (@INC contains: ../lib /etc/perl /usr/local/lib/x86_64-linux-gnu/perl/5.24.1 /usr/local/share/perl/5.24.1 /usr/lib/x86_64-linux-gnu/perl5/5.24 /usr/share/perl5 /usr/lib/x86_64-linux-gnu/perl/5.24 /usr/share/perl/5.24 /usr/local/lib/site_perl /usr/lib/x86_64-linux-gnu/perl-base .) at ../lib/Log/Log4perl/AutoCategorize.pm line 9.
# BEGIN failed--compilation aborted at ../lib/Log/Log4perl/AutoCategorize.pm line 9.
# Compilation failed in require at dflt_stdout.pl line 15.
# BEGIN failed--compilation aborted at dflt_stdout.pl line 15.
# '
#     doesn't match '(?^:main.main.debug.36: 1)'

#   Failed test 'found debug.36, 2nd call'
#   at t/02_basic.t line 49.
#                   'Can't locate Log/Log4perl.pm in @INC (you may need to install the Log::Log4perl module) (@INC contains: ../lib /etc/perl /usr/local/lib/x86_64-linux-gnu/perl/5.24.1 /usr/local/share/perl/5.24.1 /usr/lib/x86_64-linux-gnu/perl5/5.24 /usr/share/perl5 /usr/lib/x86_64-linux-gnu/perl/5.24 /usr/share/perl/5.24 /usr/local/lib/site_perl /usr/lib/x86_64-linux-gnu/perl-base .) at ../lib/Log/Log4perl/AutoCategorize.pm line 9.
# BEGIN failed--compilation aborted at ../lib/Log/Log4perl/AutoCategorize.pm line 9.
# Compilation failed in require at dflt_stdout.pl line 15.
# BEGIN failed--compilation aborted at dflt_stdout.pl line 15.
# '
#     doesn't match '(?^:main.main.debug.36: 2)'

#   Failed test 'found info.37, 1 arg ok'
#   at t/02_basic.t line 50.
#                   'Can't locate Log/Log4perl.pm in @INC (you may need to install the Log::Log4perl module) (@INC contains: ../lib /etc/perl /usr/local/lib/x86_64-linux-gnu/perl/5.24.1 /usr/local/share/perl/5.24.1 /usr/lib/x86_64-linux-gnu/perl5/5.24 /usr/share/perl5 /usr/lib/x86_64-linux-gnu/perl/5.24 /usr/share/perl/5.24 /usr/local/lib/site_perl /usr/lib/x86_64-linux-gnu/perl-base .) at ../lib/Log/Log4perl/AutoCategorize.pm line 9.
# BEGIN failed--compilation aborted at ../lib/Log/Log4perl/AutoCategorize.pm line 9.
# Compilation failed in require at dflt_stdout.pl line 15.
# BEGIN failed--compilation aborted at dflt_stdout.pl line 15.
# '
#     doesn't match '(?^:main.main.info.37: one arg, )'

#   Failed test 'found info.38, 2 args ok'
#   at t/02_basic.t line 51.
#                   'Can't locate Log/Log4perl.pm in @INC (you may need to install the Log::Log4perl module) (@INC contains: ../lib /etc/perl /usr/local/lib/x86_64-linux-gnu/perl/5.24.1 /usr/local/share/perl/5.24.1 /usr/lib/x86_64-linux-gnu/perl5/5.24 /usr/share/perl5 /usr/lib/x86_64-linux-gnu/perl/5.24 /usr/share/perl/5.24 /usr/local/lib/site_perl /usr/lib/x86_64-linux-gnu/perl-base .) at ../lib/Log/Log4perl/AutoCategorize.pm line 9.
# BEGIN failed--compilation aborted at ../lib/Log/Log4perl/AutoCategorize.pm line 9.
# Compilation failed in require at dflt_stdout.pl line 15.
# BEGIN failed--compilation aborted at dflt_stdout.pl line 15.
# '
#     doesn't match '(?^:main.main.warn.38: 2 args, )'

#   Failed test 'found debug.39 arrayref dump'
#   at t/02_basic.t line 57.
#                   'Can't locate Log/Log4perl.pm in @INC (you may need to install the Log::Log4perl module) (@INC contains: ../lib /etc/perl /usr/local/lib/x86_64-linux-gnu/perl/5.24.1 /usr/local/share/perl/5.24.1 /usr/lib/x86_64-linux-gnu/perl5/5.24 /usr/share/perl5 /usr/lib/x86_64-linux-gnu/perl/5.24 /usr/share/perl/5.24 /usr/local/lib/site_perl /usr/lib/x86_64-linux-gnu/perl-base .) at ../lib/Log/Log4perl/AutoCategorize.pm line 9.
# BEGIN failed--compilation aborted at ../lib/Log/Log4perl/AutoCategorize.pm line 9.
# Compilation failed in require at dflt_stdout.pl line 15.
# BEGIN failed--compilation aborted at dflt_stdout.pl line 15.
# '
#     doesn't match '(?^:main\.main\.debug\.39\:\ \[\
# \ \ \'arrayref\'\
# \]\
# )'

#   Failed test 'found info.40 hashref dump'
#   at t/02_basic.t line 63.
#                   'Can't locate Log/Log4perl.pm in @INC (you may need to install the Log::Log4perl module) (@INC contains: ../lib /etc/perl /usr/local/lib/x86_64-linux-gnu/perl/5.24.1 /usr/local/share/perl/5.24.1 /usr/lib/x86_64-linux-gnu/perl5/5.24 /usr/share/perl5 /usr/lib/x86_64-linux-gnu/perl/5.24 /usr/share/perl/5.24 /usr/local/lib/site_perl /usr/lib/x86_64-linux-gnu/perl-base .) at ../lib/Log/Log4perl/AutoCategorize.pm line 9.
# BEGIN failed--compilation aborted at ../lib/Log/Log4perl/AutoCategorize.pm line 9.
# Compilation failed in require at dflt_stdout.pl line 15.
# BEGIN failed--compilation aborted at dflt_stdout.pl line 15.
# '
#     doesn't match '(?^:main\.main\.info\.40\:\ \{\
# \ \ \'hash\'\ \=\>\ \'ref\'\
# \}\
# )'

#   Failed test 'found info.41 complex ref dump'
#   at t/02_basic.t line 70.
#                   'Can't locate Log/Log4perl.pm in @INC (you may need to install the Log::Log4perl module) (@INC contains: ../lib /etc/perl /usr/local/lib/x86_64-linux-gnu/perl/5.24.1 /usr/local/share/perl/5.24.1 /usr/lib/x86_64-linux-gnu/perl5/5.24 /usr/share/perl5 /usr/lib/x86_64-linux-gnu/perl/5.24 /usr/share/perl/5.24 /usr/local/lib/site_perl /usr/lib/x86_64-linux-gnu/perl-base .) at ../lib/Log/Log4perl/AutoCategorize.pm line 9.
# BEGIN failed--compilation aborted at ../lib/Log/Log4perl/AutoCategorize.pm line 9.
# Compilation failed in require at dflt_stdout.pl line 15.
# BEGIN failed--compilation aborted at dflt_stdout.pl line 15.
# '
#     doesn't match '(?^:main\.main\.info\.41\:\ \[\
# \ \ \[\
# \ \ \ \ \'nested\'\,\
# \ \ \ \ \'arrayref\'\,\
# \ \ \ \ \'and\'\
# \ \ \]\,\
# \ \ \{\
# \ \ \ \ \'hash\'\ \=\>\ \'also\'\
# \ \ \}\
# \])'

#   Failed test 'found inner info() invocation'
#   at t/02_basic.t line 86.
#                   'Can't locate Log/Log4perl.pm in @INC (you may need to install the Log::Log4perl module) (@INC contains: ../lib /etc/perl /usr/local/lib/x86_64-linux-gnu/perl/5.24.1 /usr/local/share/perl/5.24.1 /usr/lib/x86_64-linux-gnu/perl5/5.24 /usr/share/perl5 /usr/lib/x86_64-linux-gnu/perl/5.24 /usr/share/perl/5.24 /usr/local/lib/site_perl /usr/lib/x86_64-linux-gnu/perl-base .) at ../lib/Log/Log4perl/AutoCategorize.pm line 9.
# BEGIN failed--compilation aborted at ../lib/Log/Log4perl/AutoCategorize.pm line 9.
# Compilation failed in require at dflt_stdout.pl line 15.
# BEGIN failed--compilation aborted at dflt_stdout.pl line 15.
# '
#     doesn't match '(?^:main\.main\.info\.44\:\ \{\
# \ \ \'inner\'\ \=\>\ \'call\ to\ same\ fn\'\
# \})'

#   Failed test 'found outer info() invocation on same line'
#   at t/02_basic.t line 92.
#                   'Can't locate Log/Log4perl.pm in @INC (you may need to install the Log::Log4perl module) (@INC contains: ../lib /etc/perl /usr/local/lib/x86_64-linux-gnu/perl/5.24.1 /usr/local/share/perl/5.24.1 /usr/lib/x86_64-linux-gnu/perl5/5.24 /usr/share/perl5 /usr/lib/x86_64-linux-gnu/perl/5.24 /usr/share/perl/5.24 /usr/local/lib/site_perl /usr/lib/x86_64-linux-gnu/perl-base .) at ../lib/Log/Log4perl/AutoCategorize.pm line 9.
# BEGIN failed--compilation aborted at ../lib/Log/Log4perl/AutoCategorize.pm line 9.
# Compilation failed in require at dflt_stdout.pl line 15.
# BEGIN failed--compilation aborted at dflt_stdout.pl line 15.
# '
#     doesn't match '(?^:main\.main\.info\.44a\:\ logged\,\ )'

#   Failed test 'found inner debug() invocation'
#   at t/02_basic.t line 95.
#                   'Can't locate Log/Log4perl.pm in @INC (you may need to install the Log::Log4perl module) (@INC contains: ../lib /etc/perl /usr/local/lib/x86_64-linux-gnu/perl/5.24.1 /usr/local/share/perl/5.24.1 /usr/lib/x86_64-linux-gnu/perl5/5.24 /usr/share/perl5 /usr/lib/x86_64-linux-gnu/perl/5.24 /usr/share/perl/5.24 /usr/local/lib/site_perl /usr/lib/x86_64-linux-gnu/perl-base .) at ../lib/Log/Log4perl/AutoCategorize.pm line 9.
# BEGIN failed--compilation aborted at ../lib/Log/Log4perl/AutoCategorize.pm line 9.
# Compilation failed in require at dflt_stdout.pl line 15.
# BEGIN failed--compilation aborted at dflt_stdout.pl line 15.
# '
#     doesn't match '(?^:main\.main\.debug\.47\:\ \{\
# \ \ \'inner\'\ \=\>\ \'call\ to\ diff\ fn\'\
# \})'

#   Failed test 'found outer info() invocation'
#   at t/02_basic.t line 100.
#                   'Can't locate Log/Log4perl.pm in @INC (you may need to install the Log::Log4perl module) (@INC contains: ../lib /etc/perl /usr/local/lib/x86_64-linux-gnu/perl/5.24.1 /usr/local/share/perl/5.24.1 /usr/lib/x86_64-linux-gnu/perl5/5.24 /usr/share/perl5 /usr/lib/x86_64-linux-gnu/perl/5.24 /usr/share/perl/5.24 /usr/local/lib/site_perl /usr/lib/x86_64-linux-gnu/perl-base .) at ../lib/Log/Log4perl/AutoCategorize.pm line 9.
# BEGIN failed--compilation aborted at ../lib/Log/Log4perl/AutoCategorize.pm line 9.
# Compilation failed in require at dflt_stdout.pl line 15.
# BEGIN failed--compilation aborted at dflt_stdout.pl line 15.
# '
#     doesn't match '(?^:main\.main\.info\.47\:\ logged\ nested\,\ \{\
# \ \ \'hash\'\ \=\>\ \'ref\'\
# \})'

#   Failed test 'call from usersub, with arrayref arg'
#   at t/02_basic.t line 109.
#                   'Can't locate Log/Log4perl.pm in @INC (you may need to install the Log::Log4perl module) (@INC contains: ../lib /etc/perl /usr/local/lib/x86_64-linux-gnu/perl/5.24.1 /usr/local/share/perl/5.24.1 /usr/lib/x86_64-linux-gnu/perl5/5.24 /usr/share/perl5 /usr/lib/x86_64-linux-gnu/perl/5.24 /usr/share/perl/5.24 /usr/local/lib/site_perl /usr/lib/x86_64-linux-gnu/perl-base .) at ../lib/Log/Log4perl/AutoCategorize.pm line 9.
# BEGIN failed--compilation aborted at ../lib/Log/Log4perl/AutoCategorize.pm line 9.
# Compilation failed in require at dflt_stdout.pl line 15.
# BEGIN failed--compilation aborted at dflt_stdout.pl line 15.
# '
#     doesn't match '(?^:main\.usersub\.info\.54\:\ logging\ from\ main\ function\,\ \[\
# \ \ 1\
# \])'

#   Failed test 'call from usersub, with array of 1 arg'
#   at t/02_basic.t line 114.
#                   'Can't locate Log/Log4perl.pm in @INC (you may need to install the Log::Log4perl module) (@INC contains: ../lib /etc/perl /usr/local/lib/x86_64-linux-gnu/perl/5.24.1 /usr/local/share/perl/5.24.1 /usr/lib/x86_64-linux-gnu/perl5/5.24 /usr/share/perl5 /usr/lib/x86_64-linux-gnu/perl/5.24 /usr/share/perl/5.24 /usr/local/lib/site_perl /usr/lib/x86_64-linux-gnu/perl-base .) at ../lib/Log/Log4perl/AutoCategorize.pm line 9.
# BEGIN failed--compilation aborted at ../lib/Log/Log4perl/AutoCategorize.pm line 9.
# Compilation failed in require at dflt_stdout.pl line 15.
# BEGIN failed--compilation aborted at dflt_stdout.pl line 15.
# '
#     doesn't match '(?^:main\.usersub\.info\.55\:\ logging\ from\ main\ function\ 1\,\ )'

#   Failed test 'call from user package, with 1 arg'
#   at t/02_basic.t line 117.
#                   'Can't locate Log/Log4perl.pm in @INC (you may need to install the Log::Log4perl module) (@INC contains: ../lib /etc/perl /usr/local/lib/x86_64-linux-gnu/perl/5.24.1 /usr/local/share/perl/5.24.1 /usr/lib/x86_64-linux-gnu/perl5/5.24 /usr/share/perl5 /usr/lib/x86_64-linux-gnu/perl/5.24 /usr/share/perl/5.24 /usr/local/lib/site_perl /usr/lib/x86_64-linux-gnu/perl-base .) at ../lib/Log/Log4perl/AutoCategorize.pm line 9.
# BEGIN failed--compilation aborted at ../lib/Log/Log4perl/AutoCategorize.pm line 9.
# Compilation failed in require at dflt_stdout.pl line 15.
# BEGIN failed--compilation aborted at dflt_stdout.pl line 15.
# '
#     doesn't match '(?^:Foo\.uselogger\.debug\.22\:\ logging\ from\ Foo\ Foo\ 2\,\ )'

#   Failed test 'call from user package, with 2 args'
#   at t/02_basic.t line 120.
#                   'Can't locate Log/Log4perl.pm in @INC (you may need to install the Log::Log4perl module) (@INC contains: ../lib /etc/perl /usr/local/lib/x86_64-linux-gnu/perl/5.24.1 /usr/local/share/perl/5.24.1 /usr/lib/x86_64-linux-gnu/perl5/5.24 /usr/share/perl5 /usr/lib/x86_64-linux-gnu/perl/5.24 /usr/share/perl/5.24 /usr/local/lib/site_perl /usr/lib/x86_64-linux-gnu/perl-base .) at ../lib/Log/Log4perl/AutoCategorize.pm line 9.
# BEGIN failed--compilation aborted at ../lib/Log/Log4perl/AutoCategorize.pm line 9.
# Compilation failed in require at dflt_stdout.pl line 15.
# BEGIN failed--compilation aborted at dflt_stdout.pl line 15.
# '
#     doesn't match '(?^:Foo\.uselogger\.debug\.23\:\ logging\ from\ Foo\ Foo\ 2\ extra\,\ )'

#   Failed test 'call from user package, with arrayref of 2 args'
#   at t/02_basic.t line 123.
#                   'Can't locate Log/Log4perl.pm in @INC (you may need to install the Log::Log4perl module) (@INC contains: ../lib /etc/perl /usr/local/lib/x86_64-linux-gnu/perl/5.24.1 /usr/local/share/perl/5.24.1 /usr/lib/x86_64-linux-gnu/perl5/5.24 /usr/share/perl5 /usr/lib/x86_64-linux-gnu/perl/5.24 /usr/share/perl/5.24 /usr/local/lib/site_perl /usr/lib/x86_64-linux-gnu/perl-base .) at ../lib/Log/Log4perl/AutoCategorize.pm line 9.
# BEGIN failed--compilation aborted at ../lib/Log/Log4perl/AutoCategorize.pm line 9.
# Compilation failed in require at dflt_stdout.pl line 15.
# BEGIN failed--compilation aborted at dflt_stdout.pl line 15.
# '
#     doesn't match '(?^:Foo\.uselogger\.debug\.24\:\ logging\ from\ Foo\,\ \[\
# \ \ \'Foo\'\,\
# \ \ 2\
# \])'

#   Failed test 'OK - Seen report looks good - look at t/out.basic.stderr'
#   at t/02_basic.t line 133.
#                   'Can't locate Log/Log4perl.pm in @INC (you may need to install the Log::Log4perl module) (@INC contains: ../lib /etc/perl /usr/local/lib/x86_64-linux-gnu/perl/5.24.1 /usr/local/share/perl/5.24.1 /usr/lib/x86_64-linux-gnu/perl5/5.24 /usr/share/perl5 /usr/lib/x86_64-linux-gnu/perl/5.24 /usr/share/perl/5.24 /usr/local/lib/site_perl /usr/lib/x86_64-linux-gnu/perl-base .) at ../lib/Log/Log4perl/AutoCategorize.pm line 9.
# BEGIN failed--compilation aborted at ../lib/Log/Log4perl/AutoCategorize.pm line 9.
# Compilation failed in require at dflt_stdout.pl line 15.
# BEGIN failed--compilation aborted at dflt_stdout.pl line 15.
# '
#     doesn't match '(?^:(Log\.Log4perl\.AutoCategorize\.END\.info\.\d+\:\ Seen\ Log\ Events\:\,\ \{\
# \ \ \'Log\.Log4perl\.AutoCategorize\.END\.info\.\d+\'\ \=\>\ 1\,\
# \ \ \'log4perl\.category\.Foo\.uselogger\.debug\.22\'\ \=\>\ 2\,\
# \ \ \'log4perl\.category\.Foo\.uselogger\.debug\.23\'\ \=\>\ 2\,\
# \ \ \'log4perl\.category\.Foo\.uselogger\.debug\.24\'\ \=\>\ 2\,\
# \ \ \'log4perl\.category\.main\.main\.debug\.36\'\ \=\>\ 2\,\
# \ \ \'log4perl\.category\.main\.main\.debug\.39\'\ \=\>\ 2\,\
# \ \ \'log4perl\.category\.main\.main\.debug\.47\'\ \=\>\ 2\,\
# \ \ \'log4perl\.category\.main\.main\.info\.37\'\ \=\>\ 2\,\
# \ \ \'log4perl\.category\.main\.main\.info\.40\'\ \=\>\ 2\,\
# \ \ \'log4perl\.category\.main\.main\.info\.41\'\ \=\>\ 2\,\
# \ \ \'log4perl\.category\.main\.main\.info\.44\'\ \=\>\ 2\,\
# \ \ \'log4perl\.category\.main\.main\.info\.44a\'\ \=\>\ 2\,\
# \ \ \'log4perl\.category\.main\.main\.info\.47\'\ \=\>\ 2\,\
# \ \ \'log4perl\.category\.main\.main\.warn\.38\'\ \=\>\ 2\,\
# \ \ \'log4perl\.category\.main\.usersub\.info\.54\'\ \=\>\ 2\,\
# \ \ \'log4perl\.category\.main\.usersub\.info\.55\'\ \=\>\ 2\,\
# \ \ \'log4perl\.category\.main\.usersub\.info\.56\'\ \=\>\ 2\
# \}))'

#   Failed test 'OK - Un-Seen report looks good - look at t/out.basic.stderr'
#   at t/02_basic.t line 154.
#                   'Can't locate Log/Log4perl.pm in @INC (you may need to install the Log::Log4perl module) (@INC contains: ../lib /etc/perl /usr/local/lib/x86_64-linux-gnu/perl/5.24.1 /usr/local/share/perl/5.24.1 /usr/lib/x86_64-linux-gnu/perl5/5.24 /usr/share/perl5 /usr/lib/x86_64-linux-gnu/perl/5.24 /usr/share/perl/5.24 /usr/local/lib/site_perl /usr/lib/x86_64-linux-gnu/perl-base .) at ../lib/Log/Log4perl/AutoCategorize.pm line 9.
# BEGIN failed--compilation aborted at ../lib/Log/Log4perl/AutoCategorize.pm line 9.
# Compilation failed in require at dflt_stdout.pl line 15.
# BEGIN failed--compilation aborted at dflt_stdout.pl line 15.
# '
#     doesn't match '(?^:(Log\.Log4perl\.AutoCategorize\.END\.info\.\d+\:\ UnSeen\ Log\ Events\:\,\ \{\
# \ \ \'debug_00018\'\ \=\>\ \'main\,dflt_stdout\.pl\,63\'\,\
# \ \ \'info_00017\'\ \=\>\ \'main\,dflt_stdout\.pl\,62\'\
# \}))'
2017/06/08 17:25:00 Log.Log4perl.AutoCategorize.END.info.322: Seen Log Events:, {
  'Log.Log4perl.AutoCategorize.END.info.322' => 1
}
2017/06/08 17:25:00 Log.Log4perl.AutoCategorize.END.info.322: UnSeen Log Events:, {}
2017/06/08 17:25:00 Log.Log4perl.AutoCategorize.END.info.322: cat2data:, {}
# Looks like you failed 22 tests of 25.
t/02_basic.t ......... 
Dubious, test returned 22 (wstat 5632, 0x1600)
Failed 22/25 subtests 

#   Failed test 'exited with 0'
#   at t/03_options.t line 26.
# now examine output

#   Failed test 'got something on stdout'
#   at t/03_options.t line 40.

#   Failed test 'found Foo->bar() unmunged'
#   at t/03_options.t line 42.
#                   ''
#     doesn't match '(?^ms:in Foo->bar\(\))'

#   Failed test 'found Foo->bar(1) unmunged'
#   at t/03_options.t line 43.
#                   ''
#     doesn't match '(?^ms:in Foo->bar\(1\))'

#   Failed test '17 munged names'
#   at t/03_options.t line 52.
#  for some reason, one method called from END block is un-munged

#   Failed test '17 categories'
#   at t/03_options.t line 64.

#   Failed test '17 methods built'
#   at t/03_options.t line 75.
# Looks like you failed 7 tests of 10.
t/03_options.t ....... 
Dubious, test returned 7 (wstat 1792, 0x700)
Failed 7/10 subtests 
Use of qw(...) as parentheses is deprecated at ../lib/Log/Log4perl/AutoCategorize.pm line 175.
Use of qw(...) as parentheses is deprecated at ../lib/Log/Log4perl/AutoCategorize.pm line 339.
t/04_subclass.t ...... ok

#   Failed test 'exited with 0'
#   at t/05_initstr.t line 20.

#   Failed test 'got something on stdout'
#   at t/05_initstr.t line 33.

#   Failed test 'got something on logcover'
#   at t/05_initstr.t line 34.

#   Failed test 'found warn.31, 1st call'
#   at t/05_initstr.t line 40.
#                   undef
#     doesn't match '(?^:main.main.warn.32: 1)'

#   Failed test 'found info.32, 2nd call'
#   at t/05_initstr.t line 41.
#                   undef
#     doesn't match '(?^:main.main.info.33: 2)'

#   Failed test 'found warn.40, 1 arg ok'
#   at t/05_initstr.t line 42.
#                   undef
#     doesn't match '(?^:main.foo.warn.41: 1, )'

#   Failed test 'found warn.50, with arrayref Dump'
#   at t/05_initstr.t line 43.
#                   undef
#     doesn't match '(?^ms:A\.bar\.warn\.51\:\ 5\,\ \[\
# \ \ 1\,\
# \ \ 2\,\
# \ \ 3\,\
# \ \ 4\,\
# \ \ 5\
# \])'

#   Failed test 'OK - Seen report in t/out.tinitstr.cover'
#   at t/05_initstr.t line 56.
#                   undef
#     doesn't match '(?^:(Log\.Log4perl\.AutoCategorize\.END\.info\.\d+\:\ Seen\ Log\ Events\:\,\ \{\
# \ \ \'Log\.Log4perl\.AutoCategorize\.END\.info\.\d+\'\ \=\>\ 1\,\
# \ \ \'log4perl\.category\.A\.bar\.debug\.52\'\ \=\>\ \'\-50\'\,\
# \ \ \'log4perl\.category\.A\.bar\.warn\.51\'\ \=\>\ 50\,\
# \ \ \'log4perl\.category\.main\.foo\.warn\.41\'\ \=\>\ 25\,\
# \ \ \'log4perl\.category\.main\.main\.info\.33\'\ \=\>\ 5\,\
# \ \ \'log4perl\.category\.main\.main\.warn\.32\'\ \=\>\ 5\
# \}))'

#   Failed test 'OK - Un-Seen report in t/out.tinitstr.cover'
#   at t/05_initstr.t line 66.
#                   undef
#     doesn't match '(?^:(Log\.Log4perl\.AutoCategorize\.END\.info\.\d+\:\ UnSeen\ Log\ Events\:\,\ \{\}))'

#   Failed test 'OK - cat-2-munged data in t/out.tinitstr.cover'
#   at t/05_initstr.t line 69.
#                   undef
#     doesn't match '(?^:(Log\.Log4perl\.AutoCategorize\.END\.info\.\d+\:\ cat2data\:\,\ \{\
# \ \ \'A\.bar\.debug\.52\'\ \=\>\ \'debug_00003\'\,\
# \ \ \'A\.bar\.warn\.51\'\ \=\>\ \'warn_00002\'\,\
# \ \ \'main\.foo\.warn\.41\'\ \=\>\ \'warn_00001\'\,\
# \ \ \'main\.main\.info\.33\'\ \=\>\ \'info_00005\'\,\
# \ \ \'main\.main\.warn\.32\'\ \=\>\ \'warn_00004\'\
# \}))'
# Looks like you failed 10 tests of 12.
t/05_initstr.t ....... 
Dubious, test returned 10 (wstat 2560, 0xa00)
Failed 10/12 subtests 

#   Failed test 'exited with 0'
#   at t/06_conf_file.t line 21.

#   Failed test 'got something on stdout'
#   at t/06_conf_file.t line 35.

#   Failed test 'got something in coverage log'
#   at t/06_conf_file.t line 36.

#   Failed test 'found warn.50, with arrayref Dump'
#   at t/06_conf_file.t line 45.
#                   undef
#     doesn't match '(?^ms:A\.truck\.debug\.63\:\ trucks\ are\ noisy\ 2\,\ \[\
# \ \ 1\,\
# \ \ 2\
# \])'

#   Failed test 'OK - Seen report'
#   at t/06_conf_file.t line 55.
#                   undef
#     doesn't match '(?^:(Log\.Log4perl\.AutoCategorize\.END\.info\.\d+\:\ Seen\ Log\ Events\:\,\ \{\
# \ \ \'Log\.Log4perl\.AutoCategorize\.END\.info\.\d+\'\ \=\>\ 1\,\
# \ \ \'log4perl\.category\.A\.truck\.debug\.63\'\ \=\>\ 20\,\
# \ \ \'log4perl\.category\.A\.truck\.debug\.65\'\ \=\>\ 20\,\
# \ \ \'log4perl\.category\.A\.truck\.debug\.66\'\ \=\>\ 20\,\
# \ \ \'log4perl\.category\.A\.truck\.warn\.62\'\ \=\>\ 20\,\
# \ \ \'log4perl\.category\.main\.car\.warn\.46\'\ \=\>\ 10\,\
# \ \ \'log4perl\.category\.main\.main\.info\.28\'\ \=\>\ 5\,\
# \ \ \'log4perl\.category\.main\.main\.warn\.27\'\ \=\>\ 5\,\
# \ \ \'log4perl\.category\.main\.suv\.warn\.51\'\ \=\>\ \'\-10\'\,\
# \ \ \'log4perl\.category\.main\.suv\.warn\.52\'\ \=\>\ \'\-10\'\
# \}))'

#   Failed test 'OK - Un-Seen report'
#   at t/06_conf_file.t line 69.
#                   undef
#     doesn't match '(?^:(Log\.Log4perl\.AutoCategorize\.END\.info\.\d+\:\ UnSeen\ Log\ Events\:\,\ \{\
# \ \ \'info_00011\'\ \=\>\ \'main\,tconf_file\.pl\,36\'\,\
# \ \ \'warn_00008\'\ \=\>\ \'B\:\:C\,tconf_file\.pl\,76\'\
# \}))'

#   Failed test 'OK - cat-2-munged data'
#   at t/06_conf_file.t line 75.
#                   undef
#     doesn't match '(?^:(Log\.Log4perl\.AutoCategorize\.END\.info\.\d+\:\ cat2data\:\,\ \{\
# \ \ \'A\.truck\.debug\.63\'\ \=\>\ \'debug_00005\'\,\
# \ \ \'A\.truck\.debug\.65\'\ \=\>\ \'debug_00006\'\,\
# \ \ \'A\.truck\.debug\.66\'\ \=\>\ \'debug_1_00007\'\,\
# \ \ \'A\.truck\.warn\.62\'\ \=\>\ \'warn_00004\'\,\
# \ \ \'main\.car\.warn\.46\'\ \=\>\ \'warn_00001\'\,\
# \ \ \'main\.main\.info\.28\'\ \=\>\ \'info_00010\'\,\
# \ \ \'main\.main\.warn\.27\'\ \=\>\ \'warn_00009\'\,\
# \ \ \'main\.suv\.warn\.51\'\ \=\>\ \'warn_00002\'\,\
# \ \ \'main\.suv\.warn\.52\'\ \=\>\ \'warn_00003\'\
# \}))'
# Looks like you failed 7 tests of 9.
t/06_conf_file.t ..... 
Dubious, test returned 7 (wstat 1792, 0x700)
Failed 7/9 subtests 
Use of qw(...) as parentheses is deprecated at ../lib/Log/Log4perl/AutoCategorize.pm line 175.
Use of qw(...) as parentheses is deprecated at ../lib/Log/Log4perl/AutoCategorize.pm line 339.
t/07_coexist.t ....... ok

#   Failed test 'exited with 512'
#   at t/08_options_more.t line 25.

#   Failed test 'got something on stdout'
#   at t/08_options_more.t line 39.

#   Failed test 'got expected size breakdown of vivified functions'
#   at t/08_options_more.t line 48.
#                   ''
#     doesn't match '(?^:(size\ breakdown\:\ \{\
# \ \ \'debug_00001\'\ \=\>\ 6390\,\
# \ \ \'debug_00002\'\ \=\>\ 6390\,\
# \ \ \'debug_00003\'\ \=\>\ 6390\,\
# \ \ \'debug_00007\'\ \=\>\ 6390\,\
# \ \ \'debug_00010\'\ \=\>\ 6390\,\
# \ \ \'debug_00016\'\ \=\>\ 6390\,\
# \ \ \'info_00004\'\ \=\>\ 6388\,\
# \ \ \'info_00005\'\ \=\>\ 6388\,\
# \ \ \'info_00006\'\ \=\>\ 6388\,\
# \ \ \'info_00008\'\ \=\>\ 6388\,\
# \ \ \'info_00011\'\ \=\>\ 6388\,\
# \ \ \'info_00012\'\ \=\>\ 6388\,\
# \ \ \'info_00013\'\ \=\>\ 6388\,\
# \ \ \'info_00014\'\ \=\>\ 6388\,\
# \ \ \'info_00015\'\ \=\>\ 6388\,\
# \ \ \'warn_00009\'\ \=\>\ 6388\
# \}))'
# Looks like you failed 3 tests of 5.
t/08_options_more.t .. 
Dubious, test returned 3 (wstat 768, 0x300)
Failed 3/5 subtests 
Use of qw(...) as parentheses is deprecated at ../lib/Log/Log4perl/AutoCategorize.pm line 175.
Use of qw(...) as parentheses is deprecated at ../lib/Log/Log4perl/AutoCategorize.pm line 339.
t/09_coexist_easy.t .. 
Failed 36/36 subtests 
Can't locate Log/Log4perl.pm in @INC (you may need to install the Log::Log4perl module) (@INC contains: ../lib /etc/perl /usr/local/lib/x86_64-linux-gnu/perl/5.24.1 /usr/local/share/perl/5.24.1 /usr/lib/x86_64-linux-gnu/perl5/5.24 /usr/share/perl5 /usr/lib/x86_64-linux-gnu/perl/5.24 /usr/share/perl/5.24 /usr/local/lib/site_perl /usr/lib/x86_64-linux-gnu/perl-base .) at ../lib/Log/Log4perl/AutoCategorize.pm line 9.
BEGIN failed--compilation aborted at ../lib/Log/Log4perl/AutoCategorize.pm line 9.
Compilation failed in require at X.pm line 5.
BEGIN failed--compilation aborted at X.pm line 5.
Compilation failed in require at multi_pack.pl line 45.
BEGIN failed--compilation aborted at multi_pack.pl line 49.

#   Failed test 'exited with 0'
#   at t/10_multi_pack.t line 93.

#   Failed test 'got something on stdout'
#   at t/10_multi_pack.t line 110.

#   Failed test 'found main.main.warn.80: 1'
#   at t/10_multi_pack.t line 117.
#                   undef
#     doesn't match '(?^ms:main.main.warn.80: 1)'

#   Failed test 'found main.main.info.81: 1'
#   at t/10_multi_pack.t line 118.
#                   undef
#     doesn't match '(?^ms:main.main.info.81: 1)'

#   Failed test 'found X.truck.warn.8: X 1'
#   at t/10_multi_pack.t line 121.
#                   undef
#     doesn't match '(?^ms:X.truck.warn.8: truckin: X 1)'

#   Failed test 'found Y.truck.warn.8: Y 1'
#   at t/10_multi_pack.t line 121.
#                   undef
#     doesn't match '(?^ms:Y.truck.warn.8: truckin: Y 1)'

#   Failed test 'found main.main.warn.80: 2'
#   at t/10_multi_pack.t line 117.
#                   undef
#     doesn't match '(?^ms:main.main.warn.80: 2)'

#   Failed test 'found main.main.info.81: 2'
#   at t/10_multi_pack.t line 118.
#                   undef
#     doesn't match '(?^ms:main.main.info.81: 2)'

#   Failed test 'found X.truck.warn.8: X 2'
#   at t/10_multi_pack.t line 121.
#                   undef
#     doesn't match '(?^ms:X.truck.warn.8: truckin: X 2)'

#   Failed test 'found Y.truck.warn.8: Y 2'
#   at t/10_multi_pack.t line 121.
#                   undef
#     doesn't match '(?^ms:Y.truck.warn.8: truckin: Y 2)'

#   Failed test 'found main.main.warn.80: 3'
#   at t/10_multi_pack.t line 117.
#                   undef
#     doesn't match '(?^ms:main.main.warn.80: 3)'

#   Failed test 'found main.main.info.81: 3'
#   at t/10_multi_pack.t line 118.
#                   undef
#     doesn't match '(?^ms:main.main.info.81: 3)'

#   Failed test 'found X.truck.warn.8: X 3'
#   at t/10_multi_pack.t line 121.
#                   undef
#     doesn't match '(?^ms:X.truck.warn.8: truckin: X 3)'

#   Failed test 'found Y.truck.warn.8: Y 3'
#   at t/10_multi_pack.t line 121.
#                   undef
#     doesn't match '(?^ms:Y.truck.warn.8: truckin: Y 3)'

#   Failed test 'found main.main.warn.80: 4'
#   at t/10_multi_pack.t line 117.
#                   undef
#     doesn't match '(?^ms:main.main.warn.80: 4)'

#   Failed test 'found main.main.info.81: 4'
#   at t/10_multi_pack.t line 118.
#                   undef
#     doesn't match '(?^ms:main.main.info.81: 4)'

#   Failed test 'found X.truck.warn.8: X 4'
#   at t/10_multi_pack.t line 121.
#                   undef
#     doesn't match '(?^ms:X.truck.warn.8: truckin: X 4)'

#   Failed test 'found Y.truck.warn.8: Y 4'
#   at t/10_multi_pack.t line 121.
#                   undef
#     doesn't match '(?^ms:Y.truck.warn.8: truckin: Y 4)'

#   Failed test 'found main.main.warn.80: 5'
#   at t/10_multi_pack.t line 117.
#                   undef
#     doesn't match '(?^ms:main.main.warn.80: 5)'

#   Failed test 'found main.main.info.81: 5'
#   at t/10_multi_pack.t line 118.
#                   undef
#     doesn't match '(?^ms:main.main.info.81: 5)'

#   Failed test 'found X.truck.warn.8: X 5'
#   at t/10_multi_pack.t line 121.
#                   undef
#     doesn't match '(?^ms:X.truck.warn.8: truckin: X 5)'

#   Failed test 'found Y.truck.warn.8: Y 5'
#   at t/10_multi_pack.t line 121.
#                   undef
#     doesn't match '(?^ms:Y.truck.warn.8: truckin: Y 5)'

#   Failed test 'got something on stderr'
#   at t/10_multi_pack.t line 126.

#   Failed test 'found: 'log4perl.category.X.truck.debug.9' => '-5''
#   at t/10_multi_pack.t line 129.
#                   undef
#     doesn't match '(?^ms:\'log4perl\.category\.X\.truck\.debug\.9\'\ \=\>\ \'\-5\')'

#   Failed test 'found: 'log4perl.category.X.truck.warn.8' => 5,'
#   at t/10_multi_pack.t line 132.
#                   undef
#     doesn't match '(?^ms:\'log4perl\.category\.X\.truck\.warn\.8\'\ \=\>\ 5\,)'

#   Failed test 'found: 'log4perl.category.Y.truck.debug.9' => '-5''
#   at t/10_multi_pack.t line 129.
#                   undef
#     doesn't match '(?^ms:\'log4perl\.category\.Y\.truck\.debug\.9\'\ \=\>\ \'\-5\')'

#   Failed test 'found: 'log4perl.category.Y.truck.warn.8' => 5,'
#   at t/10_multi_pack.t line 132.
#                   undef
#     doesn't match '(?^ms:\'log4perl\.category\.Y\.truck\.warn\.8\'\ \=\>\ 5\,)'

#   Failed test 'found: 'log4perl.category.main.main.warn.80' => 5'
#   at t/10_multi_pack.t line 136.
#                   undef
#     doesn't match '(?^ms:\'log4perl\.category\.main\.main\.warn\.80\'\ \=\>\ 5)'

#   Failed test 'found: 'log4perl.category.main.main.info.81' => 5'
#   at t/10_multi_pack.t line 139.
#                   undef
#     doesn't match '(?^ms:\'log4perl\.category\.main\.main\.info\.81\'\ \=\>\ 5\,)'
Can't locate Log/Log4perl.pm in @INC (you may need to install the Log::Log4perl module) (@INC contains: ../lib /etc/perl /usr/local/lib/x86_64-linux-gnu/perl/5.24.1 /usr/local/share/perl/5.24.1 /usr/lib/x86_64-linux-gnu/perl5/5.24 /usr/share/perl5 /usr/lib/x86_64-linux-gnu/perl/5.24 /usr/share/perl/5.24 /usr/local/lib/site_perl /usr/lib/x86_64-linux-gnu/perl-base .) at ../lib/Log/Log4perl/AutoCategorize.pm line 9.
BEGIN failed--compilation aborted at ../lib/Log/Log4perl/AutoCategorize.pm line 9.
Compilation failed in require at X.pm line 5.
BEGIN failed--compilation aborted at X.pm line 5.
Compilation failed in require at multi_pack.pl line 45.
BEGIN failed--compilation aborted at multi_pack.pl line 49.

#   Failed test 'exited with 0'
#   at t/10_multi_pack.t line 93.

#   Failed test 'got something on stdout'
#   at t/10_multi_pack.t line 110.

#   Failed test 'found main.main.warn.80: 1'
#   at t/10_multi_pack.t line 117.
#                   undef
#     doesn't match '(?^ms:main.main.warn.80: 1)'

#   Failed test 'found main.main.info.81: 1'
#   at t/10_multi_pack.t line 118.
#                   undef
#     doesn't match '(?^ms:main.main.info.81: 1)'

#   Failed test 'found X.truck.warn.8: X 1'
#   at t/10_multi_pack.t line 121.
#                   undef
#     doesn't match '(?^ms:X.truck.warn.8: truckin: X 1)'

#   Failed test 'found Z.truck.warn.8: Z 1'
#   at t/10_multi_pack.t line 121.
#                   undef
#     doesn't match '(?^ms:Z.truck.warn.8: truckin: Z 1)'

#   Failed test 'found main.main.warn.80: 2'
#   at t/10_multi_pack.t line 117.
#                   undef
#     doesn't match '(?^ms:main.main.warn.80: 2)'

#   Failed test 'found main.main.info.81: 2'
#   at t/10_multi_pack.t line 118.
#                   undef
#     doesn't match '(?^ms:main.main.info.81: 2)'

#   Failed test 'found X.truck.warn.8: X 2'
#   at t/10_multi_pack.t line 121.
#                   undef
#     doesn't match '(?^ms:X.truck.warn.8: truckin: X 2)'

#   Failed test 'found Z.truck.warn.8: Z 2'
#   at t/10_multi_pack.t line 121.
#                   undef
#     doesn't match '(?^ms:Z.truck.warn.8: truckin: Z 2)'

#   Failed test 'found main.main.warn.80: 3'
#   at t/10_multi_pack.t line 117.
#                   undef
#     doesn't match '(?^ms:main.main.warn.80: 3)'

#   Failed test 'found main.main.info.81: 3'
#   at t/10_multi_pack.t line 118.
#                   undef
#     doesn't match '(?^ms:main.main.info.81: 3)'

#   Failed test 'found X.truck.warn.8: X 3'
#   at t/10_multi_pack.t line 121.
#                   undef
#     doesn't match '(?^ms:X.truck.warn.8: truckin: X 3)'

#   Failed test 'found Z.truck.warn.8: Z 3'
#   at t/10_multi_pack.t line 121.
#                   undef
#     doesn't match '(?^ms:Z.truck.warn.8: truckin: Z 3)'

#   Failed test 'found main.main.warn.80: 4'
#   at t/10_multi_pack.t line 117.
#                   undef
#     doesn't match '(?^ms:main.main.warn.80: 4)'

#   Failed test 'found main.main.info.81: 4'
#   at t/10_multi_pack.t line 118.
#                   undef
#     doesn't match '(?^ms:main.main.info.81: 4)'

#   Failed test 'found X.truck.warn.8: X 4'
#   at t/10_multi_pack.t line 121.
#                   undef
#     doesn't match '(?^ms:X.truck.warn.8: truckin: X 4)'

#   Failed test 'found Z.truck.warn.8: Z 4'
#   at t/10_multi_pack.t line 121.
#                   undef
#     doesn't match '(?^ms:Z.truck.warn.8: truckin: Z 4)'

#   Failed test 'found main.main.warn.80: 5'
#   at t/10_multi_pack.t line 117.
#                   undef
#     doesn't match '(?^ms:main.main.warn.80: 5)'

#   Failed test 'found main.main.info.81: 5'
#   at t/10_multi_pack.t line 118.
#                   undef
#     doesn't match '(?^ms:main.main.info.81: 5)'

#   Failed test 'found X.truck.warn.8: X 5'
#   at t/10_multi_pack.t line 121.
#                   undef
#     doesn't match '(?^ms:X.truck.warn.8: truckin: X 5)'

#   Failed test 'found Z.truck.warn.8: Z 5'
#   at t/10_multi_pack.t line 121.
#                   undef
#     doesn't match '(?^ms:Z.truck.warn.8: truckin: Z 5)'

#   Failed test 'got something on stderr'
#   at t/10_multi_pack.t line 126.

#   Failed test 'found: 'log4perl.category.X.truck.debug.9' => '-5''
#   at t/10_multi_pack.t line 129.
#                   undef
#     doesn't match '(?^ms:\'log4perl\.category\.X\.truck\.debug\.9\'\ \=\>\ \'\-5\')'

#   Failed test 'found: 'log4perl.category.X.truck.warn.8' => 5,'
#   at t/10_multi_pack.t line 132.
#                   undef
#     doesn't match '(?^ms:\'log4perl\.category\.X\.truck\.warn\.8\'\ \=\>\ 5\,)'

#   Failed test 'found: 'log4perl.category.Z.truck.debug.9' => '-5''
#   at t/10_multi_pack.t line 129.
#                   undef
#     doesn't match '(?^ms:\'log4perl\.category\.Z\.truck\.debug\.9\'\ \=\>\ \'\-5\')'

#   Failed test 'found: 'log4perl.category.Z.truck.warn.8' => 5,'
#   at t/10_multi_pack.t line 132.
#                   undef
#     doesn't match '(?^ms:\'log4perl\.category\.Z\.truck\.warn\.8\'\ \=\>\ 5\,)'

#   Failed test 'found: 'log4perl.category.main.main.warn.80' => 5'
#   at t/10_multi_pack.t line 136.
#                   undef
#     doesn't match '(?^ms:\'log4perl\.category\.main\.main\.warn\.80\'\ \=\>\ 5)'

#   Failed test 'found: 'log4perl.category.main.main.info.81' => 5'
#   at t/10_multi_pack.t line 139.
#                   undef
#     doesn't match '(?^ms:\'log4perl\.category\.main\.main\.info\.81\'\ \=\>\ 5\,)'
Can't locate Log/Log4perl.pm in @INC (you may need to install the Log::Log4perl module) (@INC contains: ../lib /etc/perl /usr/local/lib/x86_64-linux-gnu/perl/5.24.1 /usr/local/share/perl/5.24.1 /usr/lib/x86_64-linux-gnu/perl5/5.24 /usr/share/perl5 /usr/lib/x86_64-linux-gnu/perl/5.24 /usr/share/perl/5.24 /usr/local/lib/site_perl /usr/lib/x86_64-linux-gnu/perl-base .) at ../lib/Log/Log4perl/AutoCategorize.pm line 9.
BEGIN failed--compilation aborted at ../lib/Log/Log4perl/AutoCategorize.pm line 9.
Compilation failed in require at Y.pm line 5.
BEGIN failed--compilation aborted at Y.pm line 5.
Compilation failed in require at multi_pack.pl line 45.
BEGIN failed--compilation aborted at multi_pack.pl line 49.

#   Failed test 'exited with 0'
#   at t/10_multi_pack.t line 93.

#   Failed test 'got something on stdout'
#   at t/10_multi_pack.t line 110.

#   Failed test 'found main.main.warn.80: 1'
#   at t/10_multi_pack.t line 117.
#                   undef
#     doesn't match '(?^ms:main.main.warn.80: 1)'

#   Failed test 'found main.main.info.81: 1'
#   at t/10_multi_pack.t line 118.
#                   undef
#     doesn't match '(?^ms:main.main.info.81: 1)'

#   Failed test 'found Y.truck.warn.8: Y 1'
#   at t/10_multi_pack.t line 121.
#                   undef
#     doesn't match '(?^ms:Y.truck.warn.8: truckin: Y 1)'

#   Failed test 'found Z.truck.warn.8: Z 1'
#   at t/10_multi_pack.t line 121.
#                   undef
#     doesn't match '(?^ms:Z.truck.warn.8: truckin: Z 1)'

#   Failed test 'found main.main.warn.80: 2'
#   at t/10_multi_pack.t line 117.
#                   undef
#     doesn't match '(?^ms:main.main.warn.80: 2)'

#   Failed test 'found main.main.info.81: 2'
#   at t/10_multi_pack.t line 118.
#                   undef
#     doesn't match '(?^ms:main.main.info.81: 2)'

#   Failed test 'found Y.truck.warn.8: Y 2'
#   at t/10_multi_pack.t line 121.
#                   undef
#     doesn't match '(?^ms:Y.truck.warn.8: truckin: Y 2)'

#   Failed test 'found Z.truck.warn.8: Z 2'
#   at t/10_multi_pack.t line 121.
#                   undef
#     doesn't match '(?^ms:Z.truck.warn.8: truckin: Z 2)'

#   Failed test 'found main.main.warn.80: 3'
#   at t/10_multi_pack.t line 117.
#                   undef
#     doesn't match '(?^ms:main.main.warn.80: 3)'

#   Failed test 'found main.main.info.81: 3'
#   at t/10_multi_pack.t line 118.
#                   undef
#     doesn't match '(?^ms:main.main.info.81: 3)'

#   Failed test 'found Y.truck.warn.8: Y 3'
#   at t/10_multi_pack.t line 121.
#                   undef
#     doesn't match '(?^ms:Y.truck.warn.8: truckin: Y 3)'

#   Failed test 'found Z.truck.warn.8: Z 3'
#   at t/10_multi_pack.t line 121.
#                   undef
#     doesn't match '(?^ms:Z.truck.warn.8: truckin: Z 3)'

#   Failed test 'found main.main.warn.80: 4'
#   at t/10_multi_pack.t line 117.
#                   undef
#     doesn't match '(?^ms:main.main.warn.80: 4)'

#   Failed test 'found main.main.info.81: 4'
#   at t/10_multi_pack.t line 118.
#                   undef
#     doesn't match '(?^ms:main.main.info.81: 4)'

#   Failed test 'found Y.truck.warn.8: Y 4'
#   at t/10_multi_pack.t line 121.
#                   undef
#     doesn't match '(?^ms:Y.truck.warn.8: truckin: Y 4)'

#   Failed test 'found Z.truck.warn.8: Z 4'
#   at t/10_multi_pack.t line 121.
#                   undef
#     doesn't match '(?^ms:Z.truck.warn.8: truckin: Z 4)'

#   Failed test 'found main.main.warn.80: 5'
#   at t/10_multi_pack.t line 117.
#                   undef
#     doesn't match '(?^ms:main.main.warn.80: 5)'

#   Failed test 'found main.main.info.81: 5'
#   at t/10_multi_pack.t line 118.
#                   undef
#     doesn't match '(?^ms:main.main.info.81: 5)'

#   Failed test 'found Y.truck.warn.8: Y 5'
#   at t/10_multi_pack.t line 121.
#                   undef
#     doesn't match '(?^ms:Y.truck.warn.8: truckin: Y 5)'

#   Failed test 'found Z.truck.warn.8: Z 5'
#   at t/10_multi_pack.t line 121.
#                   undef
#     doesn't match '(?^ms:Z.truck.warn.8: truckin: Z 5)'

#   Failed test 'got something on stderr'
#   at t/10_multi_pack.t line 126.

#   Failed test 'found: 'log4perl.category.Y.truck.debug.9' => '-5''
#   at t/10_multi_pack.t line 129.
#                   undef
#     doesn't match '(?^ms:\'log4perl\.category\.Y\.truck\.debug\.9\'\ \=\>\ \'\-5\')'

#   Failed test 'found: 'log4perl.category.Y.truck.warn.8' => 5,'
#   at t/10_multi_pack.t line 132.
#                   undef
#     doesn't match '(?^ms:\'log4perl\.category\.Y\.truck\.warn\.8\'\ \=\>\ 5\,)'

#   Failed test 'found: 'log4perl.category.Z.truck.debug.9' => '-5''
#   at t/10_multi_pack.t line 129.
#                   undef
#     doesn't match '(?^ms:\'log4perl\.category\.Z\.truck\.debug\.9\'\ \=\>\ \'\-5\')'

#   Failed test 'found: 'log4perl.category.Z.truck.warn.8' => 5,'
#   at t/10_multi_pack.t line 132.
#                   undef
#     doesn't match '(?^ms:\'log4perl\.category\.Z\.truck\.warn\.8\'\ \=\>\ 5\,)'

#   Failed test 'found: 'log4perl.category.main.main.warn.80' => 5'
#   at t/10_multi_pack.t line 136.
#                   undef
#     doesn't match '(?^ms:\'log4perl\.category\.main\.main\.warn\.80\'\ \=\>\ 5)'

#   Failed test 'found: 'log4perl.category.main.main.info.81' => 5'
#   at t/10_multi_pack.t line 139.
#                   undef
#     doesn't match '(?^ms:\'log4perl\.category\.main\.main\.info\.81\'\ \=\>\ 5\,)'
Can't locate Log/Log4perl.pm in @INC (you may need to install the Log::Log4perl module) (@INC contains: ../lib /etc/perl /usr/local/lib/x86_64-linux-gnu/perl/5.24.1 /usr/local/share/perl/5.24.1 /usr/lib/x86_64-linux-gnu/perl5/5.24 /usr/share/perl5 /usr/lib/x86_64-linux-gnu/perl/5.24 /usr/share/perl/5.24 /usr/local/lib/site_perl /usr/lib/x86_64-linux-gnu/perl-base .) at ../lib/Log/Log4perl/AutoCategorize.pm line 9.
BEGIN failed--compilation aborted at ../lib/Log/Log4perl/AutoCategorize.pm line 9.
Compilation failed in require at multi_pack.pl line 63.
BEGIN failed--compilation aborted at multi_pack.pl line 63.

#   Failed test 'exited with 0'
#   at t/10_multi_pack.t line 93.

#   Failed test 'got something on stdout'
#   at t/10_multi_pack.t line 110.

#   Failed test 'found main.main.warn.80: 1'
#   at t/10_multi_pack.t line 117.
#                   undef
#     doesn't match '(?^ms:main.main.warn.80: 1)'

#   Failed test 'found main.main.info.81: 1'
#   at t/10_multi_pack.t line 118.
#                   undef
#     doesn't match '(?^ms:main.main.info.81: 1)'

#   Failed test 'found X.truck.warn.8: X 1'
#   at t/10_multi_pack.t line 121.
#                   undef
#     doesn't match '(?^ms:X.truck.warn.8: truckin: X 1)'

#   Failed test 'found Y.truck.warn.8: Y 1'
#   at t/10_multi_pack.t line 121.
#                   undef
#     doesn't match '(?^ms:Y.truck.warn.8: truckin: Y 1)'

#   Failed test 'found main.main.warn.80: 2'
#   at t/10_multi_pack.t line 117.
#                   undef
#     doesn't match '(?^ms:main.main.warn.80: 2)'

#   Failed test 'found main.main.info.81: 2'
#   at t/10_multi_pack.t line 118.
#                   undef
#     doesn't match '(?^ms:main.main.info.81: 2)'

#   Failed test 'found X.truck.warn.8: X 2'
#   at t/10_multi_pack.t line 121.
#                   undef
#     doesn't match '(?^ms:X.truck.warn.8: truckin: X 2)'

#   Failed test 'found Y.truck.warn.8: Y 2'
#   at t/10_multi_pack.t line 121.
#                   undef
#     doesn't match '(?^ms:Y.truck.warn.8: truckin: Y 2)'

#   Failed test 'found main.main.warn.80: 3'
#   at t/10_multi_pack.t line 117.
#                   undef
#     doesn't match '(?^ms:main.main.warn.80: 3)'

#   Failed test 'found main.main.info.81: 3'
#   at t/10_multi_pack.t line 118.
#                   undef
#     doesn't match '(?^ms:main.main.info.81: 3)'

#   Failed test 'found X.truck.warn.8: X 3'
#   at t/10_multi_pack.t line 121.
#                   undef
#     doesn't match '(?^ms:X.truck.warn.8: truckin: X 3)'

#   Failed test 'found Y.truck.warn.8: Y 3'
#   at t/10_multi_pack.t line 121.
#                   undef
#     doesn't match '(?^ms:Y.truck.warn.8: truckin: Y 3)'

#   Failed test 'found main.main.warn.80: 4'
#   at t/10_multi_pack.t line 117.
#                   undef
#     doesn't match '(?^ms:main.main.warn.80: 4)'

#   Failed test 'found main.main.info.81: 4'
#   at t/10_multi_pack.t line 118.
#                   undef
#     doesn't match '(?^ms:main.main.info.81: 4)'

#   Failed test 'found X.truck.warn.8: X 4'
#   at t/10_multi_pack.t line 121.
#                   undef
#     doesn't match '(?^ms:X.truck.warn.8: truckin: X 4)'

#   Failed test 'found Y.truck.warn.8: Y 4'
#   at t/10_multi_pack.t line 121.
#                   undef
#     doesn't match '(?^ms:Y.truck.warn.8: truckin: Y 4)'

#   Failed test 'found main.main.warn.80: 5'
#   at t/10_multi_pack.t line 117.
#                   undef
#     doesn't match '(?^ms:main.main.warn.80: 5)'

#   Failed test 'found main.main.info.81: 5'
#   at t/10_multi_pack.t line 118.
#                   undef
#     doesn't match '(?^ms:main.main.info.81: 5)'

#   Failed test 'found X.truck.warn.8: X 5'
#   at t/10_multi_pack.t line 121.
#                   undef
#     doesn't match '(?^ms:X.truck.warn.8: truckin: X 5)'

#   Failed test 'found Y.truck.warn.8: Y 5'
#   at t/10_multi_pack.t line 121.
#                   undef
#     doesn't match '(?^ms:Y.truck.warn.8: truckin: Y 5)'

#   Failed test 'got something on stderr'
#   at t/10_multi_pack.t line 126.

#   Failed test 'found: 'log4perl.category.X.truck.debug.9' => '-5''
#   at t/10_multi_pack.t line 129.
#                   undef
#     doesn't match '(?^ms:\'log4perl\.category\.X\.truck\.debug\.9\'\ \=\>\ \'\-5\')'

#   Failed test 'found: 'log4perl.category.X.truck.warn.8' => 5,'
#   at t/10_multi_pack.t line 132.
#                   undef
#     doesn't match '(?^ms:\'log4perl\.category\.X\.truck\.warn\.8\'\ \=\>\ 5\,)'

#   Failed test 'found: 'log4perl.category.Y.truck.debug.9' => '-5''
#   at t/10_multi_pack.t line 129.
#                   undef
#     doesn't match '(?^ms:\'log4perl\.category\.Y\.truck\.debug\.9\'\ \=\>\ \'\-5\')'

#   Failed test 'found: 'log4perl.category.Y.truck.warn.8' => 5,'
#   at t/10_multi_pack.t line 132.
#                   undef
#     doesn't match '(?^ms:\'log4perl\.category\.Y\.truck\.warn\.8\'\ \=\>\ 5\,)'

#   Failed test 'found: 'log4perl.category.main.main.warn.80' => 5'
#   at t/10_multi_pack.t line 136.
#                   undef
#     doesn't match '(?^ms:\'log4perl\.category\.main\.main\.warn\.80\'\ \=\>\ 5)'

#   Failed test 'found: 'log4perl.category.main.main.info.81' => 5'
#   at t/10_multi_pack.t line 139.
#                   undef
#     doesn't match '(?^ms:\'log4perl\.category\.main\.main\.info\.81\'\ \=\>\ 5\,)'
Can't locate Log/Log4perl.pm in @INC (you may need to install the Log::Log4perl module) (@INC contains: ../lib /etc/perl /usr/local/lib/x86_64-linux-gnu/perl/5.24.1 /usr/local/share/perl/5.24.1 /usr/lib/x86_64-linux-gnu/perl5/5.24 /usr/share/perl5 /usr/lib/x86_64-linux-gnu/perl/5.24 /usr/share/perl/5.24 /usr/local/lib/site_perl /usr/lib/x86_64-linux-gnu/perl-base .) at ../lib/Log/Log4perl/AutoCategorize.pm line 9.
BEGIN failed--compilation aborted at ../lib/Log/Log4perl/AutoCategorize.pm line 9.
Compilation failed in require at multi_pack.pl line 63.
BEGIN failed--compilation aborted at multi_pack.pl line 63.

#   Failed test 'exited with 0'
#   at t/10_multi_pack.t line 93.

#   Failed test 'got something on stdout'
#   at t/10_multi_pack.t line 110.

#   Failed test 'found main.main.warn.80: 1'
#   at t/10_multi_pack.t line 117.
#                   undef
#     doesn't match '(?^ms:main.main.warn.80: 1)'

#   Failed test 'found main.main.info.81: 1'
#   at t/10_multi_pack.t line 118.
#                   undef
#     doesn't match '(?^ms:main.main.info.81: 1)'

#   Failed test 'found X.truck.warn.8: X 1'
#   at t/10_multi_pack.t line 121.
#                   undef
#     doesn't match '(?^ms:X.truck.warn.8: truckin: X 1)'

#   Failed test 'found Z.truck.warn.8: Z 1'
#   at t/10_multi_pack.t line 121.
#                   undef
#     doesn't match '(?^ms:Z.truck.warn.8: truckin: Z 1)'

#   Failed test 'found main.main.warn.80: 2'
#   at t/10_multi_pack.t line 117.
#                   undef
#     doesn't match '(?^ms:main.main.warn.80: 2)'

#   Failed test 'found main.main.info.81: 2'
#   at t/10_multi_pack.t line 118.
#                   undef
#     doesn't match '(?^ms:main.main.info.81: 2)'

#   Failed test 'found X.truck.warn.8: X 2'
#   at t/10_multi_pack.t line 121.
#                   undef
#     doesn't match '(?^ms:X.truck.warn.8: truckin: X 2)'

#   Failed test 'found Z.truck.warn.8: Z 2'
#   at t/10_multi_pack.t line 121.
#                   undef
#     doesn't match '(?^ms:Z.truck.warn.8: truckin: Z 2)'

#   Failed test 'found main.main.warn.80: 3'
#   at t/10_multi_pack.t line 117.
#                   undef
#     doesn't match '(?^ms:main.main.warn.80: 3)'

#   Failed test 'found main.main.info.81: 3'
#   at t/10_multi_pack.t line 118.
#                   undef
#     doesn't match '(?^ms:main.main.info.81: 3)'

#   Failed test 'found X.truck.warn.8: X 3'
#   at t/10_multi_pack.t line 121.
#                   undef
#     doesn't match '(?^ms:X.truck.warn.8: truckin: X 3)'

#   Failed test 'found Z.truck.warn.8: Z 3'
#   at t/10_multi_pack.t line 121.
#                   undef
#     doesn't match '(?^ms:Z.truck.warn.8: truckin: Z 3)'

#   Failed test 'found main.main.warn.80: 4'
#   at t/10_multi_pack.t line 117.
#                   undef
#     doesn't match '(?^ms:main.main.warn.80: 4)'

#   Failed test 'found main.main.info.81: 4'
#   at t/10_multi_pack.t line 118.
#                   undef
#     doesn't match '(?^ms:main.main.info.81: 4)'

#   Failed test 'found X.truck.warn.8: X 4'
#   at t/10_multi_pack.t line 121.
#                   undef
#     doesn't match '(?^ms:X.truck.warn.8: truckin: X 4)'

#   Failed test 'found Z.truck.warn.8: Z 4'
#   at t/10_multi_pack.t line 121.
#                   undef
#     doesn't match '(?^ms:Z.truck.warn.8: truckin: Z 4)'

#   Failed test 'found main.main.warn.80: 5'
#   at t/10_multi_pack.t line 117.
#                   undef
#     doesn't match '(?^ms:main.main.warn.80: 5)'

#   Failed test 'found main.main.info.81: 5'
#   at t/10_multi_pack.t line 118.
#                   undef
#     doesn't match '(?^ms:main.main.info.81: 5)'

#   Failed test 'found X.truck.warn.8: X 5'
#   at t/10_multi_pack.t line 121.
#                   undef
#     doesn't match '(?^ms:X.truck.warn.8: truckin: X 5)'

#   Failed test 'found Z.truck.warn.8: Z 5'
#   at t/10_multi_pack.t line 121.
#                   undef
#     doesn't match '(?^ms:Z.truck.warn.8: truckin: Z 5)'

#   Failed test 'got something on stderr'
#   at t/10_multi_pack.t line 126.

#   Failed test 'found: 'log4perl.category.X.truck.debug.9' => '-5''
#   at t/10_multi_pack.t line 129.
#                   undef
#     doesn't match '(?^ms:\'log4perl\.category\.X\.truck\.debug\.9\'\ \=\>\ \'\-5\')'

#   Failed test 'found: 'log4perl.category.X.truck.warn.8' => 5,'
#   at t/10_multi_pack.t line 132.
#                   undef
#     doesn't match '(?^ms:\'log4perl\.category\.X\.truck\.warn\.8\'\ \=\>\ 5\,)'

#   Failed test 'found: 'log4perl.category.Z.truck.debug.9' => '-5''
#   at t/10_multi_pack.t line 129.
#                   undef
#     doesn't match '(?^ms:\'log4perl\.category\.Z\.truck\.debug\.9\'\ \=\>\ \'\-5\')'

#   Failed test 'found: 'log4perl.category.Z.truck.warn.8' => 5,'
#   at t/10_multi_pack.t line 132.
#                   undef
#     doesn't match '(?^ms:\'log4perl\.category\.Z\.truck\.warn\.8\'\ \=\>\ 5\,)'

#   Failed test 'found: 'log4perl.category.main.main.warn.80' => 5'
#   at t/10_multi_pack.t line 136.
#                   undef
#     doesn't match '(?^ms:\'log4perl\.category\.main\.main\.warn\.80\'\ \=\>\ 5)'

#   Failed test 'found: 'log4perl.category.main.main.info.81' => 5'
#   at t/10_multi_pack.t line 139.
#                   undef
#     doesn't match '(?^ms:\'log4perl\.category\.main\.main\.info\.81\'\ \=\>\ 5\,)'
Can't locate Log/Log4perl.pm in @INC (you may need to install the Log::Log4perl module) (@INC contains: ../lib /etc/perl /usr/local/lib/x86_64-linux-gnu/perl/5.24.1 /usr/local/share/perl/5.24.1 /usr/lib/x86_64-linux-gnu/perl5/5.24 /usr/share/perl5 /usr/lib/x86_64-linux-gnu/perl/5.24 /usr/share/perl/5.24 /usr/local/lib/site_perl /usr/lib/x86_64-linux-gnu/perl-base .) at ../lib/Log/Log4perl/AutoCategorize.pm line 9.
BEGIN failed--compilation aborted at ../lib/Log/Log4perl/AutoCategorize.pm line 9.
Compilation failed in require at multi_pack.pl line 63.
BEGIN failed--compilation aborted at multi_pack.pl line 63.

#   Failed test 'exited with 0'
#   at t/10_multi_pack.t line 93.

#   Failed test 'got something on stdout'
#   at t/10_multi_pack.t line 110.

#   Failed test 'found main.main.warn.80: 1'
#   at t/10_multi_pack.t line 117.
#                   undef
#     doesn't match '(?^ms:main.main.warn.80: 1)'

#   Failed test 'found main.main.info.81: 1'
#   at t/10_multi_pack.t line 118.
#                   undef
#     doesn't match '(?^ms:main.main.info.81: 1)'

#   Failed test 'found Y.truck.warn.8: Y 1'
#   at t/10_multi_pack.t line 121.
#                   undef
#     doesn't match '(?^ms:Y.truck.warn.8: truckin: Y 1)'

#   Failed test 'found Z.truck.warn.8: Z 1'
#   at t/10_multi_pack.t line 121.
#                   undef
#     doesn't match '(?^ms:Z.truck.warn.8: truckin: Z 1)'

#   Failed test 'found main.main.warn.80: 2'
#   at t/10_multi_pack.t line 117.
#                   undef
#     doesn't match '(?^ms:main.main.warn.80: 2)'

#   Failed test 'found main.main.info.81: 2'
#   at t/10_multi_pack.t line 118.
#                   undef
#     doesn't match '(?^ms:main.main.info.81: 2)'

#   Failed test 'found Y.truck.warn.8: Y 2'
#   at t/10_multi_pack.t line 121.
#                   undef
#     doesn't match '(?^ms:Y.truck.warn.8: truckin: Y 2)'

#   Failed test 'found Z.truck.warn.8: Z 2'
#   at t/10_multi_pack.t line 121.
#                   undef
#     doesn't match '(?^ms:Z.truck.warn.8: truckin: Z 2)'

#   Failed test 'found main.main.warn.80: 3'
#   at t/10_multi_pack.t line 117.
#                   undef
#     doesn't match '(?^ms:main.main.warn.80: 3)'

#   Failed test 'found main.main.info.81: 3'
#   at t/10_multi_pack.t line 118.
#                   undef
#     doesn't match '(?^ms:main.main.info.81: 3)'

#   Failed test 'found Y.truck.warn.8: Y 3'
#   at t/10_multi_pack.t line 121.
#                   undef
#     doesn't match '(?^ms:Y.truck.warn.8: truckin: Y 3)'

#   Failed test 'found Z.truck.warn.8: Z 3'
#   at t/10_multi_pack.t line 121.
#                   undef
#     doesn't match '(?^ms:Z.truck.warn.8: truckin: Z 3)'

#   Failed test 'found main.main.warn.80: 4'
#   at t/10_multi_pack.t line 117.
#                   undef
#     doesn't match '(?^ms:main.main.warn.80: 4)'

#   Failed test 'found main.main.info.81: 4'
#   at t/10_multi_pack.t line 118.
#                   undef
#     doesn't match '(?^ms:main.main.info.81: 4)'

#   Failed test 'found Y.truck.warn.8: Y 4'
#   at t/10_multi_pack.t line 121.
#                   undef
#     doesn't match '(?^ms:Y.truck.warn.8: truckin: Y 4)'

#   Failed test 'found Z.truck.warn.8: Z 4'
#   at t/10_multi_pack.t line 121.
#                   undef
#     doesn't match '(?^ms:Z.truck.warn.8: truckin: Z 4)'

#   Failed test 'found main.main.warn.80: 5'
#   at t/10_multi_pack.t line 117.
#                   undef
#     doesn't match '(?^ms:main.main.warn.80: 5)'

#   Failed test 'found main.main.info.81: 5'
#   at t/10_multi_pack.t line 118.
#                   undef
#     doesn't match '(?^ms:main.main.info.81: 5)'

#   Failed test 'found Y.truck.warn.8: Y 5'
#   at t/10_multi_pack.t line 121.
#                   undef
#     doesn't match '(?^ms:Y.truck.warn.8: truckin: Y 5)'

#   Failed test 'found Z.truck.warn.8: Z 5'
#   at t/10_multi_pack.t line 121.
#                   undef
#     doesn't match '(?^ms:Z.truck.warn.8: truckin: Z 5)'

#   Failed test 'got something on stderr'
#   at t/10_multi_pack.t line 126.

#   Failed test 'found: 'log4perl.category.Y.truck.debug.9' => '-5''
#   at t/10_multi_pack.t line 129.
#                   undef
#     doesn't match '(?^ms:\'log4perl\.category\.Y\.truck\.debug\.9\'\ \=\>\ \'\-5\')'

#   Failed test 'found: 'log4perl.category.Y.truck.warn.8' => 5,'
#   at t/10_multi_pack.t line 132.
#                   undef
#     doesn't match '(?^ms:\'log4perl\.category\.Y\.truck\.warn\.8\'\ \=\>\ 5\,)'

#   Failed test 'found: 'log4perl.category.Z.truck.debug.9' => '-5''
#   at t/10_multi_pack.t line 129.
#                   undef
#     doesn't match '(?^ms:\'log4perl\.category\.Z\.truck\.debug\.9\'\ \=\>\ \'\-5\')'

#   Failed test 'found: 'log4perl.category.Z.truck.warn.8' => 5,'
#   at t/10_multi_pack.t line 132.
#                   undef
#     doesn't match '(?^ms:\'log4perl\.category\.Z\.truck\.warn\.8\'\ \=\>\ 5\,)'

#   Failed test 'found: 'log4perl.category.main.main.warn.80' => 5'
#   at t/10_multi_pack.t line 136.
#                   undef
#     doesn't match '(?^ms:\'log4perl\.category\.main\.main\.warn\.80\'\ \=\>\ 5)'

#   Failed test 'found: 'log4perl.category.main.main.info.81' => 5'
#   at t/10_multi_pack.t line 139.
#                   undef
#     doesn't match '(?^ms:\'log4perl\.category\.main\.main\.info\.81\'\ \=\>\ 5\,)'
Can't locate Log/Log4perl.pm in @INC (you may need to install the Log::Log4perl module) (@INC contains: ../lib /etc/perl /usr/local/lib/x86_64-linux-gnu/perl/5.24.1 /usr/local/share/perl/5.24.1 /usr/lib/x86_64-linux-gnu/perl5/5.24 /usr/share/perl5 /usr/lib/x86_64-linux-gnu/perl/5.24 /usr/share/perl/5.24 /usr/local/lib/site_perl /usr/lib/x86_64-linux-gnu/perl-base .) at ../lib/Log/Log4perl/AutoCategorize.pm line 9.
BEGIN failed--compilation aborted at ../lib/Log/Log4perl/AutoCategorize.pm line 9.
Compilation failed in require at X.pm line 5.
BEGIN failed--compilation aborted at X.pm line 5.
Compilation failed in require at multi_pack.pl line 45.
BEGIN failed--compilation aborted at multi_pack.pl line 49.

#   Failed test 'exited with 0'
#   at t/10_multi_pack.t line 93.

#   Failed test 'got something on stdout'
#   at t/10_multi_pack.t line 110.

#   Failed test 'found main.main.warn.80: 1'
#   at t/10_multi_pack.t line 117.
#                   undef
#     doesn't match '(?^ms:main.main.warn.80: 1)'

#   Failed test 'found main.main.info.81: 1'
#   at t/10_multi_pack.t line 118.
#                   undef
#     doesn't match '(?^ms:main.main.info.81: 1)'

#   Failed test 'found X.truck.warn.8: X 1'
#   at t/10_multi_pack.t line 121.
#                   undef
#     doesn't match '(?^ms:X.truck.warn.8: truckin: X 1)'

#   Failed test 'found Y.truck.warn.8: Y 1'
#   at t/10_multi_pack.t line 121.
#                   undef
#     doesn't match '(?^ms:Y.truck.warn.8: truckin: Y 1)'

#   Failed test 'found main.main.warn.80: 2'
#   at t/10_multi_pack.t line 117.
#                   undef
#     doesn't match '(?^ms:main.main.warn.80: 2)'

#   Failed test 'found main.main.info.81: 2'
#   at t/10_multi_pack.t line 118.
#                   undef
#     doesn't match '(?^ms:main.main.info.81: 2)'

#   Failed test 'found X.truck.warn.8: X 2'
#   at t/10_multi_pack.t line 121.
#                   undef
#     doesn't match '(?^ms:X.truck.warn.8: truckin: X 2)'

#   Failed test 'found Y.truck.warn.8: Y 2'
#   at t/10_multi_pack.t line 121.
#                   undef
#     doesn't match '(?^ms:Y.truck.warn.8: truckin: Y 2)'

#   Failed test 'found main.main.warn.80: 3'
#   at t/10_multi_pack.t line 117.
#                   undef
#     doesn't match '(?^ms:main.main.warn.80: 3)'

#   Failed test 'found main.main.info.81: 3'
#   at t/10_multi_pack.t line 118.
#                   undef
#     doesn't match '(?^ms:main.main.info.81: 3)'

#   Failed test 'found X.truck.warn.8: X 3'
#   at t/10_multi_pack.t line 121.
#                   undef
#     doesn't match '(?^ms:X.truck.warn.8: truckin: X 3)'

#   Failed test 'found Y.truck.warn.8: Y 3'
#   at t/10_multi_pack.t line 121.
#                   undef
#     doesn't match '(?^ms:Y.truck.warn.8: truckin: Y 3)'

#   Failed test 'found main.main.warn.80: 4'
#   at t/10_multi_pack.t line 117.
#                   undef
#     doesn't match '(?^ms:main.main.warn.80: 4)'

#   Failed test 'found main.main.info.81: 4'
#   at t/10_multi_pack.t line 118.
#                   undef
#     doesn't match '(?^ms:main.main.info.81: 4)'

#   Failed test 'found X.truck.warn.8: X 4'
#   at t/10_multi_pack.t line 121.
#                   undef
#     doesn't match '(?^ms:X.truck.warn.8: truckin: X 4)'

#   Failed test 'found Y.truck.warn.8: Y 4'
#   at t/10_multi_pack.t line 121.
#                   undef
#     doesn't match '(?^ms:Y.truck.warn.8: truckin: Y 4)'

#   Failed test 'found main.main.warn.80: 5'
#   at t/10_multi_pack.t line 117.
#                   undef
#     doesn't match '(?^ms:main.main.warn.80: 5)'

#   Failed test 'found main.main.info.81: 5'
#   at t/10_multi_pack.t line 118.
#                   undef
#     doesn't match '(?^ms:main.main.info.81: 5)'

#   Failed test 'found X.truck.warn.8: X 5'
#   at t/10_multi_pack.t line 121.
#                   undef
#     doesn't match '(?^ms:X.truck.warn.8: truckin: X 5)'

#   Failed test 'found Y.truck.warn.8: Y 5'
#   at t/10_multi_pack.t line 121.
#                   undef
#     doesn't match '(?^ms:Y.truck.warn.8: truckin: Y 5)'

#   Failed test 'got something on stderr'
#   at t/10_multi_pack.t line 126.

#   Failed test 'found: 'log4perl.category.X.truck.debug.9' => '-5''
#   at t/10_multi_pack.t line 129.
#                   undef
#     doesn't match '(?^ms:\'log4perl\.category\.X\.truck\.debug\.9\'\ \=\>\ \'\-5\')'

#   Failed test 'found: 'log4perl.category.X.truck.warn.8' => 5,'
#   at t/10_multi_pack.t line 132.
#                   undef
#     doesn't match '(?^ms:\'log4perl\.category\.X\.truck\.warn\.8\'\ \=\>\ 5\,)'

#   Failed test 'found: 'log4perl.category.Y.truck.debug.9' => '-5''
#   at t/10_multi_pack.t line 129.
#                   undef
#     doesn't match '(?^ms:\'log4perl\.category\.Y\.truck\.debug\.9\'\ \=\>\ \'\-5\')'

#   Failed test 'found: 'log4perl.category.Y.truck.warn.8' => 5,'
#   at t/10_multi_pack.t line 132.
#                   undef
#     doesn't match '(?^ms:\'log4perl\.category\.Y\.truck\.warn\.8\'\ \=\>\ 5\,)'

#   Failed test 'found: 'log4perl.category.main.main.warn.80' => 5'
#   at t/10_multi_pack.t line 136.
#                   undef
#     doesn't match '(?^ms:\'log4perl\.category\.main\.main\.warn\.80\'\ \=\>\ 5)'

#   Failed test 'found: 'log4perl.category.main.main.info.81' => 5'
#   at t/10_multi_pack.t line 139.
#                   undef
#     doesn't match '(?^ms:\'log4perl\.category\.main\.main\.info\.81\'\ \=\>\ 5\,)'
Can't locate Log/Log4perl.pm in @INC (you may need to install the Log::Log4perl module) (@INC contains: ../lib /etc/perl /usr/local/lib/x86_64-linux-gnu/perl/5.24.1 /usr/local/share/perl/5.24.1 /usr/lib/x86_64-linux-gnu/perl5/5.24 /usr/share/perl5 /usr/lib/x86_64-linux-gnu/perl/5.24 /usr/share/perl/5.24 /usr/local/lib/site_perl /usr/lib/x86_64-linux-gnu/perl-base .) at ../lib/Log/Log4perl/AutoCategorize.pm line 9.
BEGIN failed--compilation aborted at ../lib/Log/Log4perl/AutoCategorize.pm line 9.
Compilation failed in require at X.pm line 5.
BEGIN failed--compilation aborted at X.pm line 5.
Compilation failed in require at multi_pack.pl line 45.
BEGIN failed--compilation aborted at multi_pack.pl line 49.

#   Failed test 'exited with 0'
#   at t/10_multi_pack.t line 93.

#   Failed test 'got something on stdout'
#   at t/10_multi_pack.t line 110.

#   Failed test 'found main.main.warn.80: 1'
#   at t/10_multi_pack.t line 117.
#                   undef
#     doesn't match '(?^ms:main.main.warn.80: 1)'

#   Failed test 'found main.main.info.81: 1'
#   at t/10_multi_pack.t line 118.
#                   undef
#     doesn't match '(?^ms:main.main.info.81: 1)'

#   Failed test 'found X.truck.warn.8: X 1'
#   at t/10_multi_pack.t line 121.
#                   undef
#     doesn't match '(?^ms:X.truck.warn.8: truckin: X 1)'

#   Failed test 'found Z.truck.warn.8: Z 1'
#   at t/10_multi_pack.t line 121.
#                   undef
#     doesn't match '(?^ms:Z.truck.warn.8: truckin: Z 1)'

#   Failed test 'found main.main.warn.80: 2'
#   at t/10_multi_pack.t line 117.
#                   undef
#     doesn't match '(?^ms:main.main.warn.80: 2)'

#   Failed test 'found main.main.info.81: 2'
#   at t/10_multi_pack.t line 118.
#                   undef
#     doesn't match '(?^ms:main.main.info.81: 2)'

#   Failed test 'found X.truck.warn.8: X 2'
#   at t/10_multi_pack.t line 121.
#                   undef
#     doesn't match '(?^ms:X.truck.warn.8: truckin: X 2)'

#   Failed test 'found Z.truck.warn.8: Z 2'
#   at t/10_multi_pack.t line 121.
#                   undef
#     doesn't match '(?^ms:Z.truck.warn.8: truckin: Z 2)'

#   Failed test 'found main.main.warn.80: 3'
#   at t/10_multi_pack.t line 117.
#                   undef
#     doesn't match '(?^ms:main.main.warn.80: 3)'

#   Failed test 'found main.main.info.81: 3'
#   at t/10_multi_pack.t line 118.
#                   undef
#     doesn't match '(?^ms:main.main.info.81: 3)'

#   Failed test 'found X.truck.warn.8: X 3'
#   at t/10_multi_pack.t line 121.
#                   undef
#     doesn't match '(?^ms:X.truck.warn.8: truckin: X 3)'

#   Failed test 'found Z.truck.warn.8: Z 3'
#   at t/10_multi_pack.t line 121.
#                   undef
#     doesn't match '(?^ms:Z.truck.warn.8: truckin: Z 3)'

#   Failed test 'found main.main.warn.80: 4'
#   at t/10_multi_pack.t line 117.
#                   undef
#     doesn't match '(?^ms:main.main.warn.80: 4)'

#   Failed test 'found main.main.info.81: 4'
#   at t/10_multi_pack.t line 118.
#                   undef
#     doesn't match '(?^ms:main.main.info.81: 4)'

#   Failed test 'found X.truck.warn.8: X 4'
#   at t/10_multi_pack.t line 121.
#                   undef
#     doesn't match '(?^ms:X.truck.warn.8: truckin: X 4)'

#   Failed test 'found Z.truck.warn.8: Z 4'
#   at t/10_multi_pack.t line 121.
#                   undef
#     doesn't match '(?^ms:Z.truck.warn.8: truckin: Z 4)'

#   Failed test 'found main.main.warn.80: 5'
#   at t/10_multi_pack.t line 117.
#                   undef
#     doesn't match '(?^ms:main.main.warn.80: 5)'

#   Failed test 'found main.main.info.81: 5'
#   at t/10_multi_pack.t line 118.
#                   undef
#     doesn't match '(?^ms:main.main.info.81: 5)'

#   Failed test 'found X.truck.warn.8: X 5'
#   at t/10_multi_pack.t line 121.
#                   undef
#     doesn't match '(?^ms:X.truck.warn.8: truckin: X 5)'

#   Failed test 'found Z.truck.warn.8: Z 5'
#   at t/10_multi_pack.t line 121.
#                   undef
#     doesn't match '(?^ms:Z.truck.warn.8: truckin: Z 5)'

#   Failed test 'got something on stderr'
#   at t/10_multi_pack.t line 126.

#   Failed test 'found: 'log4perl.category.X.truck.debug.9' => '-5''
#   at t/10_multi_pack.t line 129.
#                   undef
#     doesn't match '(?^ms:\'log4perl\.category\.X\.truck\.debug\.9\'\ \=\>\ \'\-5\')'

#   Failed test 'found: 'log4perl.category.X.truck.warn.8' => 5,'
#   at t/10_multi_pack.t line 132.
#                   undef
#     doesn't match '(?^ms:\'log4perl\.category\.X\.truck\.warn\.8\'\ \=\>\ 5\,)'

#   Failed test 'found: 'log4perl.category.Z.truck.debug.9' => '-5''
#   at t/10_multi_pack.t line 129.
#                   undef
#     doesn't match '(?^ms:\'log4perl\.category\.Z\.truck\.debug\.9\'\ \=\>\ \'\-5\')'

#   Failed test 'found: 'log4perl.category.Z.truck.warn.8' => 5,'
#   at t/10_multi_pack.t line 132.
#                   undef
#     doesn't match '(?^ms:\'log4perl\.category\.Z\.truck\.warn\.8\'\ \=\>\ 5\,)'

#   Failed test 'found: 'log4perl.category.main.main.warn.80' => 5'
#   at t/10_multi_pack.t line 136.
#                   undef
#     doesn't match '(?^ms:\'log4perl\.category\.main\.main\.warn\.80\'\ \=\>\ 5)'

#   Failed test 'found: 'log4perl.category.main.main.info.81' => 5'
#   at t/10_multi_pack.t line 139.
#                   undef
#     doesn't match '(?^ms:\'log4perl\.category\.main\.main\.info\.81\'\ \=\>\ 5\,)'
Can't locate Log/Log4perl.pm in @INC (you may need to install the Log::Log4perl module) (@INC contains: ../lib /etc/perl /usr/local/lib/x86_64-linux-gnu/perl/5.24.1 /usr/local/share/perl/5.24.1 /usr/lib/x86_64-linux-gnu/perl5/5.24 /usr/share/perl5 /usr/lib/x86_64-linux-gnu/perl/5.24 /usr/share/perl/5.24 /usr/local/lib/site_perl /usr/lib/x86_64-linux-gnu/perl-base .) at ../lib/Log/Log4perl/AutoCategorize.pm line 9.
BEGIN failed--compilation aborted at ../lib/Log/Log4perl/AutoCategorize.pm line 9.
Compilation failed in require at Y.pm line 5.
BEGIN failed--compilation aborted at Y.pm line 5.
Compilation failed in require at multi_pack.pl line 45.
BEGIN failed--compilation aborted at multi_pack.pl line 49.

#   Failed test 'exited with 0'
#   at t/10_multi_pack.t line 93.

#   Failed test 'got something on stdout'
#   at t/10_multi_pack.t line 110.

#   Failed test 'found main.main.warn.80: 1'
#   at t/10_multi_pack.t line 117.
#                   undef
#     doesn't match '(?^ms:main.main.warn.80: 1)'

#   Failed test 'found main.main.info.81: 1'
#   at t/10_multi_pack.t line 118.
#                   undef
#     doesn't match '(?^ms:main.main.info.81: 1)'

#   Failed test 'found Y.truck.warn.8: Y 1'
#   at t/10_multi_pack.t line 121.
#                   undef
#     doesn't match '(?^ms:Y.truck.warn.8: truckin: Y 1)'

#   Failed test 'found Z.truck.warn.8: Z 1'
#   at t/10_multi_pack.t line 121.
#                   undef
#     doesn't match '(?^ms:Z.truck.warn.8: truckin: Z 1)'

#   Failed test 'found main.main.warn.80: 2'
#   at t/10_multi_pack.t line 117.
#                   undef
#     doesn't match '(?^ms:main.main.warn.80: 2)'

#   Failed test 'found main.main.info.81: 2'
#   at t/10_multi_pack.t line 118.
#                   undef
#     doesn't match '(?^ms:main.main.info.81: 2)'

#   Failed test 'found Y.truck.warn.8: Y 2'
#   at t/10_multi_pack.t line 121.
#                   undef
#     doesn't match '(?^ms:Y.truck.warn.8: truckin: Y 2)'

#   Failed test 'found Z.truck.warn.8: Z 2'
#   at t/10_multi_pack.t line 121.
#                   undef
#     doesn't match '(?^ms:Z.truck.warn.8: truckin: Z 2)'

#   Failed test 'found main.main.warn.80: 3'
#   at t/10_multi_pack.t line 117.
#                   undef
#     doesn't match '(?^ms:main.main.warn.80: 3)'

#   Failed test 'found main.main.info.81: 3'
#   at t/10_multi_pack.t line 118.
#                   undef
#     doesn't match '(?^ms:main.main.info.81: 3)'

#   Failed test 'found Y.truck.warn.8: Y 3'
#   at t/10_multi_pack.t line 121.
#                   undef
#     doesn't match '(?^ms:Y.truck.warn.8: truckin: Y 3)'

#   Failed test 'found Z.truck.warn.8: Z 3'
#   at t/10_multi_pack.t line 121.
#                   undef
#     doesn't match '(?^ms:Z.truck.warn.8: truckin: Z 3)'

#   Failed test 'found main.main.warn.80: 4'
#   at t/10_multi_pack.t line 117.
#                   undef
#     doesn't match '(?^ms:main.main.warn.80: 4)'

#   Failed test 'found main.main.info.81: 4'
#   at t/10_multi_pack.t line 118.
#                   undef
#     doesn't match '(?^ms:main.main.info.81: 4)'

#   Failed test 'found Y.truck.warn.8: Y 4'
#   at t/10_multi_pack.t line 121.
#                   undef
#     doesn't match '(?^ms:Y.truck.warn.8: truckin: Y 4)'

#   Failed test 'found Z.truck.warn.8: Z 4'
#   at t/10_multi_pack.t line 121.
#                   undef
#     doesn't match '(?^ms:Z.truck.warn.8: truckin: Z 4)'

#   Failed test 'found main.main.warn.80: 5'
#   at t/10_multi_pack.t line 117.
#                   undef
#     doesn't match '(?^ms:main.main.warn.80: 5)'

#   Failed test 'found main.main.info.81: 5'
#   at t/10_multi_pack.t line 118.
#                   undef
#     doesn't match '(?^ms:main.main.info.81: 5)'

#   Failed test 'found Y.truck.warn.8: Y 5'
#   at t/10_multi_pack.t line 121.
#                   undef
#     doesn't match '(?^ms:Y.truck.warn.8: truckin: Y 5)'

#   Failed test 'found Z.truck.warn.8: Z 5'
#   at t/10_multi_pack.t line 121.
#                   undef
#     doesn't match '(?^ms:Z.truck.warn.8: truckin: Z 5)'

#   Failed test 'got something on stderr'
#   at t/10_multi_pack.t line 126.

#   Failed test 'found: 'log4perl.category.Y.truck.debug.9' => '-5''
#   at t/10_multi_pack.t line 129.
#                   undef
#     doesn't match '(?^ms:\'log4perl\.category\.Y\.truck\.debug\.9\'\ \=\>\ \'\-5\')'

#   Failed test 'found: 'log4perl.category.Y.truck.warn.8' => 5,'
#   at t/10_multi_pack.t line 132.
#                   undef
#     doesn't match '(?^ms:\'log4perl\.category\.Y\.truck\.warn\.8\'\ \=\>\ 5\,)'

#   Failed test 'found: 'log4perl.category.Z.truck.debug.9' => '-5''
#   at t/10_multi_pack.t line 129.
#                   undef
#     doesn't match '(?^ms:\'log4perl\.category\.Z\.truck\.debug\.9\'\ \=\>\ \'\-5\')'

#   Failed test 'found: 'log4perl.category.Z.truck.warn.8' => 5,'
#   at t/10_multi_pack.t line 132.
#                   undef
#     doesn't match '(?^ms:\'log4perl\.category\.Z\.truck\.warn\.8\'\ \=\>\ 5\,)'

#   Failed test 'found: 'log4perl.category.main.main.warn.80' => 5'
#   at t/10_multi_pack.t line 136.
#                   undef
#     doesn't match '(?^ms:\'log4perl\.category\.main\.main\.warn\.80\'\ \=\>\ 5)'

#   Failed test 'found: 'log4perl.category.main.main.info.81' => 5'
#   at t/10_multi_pack.t line 139.
#                   undef
#     doesn't match '(?^ms:\'log4perl\.category\.main\.main\.info\.81\'\ \=\>\ 5\,)'
Can't locate Log/Log4perl.pm in @INC (you may need to install the Log::Log4perl module) (@INC contains: ../lib /etc/perl /usr/local/lib/x86_64-linux-gnu/perl/5.24.1 /usr/local/share/perl/5.24.1 /usr/lib/x86_64-linux-gnu/perl5/5.24 /usr/share/perl5 /usr/lib/x86_64-linux-gnu/perl/5.24 /usr/share/perl/5.24 /usr/local/lib/site_perl /usr/lib/x86_64-linux-gnu/perl-base .) at ../lib/Log/Log4perl/AutoCategorize.pm line 9.
BEGIN failed--compilation aborted at ../lib/Log/Log4perl/AutoCategorize.pm line 9.
Compilation failed in require at Y.pm line 5.
BEGIN failed--compilation aborted at Y.pm line 5.
Compilation failed in require at multi_pack.pl line 45.
BEGIN failed--compilation aborted at multi_pack.pl line 49.

#   Failed test 'exited with 0'
#   at t/10_multi_pack.t line 93.

#   Failed test 'got something on stdout'
#   at t/10_multi_pack.t line 110.

#   Failed test 'found main.main.warn.80: 1'
#   at t/10_multi_pack.t line 117.
#                   undef
#     doesn't match '(?^ms:main.main.warn.80: 1)'

#   Failed test 'found main.main.info.81: 1'
#   at t/10_multi_pack.t line 118.
#                   undef
#     doesn't match '(?^ms:main.main.info.81: 1)'

#   Failed test 'found X.truck.warn.8: X 1'
#   at t/10_multi_pack.t line 121.
#                   undef
#     doesn't match '(?^ms:X.truck.warn.8: truckin: X 1)'

#   Failed test 'found Y.truck.warn.8: Y 1'
#   at t/10_multi_pack.t line 121.
#                   undef
#     doesn't match '(?^ms:Y.truck.warn.8: truckin: Y 1)'

#   Failed test 'found main.main.warn.80: 2'
#   at t/10_multi_pack.t line 117.
#                   undef
#     doesn't match '(?^ms:main.main.warn.80: 2)'

#   Failed test 'found main.main.info.81: 2'
#   at t/10_multi_pack.t line 118.
#                   undef
#     doesn't match '(?^ms:main.main.info.81: 2)'

#   Failed test 'found X.truck.warn.8: X 2'
#   at t/10_multi_pack.t line 121.
#                   undef
#     doesn't match '(?^ms:X.truck.warn.8: truckin: X 2)'

#   Failed test 'found Y.truck.warn.8: Y 2'
#   at t/10_multi_pack.t line 121.
#                   undef
#     doesn't match '(?^ms:Y.truck.warn.8: truckin: Y 2)'

#   Failed test 'found main.main.warn.80: 3'
#   at t/10_multi_pack.t line 117.
#                   undef
#     doesn't match '(?^ms:main.main.warn.80: 3)'

#   Failed test 'found main.main.info.81: 3'
#   at t/10_multi_pack.t line 118.
#                   undef
#     doesn't match '(?^ms:main.main.info.81: 3)'

#   Failed test 'found X.truck.warn.8: X 3'
#   at t/10_multi_pack.t line 121.
#                   undef
#     doesn't match '(?^ms:X.truck.warn.8: truckin: X 3)'

#   Failed test 'found Y.truck.warn.8: Y 3'
#   at t/10_multi_pack.t line 121.
#                   undef
#     doesn't match '(?^ms:Y.truck.warn.8: truckin: Y 3)'

#   Failed test 'found main.main.warn.80: 4'
#   at t/10_multi_pack.t line 117.
#                   undef
#     doesn't match '(?^ms:main.main.warn.80: 4)'

#   Failed test 'found main.main.info.81: 4'
#   at t/10_multi_pack.t line 118.
#                   undef
#     doesn't match '(?^ms:main.main.info.81: 4)'

#   Failed test 'found X.truck.warn.8: X 4'
#   at t/10_multi_pack.t line 121.
#                   undef
#     doesn't match '(?^ms:X.truck.warn.8: truckin: X 4)'

#   Failed test 'found Y.truck.warn.8: Y 4'
#   at t/10_multi_pack.t line 121.
#                   undef
#     doesn't match '(?^ms:Y.truck.warn.8: truckin: Y 4)'

#   Failed test 'found main.main.warn.80: 5'
#   at t/10_multi_pack.t line 117.
#                   undef
#     doesn't match '(?^ms:main.main.warn.80: 5)'

#   Failed test 'found main.main.info.81: 5'
#   at t/10_multi_pack.t line 118.
#                   undef
#     doesn't match '(?^ms:main.main.info.81: 5)'

#   Failed test 'found X.truck.warn.8: X 5'
#   at t/10_multi_pack.t line 121.
#                   undef
#     doesn't match '(?^ms:X.truck.warn.8: truckin: X 5)'

#   Failed test 'found Y.truck.warn.8: Y 5'
#   at t/10_multi_pack.t line 121.
#                   undef
#     doesn't match '(?^ms:Y.truck.warn.8: truckin: Y 5)'

#   Failed test 'got something on stderr'
#   at t/10_multi_pack.t line 126.

#   Failed test 'found: 'log4perl.category.X.truck.debug.9' => '-5''
#   at t/10_multi_pack.t line 129.
#                   undef
#     doesn't match '(?^ms:\'log4perl\.category\.X\.truck\.debug\.9\'\ \=\>\ \'\-5\')'

#   Failed test 'found: 'log4perl.category.X.truck.warn.8' => 5,'
#   at t/10_multi_pack.t line 132.
#                   undef
#     doesn't match '(?^ms:\'log4perl\.category\.X\.truck\.warn\.8\'\ \=\>\ 5\,)'

#   Failed test 'found: 'log4perl.category.Y.truck.debug.9' => '-5''
#   at t/10_multi_pack.t line 129.
#                   undef
#     doesn't match '(?^ms:\'log4perl\.category\.Y\.truck\.debug\.9\'\ \=\>\ \'\-5\')'

#   Failed test 'found: 'log4perl.category.Y.truck.warn.8' => 5,'
#   at t/10_multi_pack.t line 132.
#                   undef
#     doesn't match '(?^ms:\'log4perl\.category\.Y\.truck\.warn\.8\'\ \=\>\ 5\,)'

#   Failed test 'found: 'log4perl.category.main.main.warn.80' => 5'
#   at t/10_multi_pack.t line 136.
#                   undef
#     doesn't match '(?^ms:\'log4perl\.category\.main\.main\.warn\.80\'\ \=\>\ 5)'

#   Failed test 'found: 'log4perl.category.main.main.info.81' => 5'
#   at t/10_multi_pack.t line 139.
#                   undef
#     doesn't match '(?^ms:\'log4perl\.category\.main\.main\.info\.81\'\ \=\>\ 5\,)'
Can't locate Log/Log4perl.pm in @INC (you may need to install the Log::Log4perl module) (@INC contains: ../lib /etc/perl /usr/local/lib/x86_64-linux-gnu/perl/5.24.1 /usr/local/share/perl/5.24.1 /usr/lib/x86_64-linux-gnu/perl5/5.24 /usr/share/perl5 /usr/lib/x86_64-linux-gnu/perl/5.24 /usr/share/perl/5.24 /usr/local/lib/site_perl /usr/lib/x86_64-linux-gnu/perl-base .) at ../lib/Log/Log4perl/AutoCategorize.pm line 9.
BEGIN failed--compilation aborted at ../lib/Log/Log4perl/AutoCategorize.pm line 9.
Compilation failed in require at Z.pm line 5.
BEGIN failed--compilation aborted at Z.pm line 5.
Compilation failed in require at multi_pack.pl line 45.
BEGIN failed--compilation aborted at multi_pack.pl line 49.

#   Failed test 'exited with 0'
#   at t/10_multi_pack.t line 93.

#   Failed test 'got something on stdout'
#   at t/10_multi_pack.t line 110.

#   Failed test 'found main.main.warn.80: 1'
#   at t/10_multi_pack.t line 117.
#                   undef
#     doesn't match '(?^ms:main.main.warn.80: 1)'

#   Failed test 'found main.main.info.81: 1'
#   at t/10_multi_pack.t line 118.
#                   undef
#     doesn't match '(?^ms:main.main.info.81: 1)'

#   Failed test 'found X.truck.warn.8: X 1'
#   at t/10_multi_pack.t line 121.
#                   undef
#     doesn't match '(?^ms:X.truck.warn.8: truckin: X 1)'

#   Failed test 'found Z.truck.warn.8: Z 1'
#   at t/10_multi_pack.t line 121.
#                   undef
#     doesn't match '(?^ms:Z.truck.warn.8: truckin: Z 1)'

#   Failed test 'found main.main.warn.80: 2'
#   at t/10_multi_pack.t line 117.
#                   undef
#     doesn't match '(?^ms:main.main.warn.80: 2)'

#   Failed test 'found main.main.info.81: 2'
#   at t/10_multi_pack.t line 118.
#                   undef
#     doesn't match '(?^ms:main.main.info.81: 2)'

#   Failed test 'found X.truck.warn.8: X 2'
#   at t/10_multi_pack.t line 121.
#                   undef
#     doesn't match '(?^ms:X.truck.warn.8: truckin: X 2)'

#   Failed test 'found Z.truck.warn.8: Z 2'
#   at t/10_multi_pack.t line 121.
#                   undef
#     doesn't match '(?^ms:Z.truck.warn.8: truckin: Z 2)'

#   Failed test 'found main.main.warn.80: 3'
#   at t/10_multi_pack.t line 117.
#                   undef
#     doesn't match '(?^ms:main.main.warn.80: 3)'

#   Failed test 'found main.main.info.81: 3'
#   at t/10_multi_pack.t line 118.
#                   undef
#     doesn't match '(?^ms:main.main.info.81: 3)'

#   Failed test 'found X.truck.warn.8: X 3'
#   at t/10_multi_pack.t line 121.
#                   undef
#     doesn't match '(?^ms:X.truck.warn.8: truckin: X 3)'

#   Failed test 'found Z.truck.warn.8: Z 3'
#   at t/10_multi_pack.t line 121.
#                   undef
#     doesn't match '(?^ms:Z.truck.warn.8: truckin: Z 3)'

#   Failed test 'found main.main.warn.80: 4'
#   at t/10_multi_pack.t line 117.
#                   undef
#     doesn't match '(?^ms:main.main.warn.80: 4)'

#   Failed test 'found main.main.info.81: 4'
#   at t/10_multi_pack.t line 118.
#                   undef
#     doesn't match '(?^ms:main.main.info.81: 4)'

#   Failed test 'found X.truck.warn.8: X 4'
#   at t/10_multi_pack.t line 121.
#                   undef
#     doesn't match '(?^ms:X.truck.warn.8: truckin: X 4)'

#   Failed test 'found Z.truck.warn.8: Z 4'
#   at t/10_multi_pack.t line 121.
#                   undef
#     doesn't match '(?^ms:Z.truck.warn.8: truckin: Z 4)'

#   Failed test 'found main.main.warn.80: 5'
#   at t/10_multi_pack.t line 117.
#                   undef
#     doesn't match '(?^ms:main.main.warn.80: 5)'

#   Failed test 'found main.main.info.81: 5'
#   at t/10_multi_pack.t line 118.
#                   undef
#     doesn't match '(?^ms:main.main.info.81: 5)'

#   Failed test 'found X.truck.warn.8: X 5'
#   at t/10_multi_pack.t line 121.
#                   undef
#     doesn't match '(?^ms:X.truck.warn.8: truckin: X 5)'

#   Failed test 'found Z.truck.warn.8: Z 5'
#   at t/10_multi_pack.t line 121.
#                   undef
#     doesn't match '(?^ms:Z.truck.warn.8: truckin: Z 5)'

#   Failed test 'got something on stderr'
#   at t/10_multi_pack.t line 126.

#   Failed test 'found: 'log4perl.category.X.truck.debug.9' => '-5''
#   at t/10_multi_pack.t line 129.
#                   undef
#     doesn't match '(?^ms:\'log4perl\.category\.X\.truck\.debug\.9\'\ \=\>\ \'\-5\')'

#   Failed test 'found: 'log4perl.category.X.truck.warn.8' => 5,'
#   at t/10_multi_pack.t line 132.
#                   undef
#     doesn't match '(?^ms:\'log4perl\.category\.X\.truck\.warn\.8\'\ \=\>\ 5\,)'

#   Failed test 'found: 'log4perl.category.Z.truck.debug.9' => '-5''
#   at t/10_multi_pack.t line 129.
#                   undef
#     doesn't match '(?^ms:\'log4perl\.category\.Z\.truck\.debug\.9\'\ \=\>\ \'\-5\')'

#   Failed test 'found: 'log4perl.category.Z.truck.warn.8' => 5,'
#   at t/10_multi_pack.t line 132.
#                   undef
#     doesn't match '(?^ms:\'log4perl\.category\.Z\.truck\.warn\.8\'\ \=\>\ 5\,)'

#   Failed test 'found: 'log4perl.category.main.main.warn.80' => 5'
#   at t/10_multi_pack.t line 136.
#                   undef
#     doesn't match '(?^ms:\'log4perl\.category\.main\.main\.warn\.80\'\ \=\>\ 5)'

#   Failed test 'found: 'log4perl.category.main.main.info.81' => 5'
#   at t/10_multi_pack.t line 139.
#                   undef
#     doesn't match '(?^ms:\'log4perl\.category\.main\.main\.info\.81\'\ \=\>\ 5\,)'
Can't locate Log/Log4perl.pm in @INC (you may need to install the Log::Log4perl module) (@INC contains: ../lib /etc/perl /usr/local/lib/x86_64-linux-gnu/perl/5.24.1 /usr/local/share/perl/5.24.1 /usr/lib/x86_64-linux-gnu/perl5/5.24 /usr/share/perl5 /usr/lib/x86_64-linux-gnu/perl/5.24 /usr/share/perl/5.24 /usr/local/lib/site_perl /usr/lib/x86_64-linux-gnu/perl-base .) at ../lib/Log/Log4perl/AutoCategorize.pm line 9.
BEGIN failed--compilation aborted at ../lib/Log/Log4perl/AutoCategorize.pm line 9.
Compilation failed in require at Z.pm line 5.
BEGIN failed--compilation aborted at Z.pm line 5.
Compilation failed in require at multi_pack.pl line 45.
BEGIN failed--compilation aborted at multi_pack.pl line 49.

#   Failed test 'exited with 0'
#   at t/10_multi_pack.t line 93.

#   Failed test 'got something on stdout'
#   at t/10_multi_pack.t line 110.

#   Failed test 'found main.main.warn.80: 1'
#   at t/10_multi_pack.t line 117.
#                   undef
#     doesn't match '(?^ms:main.main.warn.80: 1)'

#   Failed test 'found main.main.info.81: 1'
#   at t/10_multi_pack.t line 118.
#                   undef
#     doesn't match '(?^ms:main.main.info.81: 1)'

#   Failed test 'found Y.truck.warn.8: Y 1'
#   at t/10_multi_pack.t line 121.
#                   undef
#     doesn't match '(?^ms:Y.truck.warn.8: truckin: Y 1)'

#   Failed test 'found Z.truck.warn.8: Z 1'
#   at t/10_multi_pack.t line 121.
#                   undef
#     doesn't match '(?^ms:Z.truck.warn.8: truckin: Z 1)'

#   Failed test 'found main.main.warn.80: 2'
#   at t/10_multi_pack.t line 117.
#                   undef
#     doesn't match '(?^ms:main.main.warn.80: 2)'

#   Failed test 'found main.main.info.81: 2'
#   at t/10_multi_pack.t line 118.
#                   undef
#     doesn't match '(?^ms:main.main.info.81: 2)'

#   Failed test 'found Y.truck.warn.8: Y 2'
#   at t/10_multi_pack.t line 121.
#                   undef
#     doesn't match '(?^ms:Y.truck.warn.8: truckin: Y 2)'

#   Failed test 'found Z.truck.warn.8: Z 2'
#   at t/10_multi_pack.t line 121.
#                   undef
#     doesn't match '(?^ms:Z.truck.warn.8: truckin: Z 2)'

#   Failed test 'found main.main.warn.80: 3'
#   at t/10_multi_pack.t line 117.
#                   undef
#     doesn't match '(?^ms:main.main.warn.80: 3)'

#   Failed test 'found main.main.info.81: 3'
#   at t/10_multi_pack.t line 118.
#                   undef
#     doesn't match '(?^ms:main.main.info.81: 3)'

#   Failed test 'found Y.truck.warn.8: Y 3'
#   at t/10_multi_pack.t line 121.
#                   undef
#     doesn't match '(?^ms:Y.truck.warn.8: truckin: Y 3)'

#   Failed test 'found Z.truck.warn.8: Z 3'
#   at t/10_multi_pack.t line 121.
#                   undef
#     doesn't match '(?^ms:Z.truck.warn.8: truckin: Z 3)'

#   Failed test 'found main.main.warn.80: 4'
#   at t/10_multi_pack.t line 117.
#                   undef
#     doesn't match '(?^ms:main.main.warn.80: 4)'

#   Failed test 'found main.main.info.81: 4'
#   at t/10_multi_pack.t line 118.
#                   undef
#     doesn't match '(?^ms:main.main.info.81: 4)'

#   Failed test 'found Y.truck.warn.8: Y 4'
#   at t/10_multi_pack.t line 121.
#                   undef
#     doesn't match '(?^ms:Y.truck.warn.8: truckin: Y 4)'

#   Failed test 'found Z.truck.warn.8: Z 4'
#   at t/10_multi_pack.t line 121.
#                   undef
#     doesn't match '(?^ms:Z.truck.warn.8: truckin: Z 4)'

#   Failed test 'found main.main.warn.80: 5'
#   at t/10_multi_pack.t line 117.
#                   undef
#     doesn't match '(?^ms:main.main.warn.80: 5)'

#   Failed test 'found main.main.info.81: 5'
#   at t/10_multi_pack.t line 118.
#                   undef
#     doesn't match '(?^ms:main.main.info.81: 5)'

#   Failed test 'found Y.truck.warn.8: Y 5'
#   at t/10_multi_pack.t line 121.
#                   undef
#     doesn't match '(?^ms:Y.truck.warn.8: truckin: Y 5)'

#   Failed test 'found Z.truck.warn.8: Z 5'
#   at t/10_multi_pack.t line 121.
#                   undef
#     doesn't match '(?^ms:Z.truck.warn.8: truckin: Z 5)'

#   Failed test 'got something on stderr'
#   at t/10_multi_pack.t line 126.

#   Failed test 'found: 'log4perl.category.Y.truck.debug.9' => '-5''
#   at t/10_multi_pack.t line 129.
#                   undef
#     doesn't match '(?^ms:\'log4perl\.category\.Y\.truck\.debug\.9\'\ \=\>\ \'\-5\')'

#   Failed test 'found: 'log4perl.category.Y.truck.warn.8' => 5,'
#   at t/10_multi_pack.t line 132.
#                   undef
#     doesn't match '(?^ms:\'log4perl\.category\.Y\.truck\.warn\.8\'\ \=\>\ 5\,)'

#   Failed test 'found: 'log4perl.category.Z.truck.debug.9' => '-5''
#   at t/10_multi_pack.t line 129.
#                   undef
#     doesn't match '(?^ms:\'log4perl\.category\.Z\.truck\.debug\.9\'\ \=\>\ \'\-5\')'

#   Failed test 'found: 'log4perl.category.Z.truck.warn.8' => 5,'
#   at t/10_multi_pack.t line 132.
#                   undef
#     doesn't match '(?^ms:\'log4perl\.category\.Z\.truck\.warn\.8\'\ \=\>\ 5\,)'

#   Failed test 'found: 'log4perl.category.main.main.warn.80' => 5'
#   at t/10_multi_pack.t line 136.
#                   undef
#     doesn't match '(?^ms:\'log4perl\.category\.main\.main\.warn\.80\'\ \=\>\ 5)'

#   Failed test 'found: 'log4perl.category.main.main.info.81' => 5'
#   at t/10_multi_pack.t line 139.
#                   undef
#     doesn't match '(?^ms:\'log4perl\.category\.main\.main\.info\.81\'\ \=\>\ 5\,)'
Can't locate Log/Log4perl.pm in @INC (you may need to install the Log::Log4perl module) (@INC contains: ../lib /etc/perl /usr/local/lib/x86_64-linux-gnu/perl/5.24.1 /usr/local/share/perl/5.24.1 /usr/lib/x86_64-linux-gnu/perl5/5.24 /usr/share/perl5 /usr/lib/x86_64-linux-gnu/perl/5.24 /usr/share/perl/5.24 /usr/local/lib/site_perl /usr/lib/x86_64-linux-gnu/perl-base .) at ../lib/Log/Log4perl/AutoCategorize.pm line 9.
BEGIN failed--compilation aborted at ../lib/Log/Log4perl/AutoCategorize.pm line 9.
Compilation failed in require at multi_pack.pl line 63.
BEGIN failed--compilation aborted at multi_pack.pl line 63.

#   Failed test 'exited with 0'
#   at t/10_multi_pack.t line 93.

#   Failed test 'got something on stdout'
#   at t/10_multi_pack.t line 110.

#   Failed test 'found main.main.warn.80: 1'
#   at t/10_multi_pack.t line 117.
#                   undef
#     doesn't match '(?^ms:main.main.warn.80: 1)'

#   Failed test 'found main.main.info.81: 1'
#   at t/10_multi_pack.t line 118.
#                   undef
#     doesn't match '(?^ms:main.main.info.81: 1)'

#   Failed test 'found X.truck.warn.8: X 1'
#   at t/10_multi_pack.t line 121.
#                   undef
#     doesn't match '(?^ms:X.truck.warn.8: truckin: X 1)'

#   Failed test 'found main.main.warn.80: 2'
#   at t/10_multi_pack.t line 117.
#                   undef
#     doesn't match '(?^ms:main.main.warn.80: 2)'

#   Failed test 'found main.main.info.81: 2'
#   at t/10_multi_pack.t line 118.
#                   undef
#     doesn't match '(?^ms:main.main.info.81: 2)'

#   Failed test 'found X.truck.warn.8: X 2'
#   at t/10_multi_pack.t line 121.
#                   undef
#     doesn't match '(?^ms:X.truck.warn.8: truckin: X 2)'

#   Failed test 'found main.main.warn.80: 3'
#   at t/10_multi_pack.t line 117.
#                   undef
#     doesn't match '(?^ms:main.main.warn.80: 3)'

#   Failed test 'found main.main.info.81: 3'
#   at t/10_multi_pack.t line 118.
#                   undef
#     doesn't match '(?^ms:main.main.info.81: 3)'

#   Failed test 'found X.truck.warn.8: X 3'
#   at t/10_multi_pack.t line 121.
#                   undef
#     doesn't match '(?^ms:X.truck.warn.8: truckin: X 3)'

#   Failed test 'found main.main.warn.80: 4'
#   at t/10_multi_pack.t line 117.
#                   undef
#     doesn't match '(?^ms:main.main.warn.80: 4)'

#   Failed test 'found main.main.info.81: 4'
#   at t/10_multi_pack.t line 118.
#                   undef
#     doesn't match '(?^ms:main.main.info.81: 4)'

#   Failed test 'found X.truck.warn.8: X 4'
#   at t/10_multi_pack.t line 121.
#                   undef
#     doesn't match '(?^ms:X.truck.warn.8: truckin: X 4)'

#   Failed test 'found main.main.warn.80: 5'
#   at t/10_multi_pack.t line 117.
#                   undef
#     doesn't match '(?^ms:main.main.warn.80: 5)'

#   Failed test 'found main.main.info.81: 5'
#   at t/10_multi_pack.t line 118.
#                   undef
#     doesn't match '(?^ms:main.main.info.81: 5)'

#   Failed test 'found X.truck.warn.8: X 5'
#   at t/10_multi_pack.t line 121.
#                   undef
#     doesn't match '(?^ms:X.truck.warn.8: truckin: X 5)'

#   Failed test 'got something on stderr'
#   at t/10_multi_pack.t line 126.

#   Failed test 'found: 'log4perl.category.X.truck.debug.9' => '-5''
#   at t/10_multi_pack.t line 129.
#                   undef
#     doesn't match '(?^ms:\'log4perl\.category\.X\.truck\.debug\.9\'\ \=\>\ \'\-5\')'

#   Failed test 'found: 'log4perl.category.X.truck.warn.8' => 5,'
#   at t/10_multi_pack.t line 132.
#                   undef
#     doesn't match '(?^ms:\'log4perl\.category\.X\.truck\.warn\.8\'\ \=\>\ 5\,)'

#   Failed test 'found: 'log4perl.category.main.main.warn.80' => 5'
#   at t/10_multi_pack.t line 136.
#                   undef
#     doesn't match '(?^ms:\'log4perl\.category\.main\.main\.warn\.80\'\ \=\>\ 5)'

#   Failed test 'found: 'log4perl.category.main.main.info.81' => 5'
#   at t/10_multi_pack.t line 139.
#                   undef
#     doesn't match '(?^ms:\'log4perl\.category\.main\.main\.info\.81\'\ \=\>\ 5\,)'
Can't locate Log/Log4perl.pm in @INC (you may need to install the Log::Log4perl module) (@INC contains: ../lib /etc/perl /usr/local/lib/x86_64-linux-gnu/perl/5.24.1 /usr/local/share/perl/5.24.1 /usr/lib/x86_64-linux-gnu/perl5/5.24 /usr/share/perl5 /usr/lib/x86_64-linux-gnu/perl/5.24 /usr/share/perl/5.24 /usr/local/lib/site_perl /usr/lib/x86_64-linux-gnu/perl-base .) at ../lib/Log/Log4perl/AutoCategorize.pm line 9.
BEGIN failed--compilation aborted at ../lib/Log/Log4perl/AutoCategorize.pm line 9.
Compilation failed in require at multi_pack.pl line 63.
BEGIN failed--compilation aborted at multi_pack.pl line 63.

#   Failed test 'exited with 0'
#   at t/10_multi_pack.t line 93.

#   Failed test 'got something on stdout'
#   at t/10_multi_pack.t line 110.

#   Failed test 'found main.main.warn.80: 1'
#   at t/10_multi_pack.t line 117.
#                   undef
#     doesn't match '(?^ms:main.main.warn.80: 1)'

#   Failed test 'found main.main.info.81: 1'
#   at t/10_multi_pack.t line 118.
#                   undef
#     doesn't match '(?^ms:main.main.info.81: 1)'

#   Failed test 'found Y.truck.warn.8: Y 1'
#   at t/10_multi_pack.t line 121.
#                   undef
#     doesn't match '(?^ms:Y.truck.warn.8: truckin: Y 1)'

#   Failed test 'found main.main.warn.80: 2'
#   at t/10_multi_pack.t line 117.
#                   undef
#     doesn't match '(?^ms:main.main.warn.80: 2)'

#   Failed test 'found main.main.info.81: 2'
#   at t/10_multi_pack.t line 118.
#                   undef
#     doesn't match '(?^ms:main.main.info.81: 2)'

#   Failed test 'found Y.truck.warn.8: Y 2'
#   at t/10_multi_pack.t line 121.
#                   undef
#     doesn't match '(?^ms:Y.truck.warn.8: truckin: Y 2)'

#   Failed test 'found main.main.warn.80: 3'
#   at t/10_multi_pack.t line 117.
#                   undef
#     doesn't match '(?^ms:main.main.warn.80: 3)'

#   Failed test 'found main.main.info.81: 3'
#   at t/10_multi_pack.t line 118.
#                   undef
#     doesn't match '(?^ms:main.main.info.81: 3)'

#   Failed test 'found Y.truck.warn.8: Y 3'
#   at t/10_multi_pack.t line 121.
#                   undef
#     doesn't match '(?^ms:Y.truck.warn.8: truckin: Y 3)'

#   Failed test 'found main.main.warn.80: 4'
#   at t/10_multi_pack.t line 117.
#                   undef
#     doesn't match '(?^ms:main.main.warn.80: 4)'

#   Failed test 'found main.main.info.81: 4'
#   at t/10_multi_pack.t line 118.
#                   undef
#     doesn't match '(?^ms:main.main.info.81: 4)'

#   Failed test 'found Y.truck.warn.8: Y 4'
#   at t/10_multi_pack.t line 121.
#                   undef
#     doesn't match '(?^ms:Y.truck.warn.8: truckin: Y 4)'

#   Failed test 'found main.main.warn.80: 5'
#   at t/10_multi_pack.t line 117.
#                   undef
#     doesn't match '(?^ms:main.main.warn.80: 5)'

#   Failed test 'found main.main.info.81: 5'
#   at t/10_multi_pack.t line 118.
#                   undef
#     doesn't match '(?^ms:main.main.info.81: 5)'

#   Failed test 'found Y.truck.warn.8: Y 5'
#   at t/10_multi_pack.t line 121.
#                   undef
#     doesn't match '(?^ms:Y.truck.warn.8: truckin: Y 5)'

#   Failed test 'got something on stderr'
#   at t/10_multi_pack.t line 126.

#   Failed test 'found: 'log4perl.category.Y.truck.debug.9' => '-5''
#   at t/10_multi_pack.t line 129.
#                   undef
#     doesn't match '(?^ms:\'log4perl\.category\.Y\.truck\.debug\.9\'\ \=\>\ \'\-5\')'

#   Failed test 'found: 'log4perl.category.Y.truck.warn.8' => 5,'
#   at t/10_multi_pack.t line 132.
#                   undef
#     doesn't match '(?^ms:\'log4perl\.category\.Y\.truck\.warn\.8\'\ \=\>\ 5\,)'

#   Failed test 'found: 'log4perl.category.main.main.warn.80' => 5'
#   at t/10_multi_pack.t line 136.
#                   undef
#     doesn't match '(?^ms:\'log4perl\.category\.main\.main\.warn\.80\'\ \=\>\ 5)'

#   Failed test 'found: 'log4perl.category.main.main.info.81' => 5'
#   at t/10_multi_pack.t line 139.
#                   undef
#     doesn't match '(?^ms:\'log4perl\.category\.main\.main\.info\.81\'\ \=\>\ 5\,)'
Can't locate Log/Log4perl.pm in @INC (you may need to install the Log::Log4perl module) (@INC contains: ../lib /etc/perl /usr/local/lib/x86_64-linux-gnu/perl/5.24.1 /usr/local/share/perl/5.24.1 /usr/lib/x86_64-linux-gnu/perl5/5.24 /usr/share/perl5 /usr/lib/x86_64-linux-gnu/perl/5.24 /usr/share/perl/5.24 /usr/local/lib/site_perl /usr/lib/x86_64-linux-gnu/perl-base .) at ../lib/Log/Log4perl/AutoCategorize.pm line 9.
BEGIN failed--compilation aborted at ../lib/Log/Log4perl/AutoCategorize.pm line 9.
Compilation failed in require at multi_pack.pl line 63.
BEGIN failed--compilation aborted at multi_pack.pl line 63.

#   Failed test 'exited with 0'
#   at t/10_multi_pack.t line 93.

#   Failed test 'got something on stdout'
#   at t/10_multi_pack.t line 110.

#   Failed test 'found main.main.warn.80: 1'
#   at t/10_multi_pack.t line 117.
#                   undef
#     doesn't match '(?^ms:main.main.warn.80: 1)'

#   Failed test 'found main.main.info.81: 1'
#   at t/10_multi_pack.t line 118.
#                   undef
#     doesn't match '(?^ms:main.main.info.81: 1)'

#   Failed test 'found Z.truck.warn.8: Z 1'
#   at t/10_multi_pack.t line 121.
#                   undef
#     doesn't match '(?^ms:Z.truck.warn.8: truckin: Z 1)'

#   Failed test 'found main.main.warn.80: 2'
#   at t/10_multi_pack.t line 117.
#                   undef
#     doesn't match '(?^ms:main.main.warn.80: 2)'

#   Failed test 'found main.main.info.81: 2'
#   at t/10_multi_pack.t line 118.
#                   undef
#     doesn't match '(?^ms:main.main.info.81: 2)'

#   Failed test 'found Z.truck.warn.8: Z 2'
#   at t/10_multi_pack.t line 121.
#                   undef
#     doesn't match '(?^ms:Z.truck.warn.8: truckin: Z 2)'

#   Failed test 'found main.main.warn.80: 3'
#   at t/10_multi_pack.t line 117.
#                   undef
#     doesn't match '(?^ms:main.main.warn.80: 3)'

#   Failed test 'found main.main.info.81: 3'
#   at t/10_multi_pack.t line 118.
#                   undef
#     doesn't match '(?^ms:main.main.info.81: 3)'

#   Failed test 'found Z.truck.warn.8: Z 3'
#   at t/10_multi_pack.t line 121.
#                   undef
#     doesn't match '(?^ms:Z.truck.warn.8: truckin: Z 3)'

#   Failed test 'found main.main.warn.80: 4'
#   at t/10_multi_pack.t line 117.
#                   undef
#     doesn't match '(?^ms:main.main.warn.80: 4)'

#   Failed test 'found main.main.info.81: 4'
#   at t/10_multi_pack.t line 118.
#                   undef
#     doesn't match '(?^ms:main.main.info.81: 4)'

#   Failed test 'found Z.truck.warn.8: Z 4'
#   at t/10_multi_pack.t line 121.
#                   undef
#     doesn't match '(?^ms:Z.truck.warn.8: truckin: Z 4)'

#   Failed test 'found main.main.warn.80: 5'
#   at t/10_multi_pack.t line 117.
#                   undef
#     doesn't match '(?^ms:main.main.warn.80: 5)'

#   Failed test 'found main.main.info.81: 5'
#   at t/10_multi_pack.t line 118.
#                   undef
#     doesn't match '(?^ms:main.main.info.81: 5)'

#   Failed test 'found Z.truck.warn.8: Z 5'
#   at t/10_multi_pack.t line 121.
#                   undef
#     doesn't match '(?^ms:Z.truck.warn.8: truckin: Z 5)'

#   Failed test 'got something on stderr'
#   at t/10_multi_pack.t line 126.

#   Failed test 'found: 'log4perl.category.Z.truck.debug.9' => '-5''
#   at t/10_multi_pack.t line 129.
#                   undef
#     doesn't match '(?^ms:\'log4perl\.category\.Z\.truck\.debug\.9\'\ \=\>\ \'\-5\')'

#   Failed test 'found: 'log4perl.category.Z.truck.warn.8' => 5,'
#   at t/10_multi_pack.t line 132.
#                   undef
#     doesn't match '(?^ms:\'log4perl\.category\.Z\.truck\.warn\.8\'\ \=\>\ 5\,)'

#   Failed test 'found: 'log4perl.category.main.main.warn.80' => 5'
#   at t/10_multi_pack.t line 136.
#                   undef
#     doesn't match '(?^ms:\'log4perl\.category\.main\.main\.warn\.80\'\ \=\>\ 5)'

#   Failed test 'found: 'log4perl.category.main.main.info.81' => 5'
#   at t/10_multi_pack.t line 139.
#                   undef
#     doesn't match '(?^ms:\'log4perl\.category\.main\.main\.info\.81\'\ \=\>\ 5\,)'
Can't locate Log/Log4perl.pm in @INC (you may need to install the Log::Log4perl module) (@INC contains: ../lib /etc/perl /usr/local/lib/x86_64-linux-gnu/perl/5.24.1 /usr/local/share/perl/5.24.1 /usr/lib/x86_64-linux-gnu/perl5/5.24 /usr/share/perl5 /usr/lib/x86_64-linux-gnu/perl/5.24 /usr/share/perl/5.24 /usr/local/lib/site_perl /usr/lib/x86_64-linux-gnu/perl-base .) at ../lib/Log/Log4perl/AutoCategorize.pm line 9.
BEGIN failed--compilation aborted at ../lib/Log/Log4perl/AutoCategorize.pm line 9.
Compilation failed in require at X.pm line 5.
BEGIN failed--compilation aborted at X.pm line 5.
Compilation failed in require at multi_pack.pl line 45.
BEGIN failed--compilation aborted at multi_pack.pl line 49.

#   Failed test 'exited with 0'
#   at t/10_multi_pack.t line 93.

#   Failed test 'got something on stdout'
#   at t/10_multi_pack.t line 110.

#   Failed test 'found main.main.warn.80: 1'
#   at t/10_multi_pack.t line 117.
#                   undef
#     doesn't match '(?^ms:main.main.warn.80: 1)'

#   Failed test 'found main.main.info.81: 1'
#   at t/10_multi_pack.t line 118.
#                   undef
#     doesn't match '(?^ms:main.main.info.81: 1)'

#   Failed test 'found X.truck.warn.8: X 1'
#   at t/10_multi_pack.t line 121.
#                   undef
#     doesn't match '(?^ms:X.truck.warn.8: truckin: X 1)'

#   Failed test 'found main.main.warn.80: 2'
#   at t/10_multi_pack.t line 117.
#                   undef
#     doesn't match '(?^ms:main.main.warn.80: 2)'

#   Failed test 'found main.main.info.81: 2'
#   at t/10_multi_pack.t line 118.
#                   undef
#     doesn't match '(?^ms:main.main.info.81: 2)'

#   Failed test 'found X.truck.warn.8: X 2'
#   at t/10_multi_pack.t line 121.
#                   undef
#     doesn't match '(?^ms:X.truck.warn.8: truckin: X 2)'

#   Failed test 'found main.main.warn.80: 3'
#   at t/10_multi_pack.t line 117.
#                   undef
#     doesn't match '(?^ms:main.main.warn.80: 3)'

#   Failed test 'found main.main.info.81: 3'
#   at t/10_multi_pack.t line 118.
#                   undef
#     doesn't match '(?^ms:main.main.info.81: 3)'

#   Failed test 'found X.truck.warn.8: X 3'
#   at t/10_multi_pack.t line 121.
#                   undef
#     doesn't match '(?^ms:X.truck.warn.8: truckin: X 3)'

#   Failed test 'found main.main.warn.80: 4'
#   at t/10_multi_pack.t line 117.
#                   undef
#     doesn't match '(?^ms:main.main.warn.80: 4)'

#   Failed test 'found main.main.info.81: 4'
#   at t/10_multi_pack.t line 118.
#                   undef
#     doesn't match '(?^ms:main.main.info.81: 4)'

#   Failed test 'found X.truck.warn.8: X 4'
#   at t/10_multi_pack.t line 121.
#                   undef
#     doesn't match '(?^ms:X.truck.warn.8: truckin: X 4)'

#   Failed test 'found main.main.warn.80: 5'
#   at t/10_multi_pack.t line 117.
#                   undef
#     doesn't match '(?^ms:main.main.warn.80: 5)'

#   Failed test 'found main.main.info.81: 5'
#   at t/10_multi_pack.t line 118.
#                   undef
#     doesn't match '(?^ms:main.main.info.81: 5)'

#   Failed test 'found X.truck.warn.8: X 5'
#   at t/10_multi_pack.t line 121.
#                   undef
#     doesn't match '(?^ms:X.truck.warn.8: truckin: X 5)'

#   Failed test 'got something on stderr'
#   at t/10_multi_pack.t line 126.

#   Failed test 'found: 'log4perl.category.X.truck.debug.9' => '-5''
#   at t/10_multi_pack.t line 129.
#                   undef
#     doesn't match '(?^ms:\'log4perl\.category\.X\.truck\.debug\.9\'\ \=\>\ \'\-5\')'

#   Failed test 'found: 'log4perl.category.X.truck.warn.8' => 5,'
#   at t/10_multi_pack.t line 132.
#                   undef
#     doesn't match '(?^ms:\'log4perl\.category\.X\.truck\.warn\.8\'\ \=\>\ 5\,)'

#   Failed test 'found: 'log4perl.category.main.main.warn.80' => 5'
#   at t/10_multi_pack.t line 136.
#                   undef
#     doesn't match '(?^ms:\'log4perl\.category\.main\.main\.warn\.80\'\ \=\>\ 5)'

#   Failed test 'found: 'log4perl.category.main.main.info.81' => 5'
#   at t/10_multi_pack.t line 139.
#                   undef
#     doesn't match '(?^ms:\'log4perl\.category\.main\.main\.info\.81\'\ \=\>\ 5\,)'
Can't locate Log/Log4perl.pm in @INC (you may need to install the Log::Log4perl module) (@INC contains: ../lib /etc/perl /usr/local/lib/x86_64-linux-gnu/perl/5.24.1 /usr/local/share/perl/5.24.1 /usr/lib/x86_64-linux-gnu/perl5/5.24 /usr/share/perl5 /usr/lib/x86_64-linux-gnu/perl/5.24 /usr/share/perl/5.24 /usr/local/lib/site_perl /usr/lib/x86_64-linux-gnu/perl-base .) at ../lib/Log/Log4perl/AutoCategorize.pm line 9.
BEGIN failed--compilation aborted at ../lib/Log/Log4perl/AutoCategorize.pm line 9.
Compilation failed in require at Y.pm line 5.
BEGIN failed--compilation aborted at Y.pm line 5.
Compilation failed in require at multi_pack.pl line 45.
BEGIN failed--compilation aborted at multi_pack.pl line 49.

#   Failed test 'exited with 0'
#   at t/10_multi_pack.t line 93.

#   Failed test 'got something on stdout'
#   at t/10_multi_pack.t line 110.

#   Failed test 'found main.main.warn.80: 1'
#   at t/10_multi_pack.t line 117.
#                   undef
#     doesn't match '(?^ms:main.main.warn.80: 1)'

#   Failed test 'found main.main.info.81: 1'
#   at t/10_multi_pack.t line 118.
#                   undef
#     doesn't match '(?^ms:main.main.info.81: 1)'

#   Failed test 'found Y.truck.warn.8: Y 1'
#   at t/10_multi_pack.t line 121.
#                   undef
#     doesn't match '(?^ms:Y.truck.warn.8: truckin: Y 1)'

#   Failed test 'found main.main.warn.80: 2'
#   at t/10_multi_pack.t line 117.
#                   undef
#     doesn't match '(?^ms:main.main.warn.80: 2)'

#   Failed test 'found main.main.info.81: 2'
#   at t/10_multi_pack.t line 118.
#                   undef
#     doesn't match '(?^ms:main.main.info.81: 2)'

#   Failed test 'found Y.truck.warn.8: Y 2'
#   at t/10_multi_pack.t line 121.
#                   undef
#     doesn't match '(?^ms:Y.truck.warn.8: truckin: Y 2)'

#   Failed test 'found main.main.warn.80: 3'
#   at t/10_multi_pack.t line 117.
#                   undef
#     doesn't match '(?^ms:main.main.warn.80: 3)'

#   Failed test 'found main.main.info.81: 3'
#   at t/10_multi_pack.t line 118.
#                   undef
#     doesn't match '(?^ms:main.main.info.81: 3)'

#   Failed test 'found Y.truck.warn.8: Y 3'
#   at t/10_multi_pack.t line 121.
#                   undef
#     doesn't match '(?^ms:Y.truck.warn.8: truckin: Y 3)'

#   Failed test 'found main.main.warn.80: 4'
#   at t/10_multi_pack.t line 117.
#                   undef
#     doesn't match '(?^ms:main.main.warn.80: 4)'

#   Failed test 'found main.main.info.81: 4'
#   at t/10_multi_pack.t line 118.
#                   undef
#     doesn't match '(?^ms:main.main.info.81: 4)'

#   Failed test 'found Y.truck.warn.8: Y 4'
#   at t/10_multi_pack.t line 121.
#                   undef
#     doesn't match '(?^ms:Y.truck.warn.8: truckin: Y 4)'

#   Failed test 'found main.main.warn.80: 5'
#   at t/10_multi_pack.t line 117.
#                   undef
#     doesn't match '(?^ms:main.main.warn.80: 5)'

#   Failed test 'found main.main.info.81: 5'
#   at t/10_multi_pack.t line 118.
#                   undef
#     doesn't match '(?^ms:main.main.info.81: 5)'

#   Failed test 'found Y.truck.warn.8: Y 5'
#   at t/10_multi_pack.t line 121.
#                   undef
#     doesn't match '(?^ms:Y.truck.warn.8: truckin: Y 5)'

#   Failed test 'got something on stderr'
#   at t/10_multi_pack.t line 126.

#   Failed test 'found: 'log4perl.category.Y.truck.debug.9' => '-5''
#   at t/10_multi_pack.t line 129.
#                   undef
#     doesn't match '(?^ms:\'log4perl\.category\.Y\.truck\.debug\.9\'\ \=\>\ \'\-5\')'

#   Failed test 'found: 'log4perl.category.Y.truck.warn.8' => 5,'
#   at t/10_multi_pack.t line 132.
#                   undef
#     doesn't match '(?^ms:\'log4perl\.category\.Y\.truck\.warn\.8\'\ \=\>\ 5\,)'

#   Failed test 'found: 'log4perl.category.main.main.warn.80' => 5'
#   at t/10_multi_pack.t line 136.
#                   undef
#     doesn't match '(?^ms:\'log4perl\.category\.main\.main\.warn\.80\'\ \=\>\ 5)'

#   Failed test 'found: 'log4perl.category.main.main.info.81' => 5'
#   at t/10_multi_pack.t line 139.
#                   undef
#     doesn't match '(?^ms:\'log4perl\.category\.main\.main\.info\.81\'\ \=\>\ 5\,)'
Can't locate Log/Log4perl.pm in @INC (you may need to install the Log::Log4perl module) (@INC contains: ../lib /etc/perl /usr/local/lib/x86_64-linux-gnu/perl/5.24.1 /usr/local/share/perl/5.24.1 /usr/lib/x86_64-linux-gnu/perl5/5.24 /usr/share/perl5 /usr/lib/x86_64-linux-gnu/perl/5.24 /usr/share/perl/5.24 /usr/local/lib/site_perl /usr/lib/x86_64-linux-gnu/perl-base .) at ../lib/Log/Log4perl/AutoCategorize.pm line 9.
BEGIN failed--compilation aborted at ../lib/Log/Log4perl/AutoCategorize.pm line 9.
Compilation failed in require at Z.pm line 5.
BEGIN failed--compilation aborted at Z.pm line 5.
Compilation failed in require at multi_pack.pl line 45.
BEGIN failed--compilation aborted at multi_pack.pl line 49.

#   Failed test 'exited with 0'
#   at t/10_multi_pack.t line 93.

#   Failed test 'got something on stdout'
#   at t/10_multi_pack.t line 110.

#   Failed test 'found main.main.warn.80: 1'
#   at t/10_multi_pack.t line 117.
#                   undef
#     doesn't match '(?^ms:main.main.warn.80: 1)'

#   Failed test 'found main.main.info.81: 1'
#   at t/10_multi_pack.t line 118.
#                   undef
#     doesn't match '(?^ms:main.main.info.81: 1)'

#   Failed test 'found Z.truck.warn.8: Z 1'
#   at t/10_multi_pack.t line 121.
#                   undef
#     doesn't match '(?^ms:Z.truck.warn.8: truckin: Z 1)'

#   Failed test 'found main.main.warn.80: 2'
#   at t/10_multi_pack.t line 117.
#                   undef
#     doesn't match '(?^ms:main.main.warn.80: 2)'

#   Failed test 'found main.main.info.81: 2'
#   at t/10_multi_pack.t line 118.
#                   undef
#     doesn't match '(?^ms:main.main.info.81: 2)'

#   Failed test 'found Z.truck.warn.8: Z 2'
#   at t/10_multi_pack.t line 121.
#                   undef
#     doesn't match '(?^ms:Z.truck.warn.8: truckin: Z 2)'

#   Failed test 'found main.main.warn.80: 3'
#   at t/10_multi_pack.t line 117.
#                   undef
#     doesn't match '(?^ms:main.main.warn.80: 3)'

#   Failed test 'found main.main.info.81: 3'
#   at t/10_multi_pack.t line 118.
#                   undef
#     doesn't match '(?^ms:main.main.info.81: 3)'

#   Failed test 'found Z.truck.warn.8: Z 3'
#   at t/10_multi_pack.t line 121.
#                   undef
#     doesn't match '(?^ms:Z.truck.warn.8: truckin: Z 3)'

#   Failed test 'found main.main.warn.80: 4'
#   at t/10_multi_pack.t line 117.
#                   undef
#     doesn't match '(?^ms:main.main.warn.80: 4)'

#   Failed test 'found main.main.info.81: 4'
#   at t/10_multi_pack.t line 118.
#                   undef
#     doesn't match '(?^ms:main.main.info.81: 4)'

#   Failed test 'found Z.truck.warn.8: Z 4'
#   at t/10_multi_pack.t line 121.
#                   undef
#     doesn't match '(?^ms:Z.truck.warn.8: truckin: Z 4)'

#   Failed test 'found main.main.warn.80: 5'
#   at t/10_multi_pack.t line 117.
#                   undef
#     doesn't match '(?^ms:main.main.warn.80: 5)'

#   Failed test 'found main.main.info.81: 5'
#   at t/10_multi_pack.t line 118.
#                   undef
#     doesn't match '(?^ms:main.main.info.81: 5)'

#   Failed test 'found Z.truck.warn.8: Z 5'
#   at t/10_multi_pack.t line 121.
#                   undef
#     doesn't match '(?^ms:Z.truck.warn.8: truckin: Z 5)'

#   Failed test 'got something on stderr'
#   at t/10_multi_pack.t line 126.

#   Failed test 'found: 'log4perl.category.Z.truck.debug.9' => '-5''
#   at t/10_multi_pack.t line 129.
#                   undef
#     doesn't match '(?^ms:\'log4perl\.category\.Z\.truck\.debug\.9\'\ \=\>\ \'\-5\')'

#   Failed test 'found: 'log4perl.category.Z.truck.warn.8' => 5,'
#   at t/10_multi_pack.t line 132.
#                   undef
#     doesn't match '(?^ms:\'log4perl\.category\.Z\.truck\.warn\.8\'\ \=\>\ 5\,)'

#   Failed test 'found: 'log4perl.category.main.main.warn.80' => 5'
#   at t/10_multi_pack.t line 136.
#                   undef
#     doesn't match '(?^ms:\'log4perl\.category\.main\.main\.warn\.80\'\ \=\>\ 5)'

#   Failed test 'found: 'log4perl.category.main.main.info.81' => 5'
#   at t/10_multi_pack.t line 139.
#                   undef
#     doesn't match '(?^ms:\'log4perl\.category\.main\.main\.info\.81\'\ \=\>\ 5\,)'
Can't locate Log/Log4perl.pm in @INC (you may need to install the Log::Log4perl module) (@INC contains: ../lib /etc/perl /usr/local/lib/x86_64-linux-gnu/perl/5.24.1 /usr/local/share/perl/5.24.1 /usr/lib/x86_64-linux-gnu/perl5/5.24 /usr/share/perl5 /usr/lib/x86_64-linux-gnu/perl/5.24 /usr/share/perl/5.24 /usr/local/lib/site_perl /usr/lib/x86_64-linux-gnu/perl-base .) at ../lib/Log/Log4perl/AutoCategorize.pm line 9.
BEGIN failed--compilation aborted at ../lib/Log/Log4perl/AutoCategorize.pm line 9.
Compilation failed in require at X.pm line 5.
BEGIN failed--compilation aborted at X.pm line 5.
Compilation failed in require at multi_pack.pl line 45.
BEGIN failed--compilation aborted at multi_pack.pl line 49.

#   Failed test 'exited with 0'
#   at t/10_multi_pack.t line 93.

#   Failed test 'got something on stdout'
#   at t/10_multi_pack.t line 110.

#   Failed test 'found main.main.warn.80: 1'
#   at t/10_multi_pack.t line 117.
#                   undef
#     doesn't match '(?^ms:main.main.warn.80: 1)'

#   Failed test 'found main.main.info.81: 1'
#   at t/10_multi_pack.t line 118.
#                   undef
#     doesn't match '(?^ms:main.main.info.81: 1)'

#   Failed test 'found X.truck.warn.8: X 1'
#   at t/10_multi_pack.t line 121.
#                   undef
#     doesn't match '(?^ms:X.truck.warn.8: truckin: X 1)'

#   Failed test 'found Y.truck.warn.8: Y 1'
#   at t/10_multi_pack.t line 121.
#                   undef
#     doesn't match '(?^ms:Y.truck.warn.8: truckin: Y 1)'

#   Failed test 'found Z.truck.warn.8: Z 1'
#   at t/10_multi_pack.t line 121.
#                   undef
#     doesn't match '(?^ms:Z.truck.warn.8: truckin: Z 1)'

#   Failed test 'found main.main.warn.80: 2'
#   at t/10_multi_pack.t line 117.
#                   undef
#     doesn't match '(?^ms:main.main.warn.80: 2)'

#   Failed test 'found main.main.info.81: 2'
#   at t/10_multi_pack.t line 118.
#                   undef
#     doesn't match '(?^ms:main.main.info.81: 2)'

#   Failed test 'found X.truck.warn.8: X 2'
#   at t/10_multi_pack.t line 121.
#                   undef
#     doesn't match '(?^ms:X.truck.warn.8: truckin: X 2)'

#   Failed test 'found Y.truck.warn.8: Y 2'
#   at t/10_multi_pack.t line 121.
#                   undef
#     doesn't match '(?^ms:Y.truck.warn.8: truckin: Y 2)'

#   Failed test 'found Z.truck.warn.8: Z 2'
#   at t/10_multi_pack.t line 121.
#                   undef
#     doesn't match '(?^ms:Z.truck.warn.8: truckin: Z 2)'

#   Failed test 'found main.main.warn.80: 3'
#   at t/10_multi_pack.t line 117.
#                   undef
#     doesn't match '(?^ms:main.main.warn.80: 3)'

#   Failed test 'found main.main.info.81: 3'
#   at t/10_multi_pack.t line 118.
#                   undef
#     doesn't match '(?^ms:main.main.info.81: 3)'

#   Failed test 'found X.truck.warn.8: X 3'
#   at t/10_multi_pack.t line 121.
#                   undef
#     doesn't match '(?^ms:X.truck.warn.8: truckin: X 3)'

#   Failed test 'found Y.truck.warn.8: Y 3'
#   at t/10_multi_pack.t line 121.
#                   undef
#     doesn't match '(?^ms:Y.truck.warn.8: truckin: Y 3)'

#   Failed test 'found Z.truck.warn.8: Z 3'
#   at t/10_multi_pack.t line 121.
#                   undef
#     doesn't match '(?^ms:Z.truck.warn.8: truckin: Z 3)'

#   Failed test 'found main.main.warn.80: 4'
#   at t/10_multi_pack.t line 117.
#                   undef
#     doesn't match '(?^ms:main.main.warn.80: 4)'

#   Failed test 'found main.main.info.81: 4'
#   at t/10_multi_pack.t line 118.
#                   undef
#     doesn't match '(?^ms:main.main.info.81: 4)'

#   Failed test 'found X.truck.warn.8: X 4'
#   at t/10_multi_pack.t line 121.
#                   undef
#     doesn't match '(?^ms:X.truck.warn.8: truckin: X 4)'

#   Failed test 'found Y.truck.warn.8: Y 4'
#   at t/10_multi_pack.t line 121.
#                   undef
#     doesn't match '(?^ms:Y.truck.warn.8: truckin: Y 4)'

#   Failed test 'found Z.truck.warn.8: Z 4'
#   at t/10_multi_pack.t line 121.
#                   undef
#     doesn't match '(?^ms:Z.truck.warn.8: truckin: Z 4)'

#   Failed test 'found main.main.warn.80: 5'
#   at t/10_multi_pack.t line 117.
#                   undef
#     doesn't match '(?^ms:main.main.warn.80: 5)'

#   Failed test 'found main.main.info.81: 5'
#   at t/10_multi_pack.t line 118.
#                   undef
#     doesn't match '(?^ms:main.main.info.81: 5)'

#   Failed test 'found X.truck.warn.8: X 5'
#   at t/10_multi_pack.t line 121.
#                   undef
#     doesn't match '(?^ms:X.truck.warn.8: truckin: X 5)'

#   Failed test 'found Y.truck.warn.8: Y 5'
#   at t/10_multi_pack.t line 121.
#                   undef
#     doesn't match '(?^ms:Y.truck.warn.8: truckin: Y 5)'

#   Failed test 'found Z.truck.warn.8: Z 5'
#   at t/10_multi_pack.t line 121.
#                   undef
#     doesn't match '(?^ms:Z.truck.warn.8: truckin: Z 5)'

#   Failed test 'got something on stderr'
#   at t/10_multi_pack.t line 126.

#   Failed test 'found: 'log4perl.category.X.truck.debug.9' => '-5''
#   at t/10_multi_pack.t line 129.
#                   undef
#     doesn't match '(?^ms:\'log4perl\.category\.X\.truck\.debug\.9\'\ \=\>\ \'\-5\')'

#   Failed test 'found: 'log4perl.category.X.truck.warn.8' => 5,'
#   at t/10_multi_pack.t line 132.
#                   undef
#     doesn't match '(?^ms:\'log4perl\.category\.X\.truck\.warn\.8\'\ \=\>\ 5\,)'

#   Failed test 'found: 'log4perl.category.Y.truck.debug.9' => '-5''
#   at t/10_multi_pack.t line 129.
#                   undef
#     doesn't match '(?^ms:\'log4perl\.category\.Y\.truck\.debug\.9\'\ \=\>\ \'\-5\')'

#   Failed test 'found: 'log4perl.category.Y.truck.warn.8' => 5,'
#   at t/10_multi_pack.t line 132.
#                   undef
#     doesn't match '(?^ms:\'log4perl\.category\.Y\.truck\.warn\.8\'\ \=\>\ 5\,)'

#   Failed test 'found: 'log4perl.category.Z.truck.debug.9' => '-5''
#   at t/10_multi_pack.t line 129.
#                   undef
#     doesn't match '(?^ms:\'log4perl\.category\.Z\.truck\.debug\.9\'\ \=\>\ \'\-5\')'

#   Failed test 'found: 'log4perl.category.Z.truck.warn.8' => 5,'
#   at t/10_multi_pack.t line 132.
#                   undef
#     doesn't match '(?^ms:\'log4perl\.category\.Z\.truck\.warn\.8\'\ \=\>\ 5\,)'

#   Failed test 'found: 'log4perl.category.main.main.warn.80' => 5'
#   at t/10_multi_pack.t line 136.
#                   undef
#     doesn't match '(?^ms:\'log4perl\.category\.main\.main\.warn\.80\'\ \=\>\ 5)'

#   Failed test 'found: 'log4perl.category.main.main.info.81' => 5'
#   at t/10_multi_pack.t line 139.
#                   undef
#     doesn't match '(?^ms:\'log4perl\.category\.main\.main\.info\.81\'\ \=\>\ 5\,)'
Can't locate Log/Log4perl.pm in @INC (you may need to install the Log::Log4perl module) (@INC contains: ../lib /etc/perl /usr/local/lib/x86_64-linux-gnu/perl/5.24.1 /usr/local/share/perl/5.24.1 /usr/lib/x86_64-linux-gnu/perl5/5.24 /usr/share/perl5 /usr/lib/x86_64-linux-gnu/perl/5.24 /usr/share/perl/5.24 /usr/local/lib/site_perl /usr/lib/x86_64-linux-gnu/perl-base .) at ../lib/Log/Log4perl/AutoCategorize.pm line 9.
BEGIN failed--compilation aborted at ../lib/Log/Log4perl/AutoCategorize.pm line 9.
Compilation failed in require at W.pm line 5.
BEGIN failed--compilation aborted at W.pm line 5.
Compilation failed in require at multi_pack.pl line 45.
BEGIN failed--compilation aborted at multi_pack.pl line 49.

#   Failed test 'exited with 0'
#   at t/10_multi_pack.t line 93.

#   Failed test 'got something on stdout'
#   at t/10_multi_pack.t line 110.

#   Failed test 'found main.main.warn.80: 1'
#   at t/10_multi_pack.t line 117.
#                   undef
#     doesn't match '(?^ms:main.main.warn.80: 1)'

#   Failed test 'found main.main.info.81: 1'
#   at t/10_multi_pack.t line 118.
#                   undef
#     doesn't match '(?^ms:main.main.info.81: 1)'

#   Failed test 'found W.truck.warn.8: W 1'
#   at t/10_multi_pack.t line 121.
#                   undef
#     doesn't match '(?^ms:W.truck.warn.8: truckin: W 1)'

#   Failed test 'found X.truck.warn.8: X 1'
#   at t/10_multi_pack.t line 121.
#                   undef
#     doesn't match '(?^ms:X.truck.warn.8: truckin: X 1)'

#   Failed test 'found Y.truck.warn.8: Y 1'
#   at t/10_multi_pack.t line 121.
#                   undef
#     doesn't match '(?^ms:Y.truck.warn.8: truckin: Y 1)'

#   Failed test 'found Z.truck.warn.8: Z 1'
#   at t/10_multi_pack.t line 121.
#                   undef
#     doesn't match '(?^ms:Z.truck.warn.8: truckin: Z 1)'

#   Failed test 'found main.main.warn.80: 2'
#   at t/10_multi_pack.t line 117.
#                   undef
#     doesn't match '(?^ms:main.main.warn.80: 2)'

#   Failed test 'found main.main.info.81: 2'
#   at t/10_multi_pack.t line 118.
#                   undef
#     doesn't match '(?^ms:main.main.info.81: 2)'

#   Failed test 'found W.truck.warn.8: W 2'
#   at t/10_multi_pack.t line 121.
#                   undef
#     doesn't match '(?^ms:W.truck.warn.8: truckin: W 2)'

#   Failed test 'found X.truck.warn.8: X 2'
#   at t/10_multi_pack.t line 121.
#                   undef
#     doesn't match '(?^ms:X.truck.warn.8: truckin: X 2)'

#   Failed test 'found Y.truck.warn.8: Y 2'
#   at t/10_multi_pack.t line 121.
#                   undef
#     doesn't match '(?^ms:Y.truck.warn.8: truckin: Y 2)'

#   Failed test 'found Z.truck.warn.8: Z 2'
#   at t/10_multi_pack.t line 121.
#                   undef
#     doesn't match '(?^ms:Z.truck.warn.8: truckin: Z 2)'

#   Failed test 'found main.main.warn.80: 3'
#   at t/10_multi_pack.t line 117.
#                   undef
#     doesn't match '(?^ms:main.main.warn.80: 3)'

#   Failed test 'found main.main.info.81: 3'
#   at t/10_multi_pack.t line 118.
#                   undef
#     doesn't match '(?^ms:main.main.info.81: 3)'

#   Failed test 'found W.truck.warn.8: W 3'
#   at t/10_multi_pack.t line 121.
#                   undef
#     doesn't match '(?^ms:W.truck.warn.8: truckin: W 3)'

#   Failed test 'found X.truck.warn.8: X 3'
#   at t/10_multi_pack.t line 121.
#                   undef
#     doesn't match '(?^ms:X.truck.warn.8: truckin: X 3)'

#   Failed test 'found Y.truck.warn.8: Y 3'
#   at t/10_multi_pack.t line 121.
#                   undef
#     doesn't match '(?^ms:Y.truck.warn.8: truckin: Y 3)'

#   Failed test 'found Z.truck.warn.8: Z 3'
#   at t/10_multi_pack.t line 121.
#                   undef
#     doesn't match '(?^ms:Z.truck.warn.8: truckin: Z 3)'

#   Failed test 'found main.main.warn.80: 4'
#   at t/10_multi_pack.t line 117.
#                   undef
#     doesn't match '(?^ms:main.main.warn.80: 4)'

#   Failed test 'found main.main.info.81: 4'
#   at t/10_multi_pack.t line 118.
#                   undef
#     doesn't match '(?^ms:main.main.info.81: 4)'

#   Failed test 'found W.truck.warn.8: W 4'
#   at t/10_multi_pack.t line 121.
#                   undef
#     doesn't match '(?^ms:W.truck.warn.8: truckin: W 4)'

#   Failed test 'found X.truck.warn.8: X 4'
#   at t/10_multi_pack.t line 121.
#                   undef
#     doesn't match '(?^ms:X.truck.warn.8: truckin: X 4)'

#   Failed test 'found Y.truck.warn.8: Y 4'
#   at t/10_multi_pack.t line 121.
#                   undef
#     doesn't match '(?^ms:Y.truck.warn.8: truckin: Y 4)'

#   Failed test 'found Z.truck.warn.8: Z 4'
#   at t/10_multi_pack.t line 121.
#                   undef
#     doesn't match '(?^ms:Z.truck.warn.8: truckin: Z 4)'

#   Failed test 'found main.main.warn.80: 5'
#   at t/10_multi_pack.t line 117.
#                   undef
#     doesn't match '(?^ms:main.main.warn.80: 5)'

#   Failed test 'found main.main.info.81: 5'
#   at t/10_multi_pack.t line 118.
#                   undef
#     doesn't match '(?^ms:main.main.info.81: 5)'

#   Failed test 'found W.truck.warn.8: W 5'
#   at t/10_multi_pack.t line 121.
#                   undef
#     doesn't match '(?^ms:W.truck.warn.8: truckin: W 5)'

#   Failed test 'found X.truck.warn.8: X 5'
#   at t/10_multi_pack.t line 121.
#                   undef
#     doesn't match '(?^ms:X.truck.warn.8: truckin: X 5)'

#   Failed test 'found Y.truck.warn.8: Y 5'
#   at t/10_multi_pack.t line 121.
#                   undef
#     doesn't match '(?^ms:Y.truck.warn.8: truckin: Y 5)'

#   Failed test 'found Z.truck.warn.8: Z 5'
#   at t/10_multi_pack.t line 121.
#                   undef
#     doesn't match '(?^ms:Z.truck.warn.8: truckin: Z 5)'

#   Failed test 'got something on stderr'
#   at t/10_multi_pack.t line 126.

#   Failed test 'found: 'log4perl.category.W.truck.debug.9' => '-5''
#   at t/10_multi_pack.t line 129.
#                   undef
#     doesn't match '(?^ms:\'log4perl\.category\.W\.truck\.debug\.9\'\ \=\>\ \'\-5\')'

#   Failed test 'found: 'log4perl.category.W.truck.warn.8' => 5,'
#   at t/10_multi_pack.t line 132.
#                   undef
#     doesn't match '(?^ms:\'log4perl\.category\.W\.truck\.warn\.8\'\ \=\>\ 5\,)'

#   Failed test 'found: 'log4perl.category.X.truck.debug.9' => '-5''
#   at t/10_multi_pack.t line 129.
#                   undef
#     doesn't match '(?^ms:\'log4perl\.category\.X\.truck\.debug\.9\'\ \=\>\ \'\-5\')'

#   Failed test 'found: 'log4perl.category.X.truck.warn.8' => 5,'
#   at t/10_multi_pack.t line 132.
#                   undef
#     doesn't match '(?^ms:\'log4perl\.category\.X\.truck\.warn\.8\'\ \=\>\ 5\,)'

#   Failed test 'found: 'log4perl.category.Y.truck.debug.9' => '-5''
#   at t/10_multi_pack.t line 129.
#                   undef
#     doesn't match '(?^ms:\'log4perl\.category\.Y\.truck\.debug\.9\'\ \=\>\ \'\-5\')'

#   Failed test 'found: 'log4perl.category.Y.truck.warn.8' => 5,'
#   at t/10_multi_pack.t line 132.
#                   undef
#     doesn't match '(?^ms:\'log4perl\.category\.Y\.truck\.warn\.8\'\ \=\>\ 5\,)'

#   Failed test 'found: 'log4perl.category.Z.truck.debug.9' => '-5''
#   at t/10_multi_pack.t line 129.
#                   undef
#     doesn't match '(?^ms:\'log4perl\.category\.Z\.truck\.debug\.9\'\ \=\>\ \'\-5\')'

#   Failed test 'found: 'log4perl.category.Z.truck.warn.8' => 5,'
#   at t/10_multi_pack.t line 132.
#                   undef
#     doesn't match '(?^ms:\'log4perl\.category\.Z\.truck\.warn\.8\'\ \=\>\ 5\,)'

#   Failed test 'found: 'log4perl.category.main.main.warn.80' => 5'
#   at t/10_multi_pack.t line 136.
#                   undef
#     doesn't match '(?^ms:\'log4perl\.category\.main\.main\.warn\.80\'\ \=\>\ 5)'

#   Failed test 'found: 'log4perl.category.main.main.info.81' => 5'
#   at t/10_multi_pack.t line 139.
#                   undef
#     doesn't match '(?^ms:\'log4perl\.category\.main\.main\.info\.81\'\ \=\>\ 5\,)'
Can't locate Log/Log4perl.pm in @INC (you may need to install the Log::Log4perl module) (@INC contains: ../lib /etc/perl /usr/local/lib/x86_64-linux-gnu/perl/5.24.1 /usr/local/share/perl/5.24.1 /usr/lib/x86_64-linux-gnu/perl5/5.24 /usr/share/perl5 /usr/lib/x86_64-linux-gnu/perl/5.24 /usr/share/perl/5.24 /usr/local/lib/site_perl /usr/lib/x86_64-linux-gnu/perl-base .) at ../lib/Log/Log4perl/AutoCategorize.pm line 9.
BEGIN failed--compilation aborted at ../lib/Log/Log4perl/AutoCategorize.pm line 9.
Compilation failed in require at X.pm line 5.
BEGIN failed--compilation aborted at X.pm line 5.
Compilation failed in require at multi_pack.pl line 45.
BEGIN failed--compilation aborted at multi_pack.pl line 49.

#   Failed test 'exited with 0'
#   at t/10_multi_pack.t line 93.

#   Failed test 'got something on stdout'
#   at t/10_multi_pack.t line 110.

#   Failed test 'found main.main.warn.80: 1'
#   at t/10_multi_pack.t line 117.
#                   undef
#     doesn't match '(?^ms:main.main.warn.80: 1)'

#   Failed test 'found main.main.info.81: 1'
#   at t/10_multi_pack.t line 118.
#                   undef
#     doesn't match '(?^ms:main.main.info.81: 1)'

#   Failed test 'found W.truck.warn.8: W 1'
#   at t/10_multi_pack.t line 121.
#                   undef
#     doesn't match '(?^ms:W.truck.warn.8: truckin: W 1)'

#   Failed test 'found X.truck.warn.8: X 1'
#   at t/10_multi_pack.t line 121.
#                   undef
#     doesn't match '(?^ms:X.truck.warn.8: truckin: X 1)'

#   Failed test 'found Y.truck.warn.8: Y 1'
#   at t/10_multi_pack.t line 121.
#                   undef
#     doesn't match '(?^ms:Y.truck.warn.8: truckin: Y 1)'

#   Failed test 'found Z.truck.warn.8: Z 1'
#   at t/10_multi_pack.t line 121.
#                   undef
#     doesn't match '(?^ms:Z.truck.warn.8: truckin: Z 1)'

#   Failed test 'found main.main.warn.80: 2'
#   at t/10_multi_pack.t line 117.
#                   undef
#     doesn't match '(?^ms:main.main.warn.80: 2)'

#   Failed test 'found main.main.info.81: 2'
#   at t/10_multi_pack.t line 118.
#                   undef
#     doesn't match '(?^ms:main.main.info.81: 2)'

#   Failed test 'found W.truck.warn.8: W 2'
#   at t/10_multi_pack.t line 121.
#                   undef
#     doesn't match '(?^ms:W.truck.warn.8: truckin: W 2)'

#   Failed test 'found X.truck.warn.8: X 2'
#   at t/10_multi_pack.t line 121.
#                   undef
#     doesn't match '(?^ms:X.truck.warn.8: truckin: X 2)'

#   Failed test 'found Y.truck.warn.8: Y 2'
#   at t/10_multi_pack.t line 121.
#                   undef
#     doesn't match '(?^ms:Y.truck.warn.8: truckin: Y 2)'

#   Failed test 'found Z.truck.warn.8: Z 2'
#   at t/10_multi_pack.t line 121.
#                   undef
#     doesn't match '(?^ms:Z.truck.warn.8: truckin: Z 2)'

#   Failed test 'found main.main.warn.80: 3'
#   at t/10_multi_pack.t line 117.
#                   undef
#     doesn't match '(?^ms:main.main.warn.80: 3)'

#   Failed test 'found main.main.info.81: 3'
#   at t/10_multi_pack.t line 118.
#                   undef
#     doesn't match '(?^ms:main.main.info.81: 3)'

#   Failed test 'found W.truck.warn.8: W 3'
#   at t/10_multi_pack.t line 121.
#                   undef
#     doesn't match '(?^ms:W.truck.warn.8: truckin: W 3)'

#   Failed test 'found X.truck.warn.8: X 3'
#   at t/10_multi_pack.t line 121.
#                   undef
#     doesn't match '(?^ms:X.truck.warn.8: truckin: X 3)'

#   Failed test 'found Y.truck.warn.8: Y 3'
#   at t/10_multi_pack.t line 121.
#                   undef
#     doesn't match '(?^ms:Y.truck.warn.8: truckin: Y 3)'

#   Failed test 'found Z.truck.warn.8: Z 3'
#   at t/10_multi_pack.t line 121.
#                   undef
#     doesn't match '(?^ms:Z.truck.warn.8: truckin: Z 3)'

#   Failed test 'found main.main.warn.80: 4'
#   at t/10_multi_pack.t line 117.
#                   undef
#     doesn't match '(?^ms:main.main.warn.80: 4)'

#   Failed test 'found main.main.info.81: 4'
#   at t/10_multi_pack.t line 118.
#                   undef
#     doesn't match '(?^ms:main.main.info.81: 4)'

#   Failed test 'found W.truck.warn.8: W 4'
#   at t/10_multi_pack.t line 121.
#                   undef
#     doesn't match '(?^ms:W.truck.warn.8: truckin: W 4)'

#   Failed test 'found X.truck.warn.8: X 4'
#   at t/10_multi_pack.t line 121.
#                   undef
#     doesn't match '(?^ms:X.truck.warn.8: truckin: X 4)'

#   Failed test 'found Y.truck.warn.8: Y 4'
#   at t/10_multi_pack.t line 121.
#                   undef
#     doesn't match '(?^ms:Y.truck.warn.8: truckin: Y 4)'

#   Failed test 'found Z.truck.warn.8: Z 4'
#   at t/10_multi_pack.t line 121.
#                   undef
#     doesn't match '(?^ms:Z.truck.warn.8: truckin: Z 4)'

#   Failed test 'found main.main.warn.80: 5'
#   at t/10_multi_pack.t line 117.
#                   undef
#     doesn't match '(?^ms:main.main.warn.80: 5)'

#   Failed test 'found main.main.info.81: 5'
#   at t/10_multi_pack.t line 118.
#                   undef
#     doesn't match '(?^ms:main.main.info.81: 5)'

#   Failed test 'found W.truck.warn.8: W 5'
#   at t/10_multi_pack.t line 121.
#                   undef
#     doesn't match '(?^ms:W.truck.warn.8: truckin: W 5)'

#   Failed test 'found X.truck.warn.8: X 5'
#   at t/10_multi_pack.t line 121.
#                   undef
#     doesn't match '(?^ms:X.truck.warn.8: truckin: X 5)'

#   Failed test 'found Y.truck.warn.8: Y 5'
#   at t/10_multi_pack.t line 121.
#                   undef
#     doesn't match '(?^ms:Y.truck.warn.8: truckin: Y 5)'

#   Failed test 'found Z.truck.warn.8: Z 5'
#   at t/10_multi_pack.t line 121.
#                   undef
#     doesn't match '(?^ms:Z.truck.warn.8: truckin: Z 5)'

#   Failed test 'got something on stderr'
#   at t/10_multi_pack.t line 126.

#   Failed test 'found: 'log4perl.category.W.truck.debug.9' => '-5''
#   at t/10_multi_pack.t line 129.
#                   undef
#     doesn't match '(?^ms:\'log4perl\.category\.W\.truck\.debug\.9\'\ \=\>\ \'\-5\')'

#   Failed test 'found: 'log4perl.category.W.truck.warn.8' => 5,'
#   at t/10_multi_pack.t line 132.
#                   undef
#     doesn't match '(?^ms:\'log4perl\.category\.W\.truck\.warn\.8\'\ \=\>\ 5\,)'

#   Failed test 'found: 'log4perl.category.X.truck.debug.9' => '-5''
#   at t/10_multi_pack.t line 129.
#                   undef
#     doesn't match '(?^ms:\'log4perl\.category\.X\.truck\.debug\.9\'\ \=\>\ \'\-5\')'

#   Failed test 'found: 'log4perl.category.X.truck.warn.8' => 5,'
#   at t/10_multi_pack.t line 132.
#                   undef
#     doesn't match '(?^ms:\'log4perl\.category\.X\.truck\.warn\.8\'\ \=\>\ 5\,)'

#   Failed test 'found: 'log4perl.category.Y.truck.debug.9' => '-5''
#   at t/10_multi_pack.t line 129.
#                   undef
#     doesn't match '(?^ms:\'log4perl\.category\.Y\.truck\.debug\.9\'\ \=\>\ \'\-5\')'

#   Failed test 'found: 'log4perl.category.Y.truck.warn.8' => 5,'
#   at t/10_multi_pack.t line 132.
#                   undef
#     doesn't match '(?^ms:\'log4perl\.category\.Y\.truck\.warn\.8\'\ \=\>\ 5\,)'

#   Failed test 'found: 'log4perl.category.Z.truck.debug.9' => '-5''
#   at t/10_multi_pack.t line 129.
#                   undef
#     doesn't match '(?^ms:\'log4perl\.category\.Z\.truck\.debug\.9\'\ \=\>\ \'\-5\')'

#   Failed test 'found: 'log4perl.category.Z.truck.warn.8' => 5,'
#   at t/10_multi_pack.t line 132.
#                   undef
#     doesn't match '(?^ms:\'log4perl\.category\.Z\.truck\.warn\.8\'\ \=\>\ 5\,)'

#   Failed test 'found: 'log4perl.category.main.main.warn.80' => 5'
#   at t/10_multi_pack.t line 136.
#                   undef
#     doesn't match '(?^ms:\'log4perl\.category\.main\.main\.warn\.80\'\ \=\>\ 5)'

#   Failed test 'found: 'log4perl.category.main.main.info.81' => 5'
#   at t/10_multi_pack.t line 139.
#                   undef
#     doesn't match '(?^ms:\'log4perl\.category\.main\.main\.info\.81\'\ \=\>\ 5\,)'
# Looks like you failed 602 tests of 665.
t/10_multi_pack.t .... 
Dubious, test returned 254 (wstat 65024, 0xfe00)
Failed 602/665 subtests 
t/99_cleanup.t ....... ok

Test Summary Report
-------------------
t/02_basic.t       (Wstat: 5632 Tests: 25 Failed: 22)
  Failed tests:  3-6, 8-25
  Non-zero exit status: 22
t/03_options.t     (Wstat: 1792 Tests: 10 Failed: 7)
  Failed tests:  3-9
  Non-zero exit status: 7
t/05_initstr.t     (Wstat: 2560 Tests: 12 Failed: 10)
  Failed tests:  3-12
  Non-zero exit status: 10
t/06_conf_file.t   (Wstat: 1792 Tests: 9 Failed: 7)
  Failed tests:  3-9
  Non-zero exit status: 7
t/08_options_more.t (Wstat: 768 Tests: 5 Failed: 3)
  Failed tests:  3-5
  Non-zero exit status: 3
t/09_coexist_easy.t (Wstat: 139 Tests: 0 Failed: 0)
  Non-zero wait status: 139
  Parse errors: Bad plan.  You planned 36 tests but ran 0.
t/10_multi_pack.t  (Wstat: 65024 Tests: 665 Failed: 602)
  Failed tests:  4-32, 36-64, 68-96, 100-128, 132-160, 164-192
                196-224, 228-256, 260-288, 292-320, 324-352
                356-384, 388-409, 413-434, 438-459, 463-484
                488-509, 513-534, 538-573, 577-619, 623-665
  Non-zero exit status: 254
Files=11, Tests=818, 10 wallclock secs ( 0.09 usr  0.10 sys +  1.94 cusr  0.53 csys =  2.66 CPU)
Result: FAIL
Failed 7/11 test programs. 651/818 subtests failed.
Makefile:103: recipe for target 'test' failed
make: *** [test] Error 255

------------------------------
PREREQUISITES
------------------------------

Prerequisite modules loaded:

requires:

    Module      Need    Have    
    ----------- ------- --------
    B::Generate 1.06_01 1.55    
    optimizer   0.05_01 0.08    
    perl        v5.8.0  5.014002


------------------------------
ENVIRONMENT AND OTHER CONTEXT
------------------------------

Environment variables:

    AUTOMATED_TESTING = 1
    LANG = en_US.UTF-8
    PATH = /home/sand/bin:/usr/local/bin:/usr/bin:/bin:/usr/games:/usr/local/perl/bin:/usr/X11/bin:/sbin:/usr/sbin
    PERL5LIB = 
    PERL5OPT = 
    PERL5_CPANPLUS_IS_RUNNING = 1686
    PERL5_CPAN_IS_RUNNING = 1686
    PERL_CANARY_STABILITY_NOPROMPT = 1
    PERL_MM_USE_DEFAULT = 1
    PERL_USE_UNSAFE_INC = 1
    SHELL = /usr/bin/zsh
    TERM = screen

Perl special variables (and OS-specific diagnostics, for MSWin32):

    $^X = /home/sand/src/perl/repoperls/installed-perls/host/k93msid/v5.14.2/d2d1/bin/perl
    $UID/$EUID = 1005 / 1005
    $GID = 1005 1005
    $EGID = 1005 1005

Perl module toolchain versions installed:

    Module              Have    
    ------------------- --------
    CPAN                2.18    
    CPAN::Meta          2.150010
    Cwd                 3.62    
    ExtUtils::CBuilder  0.280224
    ExtUtils::Command   7.24    
    ExtUtils::Install   2.14    
    ExtUtils::MakeMaker 7.24    
    ExtUtils::Manifest  1.70    
    ExtUtils::ParseXS   3.30    
    File::Spec          3.62    
    JSON                2.94    
    JSON::PP            2.93    
    Module::Build       0.42_23 
    Module::Signature   0.81    
    Parse::CPAN::Meta   2.150010
    Test::Harness       3.39    
    Test::More          1.302085
    YAML                1.23    
    YAML::Syck          1.30    
    version             0.9918  


--

Summary of my perl5 (revision 5 version 14 subversion 2) configuration:
  Derived from: dc281e6088d189558b79a5121119b7196c8b3db0
  Platform:
    osname=linux, osvers=4.9.0-2-amd64, archname=x86_64-linux
    uname='linux k93msid 4.9.0-2-amd64 #1 smp debian 4.9.18-1 (2017-03-30) x86_64 gnulinux '
    config_args='-Dprefix=/home/sand/src/perl/repoperls/installed-perls/host/k93msid/v5.14.2/d2d1 -Dmyhostname=k93msid -Dinstallusrbinperl=n -Uversiononly -Dusedevel -des -Ui_db -Dlibswanted=cl pthread socket inet nsl gdbm dbm malloc dl ld sun m crypt sec util c cposix posix ucb BSD gdbm_compat -Uuseithreads -Uuselongdouble -DDEBUGGING=both'
    hint=recommended, useposix=true, d_sigaction=define
    useithreads=undef, usemultiplicity=undef
    useperlio=define, d_sfio=undef, uselargefiles=define, usesocks=undef
    use64bitint=define, use64bitall=define, uselongdouble=undef
    usemymalloc=n, bincompat5005=undef
  Compiler:
    cc='cc', ccflags ='-DDEBUGGING -fno-strict-aliasing -pipe -fstack-protector -I/usr/local/include -D_LARGEFILE_SOURCE -D_FILE_OFFSET_BITS=64',
    optimize='-O2 -g',
    cppflags='-DDEBUGGING -fno-strict-aliasing -pipe -fstack-protector -I/usr/local/include'
    ccversion='', gccversion='6.3.0 20170406', gccosandvers=''
    intsize=4, longsize=8, ptrsize=8, doublesize=8, byteorder=12345678
    d_longlong=define, longlongsize=8, d_longdbl=define, longdblsize=16
    ivtype='long', ivsize=8, nvtype='double', nvsize=8, Off_t='off_t', lseeksize=8
    alignbytes=8, prototype=define
  Linker and Libraries:
    ld='cc', ldflags =' -fstack-protector -L/usr/local/lib'
    libpth=/usr/local/lib /lib/x86_64-linux-gnu /lib/../lib /usr/lib/x86_64-linux-gnu /usr/lib/../lib /lib /usr/lib
    libs=-lpthread -lnsl -ldl -lm -lcrypt -lutil -lc
    perllibs=-lpthread -lnsl -ldl -lm -lcrypt -lutil -lc
    libc=libc-2.24.so, so=so, useshrplib=false, libperl=libperl.a
    gnulibc_version='2.24'
  Dynamic Linking:
    dlsrc=dl_dlopen.xs, dlext=so, d_dlsymun=undef, ccdlflags='-Wl,-E'
    cccdlflags='-fPIC', lddlflags='-shared -O2 -g -L/usr/local/lib -fstack-protector'


Characteristics of this binary (from libperl): 
  Compile-time options: DEBUGGING PERL_DONT_CREATE_GVSV PERL_MALLOC_WRAP
                        PERL_PRESERVE_IVUV PERL_USE_DEVEL USE_64_BIT_ALL
                        USE_64_BIT_INT USE_LARGE_FILES USE_PERLIO
                        USE_PERL_ATOF
  Locally applied patches:
	uncommitted-changes
  Built under linux
  Compiled at Apr 17 2017 07:59:45
  %ENV:
    PERL5LIB=""
    PERL5OPT=""
    PERL5_CPANPLUS_IS_RUNNING="1686"
    PERL5_CPAN_IS_RUNNING="1686"
    PERL_CANARY_STABILITY_NOPROMPT="1"
    PERL_MM_USE_DEFAULT="1"
    PERL_USE_UNSAFE_INC="1"
  @INC:
    /home/sand/src/perl/repoperls/installed-perls/host/k93msid/v5.14.2/d2d1/lib/site_perl/5.14.2/x86_64-linux
    /home/sand/src/perl/repoperls/installed-perls/host/k93msid/v5.14.2/d2d1/lib/site_perl/5.14.2
    /home/sand/src/perl/repoperls/installed-perls/host/k93msid/v5.14.2/d2d1/lib/5.14.2/x86_64-linux
    /home/sand/src/perl/repoperls/installed-perls/host/k93msid/v5.14.2/d2d1/lib/5.14.2
    .