Report for Catalyst-Plugin-Authentication-Credential-TypeKey-0.4

Back
From: metabase:user:3198cbe2-2aae-11df-837a-5e0a49663a4f
Subject: FAIL Catalyst-Plugin-Authentication-Credential-TypeKey-0.4 v5.12.2 GNU/Linux
Date: 2010-11-16T16:06:20Z

This distribution has been tested as part of the CPAN Testers
project, supporting the Perl programming language.  See
http://wiki.cpantesters.org/ for more information or email
questions to cpan-testers-discuss@perl.org


--
Dear Jess Robinson,

This is a computer-generated report for Catalyst-Plugin-Authentication-Credential-TypeKey-0.4
on perl 5.12.2, created by CPAN-Reporter-1.1805.

Thank you for uploading your work to CPAN.  However, there was a problem
testing your distribution.

If you think this report is invalid, please consult the CPAN Testers Wiki
for suggestions on how to avoid getting FAIL reports for missing library
or binary dependencies, unsupported operating systems, and so on:

http://wiki.cpantesters.org/wiki/CPANAuthorNotes

Sections of this report:

    * Tester comments
    * Program output
    * Prerequisites
    * Environment and other context

------------------------------
TESTER COMMENTS
------------------------------

Additional comments from tester:

this report is from an automated smoke testing program
and was not reviewed by a human for accuracy

------------------------------
PROGRAM OUTPUT
------------------------------

Output from '/usr/bin/make test':

PERL_DL_NONLAZY=1 /home/graham/perltest/perl5122/perl/bin/perl "-MExtUtils::Command::MM" "-e" "test_harness(0, 'inc', 'blib/lib', 'blib/arch')" t/basic.t t/pod.t t/pod_coverage.t
get_or_add_package_symbol is deprecated, please use get_or_add_symbol at /home/graham/perltest/perl5122/perl/lib/site_perl/5.12.2/i686-linux-thread-multi/Package/Stash.pm line 51
	Package::Stash::get_or_add_package_symbol('Package::Stash=HASH(0x99b02c8)', 'HASH(0x99b0108)') called at /home/graham/perltest/perl5122/perl/lib/site_perl/5.12.2/i686-linux-thread-multi/Class/MOP/Package.pm line 128
	Class::MOP::Package::get_or_add_package_symbol('Class::MOP::Class=HASH(0x99b0198)', 'HASH(0x99b0108)') called at /home/graham/perltest/perl5122/perl/lib/site_perl/5.12.2/i686-linux-thread-multi/Class/MOP/Class.pm line 836
	Class::MOP::Class::superclasses('Class::MOP::Class=HASH(0x99b0198)') called at /home/graham/perltest/perl5122/perl/lib/site_perl/5.12.2/i686-linux-thread-multi/Class/MOP/Class.pm line 213
	Class::MOP::Class::_check_metaclass_compatibility('Class::MOP::Class=HASH(0x99b0198)') called at /home/graham/perltest/perl5122/perl/lib/site_perl/5.12.2/i686-linux-thread-multi/Class/MOP/Class.pm line 109
	Class::MOP::Class::_construct_class_instance('Class::MOP::Class', 'package', 'Class::MOP::Mixin::HasMethods') called at /home/graham/perltest/perl5122/perl/lib/site_perl/5.12.2/i686-linux-thread-multi/Class/MOP/Class.pm line 45
	Class::MOP::Class::initialize('Class::MOP::Class', 'Class::MOP::Mixin::HasMethods') called at /home/graham/perltest/perl5122/perl/lib/site_perl/5.12.2/i686-linux-thread-multi/Class/MOP/Mixin.pm line 14
	Class::MOP::Mixin::meta('Class::MOP::Mixin::HasMethods') called at /home/graham/perltest/perl5122/perl/lib/site_perl/5.12.2/i686-linux-thread-multi/Class/MOP.pm line 193
	require Class/MOP.pm called at /home/graham/perltest/perl5122/perl/lib/site_perl/5.12.2/Catalyst/Utils.pm line 10
	Catalyst::Utils::BEGIN() called at /home/graham/perltest/perl5122/perl/lib/site_perl/5.12.2/i686-linux-thread-multi/Class/MOP.pm line 0
	eval {...} called at /home/graham/perltest/perl5122/perl/lib/site_perl/5.12.2/i686-linux-thread-multi/Class/MOP.pm line 0
	require Catalyst/Utils.pm called at /home/graham/perltest/perl5122/cpan/build/Catalyst-Plugin-Authentication-Credential-TypeKey-0.4-KwZWji/blib/lib/Catalyst/Plugin/Authentication/Credential/TypeKey.pm line 9
	Catalyst::Plugin::Authentication::Credential::TypeKey::BEGIN() called at /home/graham/perltest/perl5122/perl/lib/site_perl/5.12.2/i686-linux-thread-multi/Class/MOP.pm line 0
	eval {...} called at /home/graham/perltest/perl5122/perl/lib/site_perl/5.12.2/i686-linux-thread-multi/Class/MOP.pm line 0
	require Catalyst/Plugin/Authentication/Credential/TypeKey.pm called at (eval 32) line 2
	main::BEGIN() called at /home/graham/perltest/perl5122/perl/lib/site_perl/5.12.2/i686-linux-thread-multi/Class/MOP.pm line 0
	eval {...} called at /home/graham/perltest/perl5122/perl/lib/site_perl/5.12.2/i686-linux-thread-multi/Class/MOP.pm line 0
	eval 'package main;
use Catalyst::Plugin::Authentication::Credential::TypeKey @{$args[0]};
1;

;' called at /home/graham/perltest/perl5122/perl/lib/5.12.2/Test/More.pm line 875
	Test::More::_eval('package main;\x{a}use Catalyst::Plugin::Authentication::Credentia...', 'ARRAY(0x93b88b0)') called at /home/graham/perltest/perl5122/perl/lib/5.12.2/Test/More.pm line 850
	Test::More::use_ok('Catalyst::Plugin::Authentication::Credential::TypeKey') called at t/basic.t line 15
	main::BEGIN() called at /home/graham/perltest/perl5122/perl/lib/site_perl/5.12.2/i686-linux-thread-multi/Class/MOP.pm line 0
	eval {...} called at /home/graham/perltest/perl5122/perl/lib/site_perl/5.12.2/i686-linux-thread-multi/Class/MOP.pm line 0

#   Failed test 'use Catalyst::Plugin::Authentication::Credential::TypeKey;'
#   at t/basic.t line 15.
#     Tried to use 'Catalyst::Plugin::Authentication::Credential::TypeKey'.
#     Error:  Type must be one of 'SCALAR', 'ARRAY', 'HASH', 'CODE', or 'IO' at /home/graham/perltest/perl5122/perl/lib/site_perl/5.12.2/i686-linux-thread-multi/Package/Stash.pm line 52.
# Compilation failed in require at /home/graham/perltest/perl5122/perl/lib/site_perl/5.12.2/Catalyst/Utils.pm line 10.
# BEGIN failed--compilation aborted at /home/graham/perltest/perl5122/perl/lib/site_perl/5.12.2/Catalyst/Utils.pm line 10.
# Compilation failed in require at /home/graham/perltest/perl5122/cpan/build/Catalyst-Plugin-Authentication-Credential-TypeKey-0.4-KwZWji/blib/lib/Catalyst/Plugin/Authentication/Credential/TypeKey.pm line 9.
# BEGIN failed--compilation aborted at /home/graham/perltest/perl5122/cpan/build/Catalyst-Plugin-Authentication-Credential-TypeKey-0.4-KwZWji/blib/lib/Catalyst/Plugin/Authentication/Credential/TypeKey.pm line 9.
# Compilation failed in require at (eval 32) line 2.
# BEGIN failed--compilation aborted at (eval 32) line 2.

#   Failed test 'Catalyst::Plugin::Authentication::Credential::TypeKey->can('setup')'
#   at t/basic.t line 94.
#     Catalyst::Plugin::Authentication::Credential::TypeKey->can('setup') failed
Undefined method setup at main t/basic.t 96
# Looks like you failed 2 tests of 2.
# Looks like your test exited with 255 just after 2.
t/basic.t ......... 
Dubious, test returned 255 (wstat 65280, 0xff00)
Failed 2/2 subtests 
t/pod.t ........... skipped: set TEST_POD to enable this test
t/pod_coverage.t .. skipped: set TEST_POD to enable this test

Test Summary Report
-------------------
t/basic.t       (Wstat: 65280 Tests: 2 Failed: 2)
  Failed tests:  1-2
  Non-zero exit status: 255
Files=3, Tests=2,  2 wallclock secs ( 0.05 usr  0.02 sys +  0.92 cusr  0.12 csys =  1.11 CPU)
Result: FAIL
Failed 1/3 test programs. 2/2 subtests failed.
make: *** [test_dynamic] Error 255

------------------------------
PREREQUISITES
------------------------------

Prerequisite modules loaded:

requires:

    Module                           Need Have   
    -------------------------------- ---- -------
    Authen::TypeKey                  0    0.05   
    Catalyst::Plugin::Authentication 0    0.10016
    Catalyst::Runtime                0    5.80029
    Test::MockObject                 0    1.09   


------------------------------
ENVIRONMENT AND OTHER CONTEXT
------------------------------

Environment variables:

    AUTOMATED_TESTING = 1
    LANG = C
    PATH = /home/graham/perltest/perl5122/perl/bin:/bin:/usr/bin:/sbin:/usr/sbin:/opt/java/bin:/opt/java/jre/bin:/opt/kde/bin:/usr/bin/perlbin/site:/usr/bin/perlbin/vendor:/usr/bin/perlbin/core:/opt/qt/bin
    PERL5LIB = 
    PERL5OPT = 
    PERL5_CPANPLUS_IS_RUNNING = 12259
    PERL5_CPAN_IS_RUNNING = 12259
    PERL5_CPAN_IS_RUNNING_IN_RECURSION = 13403,12259
    PERL_CR_SMOKER_CURRENT = Catalyst-Plugin-Authentication-Credential-TypeKey-0.4
    PERL_EXTUTILS_AUTOINSTALL = --defaultdeps
    PERL_MM_USE_DEFAULT = 1
    SHELL = /bin/bash
    TERM = xterm

Perl special variables (and OS-specific diagnostics, for MSWin32):

    $^X = /home/graham/perltest/perl5122/perl/bin/perl
    $UID/$EUID = 1000 / 1000
    $GID = 1000 7 10 91 92 93 95 98 100 108 1000 1001
    $EGID = 1000 7 10 91 92 93 95 98 100 108 1000 1001

Perl module toolchain versions installed:

    Module              Have   
    ------------------- -------
    CPAN                1.9304 
    Cwd                 3.33   
    ExtUtils::CBuilder  0.27_07
    ExtUtils::Command   1.16   
    ExtUtils::Install   1.52   
    ExtUtils::MakeMaker 6.56   
    ExtUtils::Manifest  1.58   
    ExtUtils::ParseXS   2.2206 
    File::Spec          3.33   
    Module::Build       0.36_17
    Module::Signature   0.66   
    Test::Harness       3.22   
    Test::More          2.00_01
    YAML                0.72   
    YAML::Syck          1.15   
    version             0.85   


--

Summary of my perl5 (revision 5 version 12 subversion 2) configuration:
   
  Platform:
    osname=linux, osvers=2.6.33-arch, archname=i686-linux-thread-multi
    uname='linux lorant 2.6.33-arch #1 smp preempt thu may 13 12:06:25 cest 2010 i686 intel(r) pentium(r) 4 cpu 2.80ghz genuineintel gnulinux '
    config_args=''
    hint=recommended, useposix=true, d_sigaction=define
    useithreads=define, usemultiplicity=define
    useperlio=define, d_sfio=undef, uselargefiles=define, usesocks=undef
    use64bitint=undef, use64bitall=undef, uselongdouble=undef
    usemymalloc=n, bincompat5005=undef
  Compiler:
    cc='cc', ccflags ='-D_REENTRANT -D_GNU_SOURCE -fno-strict-aliasing -pipe -fstack-protector -I/usr/local/include -D_LARGEFILE_SOURCE -D_FILE_OFFSET_BITS=64',
    optimize='-O2',
    cppflags='-D_REENTRANT -D_GNU_SOURCE -fno-strict-aliasing -pipe -fstack-protector -I/usr/local/include'
    ccversion='', gccversion='4.5.0 20100520 (prerelease)', gccosandvers=''
    intsize=4, longsize=4, ptrsize=4, doublesize=8, byteorder=1234
    d_longlong=define, longlongsize=8, d_longdbl=define, longdblsize=12
    ivtype='long', ivsize=4, nvtype='double', nvsize=8, Off_t='off_t', lseeksize=8
    alignbytes=4, prototype=define
  Linker and Libraries:
    ld='cc', ldflags =' -fstack-protector -L/usr/local/lib'
    libpth=/usr/local/lib /lib /usr/lib
    libs=-lnsl -lgdbm -ldb -ldl -lm -lcrypt -lutil -lpthread -lc -lgdbm_compat
    perllibs=-lnsl -ldl -lm -lcrypt -lutil -lpthread -lc
    libc=/lib/libc-2.12.so, so=so, useshrplib=true, libperl=libperl.so
    gnulibc_version='2.12'
  Dynamic Linking:
    dlsrc=dl_dlopen.xs, dlext=so, d_dlsymun=undef, ccdlflags='-Wl,-E -Wl,-rpath,/home/graham/perltest/perl5122/perl/lib/5.12.2/i686-linux-thread-multi/CORE'
    cccdlflags='-fPIC', lddlflags='-shared -O2 -L/usr/local/lib -fstack-protector'


Characteristics of this binary (from libperl): 
  Compile-time options: MULTIPLICITY PERL_DONT_CREATE_GVSV
                        PERL_IMPLICIT_CONTEXT PERL_MALLOC_WRAP USE_ITHREADS
                        USE_LARGE_FILES USE_PERLIO USE_PERL_ATOF
                        USE_REENTRANT_API
  Built under linux
  Compiled at Oct 18 2010 11:28:26
  %ENV:
    PERL5LIB=""
    PERL5OPT=""
    PERL5_CPANPLUS_IS_RUNNING="12259"
    PERL5_CPAN_IS_RUNNING="12259"
    PERL5_CPAN_IS_RUNNING_IN_RECURSION="13403,12259"
    PERL_CR_SMOKER_CURRENT="Catalyst-Plugin-Authentication-Credential-TypeKey-0.4"
    PERL_EXTUTILS_AUTOINSTALL="--defaultdeps"
    PERL_MM_USE_DEFAULT="1"
  @INC:
    /home/graham/perltest/perl5122/perl/lib/site_perl/5.12.2/i686-linux-thread-multi
    /home/graham/perltest/perl5122/perl/lib/site_perl/5.12.2
    /home/graham/perltest/perl5122/perl/lib/5.12.2/i686-linux-thread-multi
    /home/graham/perltest/perl5122/perl/lib/5.12.2
    .