Git-LowLevel v0.1 Perl 5 v5.18.2 amd64-freebsd

Status
Fail
From
Slaven Rezić (SREZIC)
Dist
Git-LowLevel v0.1
Platform
Perl 5 v5.18.2 amd64-freebsd
Date
2018-07-26 23:34:34
ID
73ac49a8-912c-11e8-a63e-df0d46a79274
This distribution has been tested as part of the CPAN Testers
project, supporting the Perl programming language.  See
http://wiki.cpantesters.org/ for more information or email
questions to cpan-testers-discuss@perl.org


--
Dear Dominik Meyer,

This is a computer-generated report for Git-LowLevel-0.1
on perl 5.18.2, created by CPAN-Reporter-1.2018.

Thank you for uploading your work to CPAN.  However, there was a problem
testing your distribution.

If you think this report is invalid, please consult the CPAN Testers Wiki
for suggestions on how to avoid getting FAIL reports for missing library
or binary dependencies, unsupported operating systems, and so on:

http://wiki.cpantesters.org/wiki/CPANAuthorNotes

Sections of this report:

    * Tester comments
    * Program output
    * Prerequisites
    * Environment and other context

------------------------------
TESTER COMMENTS
------------------------------

Additional comments from tester:

none provided

------------------------------
PROGRAM OUTPUT
------------------------------

Output from '/usr/bin/make test':

PERL_DL_NONLAZY=1 "/usr/perl5.18.2/bin/perl" "-MExtUtils::Command::MM" "-MTest::Harness" "-e" "undef *Test::Harness::Switches; test_harness(0, 'blib/lib', 'blib/arch')" t/*.t
t/01_base.t ....... ok
fatal: input format error: -e 100644 blob 90bfcb510602aa11ae53a42dcec18ea39fbd8cec	test
usage: git commit-tree [(-p <sha1>)...] [-S[<keyid>]] [-m <message>] [-F <file>] <sha1>
Verwendung: git update-ref [<Optionen>] -d <Referenzname> [<alter-Wert>]
      oder: git update-ref [<Optionen>]    <Referenzname> <neuer-Wert> [<alter-Wert>]
      oder: git update-ref [<Optionen>] --stdin [-z]

    -m <Grund>            Grund für die Aktualisierung
    -d                    diese Referenz löschen
    --no-deref            <Referenzname> aktualisieren, nicht den Verweis
    -z                    Standard-Eingabe hat durch NUL-Zeichen abgeschlossene Argumente
    --stdin               Aktualisierungen von der Standard-Eingabe lesen
    --create-reflog       Reflog erstellen


#   Failed test 'creating/commiting worked'
#   at t/02_blob.t line 42.

#   Failed test 'tree ist not empty after creating blob'
#   at t/02_blob.t line 45.
# Looks like you failed 2 tests of 12.
t/02_blob.t ....... 
Dubious, test returned 2 (wstat 512, 0x200)
Failed 2/12 subtests 
fatal: input format error: -e 100644 blob 90bfcb510602aa11ae53a42dcec18ea39fbd8cec	test
fatal: input format error: -e 040000 tree 	tree
usage: git commit-tree [(-p <sha1>)...] [-S[<keyid>]] [-m <message>] [-F <file>] <sha1>
Verwendung: git update-ref [<Optionen>] -d <Referenzname> [<alter-Wert>]
      oder: git update-ref [<Optionen>]    <Referenzname> <neuer-Wert> [<alter-Wert>]
      oder: git update-ref [<Optionen>] --stdin [-z]

    -m <Grund>            Grund für die Aktualisierung
    -d                    diese Referenz löschen
    --no-deref            <Referenzname> aktualisieren, nicht den Verweis
    -z                    Standard-Eingabe hat durch NUL-Zeichen abgeschlossene Argumente
    --stdin               Aktualisierungen von der Standard-Eingabe lesen
    --create-reflog       Reflog erstellen


#   Failed test 'creating/commiting worked'
#   at t/03_tree.t line 48.

#   Failed test 'tree ist not empty after creating tree'
#   at t/03_tree.t line 51.
# Looks like you failed 2 tests of 16.
t/03_tree.t ....... 
Dubious, test returned 2 (wstat 512, 0x200)
Failed 2/16 subtests 
fatal: input format error: -e 100644 blob fd34c9137d9ae6233f9b3a2d38edd46f506e35d5	B1vB6F97kk0N5rM3jUhcig9NmO2csdNKKG9VNH7Qr6OHhIGxVRbYScI8Z8hOZsM6uzh803ZVcShGhs6WZjR66q7wfCIw4XYpqcINzQJ9QcjjoMKl90Xe9jy6yEtONBoa1Uuq6Fqj5f45Goe0uP4vmiP3ZS1bGZYf4BXTKyE0BwrLDvTE8GTfkmtig1ht9ULDaPzxqYV9WdKIQ22HV1duYLT38Kl2h9Y37QFgcriO
usage: git commit-tree [(-p <sha1>)...] [-S[<keyid>]] [-m <message>] [-F <file>] <sha1>
Verwendung: git update-ref [<Optionen>] -d <Referenzname> [<alter-Wert>]
      oder: git update-ref [<Optionen>]    <Referenzname> <neuer-Wert> [<alter-Wert>]
      oder: git update-ref [<Optionen>] --stdin [-z]

    -m <Grund>            Grund für die Aktualisierung
    -d                    diese Referenz löschen
    --no-deref            <Referenzname> aktualisieren, nicht den Verweis
    -z                    Standard-Eingabe hat durch NUL-Zeichen abgeschlossene Argumente
    --stdin               Aktualisierungen von der Standard-Eingabe lesen
    --create-reflog       Reflog erstellen


#   Failed test 'find blob B1vB6F97kk0N5rM3jUhcig9NmO2csdNKKG9VNH7Qr6OHhIGxVRbYScI8Z8hOZsM6uzh803ZVcShGhs6WZjR66q7wfCIw4XYpqcINzQJ9QcjjoMKl90Xe9jy6yEtONBoa1Uuq6Fqj5f45Goe0uP4vmiP3ZS1bGZYf4BXTKyE0BwrLDvTE8GTfkmtig1ht9ULDaPzxqYV9WdKIQ22HV1duYLT38Kl2h9Y37QFgcriO'
#   at t/04_extensive.t line 61.

#   Failed test 'checking for Git::LowLevel::Blob object'
#   at t/04_extensive.t line 62.
Can't call method "content" on an undefined value at t/04_extensive.t line 63.
# Tests were run but no plan was declared and done_testing() was not seen.
# Looks like your test exited with 128 just after 7.
t/04_extensive.t .. 
Dubious, test returned 128 (wstat 32768, 0x8000)
Failed 2/7 subtests 

Test Summary Report
-------------------
t/02_blob.t     (Wstat: 512 Tests: 12 Failed: 2)
  Failed tests:  9-10
  Non-zero exit status: 2
t/03_tree.t     (Wstat: 512 Tests: 16 Failed: 2)
  Failed tests:  10-11
  Non-zero exit status: 2
t/04_extensive.t (Wstat: 32768 Tests: 7 Failed: 2)
  Failed tests:  6-7
  Non-zero exit status: 128
  Parse errors: No plan found in TAP output
Files=4, Tests=43,  3 wallclock secs ( 0.01 usr  0.02 sys +  1.18 cusr  0.18 csys =  1.39 CPU)
Result: FAIL
Failed 3/4 test programs. 6/43 subtests failed.
*** [test_dynamic] Error code 128

Stop in /usr/home/eserte/.cpan/build/2018072616/Git-LowLevel-0.1-1.

------------------------------
PREREQUISITES
------------------------------

Prerequisite modules loaded:

requires:

    Module              Need Have    
    ------------------- ---- --------
    File::Basename      0    2.84    
    Moose               0    2.2010  
    MooseX::Privacy     0    0.05    
    strict              0    1.07    
    warnings            0    1.18    

build_requires:

    Module              Need Have    
    ------------------- ---- --------
    ExtUtils::MakeMaker 0    7.34    
    File::Temp          0    0.2308  
    String::Random      0    0.29    
    Test::Exception     0    0.43    
    Test::More          0    1.302138

configure_requires:

    Module              Need Have    
    ------------------- ---- --------
    ExtUtils::MakeMaker 0    7.34    


------------------------------
ENVIRONMENT AND OTHER CONTEXT
------------------------------

Environment variables:

    LC_ALL = de_DE.ISO8859-1
    PATH = /usr/local/bin:/usr/bin:/bin:/usr/local/sbin:/usr/sbin:/sbin:/home/cpansand/bin/freebsd9.3:/home/cpansand/bin/sh:/home/cpansand/bin:/usr/games:/home/cpansand/devel:/usr/home/eserte/src/srezic-misc/scripts
    PERL5LIB = 
    PERL5OPT = 
    PERL5_CPANPLUS_IS_RUNNING = 65768
    PERL5_CPAN_IS_RUNNING = 65768
    PERL5_CPAN_IS_RUNNING_IN_RECURSION = 59366,65768
    PERLDOC = -MPod::Perldoc::ToTextOverstrike
    PERL_BATCH = yes
    PERL_CANARY_STABILITY_NOPROMPT = 1
    PERL_CPAN_REPORTER_CONFIG = /var/tmp/cpansmoker-1023/2018072616/cpanreporter_000_config.ini
    PERL_EXTUTILS_AUTOINSTALL = --defaultdeps
    SHELL = /usr/local/bin/zsh
    TERM = screen
    TMPDIR = /var/tmp/cpansmoker-1023/2018072616

Perl special variables (and OS-specific diagnostics, for MSWin32):

    $^X = /usr/perl5.18.2/bin/perl
    $UID/$EUID = 1023 / 1023
    $GID = 1023 1023
    $EGID = 1023 1023

Perl module toolchain versions installed:

    Module              Have    
    ------------------- --------
    CPAN                2.16    
    CPAN::Meta          2.150010
    Cwd                 3.74    
    ExtUtils::CBuilder  0.280230
    ExtUtils::Command   7.34    
    ExtUtils::Install   2.14    
    ExtUtils::MakeMaker 7.34    
    ExtUtils::Manifest  1.71    
    ExtUtils::ParseXS   3.35    
    File::Spec          3.74    
    JSON                2.97001 
    JSON::PP            2.97001 
    Module::Build       0.4224  
    Module::Signature   0.81    
    Parse::CPAN::Meta   2.150010
    Test::Harness       3.41    
    Test::More          1.302138
    YAML                1.24    
    YAML::Syck          1.30    
    version             0.9924  


--

Summary of my perl5 (revision 5 version 18 subversion 2) configuration:
   
  Platform:
    osname=freebsd, osvers=9.2-release-p4, archname=amd64-freebsd
    uname='freebsd cvrsnica-freebsd-92 9.2-release-p4 freebsd 9.2-release-p4 #0: tue apr 8 18:08:22 utc 2014 root@amd64-builder.daemonology.net:usrobjusrsrcsysgeneric amd64 '
    config_args='-ds -e -Dprefix=/usr/perl5.18.2'
    hint=recommended, useposix=true, d_sigaction=define
    useithreads=undef, usemultiplicity=undef
    useperlio=define, d_sfio=undef, uselargefiles=define, usesocks=undef
    use64bitint=define, use64bitall=define, uselongdouble=undef
    usemymalloc=n, bincompat5005=undef
  Compiler:
    cc='cc', ccflags ='-DHAS_FPSETMASK -DHAS_FLOATINGPOINT_H -fno-strict-aliasing -pipe -fstack-protector -I/usr/local/include',
    optimize='-O',
    cppflags='-DHAS_FPSETMASK -DHAS_FLOATINGPOINT_H -fno-strict-aliasing -pipe -fstack-protector -I/usr/local/include'
    ccversion='', gccversion='4.2.1 20070831 patched [FreeBSD]', gccosandvers=''
    intsize=4, longsize=8, ptrsize=8, doublesize=8, byteorder=12345678
    d_longlong=define, longlongsize=8, d_longdbl=define, longdblsize=16
    ivtype='long', ivsize=8, nvtype='double', nvsize=8, Off_t='off_t', lseeksize=8
    alignbytes=8, prototype=define
  Linker and Libraries:
    ld='cc', ldflags ='-Wl,-E  -fstack-protector -L/usr/local/lib'
    libpth=/usr/lib /usr/local/lib
    libs=-lgdbm -lm -lcrypt -lutil -lc
    perllibs=-lm -lcrypt -lutil -lc
    libc=, so=so, useshrplib=false, libperl=libperl.a
    gnulibc_version=''
  Dynamic Linking:
    dlsrc=dl_dlopen.xs, dlext=so, d_dlsymun=undef, ccdlflags=' '
    cccdlflags='-DPIC -fPIC', lddlflags='-shared  -L/usr/local/lib -fstack-protector'


Characteristics of this binary (from libperl): 
  Compile-time options: HAS_TIMES PERLIO_LAYERS PERL_DONT_CREATE_GVSV
                        PERL_HASH_FUNC_ONE_AT_A_TIME_HARD PERL_MALLOC_WRAP
                        PERL_PRESERVE_IVUV PERL_SAWAMPERSAND USE_64_BIT_ALL
                        USE_64_BIT_INT USE_LARGE_FILES USE_LOCALE
                        USE_LOCALE_COLLATE USE_LOCALE_CTYPE
                        USE_LOCALE_NUMERIC USE_PERLIO USE_PERL_ATOF
  Built under freebsd
  Compiled at May 16 2014 01:27:28
  %ENV:
    PERL5LIB=""
    PERL5OPT=""
    PERL5_CPANPLUS_IS_RUNNING="65768"
    PERL5_CPAN_IS_RUNNING="65768"
    PERL5_CPAN_IS_RUNNING_IN_RECURSION="59366,65768"
    PERLDOC="-MPod::Perldoc::ToTextOverstrike"
    PERL_BATCH="yes"
    PERL_CANARY_STABILITY_NOPROMPT="1"
    PERL_CPAN_REPORTER_CONFIG="/var/tmp/cpansmoker-1023/2018072616/cpanreporter_000_config.ini"
    PERL_EXTUTILS_AUTOINSTALL="--defaultdeps"
  @INC:
    /usr/perl5.18.2/lib/site_perl/5.18.2/amd64-freebsd
    /usr/perl5.18.2/lib/site_perl/5.18.2
    /usr/perl5.18.2/lib/5.18.2/amd64-freebsd
    /usr/perl5.18.2/lib/5.18.2
    .