Back
From: metabase:user:320bfe00-2aae-11df-837a-5e0a49663a4f
Subject: FAIL Pod-Coverage-MethodSignatures-0.02 v5.22.2 GNU/Linux
Date: 2016-10-04T07:09:13Z
This distribution has been tested as part of the CPAN Testers
project, supporting the Perl programming language. See
http://wiki.cpantesters.org/ for more information or email
questions to cpan-testers-discuss@perl.org
--
Dear Darian Anthony Patrick,
This is a computer-generated report for Pod-Coverage-MethodSignatures-0.02
on perl 5.22.2, created by CPAN-Reporter-1.2018.
Thank you for uploading your work to CPAN. However, there was a problem
testing your distribution.
If you think this report is invalid, please consult the CPAN Testers Wiki
for suggestions on how to avoid getting FAIL reports for missing library
or binary dependencies, unsupported operating systems, and so on:
http://wiki.cpantesters.org/wiki/CPANAuthorNotes
Sections of this report:
* Tester comments
* Program output
* Prerequisites
* Environment and other context
------------------------------
TESTER COMMENTS
------------------------------
Additional comments from tester:
this report is from an automated smoke testing program
and was not reviewed by a human for accuracy
------------------------------
PROGRAM OUTPUT
------------------------------
Output from './Build test':
# undef
t/fullpod.t ... ok
# undef
t/halfpod.t ... ok
# couldn't find pod
t/nopod.t ..... ok
t/pod.t ....... ok
# Failed test 'Test TRACE_ALL'
# at t/traceall.t line 33.
# STDOUT is:
# requiring 'FooTestFullPod'
# walking symbols
# checking origin package for 'FooTestFullPod::baz':
# FooTestFullPod
# checking origin package for 'FooTestFullPod::bar':
# FooTestFullPod
# checking origin package for 'FooTestFullPod::new':
# FooTestFullPod
# checking origin package for 'FooTestFullPod::foo':
# FooTestFullPod
# checking origin package for 'FooTestFullPod::method':
# Devel::Declare::MethodInstaller::Simple
# checking origin package for 'FooTestFullPod::func':
# Devel::Declare::MethodInstaller::Simple
#
# not:
# requiring 'FooTestFullPod'
# walking symbols
# checking origin package for 'FooTestFullPod::bar':
# FooTestFullPod
# checking origin package for 'FooTestFullPod::baz':
# FooTestFullPod
# checking origin package for 'FooTestFullPod::foo':
# FooTestFullPod
# checking origin package for 'FooTestFullPod::new':
# FooTestFullPod
# checking origin package for 'FooTestFullPod::func':
# Devel::Declare::MethodInstaller::Simple
# checking origin package for 'FooTestFullPod::method':
# Devel::Declare::MethodInstaller::Simple
#
# as expected
# undef
# Looks like you failed 1 test of 1.
t/traceall.t ..
Dubious, test returned 1 (wstat 256, 0x100)
Failed 1/1 subtests
Test Summary Report
-------------------
t/traceall.t (Wstat: 256 Tests: 1 Failed: 1)
Failed test: 1
Non-zero exit status: 1
Files=5, Tests=6, 0 wallclock secs ( 0.02 usr 0.04 sys + 0.36 cusr 0.06 csys = 0.48 CPU)
Result: FAIL
Failed 1/5 test programs. 1/6 subtests failed.
------------------------------
PREREQUISITES
------------------------------
Prerequisite modules loaded:
requires:
Module Need Have
------------------ -------- --------
perl v5.8.1 5.022002
Pod::Coverage 0.20 0.23
build_requires:
Module Need Have
------------------ -------- --------
Method::Signatures 20100730 20160315
Test::More 0.92 1.302059
Test::Output 0.16 1.03
configure_requires:
Module Need Have
------------------ -------- --------
Module::Build 0.360300 0.4220
------------------------------
ENVIRONMENT AND OTHER CONTEXT
------------------------------
Environment variables:
AUTOMATED_TESTING = 1
LANG = C
PATH = /home/sand/bin:/usr/local/bin:/usr/bin:/bin:/usr/games:/usr/local/perl/bin:/usr/X11/bin:/sbin:/usr/sbin
PERL5LIB = /tmp/loop_over_bdir-26261-m1fcJ_/FusionInventory-Agent-2.3.18-0/blib/arch:/tmp/loop_over_bdir-26261-m1fcJ_/FusionInventory-Agent-2.3.18-0/blib/lib
PERL5OPT =
PERL5_CPANPLUS_IS_RUNNING = 7431
PERL5_CPAN_IS_RUNNING = 7431
PERL_CANARY_STABILITY_NOPROMPT = 1
PERL_MM_USE_DEFAULT = 1
SHELL = /usr/bin/zsh
TERM = screen
Perl special variables (and OS-specific diagnostics, for MSWin32):
$^X = /tmp/basesmoker-reloperl-s8Bt/bin/perl
$UID/$EUID = 1005 / 1005
$GID = 1005 1005
$EGID = 1005 1005
Perl module toolchain versions installed:
Module Have
------------------- --------
CPAN 2.15
CPAN::Meta 2.150010
Cwd 3.62
ExtUtils::CBuilder 0.280224
ExtUtils::Command 7.24
ExtUtils::Install 2.04
ExtUtils::MakeMaker 7.24
ExtUtils::Manifest 1.70
ExtUtils::ParseXS 3.30
File::Spec 3.62
JSON 2.90
JSON::PP 2.27400
Module::Build 0.4220
Module::Signature 0.81
Parse::CPAN::Meta 2.150010
Test::Harness 3.36
Test::More 1.302059
YAML 1.18
YAML::Syck 1.29
version 0.9917
--
Summary of my perl5 (revision 5 version 22 subversion 2) configuration:
Commit id: 9cbffb38735712e3a34e6f537892b6ef06fb815f
Platform:
osname=linux, osvers=4.7.0-1-amd64, archname=x86_64-linux-thread-multi
uname='linux k93x64sid 4.7.0-1-amd64 #1 smp debian 4.7.5-1 (2016-09-26) x86_64 gnulinux '
config_args='-Dprefix=/home/sand/src/perl/repoperls/installed-perls/host/k93x64sid/v5.22.2/fae6 -Dmyhostname=k93x64sid -Dinstallusrbinperl=n -Uversiononly -Dusedevel -des -Ui_db -Dlibswanted=cl pthread socket inet nsl gdbm dbm malloc dl ld sun m crypt sec util c cposix posix ucb BSD gdbm_compat -Duseithreads -Uuselongdouble'
hint=recommended, useposix=true, d_sigaction=define
useithreads=define, usemultiplicity=define
use64bitint=define, use64bitall=define, uselongdouble=undef
usemymalloc=n, bincompat5005=undef
Compiler:
cc='cc', ccflags ='-D_REENTRANT -D_GNU_SOURCE -fwrapv -fno-strict-aliasing -pipe -fstack-protector-strong -I/usr/local/include -D_LARGEFILE_SOURCE -D_FILE_OFFSET_BITS=64',
optimize='-O2',
cppflags='-D_REENTRANT -D_GNU_SOURCE -fwrapv -fno-strict-aliasing -pipe -fstack-protector-strong -I/usr/local/include'
ccversion='', gccversion='6.2.0 20160927', gccosandvers=''
intsize=4, longsize=8, ptrsize=8, doublesize=8, byteorder=12345678, doublekind=3
d_longlong=define, longlongsize=8, d_longdbl=define, longdblsize=16, longdblkind=3
ivtype='long', ivsize=8, nvtype='double', nvsize=8, Off_t='off_t', lseeksize=8
alignbytes=8, prototype=define
Linker and Libraries:
ld='cc', ldflags =' -fstack-protector-strong -L/usr/local/lib'
libpth=/usr/local/lib /usr/lib/gcc/x86_64-linux-gnu/6/include-fixed /usr/include/x86_64-linux-gnu /usr/lib /lib/x86_64-linux-gnu /lib/../lib /usr/lib/x86_64-linux-gnu /usr/lib/../lib /lib
libs=-lpthread -lnsl -ldl -lm -lcrypt -lutil -lc
perllibs=-lpthread -lnsl -ldl -lm -lcrypt -lutil -lc
libc=libc-2.24.so, so=so, useshrplib=false, libperl=libperl.a
gnulibc_version='2.24'
Dynamic Linking:
dlsrc=dl_dlopen.xs, dlext=so, d_dlsymun=undef, ccdlflags='-Wl,-E'
cccdlflags='-fPIC', lddlflags='-shared -O2 -L/usr/local/lib -fstack-protector-strong'
Characteristics of this binary (from libperl):
Compile-time options: HAS_TIMES MULTIPLICITY PERLIO_LAYERS
PERL_DONT_CREATE_GVSV
PERL_HASH_FUNC_ONE_AT_A_TIME_HARD
PERL_IMPLICIT_CONTEXT PERL_MALLOC_WRAP
PERL_NEW_COPY_ON_WRITE PERL_PRESERVE_IVUV
PERL_USE_DEVEL USE_64_BIT_ALL USE_64_BIT_INT
USE_ITHREADS USE_LARGE_FILES USE_LOCALE
USE_LOCALE_COLLATE USE_LOCALE_CTYPE
USE_LOCALE_NUMERIC USE_LOCALE_TIME USE_PERLIO
USE_PERL_ATOF USE_REENTRANT_API
Built under linux
Compiled at Oct 3 2016 09:38:03
%ENV:
PERL5LIB="/tmp/loop_over_bdir-26261-m1fcJ_/FusionInventory-Agent-2.3.18-0/blib/arch:/tmp/loop_over_bdir-26261-m1fcJ_/FusionInventory-Agent-2.3.18-0/blib/lib"
PERL5OPT=""
PERL5_CPANPLUS_IS_RUNNING="7431"
PERL5_CPAN_IS_RUNNING="7431"
PERL_CANARY_STABILITY_NOPROMPT="1"
PERL_MM_USE_DEFAULT="1"
@INC:
/tmp/loop_over_bdir-26261-m1fcJ_/FusionInventory-Agent-2.3.18-0/blib/arch
/tmp/loop_over_bdir-26261-m1fcJ_/FusionInventory-Agent-2.3.18-0/blib/lib
/home/sand/src/perl/repoperls/installed-perls/host/k93x64sid/v5.22.2/fae6/lib/site_perl/5.22.2/x86_64-linux-thread-multi
/home/sand/src/perl/repoperls/installed-perls/host/k93x64sid/v5.22.2/fae6/lib/site_perl/5.22.2
/home/sand/src/perl/repoperls/installed-perls/host/k93x64sid/v5.22.2/fae6/lib/5.22.2/x86_64-linux-thread-multi
/home/sand/src/perl/repoperls/installed-perls/host/k93x64sid/v5.22.2/fae6/lib/5.22.2
.