Back
From: metabase:user:a0e144f2-373b-11e6-8edd-c6848980b093
Subject: FAIL Lingua-FR-Ladl-v0.0.4 v5.26.0 GNU/Linux
Date: 2017-04-22T14:24:55Z
This distribution has been tested as part of the CPAN Testers
project, supporting the Perl programming language. See
http://wiki.cpantesters.org/ for more information or email
questions to cpan-testers-discuss@perl.org
--
Dear Ingrid Falk,
This is a computer-generated report for Lingua-FR-Ladl-v0.0.4
on perl 5.26.0, created by CPAN-Reporter-1.2018.
Thank you for uploading your work to CPAN. However, there was a problem
testing your distribution.
If you think this report is invalid, please consult the CPAN Testers Wiki
for suggestions on how to avoid getting FAIL reports for missing library
or binary dependencies, unsupported operating systems, and so on:
http://wiki.cpantesters.org/wiki/CPANAuthorNotes
Sections of this report:
* Tester comments
* Program output
* Prerequisites
* Environment and other context
------------------------------
TESTER COMMENTS
------------------------------
Additional comments from tester:
this report is from an automated smoke testing program
and was not reviewed by a human for accuracy
------------------------------
PROGRAM OUTPUT
------------------------------
Output from './Build test':
# Testing Lingua::FR::Ladl 0.0.4
t/00.load.t ....... ok
# Failed test 'POD test for blib/lib/Lingua/FR/Ladl/Parametrizer.pm'
# at /home/cpan1/install/lib/perl5/site_perl/5.26.0/Test/Pod.pm line 187.
# blib/lib/Lingua/FR/Ladl/Parametrizer.pm (98): Non-ASCII character seen before =encoding in '"Nég"'. Assuming UTF-8
# Looks like you failed 1 test of 6.
t/pod.t ...........
Dubious, test returned 1 (wstat 256, 0x100)
Failed 1/6 subtests
# Failed test 'with all-caps functions as privates'
# at /home/cpan1/install/lib/perl5/site_perl/5.26.0/Test/Pod/Coverage.pm line 133.
# Lingua::FR::Ladl::Graph: requiring 'Lingua::FR::Ladl::Graph' failed
# Looks like you failed 1 test of 6.
t/pod-coverage.t ..
Dubious, test returned 1 (wstat 256, 0x100)
Failed 1/6 subtests
# Failed test 'Test::Perl::Critic for "blib/lib/Lingua/FR/Ladl/Graph.pm"'
# at /home/cpan1/install/lib/perl5/site_perl/5.26.0/Test/Perl/Critic.pm line 104.
#
# Variable, subroutine, and package names have to be in CamelCase at line 21, column 15. (no explanation). (Severity: 5)
# Variable, subroutine, and package names have to be in CamelCase at line 23, column 6. (no explanation). (Severity: 5)
# Variable, subroutine, and package names have to be in CamelCase at line 24, column 6. (no explanation). (Severity: 5)
# Variable, subroutine, and package names have to be in CamelCase at line 26, column 6. (no explanation). (Severity: 5)
# Variable, subroutine, and package names have to be in CamelCase at line 27, column 6. (no explanation). (Severity: 5)
# Variable, subroutine, and package names have to be in CamelCase at line 31, column 3. (no explanation). (Severity: 5)
# Variable, subroutine, and package names have to be in CamelCase at line 32, column 9. (no explanation). (Severity: 5)
# Variable, subroutine, and package names have to be in CamelCase at line 35, column 8. (no explanation). (Severity: 5)
# Variable, subroutine, and package names have to be in CamelCase at line 39, column 8. (no explanation). (Severity: 5)
# Variable, subroutine, and package names have to be in CamelCase at line 39, column 21. (no explanation). (Severity: 5)
# Variable, subroutine, and package names have to be in CamelCase at line 39, column 41. (no explanation). (Severity: 5)
# Variable, subroutine, and package names have to be in CamelCase at line 46, column 13. (no explanation). (Severity: 5)
# Variable, subroutine, and package names have to be in CamelCase at line 50, column 12. (no explanation). (Severity: 5)
# Variable, subroutine, and package names have to be in CamelCase at line 54, column 9. (no explanation). (Severity: 5)
# Variable, subroutine, and package names have to be in CamelCase at line 54, column 16. (no explanation). (Severity: 5)
# Variable, subroutine, and package names have to be in CamelCase at line 54, column 21. (no explanation). (Severity: 5)
# Variable, subroutine, and package names have to be in CamelCase at line 56, column 8. (no explanation). (Severity: 5)
# Variable, subroutine, and package names have to be in CamelCase at line 56, column 21. (no explanation). (Severity: 5)
# Variable, subroutine, and package names have to be in CamelCase at line 58, column 5. (no explanation). (Severity: 5)
# Variable, subroutine, and package names have to be in CamelCase at line 58, column 15. (no explanation). (Severity: 5)
# Variable, subroutine, and package names have to be in CamelCase at line 58, column 22. (no explanation). (Severity: 5)
# Variable, subroutine, and package names have to be in CamelCase at line 61, column 8. (no explanation). (Severity: 5)
# Variable, subroutine, and package names have to be in CamelCase at line 62, column 5. (no explanation). (Severity: 5)
# Variable, subroutine, and package names have to be in CamelCase at line 62, column 20. (no explanation). (Severity: 5)
# Variable, subroutine, and package names have to be in CamelCase at line 62, column 27. (no explanation). (Severity: 5)
# Variable, subroutine, and package names have to be in CamelCase at line 67, column 3. (no explanation). (Severity: 5)
# Variable, subroutine, and package names have to be in CamelCase at line 68, column 9. (no explanation). (Severity: 5)
# Variable, subroutine, and package names have to be in CamelCase at line 68, column 16. (no explanation). (Severity: 5)
# Variable, subroutine, and package names have to be in CamelCase at line 69, column 8. (no explanation). (Severity: 5)
# Variable, subroutine, and package names have to be in CamelCase at line 69, column 18. (no explanation). (Severity: 5)
# Private Member Data shouldn't be accessed directly at line 69, column 18. Accessing an objects data directly breaks encapsulation and should be avoided. Example: $object->{ some_key }. (Severity: 5)
# Variable, subroutine, and package names have to be in CamelCase at line 70, column 8. (no explanation). (Severity: 5)
# Variable, subroutine, and package names have to be in CamelCase at line 70, column 21. (no explanation). (Severity: 5)
# Private Member Data shouldn't be accessed directly at line 70, column 21. Accessing an objects data directly breaks encapsulation and should be avoided. Example: $object->{ some_key }. (Severity: 5)
# Variable, subroutine, and package names have to be in CamelCase at line 71, column 8. (no explanation). (Severity: 5)
# Variable, subroutine, and package names have to be in CamelCase at line 71, column 20. (no explanation). (Severity: 5)
# Variable, subroutine, and package names have to be in CamelCase at line 73, column 13. (no explanation). (Severity: 5)
# Variable, subroutine, and package names have to be in CamelCase at line 73, column 36. (no explanation). (Severity: 5)
# Variable, subroutine, and package names have to be in CamelCase at line 74, column 54. (no explanation). (Severity: 5)
# Variable, subroutine, and package names have to be in CamelCase at line 77, column 8. (no explanation). (Severity: 5)
# Variable, subroutine, and package names have to be in CamelCase at line 77, column 21. (no explanation). (Severity: 5)
# Variable, subroutine, and package names have to be in CamelCase at line 77, column 44. (no explanation). (Severity: 5)
# Variable, subroutine, and package names have to be in CamelCase at line 77, column 55. (no explanation). (Severity: 5)
# Variable, subroutine, and package names have to be in CamelCase at line 81, column 5. (no explanation). (Severity: 5)
# Variable, subroutine, and package names have to be in CamelCase at line 81, column 43. (no explanation). (Severity: 5)
# Variable, subroutine, and package names have to be in CamelCase at line 83, column 5. (no explanation). (Severity: 5)
# Variable, subroutine, and package names have to be in CamelCase at line 83, column 15. (no explanation). (Severity: 5)
# Variable, subroutine, and package names have to be in CamelCase at line 83, column 22. (no explanation). (Severity: 5)
# Variable, subroutine, and package names have to be in CamelCase at line 85, column 12. (no explanation). (Severity: 5)
# Variable, subroutine, and package names have to be in CamelCase at line 98, column 3. (no explanation). (Severity: 5)
# Variable, subroutine, and package names have to be in CamelCase at line 99, column 9. (no explanation). (Severity: 5)
# Variable, subroutine, and package names have to be in CamelCase at line 100, column 8. (no explanation). (Severity: 5)
# Variable, subroutine, and package names have to be in CamelCase at line 100, column 20. (no explanation). (Severity: 5)
# Variable, subroutine, and package names have to be in CamelCase at line 102, column 13. (no explanation). (Severity: 5)
# Variable, subroutine, and package names have to be in CamelCase at line 102, column 23. (no explanation). (Severity: 5)
# Variable, subroutine, and package names have to be in CamelCase at line 106, column 13. (no explanation). (Severity: 5)
# Variable, subroutine, and package names have to be in CamelCase at line 106, column 23. (no explanation). (Severity: 5)
# Variable, subroutine, and package names have to be in CamelCase at line 130, column 3. (no explanation). (Severity: 5)
# Variable, subroutine, and package names have to be in CamelCase at line 131, column 9. (no explanation). (Severity: 5)
# Variable, subroutine, and package names have to be in CamelCase at line 132, column 8. (no explanation). (Severity: 5)
# Variable, subroutine, and package names have to be in CamelCase at line 132, column 20. (no explanation). (Severity: 5)
# Variable, subroutine, and package names have to be in CamelCase at line 135, column 9. (no explanation). (Severity: 5)
# Variable, subroutine, and package names have to be in CamelCase at line 135, column 28. (no explanation). (Severity: 5)
# Variable, subroutine, and package names have to be in CamelCase at line 136, column 10. (no explanation). (Severity: 5)
# Variable, subroutine, and package names have to be in CamelCase at line 136, column 23. (no explanation). (Severity: 5)
# Variable, subroutine, and package names have to be in CamelCase at line 136, column 42. (no explanation). (Severity: 5)
# Variable, subroutine, and package names have to be in CamelCase at line 138, column 34. (no explanation). (Severity: 5)
# Variable, subroutine, and package names have to be in CamelCase at line 139, column 42. (no explanation). (Severity: 5)
# Variable, subroutine, and package names have to be in CamelCase at line 140, column 31. (no explanation). (Severity: 5)
# Variable, subroutine, and package names have to be in CamelCase at line 141, column 44. (no explanation). (Severity: 5)
# Variable, subroutine, and package names have to be in CamelCase at line 142, column 50. (no explanation). (Severity: 5)
# Variable, subroutine, and package names have to be in CamelCase at line 147, column 13. (no explanation). (Severity: 5)
# Variable, subroutine, and package names have to be in CamelCase at line 147, column 23. (no explanation). (Severity: 5)
# Use of low precedence operators is not allowed at line 147, column 28. Replace low precedence operators with the high precedence substitutes. (Severity: 5)
# Variable, subroutine, and package names have to be in CamelCase at line 149, column 62. (no explanation). (Severity: 5)
# Variable, subroutine, and package names have to be in CamelCase at line 151, column 8. (no explanation). (Severity: 5)
# Variable, subroutine, and package names have to be in CamelCase at line 152, column 9. (no explanation). (Severity: 5)
# Variable, subroutine, and package names have to be in CamelCase at line 153, column 7. (no explanation). (Severity: 5)
# Variable, subroutine, and package names have to be in CamelCase at line 153, column 26. (no explanation). (Severity: 5)
# Variable, subroutine, and package names have to be in CamelCase at line 153, column 34. (no explanation). (Severity: 5)
# Variable, subroutine, and package names have to be in CamelCase at line 158, column 8. (no explanation). (Severity: 5)
# Variable, subroutine, and package names have to be in CamelCase at line 158, column 22. (no explanation). (Severity: 5)
# Variable, subroutine, and package names have to be in CamelCase at line 160, column 32. (no explanation). (Severity: 5)
# Variable, subroutine, and package names have to be in CamelCase at line 161, column 40. (no explanation). (Severity: 5)
# Variable, subroutine, and package names have to be in CamelCase at line 162, column 29. (no explanation). (Severity: 5)
# Variable, subroutine, and package names have to be in CamelCase at line 163, column 42. (no explanation). (Severity: 5)
# Variable, subroutine, and package names have to be in CamelCase at line 164, column 48. (no explanation). (Severity: 5)
# Failed test 'Test::Perl::Critic for "blib/lib/Lingua/FR/Ladl/Exceptions.pm"'
# at /home/cpan1/install/lib/perl5/site_perl/5.26.0/Test/Perl/Critic.pm line 104.
#
# Variable, subroutine, and package names have to be in CamelCase at line 17, column 1. (no explanation). (Severity: 5)
# Variable, subroutine, and package names have to be in CamelCase at line 18, column 7. (no explanation). (Severity: 5)
# Variable, subroutine, and package names have to be in CamelCase at line 20, column 6. (no explanation). (Severity: 5)
# Variable, subroutine, and package names have to be in CamelCase at line 20, column 13. (no explanation). (Severity: 5)
# Variable, subroutine, and package names have to be in CamelCase at line 22, column 10. (no explanation). (Severity: 5)
# Variable, subroutine, and package names have to be in CamelCase at line 22, column 39. (no explanation). (Severity: 5)
# Variable, subroutine, and package names have to be in CamelCase at line 25, column 1. (no explanation). (Severity: 5)
# Variable, subroutine, and package names have to be in CamelCase at line 26, column 7. (no explanation). (Severity: 5)
# Variable, subroutine, and package names have to be in CamelCase at line 28, column 6. (no explanation). (Severity: 5)
# Variable, subroutine, and package names have to be in CamelCase at line 28, column 13. (no explanation). (Severity: 5)
# Variable, subroutine, and package names have to be in CamelCase at line 30, column 10. (no explanation). (Severity: 5)
# Variable, subroutine, and package names have to be in CamelCase at line 30, column 42. (no explanation). (Severity: 5)
# Failed test 'Test::Perl::Critic for "blib/lib/Lingua/FR/Ladl/Parametrizer.pm"'
# at /home/cpan1/install/lib/perl5/site_perl/5.26.0/Test/Perl/Critic.pm line 104.
#
# Variable, subroutine, and package names have to be in CamelCase at line 13, column 6. (no explanation). (Severity: 5)
# Variable, subroutine, and package names have to be in CamelCase at line 14, column 6. (no explanation). (Severity: 5)
# Variable, subroutine, and package names have to be in CamelCase at line 15, column 6. (no explanation). (Severity: 5)
# Variable, subroutine, and package names have to be in CamelCase at line 16, column 6. (no explanation). (Severity: 5)
# Variable, subroutine, and package names have to be in CamelCase at line 17, column 6. (no explanation). (Severity: 5)
# Variable, subroutine, and package names have to be in CamelCase at line 20, column 9. (no explanation). (Severity: 5)
# Variable, subroutine, and package names have to be in CamelCase at line 20, column 16. (no explanation). (Severity: 5)
# Variable, subroutine, and package names have to be in CamelCase at line 20, column 21. (no explanation). (Severity: 5)
# Variable, subroutine, and package names have to be in CamelCase at line 22, column 5. (no explanation). (Severity: 5)
# Variable, subroutine, and package names have to be in CamelCase at line 22, column 28. (no explanation). (Severity: 5)
# Variable, subroutine, and package names have to be in CamelCase at line 26, column 5. (no explanation). (Severity: 5)
# Variable, subroutine, and package names have to be in CamelCase at line 26, column 26. (no explanation). (Severity: 5)
# Variable, subroutine, and package names have to be in CamelCase at line 30, column 5. (no explanation). (Severity: 5)
# Variable, subroutine, and package names have to be in CamelCase at line 30, column 29. (no explanation). (Severity: 5)
# Variable, subroutine, and package names have to be in CamelCase at line 42, column 5. (no explanation). (Severity: 5)
# Variable, subroutine, and package names have to be in CamelCase at line 42, column 25. (no explanation). (Severity: 5)
# Failed test 'Test::Perl::Critic for "blib/lib/Lingua/FR/Ladl/Table.pm"'
# at /home/cpan1/install/lib/perl5/site_perl/5.26.0/Test/Perl/Critic.pm line 104.
#
# Variable, subroutine, and package names have to be in CamelCase at line 23, column 15. (no explanation). (Severity: 5)
# Variable, subroutine, and package names have to be in CamelCase at line 26, column 6. (no explanation). (Severity: 5)
# Variable, subroutine, and package names have to be in CamelCase at line 27, column 6. (no explanation). (Severity: 5)
# Variable, subroutine, and package names have to be in CamelCase at line 28, column 6. (no explanation). (Severity: 5)
# Variable, subroutine, and package names have to be in CamelCase at line 29, column 6. (no explanation). (Severity: 5)
# Variable, subroutine, and package names have to be in CamelCase at line 30, column 6. (no explanation). (Severity: 5)
# Variable, subroutine, and package names have to be in CamelCase at line 31, column 6. (no explanation). (Severity: 5)
# Variable, subroutine, and package names have to be in CamelCase at line 32, column 6. (no explanation). (Severity: 5)
# Variable, subroutine, and package names have to be in CamelCase at line 33, column 6. (no explanation). (Severity: 5)
# Variable, subroutine, and package names have to be in CamelCase at line 34, column 6. (no explanation). (Severity: 5)
# Variable, subroutine, and package names have to be in CamelCase at line 35, column 6. (no explanation). (Severity: 5)
# Variable, subroutine, and package names have to be in CamelCase at line 39, column 3. (no explanation). (Severity: 5)
# Variable, subroutine, and package names have to be in CamelCase at line 40, column 9. (no explanation). (Severity: 5)
# Variable, subroutine, and package names have to be in CamelCase at line 42, column 8. (no explanation). (Severity: 5)
# Variable, subroutine, and package names have to be in CamelCase at line 42, column 16. (no explanation). (Severity: 5)
# Variable, subroutine, and package names have to be in CamelCase at line 42, column 25. (no explanation). (Severity: 5)
# Variable, subroutine, and package names have to be in CamelCase at line 44, column 8. (no explanation). (Severity: 5)
# Variable, subroutine, and package names have to be in CamelCase at line 44, column 27. (no explanation). (Severity: 5)
# Variable, subroutine, and package names have to be in CamelCase at line 44, column 37. (no explanation). (Severity: 5)
# Variable, subroutine, and package names have to be in CamelCase at line 44, column 79. (no explanation). (Severity: 5)
# Variable, subroutine, and package names have to be in CamelCase at line 44, column 89. (no explanation). (Severity: 5)
# Variable, subroutine, and package names have to be in CamelCase at line 46, column 9. (no explanation). (Severity: 5)
# Variable, subroutine, and package names have to be in CamelCase at line 47, column 7. (no explanation). (Severity: 5)
# Variable, subroutine, and package names have to be in CamelCase at line 47, column 19. (no explanation). (Severity: 5)
# Variable, subroutine, and package names have to be in CamelCase at line 47, column 26. (no explanation). (Severity: 5)
# Variable, subroutine, and package names have to be in CamelCase at line 48, column 14. (no explanation). (Severity: 5)
# Variable, subroutine, and package names have to be in CamelCase at line 48, column 26. (no explanation). (Severity: 5)
# Variable, subroutine, and package names have to be in CamelCase at line 56, column 3. (no explanation). (Severity: 5)
# Variable, subroutine, and package names have to be in CamelCase at line 57, column 9. (no explanation). (Severity: 5)
# Variable, subroutine, and package names have to be in CamelCase at line 57, column 17. (no explanation). (Severity: 5)
# Variable, subroutine, and package names have to be in CamelCase at line 57, column 23. (no explanation). (Severity: 5)
# Variable, subroutine, and package names have to be in CamelCase at line 59, column 45. (no explanation). (Severity: 5)
# Variable, subroutine, and package names have to be in CamelCase at line 61, column 8. (no explanation). (Severity: 5)
# Variable, subroutine, and package names have to be in CamelCase at line 61, column 20. (no explanation). (Severity: 5)
# Variable, subroutine, and package names have to be in CamelCase at line 63, column 38. (no explanation). (Severity: 5)
# Variable, subroutine, and package names have to be in CamelCase at line 64, column 36. (no explanation). (Severity: 5)
# Variable, subroutine, and package names have to be in CamelCase at line 65, column 35. (no explanation). (Severity: 5)
# Variable, subroutine, and package names have to be in CamelCase at line 65, column 45. (no explanation). (Severity: 5)
# Variable, subroutine, and package names have to be in CamelCase at line 67, column 61. (no explanation). (Severity: 5)
# Variable, subroutine, and package names have to be in CamelCase at line 67, column 68. (no explanation). (Severity: 5)
# Variable, subroutine, and package names have to be in CamelCase at line 67, column 79. (no explanation). (Severity: 5)
# Variable, subroutine, and package names have to be in CamelCase at line 73, column 5. (no explanation). (Severity: 5)
# Variable, subroutine, and package names have to be in CamelCase at line 74, column 9. (no explanation). (Severity: 5)
# Variable, subroutine, and package names have to be in CamelCase at line 74, column 17. (no explanation). (Severity: 5)
# Variable, subroutine, and package names have to be in CamelCase at line 74, column 23. (no explanation). (Severity: 5)
# Variable, subroutine, and package names have to be in CamelCase at line 76, column 45. (no explanation). (Severity: 5)
# Variable, subroutine, and package names have to be in CamelCase at line 78, column 8. (no explanation). (Severity: 5)
# Variable, subroutine, and package names have to be in CamelCase at line 78, column 20. (no explanation). (Severity: 5)
# Variable, subroutine, and package names have to be in CamelCase at line 80, column 38. (no explanation). (Severity: 5)
# Variable, subroutine, and package names have to be in CamelCase at line 81, column 36. (no explanation). (Severity: 5)
# Variable, subroutine, and package names have to be in CamelCase at line 82, column 35. (no explanation). (Severity: 5)
# Variable, subroutine, and package names have to be in CamelCase at line 82, column 45. (no explanation). (Severity: 5)
# Variable, subroutine, and package names have to be in CamelCase at line 84, column 61. (no explanation). (Severity: 5)
# Variable, subroutine, and package names have to be in CamelCase at line 84, column 68. (no explanation). (Severity: 5)
# Variable, subroutine, and package names have to be in CamelCase at line 84, column 79. (no explanation). (Severity: 5)
# Variable, subroutine, and package names have to be in CamelCase at line 90, column 3. (no explanation). (Severity: 5)
# Variable, subroutine, and package names have to be in CamelCase at line 91, column 9. (no explanation). (Severity: 5)
# Variable, subroutine, and package names have to be in CamelCase at line 93, column 8. (no explanation). (Severity: 5)
# Variable, subroutine, and package names have to be in CamelCase at line 96, column 9. (no explanation). (Severity: 5)
# Variable, subroutine, and package names have to be in CamelCase at line 100, column 8. (no explanation). (Severity: 5)
# Variable, subroutine, and package names have to be in CamelCase at line 100, column 58. (no explanation). (Severity: 5)
# Use of low precedence operators is not allowed at line 100, column 70. Replace low precedence operators with the high precedence substitutes. (Severity: 5)
# Variable, subroutine, and package names have to be in CamelCase at line 102, column 8. (no explanation). (Severity: 5)
# Variable, subroutine, and package names have to be in CamelCase at line 102, column 17. (no explanation). (Severity: 5)
# Private Member Data shouldn't be accessed directly at line 102, column 17. Accessing an objects data directly breaks encapsulation and should be avoided. Example: $object->{ some_key }. (Severity: 5)
# Variable, subroutine, and package names have to be in CamelCase at line 103, column 5. (no explanation). (Severity: 5)
# Private Member Data shouldn't be accessed directly at line 103, column 5. Accessing an objects data directly breaks encapsulation and should be avoided. Example: $object->{ some_key }. (Severity: 5)
# Variable, subroutine, and package names have to be in CamelCase at line 103, column 26. (no explanation). (Severity: 5)
# Private Member Data shouldn't be accessed directly at line 103, column 26. Accessing an objects data directly breaks encapsulation and should be avoided. Example: $object->{ some_key }. (Severity: 5)
# Variable, subroutine, and package names have to be in CamelCase at line 104, column 13. (no explanation). (Severity: 5)
# Private Member Data shouldn't be accessed directly at line 104, column 13. Accessing an objects data directly breaks encapsulation and should be avoided. Example: $object->{ some_key }. (Severity: 5)
# Variable, subroutine, and package names have to be in CamelCase at line 107, column 16. (no explanation). (Severity: 5)
# Variable, subroutine, and package names have to be in CamelCase at line 107, column 22. (no explanation). (Severity: 5)
# Private Member Data shouldn't be accessed directly at line 107, column 22. Accessing an objects data directly breaks encapsulation and should be avoided. Example: $object->{ some_key }. (Severity: 5)
# Variable, subroutine, and package names have to be in CamelCase at line 107, column 42. (no explanation). (Severity: 5)
# Private Member Data shouldn't be accessed directly at line 107, column 42. Accessing an objects data directly breaks encapsulation and should be avoided. Example: $object->{ some_key }. (Severity: 5)
# Variable, subroutine, and package names have to be in CamelCase at line 108, column 7. (no explanation). (Severity: 5)
# Private Member Data shouldn't be accessed directly at line 108, column 7. Accessing an objects data directly breaks encapsulation and should be avoided. Example: $object->{ some_key }. (Severity: 5)
# Variable, subroutine, and package names have to be in CamelCase at line 108, column 28. (no explanation). (Severity: 5)
# Private Member Data shouldn't be accessed directly at line 108, column 28. Accessing an objects data directly breaks encapsulation and should be avoided. Example: $object->{ some_key }. (Severity: 5)
# Variable, subroutine, and package names have to be in CamelCase at line 109, column 18. (no explanation). (Severity: 5)
# Variable, subroutine, and package names have to be in CamelCase at line 109, column 24. (no explanation). (Severity: 5)
# Private Member Data shouldn't be accessed directly at line 109, column 24. Accessing an objects data directly breaks encapsulation and should be avoided. Example: $object->{ some_key }. (Severity: 5)
# Variable, subroutine, and package names have to be in CamelCase at line 109, column 45. (no explanation). (Severity: 5)
# Private Member Data shouldn't be accessed directly at line 109, column 45. Accessing an objects data directly breaks encapsulation and should be avoided. Example: $object->{ some_key }. (Severity: 5)
# Variable, subroutine, and package names have to be in CamelCase at line 110, column 12. (no explanation). (Severity: 5)
# Variable, subroutine, and package names have to be in CamelCase at line 110, column 20. (no explanation). (Severity: 5)
# Private Member Data shouldn't be accessed directly at line 110, column 20. Accessing an objects data directly breaks encapsulation and should be avoided. Example: $object->{ some_key }. (Severity: 5)
# Variable, subroutine, and package names have to be in CamelCase at line 110, column 36. (no explanation). (Severity: 5)
# Variable, subroutine, and package names have to be in CamelCase at line 110, column 42. (no explanation). (Severity: 5)
# Variable, subroutine, and package names have to be in CamelCase at line 111, column 13. (no explanation). (Severity: 5)
# Variable, subroutine, and package names have to be in CamelCase at line 112, column 11. (no explanation). (Severity: 5)
# Private Member Data shouldn't be accessed directly at line 112, column 11. Accessing an objects data directly breaks encapsulation and should be avoided. Example: $object->{ some_key }. (Severity: 5)
# Variable, subroutine, and package names have to be in CamelCase at line 112, column 24. (no explanation). (Severity: 5)
# Variable, subroutine, and package names have to be in CamelCase at line 112, column 32. (no explanation). (Severity: 5)
# Variable, subroutine, and package names have to be in CamelCase at line 112, column 40. (no explanation). (Severity: 5)
# Private Member Data shouldn't be accessed directly at line 112, column 40. Accessing an objects data directly breaks encapsulation and should be avoided. Example: $object->{ some_key }. (Severity: 5)
# Variable, subroutine, and package names have to be in CamelCase at line 116, column 13. (no explanation). (Severity: 5)
# Variable, subroutine, and package names have to be in CamelCase at line 116, column 25. (no explanation). (Severity: 5)
# Private Member Data shouldn't be accessed directly at line 116, column 25. Accessing an objects data directly breaks encapsulation and should be avoided. Example: $object->{ some_key }. (Severity: 5)
# Variable, subroutine, and package names have to be in CamelCase at line 116, column 43. (no explanation). (Severity: 5)
# Private Member Data shouldn't be accessed directly at line 116, column 43. Accessing an objects data directly breaks encapsulation and should be avoided. Example: $object->{ some_key }. (Severity: 5)
# Variable, subroutine, and package names have to be in CamelCase at line 120, column 3. (no explanation). (Severity: 5)
# Variable, subroutine, and package names have to be in CamelCase at line 121, column 9. (no explanation). (Severity: 5)
# Variable, subroutine, and package names have to be in CamelCase at line 123, column 8. (no explanation). (Severity: 5)
# Variable, subroutine, and package names have to be in CamelCase at line 126, column 9. (no explanation). (Severity: 5)
# Variable, subroutine, and package names have to be in CamelCase at line 131, column 8. (no explanation). (Severity: 5)
# Variable, subroutine, and package names have to be in CamelCase at line 132, column 5. (no explanation). (Severity: 5)
# Variable, subroutine, and package names have to be in CamelCase at line 133, column 8. (no explanation). (Severity: 5)
# Variable, subroutine, and package names have to be in CamelCase at line 133, column 21. (no explanation). (Severity: 5)
# Variable, subroutine, and package names have to be in CamelCase at line 133, column 41. (no explanation). (Severity: 5)
# Variable, subroutine, and package names have to be in CamelCase at line 134, column 8. (no explanation). (Severity: 5)
# Variable, subroutine, and package names have to be in CamelCase at line 134, column 17. (no explanation). (Severity: 5)
# Variable, subroutine, and package names have to be in CamelCase at line 135, column 16. (no explanation). (Severity: 5)
# Variable, subroutine, and package names have to be in CamelCase at line 135, column 23. (no explanation). (Severity: 5)
# Variable, subroutine, and package names have to be in CamelCase at line 136, column 10. (no explanation). (Severity: 5)
# Variable, subroutine, and package names have to be in CamelCase at line 136, column 17. (no explanation). (Severity: 5)
# Variable, subroutine, and package names have to be in CamelCase at line 137, column 10. (no explanation). (Severity: 5)
# Variable, subroutine, and package names have to be in CamelCase at line 137, column 17. (no explanation). (Severity: 5)
# Variable, subroutine, and package names have to be in CamelCase at line 138, column 7. (no explanation). (Severity: 5)
# Private Member Data shouldn't be accessed directly at line 138, column 7. Accessing an objects data directly breaks encapsulation and should be avoided. Example: $object->{ some_key }. (Severity: 5)
# Variable, subroutine, and package names have to be in CamelCase at line 138, column 20. (no explanation). (Severity: 5)
# Variable, subroutine, and package names have to be in CamelCase at line 138, column 28. (no explanation). (Severity: 5)
# Variable, subroutine, and package names have to be in CamelCase at line 138, column 34. (no explanation). (Severity: 5)
# Variable, subroutine, and package names have to be in CamelCase at line 140, column 8. (no explanation). (Severity: 5)
# Variable, subroutine, and package names have to be in CamelCase at line 140, column 23. (no explanation). (Severity: 5)
# Variable, subroutine, and package names have to be in CamelCase at line 141, column 8. (no explanation). (Severity: 5)
# Variable, subroutine, and package names have to be in CamelCase at line 141, column 18. (no explanation). (Severity: 5)
# Variable, subroutine, and package names have to be in CamelCase at line 143, column 8. (no explanation). (Severity: 5)
# Variable, subroutine, and package names have to be in CamelCase at line 143, column 46. (no explanation). (Severity: 5)
# Variable, subroutine, and package names have to be in CamelCase at line 145, column 8. (no explanation). (Severity: 5)
# Variable, subroutine, and package names have to be in CamelCase at line 145, column 22. (no explanation). (Severity: 5)
# Variable, subroutine, and package names have to be in CamelCase at line 147, column 13. (no explanation). (Severity: 5)
# Variable, subroutine, and package names have to be in CamelCase at line 147, column 25. (no explanation). (Severity: 5)
# Variable, subroutine, and package names have to be in CamelCase at line 147, column 34. (no explanation). (Severity: 5)
# Variable, subroutine, and package names have to be in CamelCase at line 154, column 9. (no explanation). (Severity: 5)
# Variable, subroutine, and package names have to be in CamelCase at line 154, column 16. (no explanation). (Severity: 5)
# Variable, subroutine, and package names have to be in CamelCase at line 154, column 21. (no explanation). (Severity: 5)
# Variable, subroutine, and package names have to be in CamelCase at line 157, column 8. (no explanation). (Severity: 5)
# Variable, subroutine, and package names have to be in CamelCase at line 158, column 5. (no explanation). (Severity: 5)
# Variable, subroutine, and package names have to be in CamelCase at line 158, column 20. (no explanation). (Severity: 5)
# Variable, subroutine, and package names have to be in CamelCase at line 158, column 27. (no explanation). (Severity: 5)
# Variable, subroutine, and package names have to be in CamelCase at line 161, column 3. (no explanation). (Severity: 5)
# Variable, subroutine, and package names have to be in CamelCase at line 162, column 9. (no explanation). (Severity: 5)
# Variable, subroutine, and package names have to be in CamelCase at line 162, column 16. (no explanation). (Severity: 5)
# Variable, subroutine, and package names have to be in CamelCase at line 163, column 8. (no explanation). (Severity: 5)
# Variable, subroutine, and package names have to be in CamelCase at line 163, column 18. (no explanation). (Severity: 5)
# Private Member Data shouldn't be accessed directly at line 163, column 18. Accessing an objects data directly breaks encapsulation and should be avoided. Example: $object->{ some_key }. (Severity: 5)
# Variable, subroutine, and package names have to be in CamelCase at line 164, column 8. (no explanation). (Severity: 5)
# Variable, subroutine, and package names have to be in CamelCase at line 164, column 21. (no explanation). (Severity: 5)
# Private Member Data shouldn't be accessed directly at line 164, column 21. Accessing an objects data directly breaks encapsulation and should be avoided. Example: $object->{ some_key }. (Severity: 5)
# Variable, subroutine, and package names have to be in CamelCase at line 165, column 8. (no explanation). (Severity: 5)
# Variable, subroutine, and package names have to be in CamelCase at line 165, column 20. (no explanation). (Severity: 5)
# Variable, subroutine, and package names have to be in CamelCase at line 167, column 13. (no explanation). (Severity: 5)
# Variable, subroutine, and package names have to be in CamelCase at line 167, column 36. (no explanation). (Severity: 5)
# Variable, subroutine, and package names have to be in CamelCase at line 168, column 54. (no explanation). (Severity: 5)
# Variable, subroutine, and package names have to be in CamelCase at line 181, column 5. (no explanation). (Severity: 5)
# Variable, subroutine, and package names have to be in CamelCase at line 181, column 43. (no explanation). (Severity: 5)
# Variable, subroutine, and package names have to be in CamelCase at line 183, column 6. (no explanation). (Severity: 5)
# Variable, subroutine, and package names have to be in CamelCase at line 183, column 16. (no explanation). (Severity: 5)
# Variable, subroutine, and package names have to be in CamelCase at line 183, column 22. (no explanation). (Severity: 5)
# Variable, subroutine, and package names have to be in CamelCase at line 183, column 33. (no explanation). (Severity: 5)
# Variable, subroutine, and package names have to be in CamelCase at line 183, column 39. (no explanation). (Severity: 5)
# Variable, subroutine, and package names have to be in CamelCase at line 183, column 50. (no explanation). (Severity: 5)
# Variable, subroutine, and package names have to be in CamelCase at line 183, column 58. (no explanation). (Severity: 5)
# Variable, subroutine, and package names have to be in CamelCase at line 183, column 81. (no explanation). (Severity: 5)
# Variable, subroutine, and package names have to be in CamelCase at line 183, column 92. (no explanation). (Severity: 5)
# Variable, subroutine, and package names have to be in CamelCase at line 195, column 3. (no explanation). (Severity: 5)
# Variable, subroutine, and package names have to be in CamelCase at line 196, column 9. (no explanation). (Severity: 5)
# Variable, subroutine, and package names have to be in CamelCase at line 197, column 8. (no explanation). (Severity: 5)
# Variable, subroutine, and package names have to be in CamelCase at line 197, column 20. (no explanation). (Severity: 5)
# Variable, subroutine, and package names have to be in CamelCase at line 199, column 9. (no explanation). (Severity: 5)
# Variable, subroutine, and package names have to be in CamelCase at line 199, column 21. (no explanation). (Severity: 5)
# Variable, subroutine, and package names have to be in CamelCase at line 200, column 14. (no explanation). (Severity: 5)
# Variable, subroutine, and package names have to be in CamelCase at line 200, column 26. (no explanation). (Severity: 5)
# Variable, subroutine, and package names have to be in CamelCase at line 205, column 36. (no explanation). (Severity: 5)
# Variable, subroutine, and package names have to be in CamelCase at line 206, column 16. (no explanation). (Severity: 5)
# Variable, subroutine, and package names have to be in CamelCase at line 206, column 26. (no explanation). (Severity: 5)
# Variable, subroutine, and package names have to be in CamelCase at line 208, column 16. (no explanation). (Severity: 5)
# Variable, subroutine, and package names have to be in CamelCase at line 208, column 29. (no explanation). (Severity: 5)
# Variable, subroutine, and package names have to be in CamelCase at line 208, column 40. (no explanation). (Severity: 5)
# Variable, subroutine, and package names have to be in CamelCase at line 209, column 18. (no explanation). (Severity: 5)
# Variable, subroutine, and package names have to be in CamelCase at line 209, column 28. (no explanation). (Severity: 5)
# Variable, subroutine, and package names have to be in CamelCase at line 209, column 40. (no explanation). (Severity: 5)
# Variable, subroutine, and package names have to be in CamelCase at line 210, column 12. (no explanation). (Severity: 5)
# Variable, subroutine, and package names have to be in CamelCase at line 210, column 22. (no explanation). (Severity: 5)
# Variable, subroutine, and package names have to be in CamelCase at line 210, column 32. (no explanation). (Severity: 5)
# Variable, subroutine, and package names have to be in CamelCase at line 210, column 44. (no explanation). (Severity: 5)
# Variable, subroutine, and package names have to be in CamelCase at line 211, column 9. (no explanation). (Severity: 5)
# Variable, subroutine, and package names have to be in CamelCase at line 211, column 21. (no explanation). (Severity: 5)
# Variable, subroutine, and package names have to be in CamelCase at line 211, column 28. (no explanation). (Severity: 5)
# Variable, subroutine, and package names have to be in CamelCase at line 211, column 39. (no explanation). (Severity: 5)
# Variable, subroutine, and package names have to be in CamelCase at line 213, column 9. (no explanation). (Severity: 5)
# Variable, subroutine, and package names have to be in CamelCase at line 213, column 21. (no explanation). (Severity: 5)
# Variable, subroutine, and package names have to be in CamelCase at line 213, column 33. (no explanation). (Severity: 5)
# Variable, subroutine, and package names have to be in CamelCase at line 217, column 12. (no explanation). (Severity: 5)
# Variable, subroutine, and package names have to be in CamelCase at line 217, column 24. (no explanation). (Severity: 5)
# Variable, subroutine, and package names have to be in CamelCase at line 220, column 3. (no explanation). (Severity: 5)
# Variable, subroutine, and package names have to be in CamelCase at line 221, column 9. (no explanation). (Severity: 5)
# Variable, subroutine, and package names have to be in CamelCase at line 221, column 16. (no explanation). (Severity: 5)
# Variable, subroutine, and package names have to be in CamelCase at line 221, column 22. (no explanation). (Severity: 5)
# Variable, subroutine, and package names have to be in CamelCase at line 222, column 8. (no explanation). (Severity: 5)
# Variable, subroutine, and package names have to be in CamelCase at line 222, column 20. (no explanation). (Severity: 5)
# Variable, subroutine, and package names have to be in CamelCase at line 224, column 16. (no explanation). (Severity: 5)
# Variable, subroutine, and package names have to be in CamelCase at line 224, column 23. (no explanation). (Severity: 5)
# Variable, subroutine, and package names have to be in CamelCase at line 225, column 16. (no explanation). (Severity: 5)
# Variable, subroutine, and package names have to be in CamelCase at line 225, column 23. (no explanation). (Severity: 5)
# Variable, subroutine, and package names have to be in CamelCase at line 227, column 12. (no explanation). (Severity: 5)
# Variable, subroutine, and package names have to be in CamelCase at line 227, column 22. (no explanation). (Severity: 5)
# Variable, subroutine, and package names have to be in CamelCase at line 227, column 29. (no explanation). (Severity: 5)
# Variable, subroutine, and package names have to be in CamelCase at line 227, column 37. (no explanation). (Severity: 5)
# Variable, subroutine, and package names have to be in CamelCase at line 230, column 3. (no explanation). (Severity: 5)
# Variable, subroutine, and package names have to be in CamelCase at line 231, column 9. (no explanation). (Severity: 5)
# Variable, subroutine, and package names have to be in CamelCase at line 231, column 16. (no explanation). (Severity: 5)
# Variable, subroutine, and package names have to be in CamelCase at line 232, column 8. (no explanation). (Severity: 5)
# Variable, subroutine, and package names have to be in CamelCase at line 232, column 20. (no explanation). (Severity: 5)
# Variable, subroutine, and package names have to be in CamelCase at line 236, column 36. (no explanation). (Severity: 5)
# Variable, subroutine, and package names have to be in CamelCase at line 237, column 16. (no explanation). (Severity: 5)
# Variable, subroutine, and package names have to be in CamelCase at line 237, column 26. (no explanation). (Severity: 5)
# Variable, subroutine, and package names have to be in CamelCase at line 239, column 8. (no explanation). (Severity: 5)
# Variable, subroutine, and package names have to be in CamelCase at line 239, column 27. (no explanation). (Severity: 5)
# Variable, subroutine, and package names have to be in CamelCase at line 240, column 16. (no explanation). (Severity: 5)
# Private Member Data shouldn't be accessed directly at line 240, column 16. Accessing an objects data directly breaks encapsulation and should be avoided. Example: $object->{ some_key }. (Severity: 5)
# Variable, subroutine, and package names have to be in CamelCase at line 240, column 35. (no explanation). (Severity: 5)
# Variable, subroutine, and package names have to be in CamelCase at line 241, column 14. (no explanation). (Severity: 5)
# Private Member Data shouldn't be accessed directly at line 241, column 14. Accessing an objects data directly breaks encapsulation and should be avoided. Example: $object->{ some_key }. (Severity: 5)
# Variable, subroutine, and package names have to be in CamelCase at line 241, column 33. (no explanation). (Severity: 5)
# Variable, subroutine, and package names have to be in CamelCase at line 248, column 3. (no explanation). (Severity: 5)
# Variable, subroutine, and package names have to be in CamelCase at line 249, column 9. (no explanation). (Severity: 5)
# Variable, subroutine, and package names have to be in CamelCase at line 249, column 16. (no explanation). (Severity: 5)
# Variable, subroutine, and package names have to be in CamelCase at line 250, column 8. (no explanation). (Severity: 5)
# Variable, subroutine, and package names have to be in CamelCase at line 250, column 20. (no explanation). (Severity: 5)
# Variable, subroutine, and package names have to be in CamelCase at line 252, column 16. (no explanation). (Severity: 5)
# Variable, subroutine, and package names have to be in CamelCase at line 252, column 23. (no explanation). (Severity: 5)
# Variable, subroutine, and package names have to be in CamelCase at line 254, column 8. (no explanation). (Severity: 5)
# Variable, subroutine, and package names have to be in CamelCase at line 254, column 18. (no explanation). (Severity: 5)
# Variable, subroutine, and package names have to be in CamelCase at line 254, column 28. (no explanation). (Severity: 5)
# Variable, subroutine, and package names have to be in CamelCase at line 254, column 40. (no explanation). (Severity: 5)
# Variable, subroutine, and package names have to be in CamelCase at line 255, column 8. (no explanation). (Severity: 5)
# Variable, subroutine, and package names have to be in CamelCase at line 255, column 29. (no explanation). (Severity: 5)
# Variable, subroutine, and package names have to be in CamelCase at line 256, column 5. (no explanation). (Severity: 5)
# Variable, subroutine, and package names have to be in CamelCase at line 257, column 12. (no explanation). (Severity: 5)
# Variable, subroutine, and package names have to be in CamelCase at line 267, column 3. (no explanation). (Severity: 5)
# Variable, subroutine, and package names have to be in CamelCase at line 268, column 9. (no explanation). (Severity: 5)
# Variable, subroutine, and package names have to be in CamelCase at line 269, column 8. (no explanation). (Severity: 5)
# Variable, subroutine, and package names have to be in CamelCase at line 269, column 20. (no explanation). (Severity: 5)
# Variable, subroutine, and package names have to be in CamelCase at line 271, column 9. (no explanation). (Severity: 5)
# Variable, subroutine, and package names have to be in CamelCase at line 271, column 21. (no explanation). (Severity: 5)
# Variable, subroutine, and package names have to be in CamelCase at line 272, column 14. (no explanation). (Severity: 5)
# Variable, subroutine, and package names have to be in CamelCase at line 272, column 26. (no explanation). (Severity: 5)
# Variable, subroutine, and package names have to be in CamelCase at line 276, column 38. (no explanation). (Severity: 5)
# Variable, subroutine, and package names have to be in CamelCase at line 277, column 18. (no explanation). (Severity: 5)
# Variable, subroutine, and package names have to be in CamelCase at line 277, column 28. (no explanation). (Severity: 5)
# Variable, subroutine, and package names have to be in CamelCase at line 278, column 32. (no explanation). (Severity: 5)
# Variable, subroutine, and package names have to be in CamelCase at line 284, column 3. (no explanation). (Severity: 5)
# Variable, subroutine, and package names have to be in CamelCase at line 285, column 9. (no explanation). (Severity: 5)
# Variable, subroutine, and package names have to be in CamelCase at line 286, column 8. (no explanation). (Severity: 5)
# Variable, subroutine, and package names have to be in CamelCase at line 286, column 20. (no explanation). (Severity: 5)
# Variable, subroutine, and package names have to be in CamelCase at line 288, column 9. (no explanation). (Severity: 5)
# Variable, subroutine, and package names have to be in CamelCase at line 288, column 19. (no explanation). (Severity: 5)
# Variable, subroutine, and package names have to be in CamelCase at line 289, column 16. (no explanation). (Severity: 5)
# Variable, subroutine, and package names have to be in CamelCase at line 289, column 26. (no explanation). (Severity: 5)
# Variable, subroutine, and package names have to be in CamelCase at line 291, column 54. (no explanation). (Severity: 5)
# Variable, subroutine, and package names have to be in CamelCase at line 291, column 64. (no explanation). (Severity: 5)
# Variable, subroutine, and package names have to be in CamelCase at line 292, column 10. (no explanation). (Severity: 5)
# Variable, subroutine, and package names have to be in CamelCase at line 292, column 21. (no explanation). (Severity: 5)
# Variable, subroutine, and package names have to be in CamelCase at line 292, column 33. (no explanation). (Severity: 5)
# Use of low precedence operators is not allowed at line 292, column 38. Replace low precedence operators with the high precedence substitutes. (Severity: 5)
# Variable, subroutine, and package names have to be in CamelCase at line 292, column 41. (no explanation). (Severity: 5)
# Variable, subroutine, and package names have to be in CamelCase at line 293, column 10. (no explanation). (Severity: 5)
# Variable, subroutine, and package names have to be in CamelCase at line 293, column 20. (no explanation). (Severity: 5)
# Variable, subroutine, and package names have to be in CamelCase at line 293, column 31. (no explanation). (Severity: 5)
# Use of low precedence operators is not allowed at line 293, column 36. Replace low precedence operators with the high precedence substitutes. (Severity: 5)
# Variable, subroutine, and package names have to be in CamelCase at line 293, column 39. (no explanation). (Severity: 5)
# Variable, subroutine, and package names have to be in CamelCase at line 294, column 48. (no explanation). (Severity: 5)
# Variable, subroutine, and package names have to be in CamelCase at line 295, column 7. (no explanation). (Severity: 5)
# Variable, subroutine, and package names have to be in CamelCase at line 295, column 17. (no explanation). (Severity: 5)
# Variable, subroutine, and package names have to be in CamelCase at line 295, column 32. (no explanation). (Severity: 5)
# Variable, subroutine, and package names have to be in CamelCase at line 295, column 42. (no explanation). (Severity: 5)
# Variable, subroutine, and package names have to be in CamelCase at line 295, column 55. (no explanation). (Severity: 5)
# Variable, subroutine, and package names have to be in CamelCase at line 295, column 72. (no explanation). (Severity: 5)
# Variable, subroutine, and package names have to be in CamelCase at line 296, column 16. (no explanation). (Severity: 5)
# Variable, subroutine, and package names have to be in CamelCase at line 296, column 26. (no explanation). (Severity: 5)
# Variable, subroutine, and package names have to be in CamelCase at line 306, column 3. (no explanation). (Severity: 5)
# Variable, subroutine, and package names have to be in CamelCase at line 307, column 9. (no explanation). (Severity: 5)
# Variable, subroutine, and package names have to be in CamelCase at line 308, column 8. (no explanation). (Severity: 5)
# Variable, subroutine, and package names have to be in CamelCase at line 308, column 20. (no explanation). (Severity: 5)
# Variable, subroutine, and package names have to be in CamelCase at line 310, column 8. (no explanation). (Severity: 5)
# Variable, subroutine, and package names have to be in CamelCase at line 310, column 19. (no explanation). (Severity: 5)
# Variable, subroutine, and package names have to be in CamelCase at line 310, column 31. (no explanation). (Severity: 5)
# Use of low precedence operators is not allowed at line 310, column 36. Replace low precedence operators with the high precedence substitutes. (Severity: 5)
# Variable, subroutine, and package names have to be in CamelCase at line 310, column 39. (no explanation). (Severity: 5)
# Variable, subroutine, and package names have to be in CamelCase at line 312, column 12. (no explanation). (Severity: 5)
# Variable, subroutine, and package names have to be in CamelCase at line 321, column 3. (no explanation). (Severity: 5)
# Variable, subroutine, and package names have to be in CamelCase at line 322, column 9. (no explanation). (Severity: 5)
# Variable, subroutine, and package names have to be in CamelCase at line 323, column 8. (no explanation). (Severity: 5)
# Variable, subroutine, and package names have to be in CamelCase at line 323, column 20. (no explanation). (Severity: 5)
# Variable, subroutine, and package names have to be in CamelCase at line 325, column 9. (no explanation). (Severity: 5)
# Variable, subroutine, and package names have to be in CamelCase at line 325, column 20. (no explanation). (Severity: 5)
# Variable, subroutine, and package names have to be in CamelCase at line 326, column 14. (no explanation). (Severity: 5)
# Variable, subroutine, and package names have to be in CamelCase at line 326, column 25. (no explanation). (Severity: 5)
# Variable, subroutine, and package names have to be in CamelCase at line 330, column 38. (no explanation). (Severity: 5)
# Variable, subroutine, and package names have to be in CamelCase at line 346, column 3. (no explanation). (Severity: 5)
# Variable, subroutine, and package names have to be in CamelCase at line 347, column 9. (no explanation). (Severity: 5)
# Variable, subroutine, and package names have to be in CamelCase at line 348, column 8. (no explanation). (Severity: 5)
# Variable, subroutine, and package names have to be in CamelCase at line 348, column 20. (no explanation). (Severity: 5)
# Variable, subroutine, and package names have to be in CamelCase at line 350, column 9. (no explanation). (Severity: 5)
# Variable, subroutine, and package names have to be in CamelCase at line 350, column 22. (no explanation). (Severity: 5)
# Variable, subroutine, and package names have to be in CamelCase at line 351, column 14. (no explanation). (Severity: 5)
# Variable, subroutine, and package names have to be in CamelCase at line 351, column 27. (no explanation). (Severity: 5)
# Variable, subroutine, and package names have to be in CamelCase at line 356, column 38. (no explanation). (Severity: 5)
# Variable, subroutine, and package names have to be in CamelCase at line 358, column 18. (no explanation). (Severity: 5)
# Variable, subroutine, and package names have to be in CamelCase at line 358, column 28. (no explanation). (Severity: 5)
# Variable, subroutine, and package names have to be in CamelCase at line 360, column 19. (no explanation). (Severity: 5)
# Variable, subroutine, and package names have to be in CamelCase at line 360, column 29. (no explanation). (Severity: 5)
# Variable, subroutine, and package names have to be in CamelCase at line 360, column 48. (no explanation). (Severity: 5)
# Variable, subroutine, and package names have to be in CamelCase at line 360, column 58. (no explanation). (Severity: 5)
# Variable, subroutine, and package names have to be in CamelCase at line 361, column 14. (no explanation). (Severity: 5)
# Variable, subroutine, and package names have to be in CamelCase at line 362, column 11. (no explanation). (Severity: 5)
# Variable, subroutine, and package names have to be in CamelCase at line 362, column 24. (no explanation). (Severity: 5)
# Variable, subroutine, and package names have to be in CamelCase at line 362, column 31. (no explanation). (Severity: 5)
# Variable, subroutine, and package names have to be in CamelCase at line 364, column 11. (no explanation). (Severity: 5)
# Variable, subroutine, and package names have to be in CamelCase at line 364, column 24. (no explanation). (Severity: 5)
# Variable, subroutine, and package names have to be in CamelCase at line 364, column 31. (no explanation). (Severity: 5)
# Variable, subroutine, and package names have to be in CamelCase at line 367, column 14. (no explanation). (Severity: 5)
# Variable, subroutine, and package names have to be in CamelCase at line 367, column 27. (no explanation). (Severity: 5)
# Variable, subroutine, and package names have to be in CamelCase at line 371, column 3. (no explanation). (Severity: 5)
# Variable, subroutine, and package names have to be in CamelCase at line 372, column 9. (no explanation). (Severity: 5)
# Variable, subroutine, and package names have to be in CamelCase at line 372, column 16. (no explanation). (Severity: 5)
# Variable, subroutine, and package names have to be in CamelCase at line 373, column 8. (no explanation). (Severity: 5)
# Variable, subroutine, and package names have to be in CamelCase at line 373, column 20. (no explanation). (Severity: 5)
# Variable, subroutine, and package names have to be in CamelCase at line 375, column 16. (no explanation). (Severity: 5)
# Variable, subroutine, and package names have to be in CamelCase at line 375, column 23. (no explanation). (Severity: 5)
# Variable, subroutine, and package names have to be in CamelCase at line 377, column 8. (no explanation). (Severity: 5)
# Variable, subroutine, and package names have to be in CamelCase at line 377, column 20. (no explanation). (Severity: 5)
# Variable, subroutine, and package names have to be in CamelCase at line 377, column 33. (no explanation). (Severity: 5)
# Variable, subroutine, and package names have to be in CamelCase at line 377, column 40. (no explanation). (Severity: 5)
# Variable, subroutine, and package names have to be in CamelCase at line 377, column 53. (no explanation). (Severity: 5)
# Variable, subroutine, and package names have to be in CamelCase at line 377, column 60. (no explanation). (Severity: 5)
# Variable, subroutine, and package names have to be in CamelCase at line 379, column 12. (no explanation). (Severity: 5)
# Private Member Data shouldn't be accessed directly at line 379, column 12. Accessing an objects data directly breaks encapsulation and should be avoided. Example: $object->{ some_key }. (Severity: 5)
# Variable, subroutine, and package names have to be in CamelCase at line 379, column 24. (no explanation). (Severity: 5)
# Variable, subroutine, and package names have to be in CamelCase at line 391, column 3. (no explanation). (Severity: 5)
# Variable, subroutine, and package names have to be in CamelCase at line 392, column 9. (no explanation). (Severity: 5)
# Variable, subroutine, and package names have to be in CamelCase at line 392, column 16. (no explanation). (Severity: 5)
# Variable, subroutine, and package names have to be in CamelCase at line 393, column 8. (no explanation). (Severity: 5)
# Variable, subroutine, and package names have to be in CamelCase at line 393, column 20. (no explanation). (Severity: 5)
# Variable, subroutine, and package names have to be in CamelCase at line 395, column 9. (no explanation). (Severity: 5)
# Variable, subroutine, and package names have to be in CamelCase at line 395, column 25. (no explanation). (Severity: 5)
# Variable, subroutine, and package names have to be in CamelCase at line 396, column 14. (no explanation). (Severity: 5)
# Variable, subroutine, and package names have to be in CamelCase at line 396, column 30. (no explanation). (Severity: 5)
# Variable, subroutine, and package names have to be in CamelCase at line 399, column 8. (no explanation). (Severity: 5)
# Variable, subroutine, and package names have to be in CamelCase at line 400, column 16. (no explanation). (Severity: 5)
# Variable, subroutine, and package names have to be in CamelCase at line 400, column 23. (no explanation). (Severity: 5)
# Variable, subroutine, and package names have to be in CamelCase at line 400, column 29. (no explanation). (Severity: 5)
# Variable, subroutine, and package names have to be in CamelCase at line 402, column 8. (no explanation). (Severity: 5)
# Variable, subroutine, and package names have to be in CamelCase at line 402, column 21. (no explanation). (Severity: 5)
# Variable, subroutine, and package names have to be in CamelCase at line 404, column 5. (no explanation). (Severity: 5)
# Variable, subroutine, and package names have to be in CamelCase at line 404, column 21. (no explanation). (Severity: 5)
# Variable, subroutine, and package names have to be in CamelCase at line 404, column 34. (no explanation). (Severity: 5)
# Variable, subroutine, and package names have to be in CamelCase at line 404, column 44. (no explanation). (Severity: 5)
# Variable, subroutine, and package names have to be in CamelCase at line 404, column 51. (no explanation). (Severity: 5)
# Variable, subroutine, and package names have to be in CamelCase at line 404, column 79. (no explanation). (Severity: 5)
# Private Member Data shouldn't be accessed directly at line 404, column 79. Accessing an objects data directly breaks encapsulation and should be avoided. Example: $object->{ some_key }. (Severity: 5)
# Variable, subroutine, and package names have to be in CamelCase at line 404, column 114. (no explanation). (Severity: 5)
# Variable, subroutine, and package names have to be in CamelCase at line 406, column 12. (no explanation). (Severity: 5)
# Variable, subroutine, and package names have to be in CamelCase at line 406, column 28. (no explanation). (Severity: 5)
# Variable, subroutine, and package names have to be in CamelCase at line 409, column 3. (no explanation). (Severity: 5)
# Variable, subroutine, and package names have to be in CamelCase at line 411, column 9. (no explanation). (Severity: 5)
# Variable, subroutine, and package names have to be in CamelCase at line 411, column 16. (no explanation). (Severity: 5)
# Variable, subroutine, and package names have to be in CamelCase at line 412, column 8. (no explanation). (Severity: 5)
# Variable, subroutine, and package names have to be in CamelCase at line 412, column 20. (no explanation). (Severity: 5)
# Variable, subroutine, and package names have to be in CamelCase at line 414, column 8. (no explanation). (Severity: 5)
# Variable, subroutine, and package names have to be in CamelCase at line 415, column 16. (no explanation). (Severity: 5)
# Variable, subroutine, and package names have to be in CamelCase at line 415, column 23. (no explanation). (Severity: 5)
# Variable, subroutine, and package names have to be in CamelCase at line 415, column 29. (no explanation). (Severity: 5)
# Variable, subroutine, and package names have to be in CamelCase at line 417, column 12. (no explanation). (Severity: 5)
# Variable, subroutine, and package names have to be in CamelCase at line 417, column 22. (no explanation). (Severity: 5)
# Variable, subroutine, and package names have to be in CamelCase at line 417, column 29. (no explanation). (Severity: 5)
# Variable, subroutine, and package names have to be in CamelCase at line 417, column 37. (no explanation). (Severity: 5)
# Variable, subroutine, and package names have to be in CamelCase at line 417, column 49. (no explanation). (Severity: 5)
# Variable, subroutine, and package names have to be in CamelCase at line 420, column 3. (no explanation). (Severity: 5)
# Variable, subroutine, and package names have to be in CamelCase at line 421, column 9. (no explanation). (Severity: 5)
# Variable, subroutine, and package names have to be in CamelCase at line 421, column 16. (no explanation). (Severity: 5)
# Variable, subroutine, and package names have to be in CamelCase at line 422, column 8. (no explanation). (Severity: 5)
# Variable, subroutine, and package names have to be in CamelCase at line 422, column 20. (no explanation). (Severity: 5)
# Variable, subroutine, and package names have to be in CamelCase at line 424, column 30. (no explanation). (Severity: 5)
# Variable, subroutine, and package names have to be in CamelCase at line 428, column 36. (no explanation). (Severity: 5)
# Variable, subroutine, and package names have to be in CamelCase at line 429, column 35. (no explanation). (Severity: 5)
# Variable, subroutine, and package names have to be in CamelCase at line 429, column 45. (no explanation). (Severity: 5)
# Variable, subroutine, and package names have to be in CamelCase at line 431, column 8. (no explanation). (Severity: 5)
# Variable, subroutine, and package names have to be in CamelCase at line 431, column 19. (no explanation). (Severity: 5)
# Variable, subroutine, and package names have to be in CamelCase at line 431, column 31. (no explanation). (Severity: 5)
# Variable, subroutine, and package names have to be in CamelCase at line 432, column 8. (no explanation). (Severity: 5)
# Variable, subroutine, and package names have to be in CamelCase at line 432, column 23. (no explanation). (Severity: 5)
# Variable, subroutine, and package names have to be in CamelCase at line 432, column 33. (no explanation). (Severity: 5)
# Variable, subroutine, and package names have to be in CamelCase at line 432, column 46. (no explanation). (Severity: 5)
# Variable, subroutine, and package names have to be in CamelCase at line 432, column 79. (no explanation). (Severity: 5)
# Variable, subroutine, and package names have to be in CamelCase at line 432, column 90. (no explanation). (Severity: 5)
# Variable, subroutine, and package names have to be in CamelCase at line 434, column 13. (no explanation). (Severity: 5)
# Variable, subroutine, and package names have to be in CamelCase at line 447, column 3. (no explanation). (Severity: 5)
# Variable, subroutine, and package names have to be in CamelCase at line 448, column 9. (no explanation). (Severity: 5)
# Variable, subroutine, and package names have to be in CamelCase at line 448, column 16. (no explanation). (Severity: 5)
# Variable, subroutine, and package names have to be in CamelCase at line 448, column 22. (no explanation). (Severity: 5)
# Variable, subroutine, and package names have to be in CamelCase at line 450, column 16. (no explanation). (Severity: 5)
# Variable, subroutine, and package names have to be in CamelCase at line 450, column 23. (no explanation). (Severity: 5)
# Variable, subroutine, and package names have to be in CamelCase at line 451, column 8. (no explanation). (Severity: 5)
# Variable, subroutine, and package names have to be in CamelCase at line 451, column 21. (no explanation). (Severity: 5)
# Variable, subroutine, and package names have to be in CamelCase at line 452, column 8. (no explanation). (Severity: 5)
# Variable, subroutine, and package names have to be in CamelCase at line 452, column 22. (no explanation). (Severity: 5)
# Variable, subroutine, and package names have to be in CamelCase at line 453, column 8. (no explanation). (Severity: 5)
# Variable, subroutine, and package names have to be in CamelCase at line 455, column 9. (no explanation). (Severity: 5)
# Private Member Data shouldn't be accessed directly at line 455, column 9. Accessing an objects data directly breaks encapsulation and should be avoided. Example: $object->{ some_key }. (Severity: 5)
# Variable, subroutine, and package names have to be in CamelCase at line 455, column 22. (no explanation). (Severity: 5)
# Variable, subroutine, and package names have to be in CamelCase at line 456, column 7. (no explanation). (Severity: 5)
# Variable, subroutine, and package names have to be in CamelCase at line 456, column 23. (no explanation). (Severity: 5)
# Variable, subroutine, and package names have to be in CamelCase at line 456, column 32. (no explanation). (Severity: 5)
# Variable, subroutine, and package names have to be in CamelCase at line 456, column 40. (no explanation). (Severity: 5)
# Variable, subroutine, and package names have to be in CamelCase at line 458, column 7. (no explanation). (Severity: 5)
# Variable, subroutine, and package names have to be in CamelCase at line 458, column 23. (no explanation). (Severity: 5)
# Variable, subroutine, and package names have to be in CamelCase at line 458, column 32. (no explanation). (Severity: 5)
# Variable, subroutine, and package names have to be in CamelCase at line 458, column 40. (no explanation). (Severity: 5)
# Variable, subroutine, and package names have to be in CamelCase at line 462, column 3. (no explanation). (Severity: 5)
# Variable, subroutine, and package names have to be in CamelCase at line 463, column 9. (no explanation). (Severity: 5)
# Variable, subroutine, and package names have to be in CamelCase at line 463, column 16. (no explanation). (Severity: 5)
# Variable, subroutine, and package names have to be in CamelCase at line 464, column 8. (no explanation). (Severity: 5)
# Variable, subroutine, and package names have to be in CamelCase at line 464, column 20. (no explanation). (Severity: 5)
# Variable, subroutine, and package names have to be in CamelCase at line 466, column 48. (no explanation). (Severity: 5)
# Variable, subroutine, and package names have to be in CamelCase at line 468, column 8. (no explanation). (Severity: 5)
# Variable, subroutine, and package names have to be in CamelCase at line 468, column 19. (no explanation). (Severity: 5)
# Variable, subroutine, and package names have to be in CamelCase at line 470, column 40. (no explanation). (Severity: 5)
# Variable, subroutine, and package names have to be in CamelCase at line 470, column 50. (no explanation). (Severity: 5)
# Variable, subroutine, and package names have to be in CamelCase at line 470, column 63. (no explanation). (Severity: 5)
# Variable, subroutine, and package names have to be in CamelCase at line 470, column 81. (no explanation). (Severity: 5)
# Variable, subroutine, and package names have to be in CamelCase at line 470, column 92. (no explanation). (Severity: 5)
# Variable, subroutine, and package names have to be in CamelCase at line 473, column 3. (no explanation). (Severity: 5)
# Variable, subroutine, and package names have to be in CamelCase at line 474, column 9. (no explanation). (Severity: 5)
# Variable, subroutine, and package names have to be in CamelCase at line 474, column 16. (no explanation). (Severity: 5)
# Variable, subroutine, and package names have to be in CamelCase at line 475, column 8. (no explanation). (Severity: 5)
# Variable, subroutine, and package names have to be in CamelCase at line 475, column 20. (no explanation). (Severity: 5)
# Variable, subroutine, and package names have to be in CamelCase at line 477, column 49. (no explanation). (Severity: 5)
# Variable, subroutine, and package names have to be in CamelCase at line 479, column 8. (no explanation). (Severity: 5)
# Variable, subroutine, and package names have to be in CamelCase at line 479, column 19. (no explanation). (Severity: 5)
# Variable, subroutine, and package names have to be in CamelCase at line 481, column 37. (no explanation). (Severity: 5)
# Variable, subroutine, and package names have to be in CamelCase at line 481, column 47. (no explanation). (Severity: 5)
# Variable, subroutine, and package names have to be in CamelCase at line 481, column 60. (no explanation). (Severity: 5)
# Variable, subroutine, and package names have to be in CamelCase at line 481, column 78. (no explanation). (Severity: 5)
# Variable, subroutine, and package names have to be in CamelCase at line 481, column 89. (no explanation). (Severity: 5)
# Variable, subroutine, and package names have to be in CamelCase at line 484, column 3. (no explanation). (Severity: 5)
# Variable, subroutine, and package names have to be in CamelCase at line 485, column 9. (no explanation). (Severity: 5)
# Variable, subroutine, and package names have to be in CamelCase at line 485, column 16. (no explanation). (Severity: 5)
# Variable, subroutine, and package names have to be in CamelCase at line 486, column 8. (no explanation). (Severity: 5)
# Variable, subroutine, and package names have to be in CamelCase at line 486, column 20. (no explanation). (Severity: 5)
# Variable, subroutine, and package names have to be in CamelCase at line 490, column 36. (no explanation). (Severity: 5)
# Variable, subroutine, and package names have to be in CamelCase at line 491, column 35. (no explanation). (Severity: 5)
# Variable, subroutine, and package names have to be in CamelCase at line 491, column 45. (no explanation). (Severity: 5)
# Variable, subroutine, and package names have to be in CamelCase at line 494, column 8. (no explanation). (Severity: 5)
# Variable, subroutine, and package names have to be in CamelCase at line 496, column 8. (no explanation). (Severity: 5)
# Use of low precedence operators is not allowed at line 497, column 9. Replace low precedence operators with the high precedence substitutes. (Severity: 5)
# Variable, subroutine, and package names have to be in CamelCase at line 497, column 14. (no explanation). (Severity: 5)
# Use of low precedence operators is not allowed at line 497, column 24. Replace low precedence operators with the high precedence substitutes. (Severity: 5)
# Variable, subroutine, and package names have to be in CamelCase at line 497, column 27. (no explanation). (Severity: 5)
# Private Member Data shouldn't be accessed directly at line 497, column 27. Accessing an objects data directly breaks encapsulation and should be avoided. Example: $object->{ some_key }. (Severity: 5)
# Variable, subroutine, and package names have to be in CamelCase at line 498, column 7. (no explanation). (Severity: 5)
# Variable, subroutine, and package names have to be in CamelCase at line 498, column 45. (no explanation). (Severity: 5)
# Variable, subroutine, and package names have to be in CamelCase at line 498, column 56. (no explanation). (Severity: 5)
# Variable, subroutine, and package names have to be in CamelCase at line 500, column 7. (no explanation). (Severity: 5)
# Variable, subroutine, and package names have to be in CamelCase at line 502, column 14. (no explanation). (Severity: 5)
# Variable, subroutine, and package names have to be in CamelCase at line 502, column 24. (no explanation). (Severity: 5)
# Variable, subroutine, and package names have to be in CamelCase at line 502, column 34. (no explanation). (Severity: 5)
# Use of low precedence operators is not allowed at line 503, column 15. Replace low precedence operators with the high precedence substitutes. (Severity: 5)
# Variable, subroutine, and package names have to be in CamelCase at line 503, column 19. (no explanation). (Severity: 5)
# Variable, subroutine, and package names have to be in CamelCase at line 504, column 13. (no explanation). (Severity: 5)
# Variable, subroutine, and package names have to be in CamelCase at line 506, column 11. (no explanation). (Severity: 5)
# Variable, subroutine, and package names have to be in CamelCase at line 506, column 47. (no explanation). (Severity: 5)
# Variable, subroutine, and package names have to be in CamelCase at line 507, column 16. (no explanation). (Severity: 5)
# Variable, subroutine, and package names have to be in CamelCase at line 507, column 27. (no explanation). (Severity: 5)
# Variable, subroutine, and package names have to be in CamelCase at line 508, column 10. (no explanation). (Severity: 5)
# Variable, subroutine, and package names have to be in CamelCase at line 508, column 21. (no explanation). (Severity: 5)
# Variable, subroutine, and package names have to be in CamelCase at line 508, column 33. (no explanation). (Severity: 5)
# Use of low precedence operators is not allowed at line 508, column 38. Replace low precedence operators with the high precedence substitutes. (Severity: 5)
# Variable, subroutine, and package names have to be in CamelCase at line 508, column 41. (no explanation). (Severity: 5)
# Variable, subroutine, and package names have to be in CamelCase at line 509, column 7. (no explanation). (Severity: 5)
# Variable, subroutine, and package names have to be in CamelCase at line 509, column 21. (no explanation). (Severity: 5)
# Variable, subroutine, and package names have to be in CamelCase at line 510, column 7. (no explanation). (Severity: 5)
# Variable, subroutine, and package names have to be in CamelCase at line 510, column 21. (no explanation). (Severity: 5)
# Variable, subroutine, and package names have to be in CamelCase at line 511, column 7. (no explanation). (Severity: 5)
# Variable, subroutine, and package names have to be in CamelCase at line 511, column 21. (no explanation). (Severity: 5)
# Variable, subroutine, and package names have to be in CamelCase at line 511, column 32. (no explanation). (Severity: 5)
# Variable, subroutine, and package names have to be in CamelCase at line 514, column 8. (no explanation). (Severity: 5)
# Variable, subroutine, and package names have to be in CamelCase at line 514, column 29. (no explanation). (Severity: 5)
# Variable, subroutine, and package names have to be in CamelCase at line 514, column 44. (no explanation). (Severity: 5)
# Variable, subroutine, and package names have to be in CamelCase at line 515, column 8. (no explanation). (Severity: 5)
# Variable, subroutine, and package names have to be in CamelCase at line 516, column 26. (no explanation). (Severity: 5)
# Variable, subroutine, and package names have to be in CamelCase at line 518, column 30. (no explanation). (Severity: 5)
# Variable, subroutine, and package names have to be in CamelCase at line 521, column 33. (no explanation). (Severity: 5)
# Variable, subroutine, and package names have to be in CamelCase at line 521, column 46. (no explanation). (Severity: 5)
# Variable, subroutine, and package names have to be in CamelCase at line 521, column 56. (no explanation). (Severity: 5)
# Variable, subroutine, and package names have to be in CamelCase at line 521, column 63. (no explanation). (Severity: 5)
# Variable, subroutine, and package names have to be in CamelCase at line 522, column 30. (no explanation). (Severity: 5)
# Variable, subroutine, and package names have to be in CamelCase at line 524, column 35. (no explanation). (Severity: 5)
# Variable, subroutine, and package names have to be in CamelCase at line 524, column 46. (no explanation). (Severity: 5)
# Variable, subroutine, and package names have to be in CamelCase at line 526, column 32. (no explanation). (Severity: 5)
# Variable, subroutine, and package names have to be in CamelCase at line 526, column 43. (no explanation). (Severity: 5)
# Variable, subroutine, and package names have to be in CamelCase at line 529, column 5. (no explanation). (Severity: 5)
# Variable, subroutine, and package names have to be in CamelCase at line 531, column 17. (no explanation). (Severity: 5)
# Variable, subroutine, and package names have to be in CamelCase at line 534, column 12. (no explanation). (Severity: 5)
# Failed test 'Test::Perl::Critic for "blib/lib/Lingua/FR/Ladl/Util.pm"'
# at /home/cpan1/install/lib/perl5/site_perl/5.26.0/Test/Perl/Critic.pm line 104.
#
# Variable, subroutine, and package names have to be in CamelCase at line 11, column 13. (no explanation). (Severity: 5)
# Variable, subroutine, and package names have to be in CamelCase at line 13, column 1. (no explanation). (Severity: 5)
# Variable, subroutine, and package names have to be in CamelCase at line 14, column 7. (no explanation). (Severity: 5)
# Variable, subroutine, and package names have to be in CamelCase at line 18, column 7. (no explanation). (Severity: 5)
# Variable, subroutine, and package names have to be in CamelCase at line 18, column 14. (no explanation). (Severity: 5)
# Variable, subroutine, and package names have to be in CamelCase at line 18, column 28. (no explanation). (Severity: 5)
# Variable, subroutine, and package names have to be in CamelCase at line 18, column 49. (no explanation). (Severity: 5)
# Variable, subroutine, and package names have to be in CamelCase at line 18, column 61. (no explanation). (Severity: 5)
# Variable, subroutine, and package names have to be in CamelCase at line 20, column 10. (no explanation). (Severity: 5)
t/perlcritic.t ....
Dubious, test returned 1 (wstat 256, 0x100)
Failed 5/6 subtests
Test Summary Report
-------------------
t/pod.t (Wstat: 256 Tests: 6 Failed: 1)
Failed test: 2
Non-zero exit status: 1
t/pod-coverage.t (Wstat: 256 Tests: 6 Failed: 1)
Failed test: 6
Non-zero exit status: 1
t/perlcritic.t (Wstat: 256 Tests: 6 Failed: 5)
Failed tests: 2-6
Non-zero exit status: 1
Files=4, Tests=22, 5 wallclock secs ( 0.06 usr 0.02 sys + 8.81 cusr 0.56 csys = 9.45 CPU)
Result: FAIL
Failed 3/4 test programs. 7/22 subtests failed.
------------------------------
PREREQUISITES
------------------------------
Prerequisite modules loaded:
requires:
Module Need Have
---------- ---- --------
Test::More 0 1.302078
version 0 0.9917
------------------------------
ENVIRONMENT AND OTHER CONTEXT
------------------------------
Environment variables:
AUTOMATED_TESTING = 1
HARNESS_OPTIONS = j3
LANG = en_US.UTF-8
PATH = /usr/local/bin:/usr/bin:/bin:/usr/local/games:/usr/games
PERL5LIB =
PERL5OPT =
PERL5_CPANPLUS_IS_RUNNING = 25513
PERL5_CPAN_IS_RUNNING = 25513
PERL5_CPAN_IS_RUNNING_IN_RECURSION = 28751,25513
PERL_CR_SMOKER_CURRENT = Lingua-FR-Ladl-v0.0.4
PERL_CR_SMOKER_RUNONCE = 1
PERL_EXTUTILS_AUTOINSTALL = --defaultdeps
PERL_MM_USE_DEFAULT = 1
SHELL = /bin/bash
TERM = putty-256color
Perl special variables (and OS-specific diagnostics, for MSWin32):
$^X = /home/cpan1/install/bin/perl
$UID/$EUID = 1002 / 1002
$GID = 1002 1002
$EGID = 1002 1002
Perl module toolchain versions installed:
Module Have
------------------- --------
CPAN 2.16
CPAN::Meta 2.150010
Cwd 3.62
ExtUtils::CBuilder 0.280224
ExtUtils::Command 7.24
ExtUtils::Install 2.04
ExtUtils::MakeMaker 7.24
ExtUtils::Manifest 1.70
ExtUtils::ParseXS 3.30
File::Spec 3.62
JSON 2.91_04
JSON::PP 2.27400
Module::Build 0.4222
Module::Signature 0.81
Parse::CPAN::Meta 2.150010
Test::Harness 3.39
Test::More 1.302078
YAML 1.23
YAML::Syck 1.29
version 0.9917
--
Summary of my perl5 (revision 5 version 26 subversion 0) configuration:
Commit id: f57d8456e7b8d6b2dad0bb49899cfdc68007b794
Platform:
osname=linux
osvers=3.16.0-4-amd64
archname=x86_64-linux-thread-multi
uname='linux digitalis 3.16.0-4-amd64 #1 smp debian 3.16.36-1+deb8u2 (2016-10-19) x86_64 gnulinux '
config_args='-Dusedevel -DDEBUGGING -Dusethreads -Dprefix=/home/cpan1/install -Uversiononly -des'
hint=recommended
useposix=true
d_sigaction=define
useithreads=define
usemultiplicity=define
use64bitint=define
use64bitall=define
uselongdouble=undef
usemymalloc=n
default_inc_excludes_dot=define
bincompat5005=undef
Compiler:
cc='cc'
ccflags ='-D_REENTRANT -D_GNU_SOURCE -fwrapv -DDEBUGGING -fno-strict-aliasing -pipe -fstack-protector-strong -I/usr/local/include -D_LARGEFILE_SOURCE -D_FILE_OFFSET_BITS=64 -D_FORTIFY_SOURCE=2'
optimize='-O2 -g'
cppflags='-D_REENTRANT -D_GNU_SOURCE -fwrapv -DDEBUGGING -fno-strict-aliasing -pipe -fstack-protector-strong -I/usr/local/include'
ccversion=''
gccversion='4.9.2'
gccosandvers=''
intsize=4
longsize=8
ptrsize=8
doublesize=8
byteorder=12345678
doublekind=3
d_longlong=define
longlongsize=8
d_longdbl=define
longdblsize=16
longdblkind=3
ivtype='long'
ivsize=8
nvtype='double'
nvsize=8
Off_t='off_t'
lseeksize=8
alignbytes=8
prototype=define
Linker and Libraries:
ld='cc'
ldflags =' -fstack-protector-strong -L/usr/local/lib'
libpth=/usr/local/lib /usr/lib/gcc/x86_64-linux-gnu/4.9/include-fixed /usr/include/x86_64-linux-gnu /usr/lib /lib/x86_64-linux-gnu /lib/../lib /usr/lib/x86_64-linux-gnu /usr/lib/../lib /lib /lib64 /usr/lib64
libs=-lpthread -lnsl -ldl -lm -lcrypt -lutil -lc
perllibs=-lpthread -lnsl -ldl -lm -lcrypt -lutil -lc
libc=libc-2.19.so
so=so
useshrplib=false
libperl=libperl.a
gnulibc_version='2.19'
Dynamic Linking:
dlsrc=dl_dlopen.xs
dlext=so
d_dlsymun=undef
ccdlflags='-Wl,-E'
cccdlflags='-fPIC'
lddlflags='-shared -O2 -g -L/usr/local/lib -fstack-protector-strong'
Characteristics of this binary (from libperl):
Compile-time options:
DEBUGGING
HAS_TIMES
MULTIPLICITY
PERLIO_LAYERS
PERL_COPY_ON_WRITE
PERL_DONT_CREATE_GVSV
PERL_IMPLICIT_CONTEXT
PERL_MALLOC_WRAP
PERL_OP_PARENT
PERL_PRESERVE_IVUV
PERL_TRACK_MEMPOOL
PERL_USE_DEVEL
USE_64_BIT_ALL
USE_64_BIT_INT
USE_ITHREADS
USE_LARGE_FILES
USE_LOCALE
USE_LOCALE_COLLATE
USE_LOCALE_CTYPE
USE_LOCALE_NUMERIC
USE_LOCALE_TIME
USE_PERLIO
USE_PERL_ATOF
USE_REENTRANT_API
Built under linux
Compiled at Apr 11 2017 21:42:25
%ENV:
PERL5LIB=""
PERL5OPT=""
PERL5_CPANPLUS_IS_RUNNING="25513"
PERL5_CPAN_IS_RUNNING="25513"
PERL5_CPAN_IS_RUNNING_IN_RECURSION="28751,25513"
PERL_CR_SMOKER_CURRENT="Lingua-FR-Ladl-v0.0.4"
PERL_CR_SMOKER_RUNONCE="1"
PERL_EXTUTILS_AUTOINSTALL="--defaultdeps"
PERL_MM_USE_DEFAULT="1"
@INC:
/home/cpan1/install/lib/perl5/site_perl/5.26.0/x86_64-linux-thread-multi
/home/cpan1/install/lib/perl5/site_perl/5.26.0
/home/cpan1/install/lib/perl5/5.26.0/x86_64-linux-thread-multi
/home/cpan1/install/lib/perl5/5.26.0