Report for Gtk2-1.2493

Back
From: metabase:user:314402c4-2aae-11df-837a-5e0a49663a4f
Subject: FAIL Gtk2-1.2493 v5.8.9 FreeBSD
Date: 2014-11-27T17:18:51Z

This distribution has been tested as part of the CPAN Testers
project, supporting the Perl programming language.  See
http://wiki.cpantesters.org/ for more information or email
questions to cpan-testers-discuss@perl.org


--
Dear Brian Manning,

This is a computer-generated report for Gtk2-1.2493
on perl 5.8.9, created by CPAN-Reporter-1.2011.

Thank you for uploading your work to CPAN.  However, there was a problem
testing your distribution.

If you think this report is invalid, please consult the CPAN Testers Wiki
for suggestions on how to avoid getting FAIL reports for missing library
or binary dependencies, unsupported operating systems, and so on:

http://wiki.cpantesters.org/wiki/CPANAuthorNotes

Sections of this report:

    * Tester comments
    * Program output
    * Prerequisites
    * Environment and other context

------------------------------
TESTER COMMENTS
------------------------------

Additional comments from tester:

none provided

------------------------------
PROGRAM OUTPUT
------------------------------

Output from '/usr/bin/make test':

Running Mkbootstrap for Gtk2 ()
chmod 644 "Gtk2.bs"
PERL_DL_NONLAZY=1 "/usr/perl5.8.9/bin/perl" "-MExtUtils::Command::MM" "-MTest::Harness" "-e" "undef *Test::Harness::Switches; test_harness(0, 'blib/lib', 'blib/arch')" t/*.t
# Testing Gtk2 1.2493
#    Running against gtk+ 2.24.22
#   Compiled against gtk+ 2.24.22
Xlib:  extension "RANDR" missing on display ":9".
t/00.Gtk2.t ........................ ok
Xlib:  extension "RANDR" missing on display ":9".
t/01.GtkWindow.t ................... ok
Xlib:  extension "RANDR" missing on display ":9".
t/02.GtkContainer.t ................ ok
t/constants.t ...................... ok
Xlib:  extension "RANDR" missing on display ":9".
t/Gdk.t ............................ ok
Xlib:  extension "RANDR" missing on display ":9".
t/GdkCairo.t ....................... ok
Xlib:  extension "RANDR" missing on display ":9".
t/GdkColor.t ....................... ok
Xlib:  extension "RANDR" missing on display ":9".
t/GdkCursor.t ...................... ok
Xlib:  extension "RANDR" missing on display ":9".
Xlib:  extension "RANDR" missing on display ":9".
Xlib:  extension "RANDR" missing on display ":9".
t/GdkDisplay.t ..................... ok
Xlib:  extension "RANDR" missing on display ":9".
t/GdkDisplayManager.t .............. ok
Xlib:  extension "RANDR" missing on display ":9".
t/GdkDrawable.t .................... ok
Xlib:  extension "RANDR" missing on display ":9".
t/GdkEvent.t ....................... ok
Xlib:  extension "RANDR" missing on display ":9".
t/GdkGC.t .......................... ok
Xlib:  extension "RANDR" missing on display ":9".
t/GdkImage.t ....................... ok
Xlib:  extension "RANDR" missing on display ":9".
t/GdkInput.t ....................... ok
Xlib:  extension "RANDR" missing on display ":9".
t/GdkKeys.t ........................ ok
Xlib:  extension "RANDR" missing on display ":9".
t/GdkPango.t ....................... ok
Xlib:  extension "RANDR" missing on display ":9".
t/GdkPixbuf.t ...................... ok
t/GdkPixbufLoader.t ................ ok
t/GdkPixbufSimpleAnim.t ............ ok
Xlib:  extension "RANDR" missing on display ":9".
Gdk-WARNING **: XID collision, trouble ahead at t/GdkPixmap.t line 16.
Gdk-WARNING **: XID collision, trouble ahead at t/GdkPixmap.t line 25.
Gdk-WARNING **: XID collision, trouble ahead at t/GdkPixmap.t line 40.
t/GdkPixmap.t ...................... ok
Xlib:  extension "RANDR" missing on display ":9".
t/GdkProperty.t .................... ok
t/GdkRegion.t ...................... ok
Xlib:  extension "RANDR" missing on display ":9".
t/GdkRgb.t ......................... ok
Xlib:  extension "RANDR" missing on display ":9".
t/GdkScreen.t ...................... ok
Xlib:  extension "RANDR" missing on display ":9".
t/GdkSelection.t ................... ok
Xlib:  extension "RANDR" missing on display ":9".
t/GdkVisual.t ...................... ok
Xlib:  extension "RANDR" missing on display ":9".
t/GdkWindow.t ...................... ok
Xlib:  extension "RANDR" missing on display ":9".
t/GdkX11.t ......................... ok
Xlib:  extension "RANDR" missing on display ":9".
t/GtkAboutDialog.t ................. ok
Xlib:  extension "RANDR" missing on display ":9".
t/GtkAccelGroup.t .................. ok
Xlib:  extension "RANDR" missing on display ":9".
t/GtkAccelLabel.t .................. ok
Xlib:  extension "RANDR" missing on display ":9".
t/GtkAccelMap.t .................... ok
Xlib:  extension "RANDR" missing on display ":9".
t/GtkAction.t ...................... ok
Xlib:  extension "RANDR" missing on display ":9".
t/GtkActionGroup.t ................. ok
Xlib:  extension "RANDR" missing on display ":9".
t/GtkActivatable.t ................. ok
t/GtkAdjustment.t .................. ok
t/GtkAlignment.t ................... ok
t/GtkArrow.t ....................... ok
t/GtkAspectFrame.t ................. ok
Xlib:  extension "RANDR" missing on display ":9".
t/GtkAssistant.t ................... ok
Xlib:  extension "RANDR" missing on display ":9".
t/GtkBin.t ......................... ok
Xlib:  extension "RANDR" missing on display ":9".
t/GtkBindings.t .................... ok
Xlib:  extension "RANDR" missing on display ":9".
t/GtkBox.t ......................... ok
Xlib:  extension "RANDR" missing on display ":9".
t/GtkBuildable.t ................... ok
Xlib:  extension "RANDR" missing on display ":9".
GLib-GObject-WARNING **: gsignal.c:1220: unable to lookup signal "changed" for non instantiatable type `GtkBuildable' at /usr/perl5.8.9/lib/site_perl/5.8.9/amd64-freebsd/Glib/Object/Subclass.pm line 235.
t/GtkBuildableIface.t .............. ok
Xlib:  extension "RANDR" missing on display ":9".
t/GtkBuilder.t ..................... ok
Xlib:  extension "RANDR" missing on display ":9".
t/GtkButton.t ...................... ok
Xlib:  extension "RANDR" missing on display ":9".
t/GtkButtonBox.t ................... ok
Xlib:  extension "RANDR" missing on display ":9".
t/GtkCalendar.t .................... ok
Xlib:  extension "RANDR" missing on display ":9".
GLib-GObject-CRITICAL **: Object class EditableTest doesn't implement property 'editing-canceled' from interface 'GtkCellEditable' at /usr/perl5.8.9/lib/site_perl/5.8.9/amd64-freebsd/Glib/Object/Subclass.pm line 235.
t/GtkCellEditable.t ................ ok
Xlib:  extension "RANDR" missing on display ":9".
t/GtkCellLayout.t .................. ok
Xlib:  extension "RANDR" missing on display ":9".
t/GtkCellLayoutIface.t ............. ok
Xlib:  extension "RANDR" missing on display ":9".
t/GtkCellRenderer.t ................ ok
t/GtkCellRendererAccel.t ........... ok
t/GtkCellRendererCombo.t ........... ok
Xlib:  extension "RANDR" missing on display ":9".
t/GtkCellRendererIface-Chaining.t .. ok
t/GtkCellRendererPixbuf.t .......... ok
t/GtkCellRendererProgress.t ........ ok
t/GtkCellRendererSpin.t ............ ok
t/GtkCellRendererSpinner.t ......... ok
t/GtkCellRendererText.t ............ ok
t/GtkCellRendererToggle.t .......... ok
Xlib:  extension "RANDR" missing on display ":9".
t/GtkCellView.t .................... ok
Xlib:  extension "RANDR" missing on display ":9".
t/GtkCheckButton.t ................. ok
Xlib:  extension "RANDR" missing on display ":9".
t/GtkCheckMenuItem.t ............... ok
Xlib:  extension "RANDR" missing on display ":9".
t/GtkClipboard.t ................... ok
Xlib:  extension "RANDR" missing on display ":9".
t/GtkColorButton.t ................. ok
Xlib:  extension "RANDR" missing on display ":9".
t/GtkColorSelection.t .............. ok
Xlib:  extension "RANDR" missing on display ":9".
t/GtkColorSelectionDialog.t ........ ok
Xlib:  extension "RANDR" missing on display ":9".
t/GtkCombo.t ....................... ok
Xlib:  extension "RANDR" missing on display ":9".
t/GtkComboBox.t .................... ok
Xlib:  extension "RANDR" missing on display ":9".
t/GtkComboBoxEntry.t ............... ok
Xlib:  extension "RANDR" missing on display ":9".
t/GtkCurve.t ....................... ok
Xlib:  extension "RANDR" missing on display ":9".
t/GtkDialog.t ...................... ok
t/GtkDrawingArea.t ................. ok
Xlib:  extension "RANDR" missing on display ":9".
t/GtkEditable.t .................... ok
Xlib:  extension "RANDR" missing on display ":9".
t/GtkEntry.t ....................... ok
Xlib:  extension "RANDR" missing on display ":9".
t/GtkEntryBuffer.t ................. ok
Xlib:  extension "RANDR" missing on display ":9".
t/GtkEntryCompletion.t ............. ok
t/GtkEventBox.t .................... ok
Xlib:  extension "RANDR" missing on display ":9".
t/GtkExpander.t .................... ok
t/GtkFileChooser.t ................. skipped: this test is unreliable
Xlib:  extension "RANDR" missing on display ":9".
t/GtkFileChooserButton.t ........... 
Failed 9/9 subtests 
Xlib:  extension "RANDR" missing on display ":9".
t/GtkFileChooserDialog.t ........... 
Failed 6/6 subtests 
Xlib:  extension "RANDR" missing on display ":9".
t/GtkFileChooserWidget.t ........... 
Failed 6/6 subtests 
t/GtkFileFilter.t .................. ok
Xlib:  extension "RANDR" missing on display ":9".
t/GtkFileSelection.t ............... ok
t/GtkFixed.t ....................... ok
Xlib:  extension "RANDR" missing on display ":9".
t/GtkFontButton.t .................. ok
Xlib:  extension "RANDR" missing on display ":9".
t/GtkFontSelection.t ............... ok
t/GtkFrame.t ....................... ok
Xlib:  extension "RANDR" missing on display ":9".
t/GtkGammaCurve.t .................. ok
Xlib:  extension "RANDR" missing on display ":9".
t/GtkGC.t .......................... ok
t/GtkHandleBox.t ................... ok
t/GtkHBox.t ........................ ok
t/GtkHButtonBox.t .................. ok
t/GtkHPaned.t ...................... ok
t/GtkHRuler.t ...................... ok
Xlib:  extension "RANDR" missing on display ":9".
t/GtkHScale.t ...................... ok
t/GtkHScrollbar.t .................. ok
t/GtkHSeparator.t .................. ok
t/GtkHSV.t ......................... ok
Xlib:  extension "RANDR" missing on display ":9".
t/GtkIconFactory.t ................. ok
Xlib:  extension "RANDR" missing on display ":9".
t/GtkIconTheme.t ................... ok
Xlib:  extension "RANDR" missing on display ":9".
t/GtkIconView.t .................... ok
Xlib:  extension "RANDR" missing on display ":9".
t/GtkImage.t ....................... ok
Xlib:  extension "RANDR" missing on display ":9".
t/GtkImageMenuItem.t ............... ok
Xlib:  extension "RANDR" missing on display ":9".
t/GtkIMContext.t ................... ok
Xlib:  extension "RANDR" missing on display ":9".
t/GtkInfoBar.t ..................... ok
Xlib:  extension "RANDR" missing on display ":9".
t/GtkInputDialog.t ................. ok
Xlib:  extension "RANDR" missing on display ":9".
t/GtkInvisible.t ................... ok
Xlib:  extension "RANDR" missing on display ":9".
t/GtkItemFactory.t ................. ok
Xlib:  extension "RANDR" missing on display ":9".
t/GtkLabel.t ....................... ok
Xlib:  extension "RANDR" missing on display ":9".
t/GtkLayout.t ...................... ok
Xlib:  extension "RANDR" missing on display ":9".
t/GtkLinkButton.t .................. ok
Xlib:  extension "RANDR" missing on display ":9".
t/GtkListStore.t ................... ok
Xlib:  extension "RANDR" missing on display ":9".
t/GtkMenu.t ........................ ok
t/GtkMenuBar.t ..................... ok
Xlib:  extension "RANDR" missing on display ":9".
t/GtkMenuItem.t .................... ok
Xlib:  extension "RANDR" missing on display ":9".
t/GtkMenuShell.t ................... ok
Xlib:  extension "RANDR" missing on display ":9".
t/GtkMenuToolButton.t .............. ok
Xlib:  extension "RANDR" missing on display ":9".
t/GtkMessageDialog.t ............... ok
t/GtkMisc.t ........................ ok
Xlib:  extension "RANDR" missing on display ":9".
t/GtkNotebook.t .................... ok
t/GtkObject.t ...................... ok
Xlib:  extension "RANDR" missing on display ":9".
t/GtkOffscreenWindow.t ............. ok
Xlib:  extension "RANDR" missing on display ":9".
t/GtkOptionMenu.t .................. ok
Xlib:  extension "RANDR" missing on display ":9".
t/GtkOrientable.t .................. ok
Xlib:  extension "RANDR" missing on display ":9".
t/GtkPageSetup.t ................... ok
Xlib:  extension "RANDR" missing on display ":9".
t/GtkPaned.t ....................... ok
Xlib:  extension "RANDR" missing on display ":9".
t/GtkPaperSize.t ................... ok
Xlib:  extension "RANDR" missing on display ":9".
t/GtkPrintContext.t ................ ok
Xlib:  extension "RANDR" missing on display ":9".
t/GtkPrintOperation.t .............. ok
Xlib:  extension "RANDR" missing on display ":9".
t/GtkPrintOperationPreview.t ....... ok
Xlib:  extension "RANDR" missing on display ":9".
t/GtkPrintSettings.t ............... ok
t/GtkProgressBar.t ................. ok
t/GtkRadioAction.t ................. ok
Xlib:  extension "RANDR" missing on display ":9".
t/GtkRadioButton.t ................. ok
Xlib:  extension "RANDR" missing on display ":9".
t/GtkRadioMenuItem.t ............... ok
Xlib:  extension "RANDR" missing on display ":9".
t/GtkRadioToolButton.t ............. ok
Xlib:  extension "RANDR" missing on display ":9".
t/GtkRange.t ....................... ok
Xlib:  extension "RANDR" missing on display ":9".
t/GtkRc.t .......................... ok
Xlib:  extension "RANDR" missing on display ":9".
t/GtkRecentAction.t ................ 
Failed 1/1 subtests 
Xlib:  extension "RANDR" missing on display ":9".
t/GtkRecentChooser.t ............... 
Failed 15/15 subtests 
Xlib:  extension "RANDR" missing on display ":9".
t/GtkRecentChooserDialog.t ......... 
Failed 14/14 subtests 
Xlib:  extension "RANDR" missing on display ":9".
t/GtkRecentChooserMenu.t ........... 
Failed 5/5 subtests 
Xlib:  extension "RANDR" missing on display ":9".
t/GtkRecentChooserWidget.t ......... 
Failed 4/4 subtests 
Xlib:  extension "RANDR" missing on display ":9".
t/GtkRecentFilter.t ................ ok
Xlib:  extension "RANDR" missing on display ":9".
t/GtkRecentManager.t ............... 
Failed 36/36 subtests 
t/GtkRuler.t ....................... ok
Xlib:  extension "RANDR" missing on display ":9".
t/GtkScale.t ....................... ok
Xlib:  extension "RANDR" missing on display ":9".
t/GtkScaleButton.t ................. ok
Xlib:  extension "RANDR" missing on display ":9".
t/GtkScrolledWindow.t .............. ok
Xlib:  extension "RANDR" missing on display ":9".
t/GtkSelection.t ................... ok
t/GtkSeparatorMenuItem.t ........... ok
Xlib:  extension "RANDR" missing on display ":9".
t/GtkSeparatorToolItem.t ........... ok
t/GtkShow.t ........................ skipped: can only test interactively
Xlib:  extension "RANDR" missing on display ":9".
t/GtkSimpleList.t .................. ok
Xlib:  extension "RANDR" missing on display ":9".
t/GtkSimpleMenu.t .................. ok
t/GtkSizeGroup.t ................... ok
Xlib:  extension "RANDR" missing on display ":9".
t/GtkSpinButton.t .................. ok
t/GtkSpinner.t ..................... ok
t/GtkStatusbar.t ................... ok
Xlib:  extension "RANDR" missing on display ":9".
t/GtkStatusIcon.t .................. ok
t/GtkStock.t ....................... ok
Xlib:  extension "RANDR" missing on display ":9".
t/GtkStyle.t ....................... ok
Xlib:  extension "RANDR" missing on display ":9".
t/GtkTable.t ....................... ok
t/GtkTearoffMenuItem.t ............. ok
Xlib:  extension "RANDR" missing on display ":9".
t/GtkTextBuffer.t .................. ok
Xlib:  extension "RANDR" missing on display ":9".
GLib-WARNING **: (gerror.c:390):g_error_new_valist: runtime check failed: (domain != 0) at t/GtkTextBufferRichText.t line 210, <DATA> line 1.
t/GtkTextBufferRichText.t .......... ok
Xlib:  extension "RANDR" missing on display ":9".
t/GtkTextChildAnchor.t ............. ok
t/GtkTextIter.t .................... ok
t/GtkTextMark.t .................... ok
Xlib:  extension "RANDR" missing on display ":9".
t/GtkTextTag.t ..................... ok
t/GtkTextTagTable.t ................ ok
Xlib:  extension "RANDR" missing on display ":9".
t/GtkTextView.t .................... ok
Xlib:  extension "RANDR" missing on display ":9".
t/GtkToggleAction.t ................ ok
Xlib:  extension "RANDR" missing on display ":9".
t/GtkToggleButton.t ................ ok
Xlib:  extension "RANDR" missing on display ":9".
t/GtkToggleToolButton.t ............ ok
Xlib:  extension "RANDR" missing on display ":9".
t/GtkToolbar.t ..................... ok
Xlib:  extension "RANDR" missing on display ":9".
t/GtkToolButton.t .................. ok
Xlib:  extension "RANDR" missing on display ":9".
t/GtkToolItem.t .................... ok
Xlib:  extension "RANDR" missing on display ":9".
t/GtkToolItemGroup.t ............... ok
Xlib:  extension "RANDR" missing on display ":9".
t/GtkToolPalette.t ................. ok
Xlib:  extension "RANDR" missing on display ":9".
t/GtkToolShell.t ................... ok
Xlib:  extension "RANDR" missing on display ":9".
t/GtkTooltip.t ..................... ok
Xlib:  extension "RANDR" missing on display ":9".
t/GtkTooltips.t .................... ok
t/GtkTreeDnd.t ..................... ok
t/GtkTreeModel.t ................... ok
t/GtkTreeModelFilter.t ............. ok
t/GtkTreeModelIface.t .............. ok
t/GtkTreeModelSort.t ............... ok
Xlib:  extension "RANDR" missing on display ":9".
t/GtkTreeSelection.t ............... ok
t/GtkTreeSortable.t ................ ok
t/GtkTreeStore.t ................... ok
t/GtkTreeView-Dnd.t ................ skipped: this test is interactive
Xlib:  extension "RANDR" missing on display ":9".
t/GtkTreeView.t .................... ok
Xlib:  extension "RANDR" missing on display ":9".
t/GtkUIManager.t ................... ok
t/GtkVBox.t ........................ ok
t/GtkVButtonBox.t .................. ok
Xlib:  extension "RANDR" missing on display ":9".
t/GtkViewport.t .................... ok
Xlib:  extension "RANDR" missing on display ":9".
t/GtkVolumeButton.t ................ ok
t/GtkVPaned.t ...................... ok
t/GtkVRuler.t ...................... ok
Xlib:  extension "RANDR" missing on display ":9".
t/GtkVScale.t ...................... ok
t/GtkVScrollbar.t .................. ok
t/GtkVSeparator.t .................. ok
Xlib:  extension "RANDR" missing on display ":9".
t/GtkWidget.t ...................... ok
Xlib:  extension "RANDR" missing on display ":9".
t/options.t ........................ ok
Xlib:  extension "RANDR" missing on display ":9".
t/pango-compat.t ................... ok
Xlib:  extension "RANDR" missing on display ":9".
t/PangoAttributes.t ................ ok
t/PangoCairo.t ..................... ok
Xlib:  extension "RANDR" missing on display ":9".
t/PangoContext.t ................... ok
Xlib:  extension "RANDR" missing on display ":9".
t/PangoFont.t ...................... ok
Xlib:  extension "RANDR" missing on display ":9".
t/PangoFontMap.t ................... ok
Xlib:  extension "RANDR" missing on display ":9".
t/PangoFontset.t ................... ok
t/PangoGravity.t ................... ok
Xlib:  extension "RANDR" missing on display ":9".
t/PangoLayout.t .................... ok
t/PangoMatrix.t .................... ok
Xlib:  extension "RANDR" missing on display ":9".
t/PangoRenderer.t .................. ok
Xlib:  extension "RANDR" missing on display ":9".
t/PangoScript.t .................... ok
t/PangoTabs.t ...................... ok
t/PangoTypes.t ..................... ok
Xlib:  extension "RANDR" missing on display ":9".
t/set-scroll-adjustments-signal.t .. ok
Xlib:  extension "RANDR" missing on display ":9".
t/signal-chaining.t ................ ok
Xlib:  extension "RANDR" missing on display ":9".
t/tied-objects.t ................... ok
t/version-checks.t ................. ok

Test Summary Report
-------------------
t/GtkFileChooserButton.t         (Wstat: 9 Tests: 0 Failed: 0)
  Non-zero wait status: 9
  Parse errors: Bad plan.  You planned 9 tests but ran 0.
t/GtkFileChooserDialog.t         (Wstat: 9 Tests: 0 Failed: 0)
  Non-zero wait status: 9
  Parse errors: Bad plan.  You planned 6 tests but ran 0.
t/GtkFileChooserWidget.t         (Wstat: 9 Tests: 0 Failed: 0)
  Non-zero wait status: 9
  Parse errors: Bad plan.  You planned 6 tests but ran 0.
t/GtkRecentAction.t              (Wstat: 9 Tests: 0 Failed: 0)
  Non-zero wait status: 9
  Parse errors: Bad plan.  You planned 1 tests but ran 0.
t/GtkRecentChooser.t             (Wstat: 9 Tests: 0 Failed: 0)
  Non-zero wait status: 9
  Parse errors: Bad plan.  You planned 15 tests but ran 0.
t/GtkRecentChooserDialog.t       (Wstat: 9 Tests: 0 Failed: 0)
  Non-zero wait status: 9
  Parse errors: Bad plan.  You planned 14 tests but ran 0.
t/GtkRecentChooserMenu.t         (Wstat: 9 Tests: 0 Failed: 0)
  Non-zero wait status: 9
  Parse errors: Bad plan.  You planned 5 tests but ran 0.
t/GtkRecentChooserWidget.t       (Wstat: 9 Tests: 0 Failed: 0)
  Non-zero wait status: 9
  Parse errors: Bad plan.  You planned 4 tests but ran 0.
t/GtkRecentManager.t             (Wstat: 9 Tests: 0 Failed: 0)
  Non-zero wait status: 9
  Parse errors: Bad plan.  You planned 36 tests but ran 0.
Files=228, Tests=4965, 1913 wallclock secs ( 1.48 usr  1.35 sys + 45.32 cusr  5.83 csys = 53.98 CPU)
Result: FAIL
Failed 9/228 test programs. 0/4965 subtests failed.
*** [test_dynamic] Error code 255

Stop in /usr/home/eserte/.cpan/build/Gtk2-1.2493-qNU2T6.

------------------------------
PREREQUISITES
------------------------------

Prerequisite modules loaded:

requires:

    Module              Need  Have 
    ------------------- ----- -----
    Cairo               1.000 1.105
    ExtUtils::Depends   0.300 0.402
    ExtUtils::PkgConfig 1.030 1.15 
    Glib                1.280 1.305
    Pango               1.220 1.226

build_requires:

    Module              Need  Have 
    ------------------- ----- -----
    ExtUtils::MakeMaker 0     7.02 

configure_requires:

    Module              Need  Have 
    ------------------- ----- -----
    Cairo               1.000 1.105
    ExtUtils::Depends   0.300 0.402
    ExtUtils::PkgConfig 1.030 1.15 
    Glib                1.280 1.305
    Pango               1.220 1.226


------------------------------
ENVIRONMENT AND OTHER CONTEXT
------------------------------

Environment variables:

    DBIC_NO_WARN_BAD_PERL = 1
    LC_ALL = de_DE.ISO8859-1
    PATH = /usr/local/bin:/usr/bin:/bin:/usr/local/sbin:/usr/sbin:/sbin:/home/cpansand/bin/freebsd9.1:/home/cpansand/bin/sh:/home/cpansand/bin:/usr/games:/home/cpansand/devel:/usr/home/eserte/src/srezic-misc/scripts
    PERL5LIB = 
    PERL5OPT = 
    PERL5_CPANPLUS_IS_RUNNING = 47533
    PERL5_CPAN_IS_RUNNING = 47533
    PERL5_CPAN_IS_RUNNING_IN_RECURSION = 47473,47533
    PERLDOC = -MPod::Perldoc::ToTextOverstrike
    PERL_BATCH = yes
    PERL_CPAN_REPORTER_CONFIG = /var/tmp/cpansmoker-1023/y5MdY2V25r_config.ini
    PERL_EXTUTILS_AUTOINSTALL = --defaultdeps
    PERL_HTML_DISPLAY_CLASS = HTML::Display::Mozilla
    SHELL = /usr/local/bin/zsh
    TERM = screen
    TMPDIR = /var/tmp/cpansmoker-1023

Perl special variables (and OS-specific diagnostics, for MSWin32):

    $^X = /usr/perl5.8.9/bin/perl
    $UID/$EUID = 1023 / 1023
    $GID = 1023 1023
    $EGID = 1023 1023

Perl module toolchain versions installed:

    Module              Have    
    ------------------- --------
    CPAN                2.05    
    CPAN::Meta          2.143240
    Cwd                 3.47    
    ExtUtils::CBuilder  0.280220
    ExtUtils::Command   1.16    
    ExtUtils::Install   2.04    
    ExtUtils::MakeMaker 7.02    
    ExtUtils::Manifest  1.69    
    ExtUtils::ParseXS   3.24    
    File::Spec          3.47    
    JSON                2.90    
    JSON::PP            2.27203 
    Module::Build       0.4210  
    Module::Signature   0.73    
    Parse::CPAN::Meta   1.4414  
    Test::Harness       3.32    
    Test::More          1.001009
    YAML                1.12    
    YAML::Syck          1.27    
    version             0.9909  


--

Summary of my perl5 (revision 5 version 8 subversion 9) configuration:
  Platform:
    osname=freebsd, osvers=9.2-release-p4, archname=amd64-freebsd
    uname='freebsd cvrsnica-freebsd-92 9.2-release-p4 freebsd 9.2-release-p4 #0: tue apr 8 18:08:22 utc 2014 root@amd64-builder.daemonology.net:usrobjusrsrcsysgeneric amd64 '
    config_args='-ds -e -Dprefix=/usr/perl5.8.9'
    hint=recommended, useposix=true, d_sigaction=define
    usethreads=undef use5005threads=undef useithreads=undef usemultiplicity=undef
    useperlio=define d_sfio=undef uselargefiles=define usesocks=undef
    use64bitint=define use64bitall=define uselongdouble=undef
    usemymalloc=n, bincompat5005=undef
  Compiler:
    cc='cc', ccflags ='-DHAS_FPSETMASK -DHAS_FLOATINGPOINT_H -fno-strict-aliasing -pipe -I/usr/local/include',
    optimize='-O',
    cppflags='-DHAS_FPSETMASK -DHAS_FLOATINGPOINT_H -fno-strict-aliasing -pipe -I/usr/local/include'
    ccversion='', gccversion='4.2.1 20070831 patched [FreeBSD]', gccosandvers=''
    intsize=4, longsize=8, ptrsize=8, doublesize=8, byteorder=12345678
    d_longlong=define, longlongsize=8, d_longdbl=define, longdblsize=16
    ivtype='long', ivsize=8, nvtype='double', nvsize=8, Off_t='off_t', lseeksize=8
    alignbytes=8, prototype=define
  Linker and Libraries:
    ld='cc', ldflags ='-Wl,-E  -L/usr/local/lib'
    libpth=/usr/lib /usr/local/lib
    libs=-lgdbm -lm -lcrypt -lutil -lc
    perllibs=-lm -lcrypt -lutil -lc
    libc=, so=so, useshrplib=false, libperl=libperl.a
    gnulibc_version=''
  Dynamic Linking:
    dlsrc=dl_dlopen.xs, dlext=so, d_dlsymun=undef, ccdlflags=' '
    cccdlflags='-DPIC -fPIC', lddlflags='-shared  -L/usr/local/lib'


Characteristics of this binary (from libperl): 
  Compile-time options: PERL_MALLOC_WRAP USE_64_BIT_ALL USE_64_BIT_INT
                        USE_FAST_STDIO USE_LARGE_FILES USE_PERLIO
  Built under freebsd
  Compiled at May 15 2014 22:27:57
  %ENV:
    PERL5LIB=""
    PERL5OPT=""
    PERL5_CPANPLUS_IS_RUNNING="47533"
    PERL5_CPAN_IS_RUNNING="47533"
    PERL5_CPAN_IS_RUNNING_IN_RECURSION="47473,47533"
    PERLDOC="-MPod::Perldoc::ToTextOverstrike"
    PERL_BATCH="yes"
    PERL_CPAN_REPORTER_CONFIG="/var/tmp/cpansmoker-1023/y5MdY2V25r_config.ini"
    PERL_EXTUTILS_AUTOINSTALL="--defaultdeps"
    PERL_HTML_DISPLAY_CLASS="HTML::Display::Mozilla"
  @INC:
    /usr/perl5.8.9/lib/5.8.9/amd64-freebsd
    /usr/perl5.8.9/lib/5.8.9
    /usr/perl5.8.9/lib/site_perl/5.8.9/amd64-freebsd
    /usr/perl5.8.9/lib/site_perl/5.8.9
    .