Back
From: metabase:user:838e5b0a-2bb6-1016-a696-43a2537fa0c6
Subject: FAIL Net-OAuth-LP-0.015_04 v5.12.3
Date: 2013-08-06T23:08:33Z
This distribution has been tested as part of the CPAN Testers
project, supporting the Perl programming language. See
http://wiki.cpantesters.org/ for more information or email
questions to cpan-testers-discuss@perl.org
--
Dear Adam Stokes,
This is a computer-generated report for Net-OAuth-LP-0.015_04
on perl 5.12.3, created by CPAN-Reporter-1.2007.
Thank you for uploading your work to CPAN. However, there was a problem
testing your distribution.
If you think this report is invalid, please consult the CPAN Testers Wiki
for suggestions on how to avoid getting FAIL reports for missing library
or binary dependencies, unsupported operating systems, and so on:
http://wiki.cpantesters.org/wiki/CPANAuthorNotes
Sections of this report:
* Tester comments
* Program output
* Prerequisites
* Environment and other context
------------------------------
TESTER COMMENTS
------------------------------
Additional comments from tester:
this report is from an automated smoke testing program
and was not reviewed by a human for accuracy
------------------------------
PROGRAM OUTPUT
------------------------------
Output from 'C:\strawberry\perl\bin\perl.exe ./Build test':
# Failed test 'use Net::OAuth::LP;'
# at t/00-load.t line 9.
# Tried to use 'Net::OAuth::LP'.
# Error: Can't locate Method/Signatures.pm in @INC (@INC contains: C:\strawberry\cpan\build\Net-OAuth-LP-0.015_04-mG2RFv\blib\arch C:\strawberry\cpan\build\Net-OAuth-LP-0.015_04-mG2RFv\blib\lib C:/strawberry/perl/site/lib C:/strawberry/perl/vendor/lib C:/strawberry/perl/lib) at C:\strawberry\cpan\build\Net-OAuth-LP-0.015_04-mG2RFv\blib\lib/Net/OAuth/LP.pm line 5.
# BEGIN failed--compilation aborted at C:\strawberry\cpan\build\Net-OAuth-LP-0.015_04-mG2RFv\blib\lib/Net/OAuth/LP.pm line 5.
# Compilation failed in require at (eval 4) line 2.
# BEGIN failed--compilation aborted at (eval 4) line 2.
# Failed test 'use Net::OAuth::LP::Client;'
# at t/00-load.t line 10.
# Tried to use 'Net::OAuth::LP::Client'.
# Error: Can't locate Method/Signatures.pm in @INC (@INC contains: C:\strawberry\cpan\build\Net-OAuth-LP-0.015_04-mG2RFv\blib\arch C:\strawberry\cpan\build\Net-OAuth-LP-0.015_04-mG2RFv\blib\lib C:/strawberry/perl/site/lib C:/strawberry/perl/vendor/lib C:/strawberry/perl/lib) at C:\strawberry\cpan\build\Net-OAuth-LP-0.015_04-mG2RFv\blib\lib/Net/OAuth/LP/Client.pm line 7.
# BEGIN failed--compilation aborted at C:\strawberry\cpan\build\Net-OAuth-LP-0.015_04-mG2RFv\blib\lib/Net/OAuth/LP/Client.pm line 7.
# Compilation failed in require at (eval 12) line 2.
# BEGIN failed--compilation aborted at (eval 12) line 2.
# Looks like you failed 2 tests of 2.
t/00-load.t .............
Dubious, test returned 2 (wstat 512, 0x200)
Failed 2/2 subtests
# Testing LP Bug methods
# Failed test 'use Net::OAuth::LP::Client;'
# at t/01-bug.t line 9.
# Tried to use 'Net::OAuth::LP::Client'.
# Error: Can't locate Method/Signatures.pm in @INC (@INC contains: C:\strawberry\cpan\build\Net-OAuth-LP-0.015_04-mG2RFv\blib\arch C:\strawberry\cpan\build\Net-OAuth-LP-0.015_04-mG2RFv\blib\lib C:/strawberry/perl/site/lib C:/strawberry/perl/vendor/lib C:/strawberry/perl/lib) at C:\strawberry\cpan\build\Net-OAuth-LP-0.015_04-mG2RFv\blib\lib/Net/OAuth/LP/Client.pm line 7.
# BEGIN failed--compilation aborted at C:\strawberry\cpan\build\Net-OAuth-LP-0.015_04-mG2RFv\blib\lib/Net/OAuth/LP/Client.pm line 7.
# Compilation failed in require at (eval 4) line 2.
# BEGIN failed--compilation aborted at (eval 4) line 2.
# Failed test 'use Net::OAuth::LP::Models::Bug;'
# at t/01-bug.t line 10.
# Tried to use 'Net::OAuth::LP::Models::Bug'.
# Error: Can't locate Types/Standard.pm in @INC (@INC contains: C:\strawberry\cpan\build\Net-OAuth-LP-0.015_04-mG2RFv\blib\arch C:\strawberry\cpan\build\Net-OAuth-LP-0.015_04-mG2RFv\blib\lib C:/strawberry/perl/site/lib C:/strawberry/perl/vendor/lib C:/strawberry/perl/lib) at C:\strawberry\cpan\build\Net-OAuth-LP-0.015_04-mG2RFv\blib\lib/Net/OAuth/LP/Models/Activity.pm line 7.
# BEGIN failed--compilation aborted at C:\strawberry\cpan\build\Net-OAuth-LP-0.015_04-mG2RFv\blib\lib/Net/OAuth/LP/Models/Activity.pm line 7.
# Compilation failed in require at C:\strawberry\cpan\build\Net-OAuth-LP-0.015_04-mG2RFv\blib\lib/Net/OAuth/LP/Models/Bug.pm line 8.
# BEGIN failed--compilation aborted at C:\strawberry\cpan\build\Net-OAuth-LP-0.015_04-mG2RFv\blib\lib/Net/OAuth/LP/Models/Bug.pm line 8.
# Compilation failed in require at (eval 12) line 2.
# BEGIN failed--compilation aborted at (eval 12) line 2.
Can't locate object method "staging" via package "Net::OAuth::LP::Client" at t/01-bug.t line 28.
# Tests were run but no plan was declared and done_testing() was not seen.
t/01-bug.t ..............
Dubious, test returned 255 (wstat 65280, 0xff00)
Failed 2/2 subtests
# Testing LP Person,Team methods
# Failed test 'use Net::OAuth::LP::Client;'
# at t/02-person.t line 9.
# Tried to use 'Net::OAuth::LP::Client'.
# Error: Can't locate Method/Signatures.pm in @INC (@INC contains: C:\strawberry\cpan\build\Net-OAuth-LP-0.015_04-mG2RFv\blib\arch C:\strawberry\cpan\build\Net-OAuth-LP-0.015_04-mG2RFv\blib\lib C:/strawberry/perl/site/lib C:/strawberry/perl/vendor/lib C:/strawberry/perl/lib) at C:\strawberry\cpan\build\Net-OAuth-LP-0.015_04-mG2RFv\blib\lib/Net/OAuth/LP/Client.pm line 7.
# BEGIN failed--compilation aborted at C:\strawberry\cpan\build\Net-OAuth-LP-0.015_04-mG2RFv\blib\lib/Net/OAuth/LP/Client.pm line 7.
# Compilation failed in require at (eval 4) line 2.
# BEGIN failed--compilation aborted at (eval 4) line 2.
# Failed test 'use Net::OAuth::LP::Models::Person;'
# at t/02-person.t line 10.
# Tried to use 'Net::OAuth::LP::Models::Person'.
# Error: Can't locate Types/Standard.pm in @INC (@INC contains: C:\strawberry\cpan\build\Net-OAuth-LP-0.015_04-mG2RFv\blib\arch C:\strawberry\cpan\build\Net-OAuth-LP-0.015_04-mG2RFv\blib\lib C:/strawberry/perl/site/lib C:/strawberry/perl/vendor/lib C:/strawberry/perl/lib) at C:\strawberry\cpan\build\Net-OAuth-LP-0.015_04-mG2RFv\blib\lib/Net/OAuth/LP/Models/Person.pm line 7.
# BEGIN failed--compilation aborted at C:\strawberry\cpan\build\Net-OAuth-LP-0.015_04-mG2RFv\blib\lib/Net/OAuth/LP/Models/Person.pm line 7.
# Compilation failed in require at (eval 12) line 2.
# BEGIN failed--compilation aborted at (eval 12) line 2.
Can't locate object method "staging" via package "Net::OAuth::LP::Client" at t/02-person.t line 29.
# Tests were run but no plan was declared and done_testing() was not seen.
t/02-person.t ...........
Dubious, test returned 255 (wstat 65280, 0xff00)
Failed 2/2 subtests
# Testing LP General Client methods
# Failed test 'use Net::OAuth::LP::Client;'
# at t/03-client.t line 9.
# Tried to use 'Net::OAuth::LP::Client'.
# Error: Can't locate Method/Signatures.pm in @INC (@INC contains: C:\strawberry\cpan\build\Net-OAuth-LP-0.015_04-mG2RFv\blib\arch C:\strawberry\cpan\build\Net-OAuth-LP-0.015_04-mG2RFv\blib\lib C:/strawberry/perl/site/lib C:/strawberry/perl/vendor/lib C:/strawberry/perl/lib) at C:\strawberry\cpan\build\Net-OAuth-LP-0.015_04-mG2RFv\blib\lib/Net/OAuth/LP/Client.pm line 7.
# BEGIN failed--compilation aborted at C:\strawberry\cpan\build\Net-OAuth-LP-0.015_04-mG2RFv\blib\lib/Net/OAuth/LP/Client.pm line 7.
# Compilation failed in require at (eval 4) line 2.
# BEGIN failed--compilation aborted at (eval 4) line 2.
# Looks like you failed 1 test of 1.
t/03-client.t ...........
Dubious, test returned 1 (wstat 256, 0x100)
Failed 1/1 subtests
# Testing LP Tasks methods
# Failed test 'use Net::OAuth::LP::Client;'
# at t/04-tasks.t line 9.
# Tried to use 'Net::OAuth::LP::Client'.
# Error: Can't locate Method/Signatures.pm in @INC (@INC contains: C:\strawberry\cpan\build\Net-OAuth-LP-0.015_04-mG2RFv\blib\arch C:\strawberry\cpan\build\Net-OAuth-LP-0.015_04-mG2RFv\blib\lib C:/strawberry/perl/site/lib C:/strawberry/perl/vendor/lib C:/strawberry/perl/lib) at C:\strawberry\cpan\build\Net-OAuth-LP-0.015_04-mG2RFv\blib\lib/Net/OAuth/LP/Client.pm line 7.
# BEGIN failed--compilation aborted at C:\strawberry\cpan\build\Net-OAuth-LP-0.015_04-mG2RFv\blib\lib/Net/OAuth/LP/Client.pm line 7.
# Compilation failed in require at (eval 4) line 2.
# BEGIN failed--compilation aborted at (eval 4) line 2.
# Failed test 'use Net::OAuth::LP::Models::Bug;'
# at t/04-tasks.t line 10.
# Tried to use 'Net::OAuth::LP::Models::Bug'.
# Error: Can't locate Types/Standard.pm in @INC (@INC contains: C:\strawberry\cpan\build\Net-OAuth-LP-0.015_04-mG2RFv\blib\arch C:\strawberry\cpan\build\Net-OAuth-LP-0.015_04-mG2RFv\blib\lib C:/strawberry/perl/site/lib C:/strawberry/perl/vendor/lib C:/strawberry/perl/lib) at C:\strawberry\cpan\build\Net-OAuth-LP-0.015_04-mG2RFv\blib\lib/Net/OAuth/LP/Models/Activity.pm line 7.
# BEGIN failed--compilation aborted at C:\strawberry\cpan\build\Net-OAuth-LP-0.015_04-mG2RFv\blib\lib/Net/OAuth/LP/Models/Activity.pm line 7.
# Compilation failed in require at C:\strawberry\cpan\build\Net-OAuth-LP-0.015_04-mG2RFv\blib\lib/Net/OAuth/LP/Models/Bug.pm line 8.
# BEGIN failed--compilation aborted at C:\strawberry\cpan\build\Net-OAuth-LP-0.015_04-mG2RFv\blib\lib/Net/OAuth/LP/Models/Bug.pm line 8.
# Compilation failed in require at (eval 12) line 2.
# BEGIN failed--compilation aborted at (eval 12) line 2.
Can't locate object method "staging" via package "Net::OAuth::LP::Client" at t/04-tasks.t line 29.
# Tests were run but no plan was declared and done_testing() was not seen.
t/04-tasks.t ............
Dubious, test returned 255 (wstat 65280, 0xff00)
Failed 2/2 subtests
# Testing LP Messages methods
# Failed test 'use Net::OAuth::LP::Client;'
# at t/05-messages.t line 9.
# Tried to use 'Net::OAuth::LP::Client'.
# Error: Can't locate Method/Signatures.pm in @INC (@INC contains: C:\strawberry\cpan\build\Net-OAuth-LP-0.015_04-mG2RFv\blib\arch C:\strawberry\cpan\build\Net-OAuth-LP-0.015_04-mG2RFv\blib\lib C:/strawberry/perl/site/lib C:/strawberry/perl/vendor/lib C:/strawberry/perl/lib) at C:\strawberry\cpan\build\Net-OAuth-LP-0.015_04-mG2RFv\blib\lib/Net/OAuth/LP/Client.pm line 7.
# BEGIN failed--compilation aborted at C:\strawberry\cpan\build\Net-OAuth-LP-0.015_04-mG2RFv\blib\lib/Net/OAuth/LP/Client.pm line 7.
# Compilation failed in require at (eval 4) line 2.
# BEGIN failed--compilation aborted at (eval 4) line 2.
# Failed test 'use Net::OAuth::LP::Models::Bug;'
# at t/05-messages.t line 10.
# Tried to use 'Net::OAuth::LP::Models::Bug'.
# Error: Can't locate Types/Standard.pm in @INC (@INC contains: C:\strawberry\cpan\build\Net-OAuth-LP-0.015_04-mG2RFv\blib\arch C:\strawberry\cpan\build\Net-OAuth-LP-0.015_04-mG2RFv\blib\lib C:/strawberry/perl/site/lib C:/strawberry/perl/vendor/lib C:/strawberry/perl/lib) at C:\strawberry\cpan\build\Net-OAuth-LP-0.015_04-mG2RFv\blib\lib/Net/OAuth/LP/Models/Activity.pm line 7.
# BEGIN failed--compilation aborted at C:\strawberry\cpan\build\Net-OAuth-LP-0.015_04-mG2RFv\blib\lib/Net/OAuth/LP/Models/Activity.pm line 7.
# Compilation failed in require at C:\strawberry\cpan\build\Net-OAuth-LP-0.015_04-mG2RFv\blib\lib/Net/OAuth/LP/Models/Bug.pm line 8.
# BEGIN failed--compilation aborted at C:\strawberry\cpan\build\Net-OAuth-LP-0.015_04-mG2RFv\blib\lib/Net/OAuth/LP/Models/Bug.pm line 8.
# Compilation failed in require at (eval 12) line 2.
# BEGIN failed--compilation aborted at (eval 12) line 2.
Can't locate object method "staging" via package "Net::OAuth::LP::Client" at t/05-messages.t line 29.
# Tests were run but no plan was declared and done_testing() was not seen.
t/05-messages.t .........
Dubious, test returned 255 (wstat 65280, 0xff00)
Failed 2/2 subtests
# Testing LP Activity methods
# Failed test 'use Net::OAuth::LP::Client;'
# at t/06-activity.t line 9.
# Tried to use 'Net::OAuth::LP::Client'.
# Error: Can't locate Method/Signatures.pm in @INC (@INC contains: C:\strawberry\cpan\build\Net-OAuth-LP-0.015_04-mG2RFv\blib\arch C:\strawberry\cpan\build\Net-OAuth-LP-0.015_04-mG2RFv\blib\lib C:/strawberry/perl/site/lib C:/strawberry/perl/vendor/lib C:/strawberry/perl/lib) at C:\strawberry\cpan\build\Net-OAuth-LP-0.015_04-mG2RFv\blib\lib/Net/OAuth/LP/Client.pm line 7.
# BEGIN failed--compilation aborted at C:\strawberry\cpan\build\Net-OAuth-LP-0.015_04-mG2RFv\blib\lib/Net/OAuth/LP/Client.pm line 7.
# Compilation failed in require at (eval 4) line 2.
# BEGIN failed--compilation aborted at (eval 4) line 2.
# Failed test 'use Net::OAuth::LP::Models::Bug;'
# at t/06-activity.t line 10.
# Tried to use 'Net::OAuth::LP::Models::Bug'.
# Error: Can't locate Types/Standard.pm in @INC (@INC contains: C:\strawberry\cpan\build\Net-OAuth-LP-0.015_04-mG2RFv\blib\arch C:\strawberry\cpan\build\Net-OAuth-LP-0.015_04-mG2RFv\blib\lib C:/strawberry/perl/site/lib C:/strawberry/perl/vendor/lib C:/strawberry/perl/lib) at C:\strawberry\cpan\build\Net-OAuth-LP-0.015_04-mG2RFv\blib\lib/Net/OAuth/LP/Models/Activity.pm line 7.
# BEGIN failed--compilation aborted at C:\strawberry\cpan\build\Net-OAuth-LP-0.015_04-mG2RFv\blib\lib/Net/OAuth/LP/Models/Activity.pm line 7.
# Compilation failed in require at C:\strawberry\cpan\build\Net-OAuth-LP-0.015_04-mG2RFv\blib\lib/Net/OAuth/LP/Models/Bug.pm line 8.
# BEGIN failed--compilation aborted at C:\strawberry\cpan\build\Net-OAuth-LP-0.015_04-mG2RFv\blib\lib/Net/OAuth/LP/Models/Bug.pm line 8.
# Compilation failed in require at (eval 12) line 2.
# BEGIN failed--compilation aborted at (eval 12) line 2.
Can't locate object method "staging" via package "Net::OAuth::LP::Client" at t/06-activity.t line 29.
# Tests were run but no plan was declared and done_testing() was not seen.
t/06-activity.t .........
Dubious, test returned 255 (wstat 65280, 0xff00)
Failed 2/2 subtests
# Testing LP Attachments methods
# Failed test 'use Net::OAuth::LP::Client;'
# at t/07-attachments.t line 9.
# Tried to use 'Net::OAuth::LP::Client'.
# Error: Can't locate Method/Signatures.pm in @INC (@INC contains: C:\strawberry\cpan\build\Net-OAuth-LP-0.015_04-mG2RFv\blib\arch C:\strawberry\cpan\build\Net-OAuth-LP-0.015_04-mG2RFv\blib\lib C:/strawberry/perl/site/lib C:/strawberry/perl/vendor/lib C:/strawberry/perl/lib) at C:\strawberry\cpan\build\Net-OAuth-LP-0.015_04-mG2RFv\blib\lib/Net/OAuth/LP/Client.pm line 7.
# BEGIN failed--compilation aborted at C:\strawberry\cpan\build\Net-OAuth-LP-0.015_04-mG2RFv\blib\lib/Net/OAuth/LP/Client.pm line 7.
# Compilation failed in require at (eval 4) line 2.
# BEGIN failed--compilation aborted at (eval 4) line 2.
# Failed test 'use Net::OAuth::LP::Models::Bug;'
# at t/07-attachments.t line 10.
# Tried to use 'Net::OAuth::LP::Models::Bug'.
# Error: Can't locate Types/Standard.pm in @INC (@INC contains: C:\strawberry\cpan\build\Net-OAuth-LP-0.015_04-mG2RFv\blib\arch C:\strawberry\cpan\build\Net-OAuth-LP-0.015_04-mG2RFv\blib\lib C:/strawberry/perl/site/lib C:/strawberry/perl/vendor/lib C:/strawberry/perl/lib) at C:\strawberry\cpan\build\Net-OAuth-LP-0.015_04-mG2RFv\blib\lib/Net/OAuth/LP/Models/Activity.pm line 7.
# BEGIN failed--compilation aborted at C:\strawberry\cpan\build\Net-OAuth-LP-0.015_04-mG2RFv\blib\lib/Net/OAuth/LP/Models/Activity.pm line 7.
# Compilation failed in require at C:\strawberry\cpan\build\Net-OAuth-LP-0.015_04-mG2RFv\blib\lib/Net/OAuth/LP/Models/Bug.pm line 8.
# BEGIN failed--compilation aborted at C:\strawberry\cpan\build\Net-OAuth-LP-0.015_04-mG2RFv\blib\lib/Net/OAuth/LP/Models/Bug.pm line 8.
# Compilation failed in require at (eval 12) line 2.
# BEGIN failed--compilation aborted at (eval 12) line 2.
Can't locate object method "staging" via package "Net::OAuth::LP::Client" at t/07-attachments.t line 29.
# Tests were run but no plan was declared and done_testing() was not seen.
t/07-attachments.t ......
Dubious, test returned 255 (wstat 65280, 0xff00)
Failed 2/2 subtests
# Testing LP Watches methods
# Failed test 'use Net::OAuth::LP::Client;'
# at t/08-watches.t line 9.
# Tried to use 'Net::OAuth::LP::Client'.
# Error: Can't locate Method/Signatures.pm in @INC (@INC contains: C:\strawberry\cpan\build\Net-OAuth-LP-0.015_04-mG2RFv\blib\arch C:\strawberry\cpan\build\Net-OAuth-LP-0.015_04-mG2RFv\blib\lib C:/strawberry/perl/site/lib C:/strawberry/perl/vendor/lib C:/strawberry/perl/lib) at C:\strawberry\cpan\build\Net-OAuth-LP-0.015_04-mG2RFv\blib\lib/Net/OAuth/LP/Client.pm line 7.
# BEGIN failed--compilation aborted at C:\strawberry\cpan\build\Net-OAuth-LP-0.015_04-mG2RFv\blib\lib/Net/OAuth/LP/Client.pm line 7.
# Compilation failed in require at (eval 4) line 2.
# BEGIN failed--compilation aborted at (eval 4) line 2.
# Failed test 'use Net::OAuth::LP::Models::Bug;'
# at t/08-watches.t line 10.
# Tried to use 'Net::OAuth::LP::Models::Bug'.
# Error: Can't locate Types/Standard.pm in @INC (@INC contains: C:\strawberry\cpan\build\Net-OAuth-LP-0.015_04-mG2RFv\blib\arch C:\strawberry\cpan\build\Net-OAuth-LP-0.015_04-mG2RFv\blib\lib C:/strawberry/perl/site/lib C:/strawberry/perl/vendor/lib C:/strawberry/perl/lib) at C:\strawberry\cpan\build\Net-OAuth-LP-0.015_04-mG2RFv\blib\lib/Net/OAuth/LP/Models/Activity.pm line 7.
# BEGIN failed--compilation aborted at C:\strawberry\cpan\build\Net-OAuth-LP-0.015_04-mG2RFv\blib\lib/Net/OAuth/LP/Models/Activity.pm line 7.
# Compilation failed in require at C:\strawberry\cpan\build\Net-OAuth-LP-0.015_04-mG2RFv\blib\lib/Net/OAuth/LP/Models/Bug.pm line 8.
# BEGIN failed--compilation aborted at C:\strawberry\cpan\build\Net-OAuth-LP-0.015_04-mG2RFv\blib\lib/Net/OAuth/LP/Models/Bug.pm line 8.
# Compilation failed in require at (eval 12) line 2.
# BEGIN failed--compilation aborted at (eval 12) line 2.
Can't locate object method "staging" via package "Net::OAuth::LP::Client" at t/08-watches.t line 29.
# Tests were run but no plan was declared and done_testing() was not seen.
t/08-watches.t ..........
Dubious, test returned 255 (wstat 65280, 0xff00)
Failed 2/2 subtests
# Testing LP Linkedbranches methods
# Failed test 'use Net::OAuth::LP::Client;'
# at t/09-linkedbranches.t line 9.
# Tried to use 'Net::OAuth::LP::Client'.
# Error: Can't locate Method/Signatures.pm in @INC (@INC contains: C:\strawberry\cpan\build\Net-OAuth-LP-0.015_04-mG2RFv\blib\arch C:\strawberry\cpan\build\Net-OAuth-LP-0.015_04-mG2RFv\blib\lib C:/strawberry/perl/site/lib C:/strawberry/perl/vendor/lib C:/strawberry/perl/lib) at C:\strawberry\cpan\build\Net-OAuth-LP-0.015_04-mG2RFv\blib\lib/Net/OAuth/LP/Client.pm line 7.
# BEGIN failed--compilation aborted at C:\strawberry\cpan\build\Net-OAuth-LP-0.015_04-mG2RFv\blib\lib/Net/OAuth/LP/Client.pm line 7.
# Compilation failed in require at (eval 4) line 2.
# BEGIN failed--compilation aborted at (eval 4) line 2.
# Failed test 'use Net::OAuth::LP::Models::Bug;'
# at t/09-linkedbranches.t line 10.
# Tried to use 'Net::OAuth::LP::Models::Bug'.
# Error: Can't locate Types/Standard.pm in @INC (@INC contains: C:\strawberry\cpan\build\Net-OAuth-LP-0.015_04-mG2RFv\blib\arch C:\strawberry\cpan\build\Net-OAuth-LP-0.015_04-mG2RFv\blib\lib C:/strawberry/perl/site/lib C:/strawberry/perl/vendor/lib C:/strawberry/perl/lib) at C:\strawberry\cpan\build\Net-OAuth-LP-0.015_04-mG2RFv\blib\lib/Net/OAuth/LP/Models/Activity.pm line 7.
# BEGIN failed--compilation aborted at C:\strawberry\cpan\build\Net-OAuth-LP-0.015_04-mG2RFv\blib\lib/Net/OAuth/LP/Models/Activity.pm line 7.
# Compilation failed in require at C:\strawberry\cpan\build\Net-OAuth-LP-0.015_04-mG2RFv\blib\lib/Net/OAuth/LP/Models/Bug.pm line 8.
# BEGIN failed--compilation aborted at C:\strawberry\cpan\build\Net-OAuth-LP-0.015_04-mG2RFv\blib\lib/Net/OAuth/LP/Models/Bug.pm line 8.
# Compilation failed in require at (eval 12) line 2.
# BEGIN failed--compilation aborted at (eval 12) line 2.
Can't locate object method "staging" via package "Net::OAuth::LP::Client" at t/09-linkedbranches.t line 29.
# Tests were run but no plan was declared and done_testing() was not seen.
t/09-linkedbranches.t ...
Dubious, test returned 255 (wstat 65280, 0xff00)
Failed 2/2 subtests
# Testing LP Cves methods
# Failed test 'use Net::OAuth::LP::Client;'
# at t/10-cves.t line 9.
# Tried to use 'Net::OAuth::LP::Client'.
# Error: Can't locate Method/Signatures.pm in @INC (@INC contains: C:\strawberry\cpan\build\Net-OAuth-LP-0.015_04-mG2RFv\blib\arch C:\strawberry\cpan\build\Net-OAuth-LP-0.015_04-mG2RFv\blib\lib C:/strawberry/perl/site/lib C:/strawberry/perl/vendor/lib C:/strawberry/perl/lib) at C:\strawberry\cpan\build\Net-OAuth-LP-0.015_04-mG2RFv\blib\lib/Net/OAuth/LP/Client.pm line 7.
# BEGIN failed--compilation aborted at C:\strawberry\cpan\build\Net-OAuth-LP-0.015_04-mG2RFv\blib\lib/Net/OAuth/LP/Client.pm line 7.
# Compilation failed in require at (eval 4) line 2.
# BEGIN failed--compilation aborted at (eval 4) line 2.
# Failed test 'use Net::OAuth::LP::Models::Bug;'
# at t/10-cves.t line 10.
# Tried to use 'Net::OAuth::LP::Models::Bug'.
# Error: Can't locate Types/Standard.pm in @INC (@INC contains: C:\strawberry\cpan\build\Net-OAuth-LP-0.015_04-mG2RFv\blib\arch C:\strawberry\cpan\build\Net-OAuth-LP-0.015_04-mG2RFv\blib\lib C:/strawberry/perl/site/lib C:/strawberry/perl/vendor/lib C:/strawberry/perl/lib) at C:\strawberry\cpan\build\Net-OAuth-LP-0.015_04-mG2RFv\blib\lib/Net/OAuth/LP/Models/Activity.pm line 7.
# BEGIN failed--compilation aborted at C:\strawberry\cpan\build\Net-OAuth-LP-0.015_04-mG2RFv\blib\lib/Net/OAuth/LP/Models/Activity.pm line 7.
# Compilation failed in require at C:\strawberry\cpan\build\Net-OAuth-LP-0.015_04-mG2RFv\blib\lib/Net/OAuth/LP/Models/Bug.pm line 8.
# BEGIN failed--compilation aborted at C:\strawberry\cpan\build\Net-OAuth-LP-0.015_04-mG2RFv\blib\lib/Net/OAuth/LP/Models/Bug.pm line 8.
# Compilation failed in require at (eval 12) line 2.
# BEGIN failed--compilation aborted at (eval 12) line 2.
Can't locate object method "staging" via package "Net::OAuth::LP::Client" at t/10-cves.t line 29.
# Tests were run but no plan was declared and done_testing() was not seen.
t/10-cves.t .............
Dubious, test returned 255 (wstat 65280, 0xff00)
Failed 2/2 subtests
t/manifest.t ............ skipped: Author tests not required for installation
t/pod-coverage.t ........ ok
t/pod.t ................. ok
t/release-pod-syntax.t .. skipped: these tests are for release candidate testing
Test Summary Report
-------------------
t/00-load.t (Wstat: 512 Tests: 2 Failed: 2)
Failed tests: 1-2
Non-zero exit status: 2
t/01-bug.t (Wstat: 65280 Tests: 2 Failed: 2)
Failed tests: 1-2
Non-zero exit status: 255
Parse errors: No plan found in TAP output
t/02-person.t (Wstat: 65280 Tests: 2 Failed: 2)
Failed tests: 1-2
Non-zero exit status: 255
Parse errors: No plan found in TAP output
t/03-client.t (Wstat: 256 Tests: 1 Failed: 1)
Failed test: 1
Non-zero exit status: 1
t/04-tasks.t (Wstat: 65280 Tests: 2 Failed: 2)
Failed tests: 1-2
Non-zero exit status: 255
Parse errors: No plan found in TAP output
t/05-messages.t (Wstat: 65280 Tests: 2 Failed: 2)
Failed tests: 1-2
Non-zero exit status: 255
Parse errors: No plan found in TAP output
t/06-activity.t (Wstat: 65280 Tests: 2 Failed: 2)
Failed tests: 1-2
Non-zero exit status: 255
Parse errors: No plan found in TAP output
t/07-attachments.t (Wstat: 65280 Tests: 2 Failed: 2)
Failed tests: 1-2
Non-zero exit status: 255
Parse errors: No plan found in TAP output
t/08-watches.t (Wstat: 65280 Tests: 2 Failed: 2)
Failed tests: 1-2
Non-zero exit status: 255
Parse errors: No plan found in TAP output
t/09-linkedbranches.t (Wstat: 65280 Tests: 2 Failed: 2)
Failed tests: 1-2
Non-zero exit status: 255
Parse errors: No plan found in TAP output
t/10-cves.t (Wstat: 65280 Tests: 2 Failed: 2)
Failed tests: 1-2
Non-zero exit status: 255
Parse errors: No plan found in TAP output
Files=15, Tests=45, 3 wallclock secs ( 0.12 usr + 0.41 sys = 0.53 CPU)
Result: FAIL
------------------------------
PREREQUISITES
------------------------------
Prerequisite modules loaded:
requires:
Module Need Have
------------------------ ------- --------
Hash::AsObject 0 0.13
HTTP::Request 0 6.00
HTTP::Request::Common 0 6.03
IO::Socket::SSL 0 1.76
JSON 0 2.53
List::Objects::WithUtils 0 1.009000
LWP::UserAgent 0 6.04
Method::Signatures 0 20130505
Moo 0 1.000003
Moo::Role 0 0
Net::OAuth 0 0.28
perl v5.10.0 5.012003
strictures 1 1.004001
Types::Standard 0 0.022
URI 0 1.60
URI::Encode 0 0.09
URI::QueryParam 0 0
build_requires:
Module Need Have
------------------------ ------- --------
bareword::filehandles 0 0.003
indirect 0 0.30
multidimensional 0 0.011
Test::More 0 0.98
configure_requires:
Module Need Have
------------------------ ------- --------
Module::Build::Tiny 0.025 0.025
------------------------------
ENVIRONMENT AND OTHER CONTEXT
------------------------------
Environment variables:
AUTOMATED_TESTING = 1
COMSPEC = C:\Windows\system32\cmd.exe
NUMBER_OF_PROCESSORS = 8
PATH = C:\Program Files\MiKTeX\2.9\miktex\bin;C:\Windows\system32;C:\Windows;C:\Windows\System32\Wbem;C:\Windows\System32\WindowsPowerShell\v1.0\;C:\rv\BIN;c:\Program Files\Microsoft SQL Server\100\Tools\Binn\;c:\Program Files\Microsoft SQL Server\100\DTS\Binn\;C:\strawberry\c\bin;C:\strawberry\perl\site\bin;C:\strawberry\perl\bin;C:\Program Files\Microsoft SQL Server\100\Tools\Binn\VSShell\Common7\IDE\;C:\Program Files\Microsoft Visual Studio 9.0\Common7\IDE\PrivateAssemblies\;C:\Program Files\Microsoft SQL Server\80\Tools\Binn\;C:\Program Files\Microsoft SQL Server\90\Tools\binn\;C:\Program Files\Microsoft SQL Server\90\DTS\Binn\;C:\Program Files\Microsoft SQL Server\90\Tools\Binn\VSShell\Common7\IDE\;C:\Program Files\Microsoft Visual Studio 8\Common7\IDE\PrivateAssemblies\;C:\Program Files\TortoiseSVN\bin;C:\Program Files\MIT\Kerberos\bin;C:\Users\DSolimano\AppData\Local\Fidessa\systemfiles
PERL5LIB = C:\strawberry\cpan\build\Hash-AsObject-0.13-LWYXdd/blib/arch;C:\strawberry\cpan\build\Hash-AsObject-0.13-LWYXdd/blib/lib;C:\strawberry\cpan\build\indirect-0.30-Jcu4Hs/blib/arch;C:\strawberry\cpan\build\indirect-0.30-Jcu4Hs/blib/lib;C:\strawberry\cpan\build\Type-Tiny-0.022-2sleO2/blib/arch;C:\strawberry\cpan\build\Type-Tiny-0.022-2sleO2/blib/lib;C:\strawberry\cpan\build\bareword-filehandles-0.003-p9WW1s/blib/arch;C:\strawberry\cpan\build\bareword-filehandles-0.003-p9WW1s/blib/lib;C:\strawberry\cpan\build\multidimensional-0.011-V1lW9N/blib/arch;C:\strawberry\cpan\build\multidimensional-0.011-V1lW9N/blib/lib;C:\strawberry\cpan\build\Lexical-SealRequireHints-0.007-2qHQqh/blib/arch;C:\strawberry\cpan\build\Lexical-SealRequireHints-0.007-2qHQqh/blib/lib;C:\strawberry\cpan\build\Net-OAuth-0.28-7pa6TW/blib/arch;C:\strawberry\cpan\build\Net-OAuth-0.28-7pa6TW/blib/lib;C:\strawberry\cpan\build\List-Objects-WithUtils-1.009000-06ZW0c/blib/arch;C:\strawberry\cpan\build\List-Objects-WithUtils-1.009000-06ZW0c/blib/lib;C:\strawberry\cpan\build\List-UtilsBy-0.09-YVkb5s/blib/arch;C:\strawberry\cpan\build\List-UtilsBy-0.09-YVkb5s/blib/lib;C:\strawberry\cpan\build\URI-Encode-0.09-9owDvt/blib/arch;C:\strawberry\cpan\build\URI-Encode-0.09-9owDvt/blib/lib;C:\strawberry\cpan\build\Method-Signatures-20130505-CWu8iQ/blib/arch;C:\strawberry\cpan\build\Method-Signatures-20130505-CWu8iQ/blib/lib;C:\strawberry\cpan\build\Any-Moose-0.21-ACT0KE/blib/arch;C:\strawberry\cpan\build\Any-Moose-0.21-ACT0KE/blib/lib;C:\strawberry\cpan\build\Devel-Pragma-0.54-O5zkTT/blib/arch;C:\strawberry\cpan\build\Devel-Pragma-0.54-O5zkTT/blib/lib;C:\strawberry\cpan\build\B-Hooks-OP-Annotation-0.44-te2NqX/blib/arch;C:\strawberry\cpan\build\B-Hooks-OP-Annotation-0.44-te2NqX/blib/lib;C:\strawberry\cpan\build\Devel-Declare-0.006014-en3O7r/blib/arch;C:\strawberry\cpan\build\Devel-Declare-0.006014-en3O7r/blib/lib;C:\strawberry\cpan\build\B-Hooks-OP-Check-0.19-6ET8Te/blib/arch;C:\strawberry\cpan\build\B-Hooks-OP-Check-0.19-6ET8Te/blib/lib;C:\strawberry\cpan\build\ExtUtils-Depends-0.304-2edksj/blib/arch;C:\strawberry\cpan\build\ExtUtils-Depends-0.304-2edksj/blib/lib;C:\strawberry\cpan\build\Mouse-1.11-7UyYje/blib/arch;C:\strawberry\cpan\build\Mouse-1.11-7UyYje/blib/lib;C:\strawberry\cpan\build\Data-Alias-1.17-fxwuAi/blib/arch;C:\strawberry\cpan\build\Data-Alias-1.17-fxwuAi/blib/lib;C:\strawberry\cpan\build\Module-Build-Tiny-0.025-WmX1gj/blib/arch;C:\strawberry\cpan\build\Module-Build-Tiny-0.025-WmX1gj/blib/lib;C:\strawberry\cpan\build\ExtUtils-InstallPaths-0.009-N2sksh/blib/arch;C:\strawberry\cpan\build\ExtUtils-InstallPaths-0.009-N2sksh/blib/lib;C:\strawberry\cpan\build\ExtUtils-Config-0.007-TzQ1M0/blib/arch;C:\strawberry\cpan\build\ExtUtils-Config-0.007-TzQ1M0/blib/lib;C:\strawberry\cpan\build\ExtUtils-Helpers-0.021-9VyTNb/blib/arch;C:\strawberry\cpan\build\ExtUtils-Helpers-0.021-9VyTNb/blib/lib
PERL5OPT =
PERL5_CPANPLUS_IS_RUNNING = 7176
PERL5_CPAN_IS_RUNNING = 7176
PERL5_CPAN_IS_RUNNING_IN_RECURSION = 8072,7176
PERL_CR_SMOKER_CURRENT = Net-OAuth-LP-0.015_04
PERL_EXTUTILS_AUTOINSTALL = --defaultdeps
PERL_JSON_BACKEND = JSON::XS
PERL_MM_USE_DEFAULT = 1
PERL_YAML_BACKEND = YAML
PROCESSOR_IDENTIFIER = x86 Family 6 Model 23 Stepping 6, GenuineIntel
TEMP = C:\Users\DSOLIM~1\AppData\Local\Temp
TERM = dumb
Perl special variables (and OS-specific diagnostics, for MSWin32):
$^X = C:\strawberry\perl\bin\perl.exe
$UID/$EUID = 0 / 0
$GID = 0
$EGID = 0
Win32::GetOSName = Win7
Win32::GetOSVersion = Service Pack 1, 6, 1, 7601, 2, 1, 0, 256, 1
Win32::FsType = NTFS
Win32::IsAdminUser = 1
Perl module toolchain versions installed:
Module Have
------------------- --------
CPAN 2.00
CPAN::Meta 2.120921
Cwd 3.33
ExtUtils::CBuilder 0.280205
ExtUtils::Command 1.17
ExtUtils::Install 1.55
ExtUtils::MakeMaker 6.62
ExtUtils::Manifest 1.60
ExtUtils::ParseXS 3.15
File::Spec 3.33
JSON 2.53
JSON::PP 2.27200
Module::Build 0.4002
Module::Signature 0.68
Parse::CPAN::Meta 1.4404
Test::Harness 3.25
Test::More 0.98
YAML 0.84
YAML::Syck 1.20
version 0.99
--
Summary of my perl5 (revision 5 version 12 subversion 3) configuration:
Platform:
osname=MSWin32, osvers=5.1, archname=MSWin32-x86-multi-thread
uname='Win32 strawberryperl 5.12.3.0 #1 Sun May 15 09:44:53 2011 i386'
config_args='undef'
hint=recommended, useposix=true, d_sigaction=undef
useithreads=define, usemultiplicity=define
useperlio=define, d_sfio=undef, uselargefiles=define, usesocks=undef
use64bitint=undef, use64bitall=undef, uselongdouble=undef
usemymalloc=n, bincompat5005=undef
Compiler:
cc='gcc', ccflags =' -s -O2 -DWIN32 -DHAVE_DES_FCRYPT -DUSE_SITECUSTOMIZE -DPERL_IMPLICIT_CONTEXT -DPERL_IMPLICIT_SYS -fno-strict-aliasing -mms-bitfields -DPERL_MSVCRT_READFIX',
optimize='-s -O2',
cppflags='-DWIN32'
ccversion='', gccversion='4.4.3', gccosandvers=''
intsize=4, longsize=4, ptrsize=4, doublesize=8, byteorder=1234
d_longlong=undef, longlongsize=8, d_longdbl=define, longdblsize=12
ivtype='long', ivsize=4, nvtype='double', nvsize=8, Off_t='long long', lseeksize=8
alignbytes=8, prototype=define
Linker and Libraries:
ld='g++', ldflags ='-s -L"C:\strawberry\perl\lib\CORE" -L"C:\strawberry\c\lib"'
libpth=C:\strawberry\c\lib C:\strawberry\c\i686-w64-mingw32\lib
libs=-lmoldname -lkernel32 -luser32 -lgdi32 -lwinspool -lcomdlg32 -ladvapi32 -lshell32 -lole32 -loleaut32 -lnetapi32 -luuid -lws2_32 -lmpr -lwinmm -lversion -lodbc32 -lodbccp32 -lcomctl32
perllibs=-lmoldname -lkernel32 -luser32 -lgdi32 -lwinspool -lcomdlg32 -ladvapi32 -lshell32 -lole32 -loleaut32 -lnetapi32 -luuid -lws2_32 -lmpr -lwinmm -lversion -lodbc32 -lodbccp32 -lcomctl32
libc=, so=dll, useshrplib=true, libperl=libperl512.a
gnulibc_version=''
Dynamic Linking:
dlsrc=dl_win32.xs, dlext=dll, d_dlsymun=undef, ccdlflags=' '
cccdlflags=' ', lddlflags='-mdll -s -L"C:\strawberry\perl\lib\CORE" -L"C:\strawberry\c\lib"'
Characteristics of this binary (from libperl):
Compile-time options: MULTIPLICITY PERL_DONT_CREATE_GVSV
PERL_IMPLICIT_CONTEXT PERL_IMPLICIT_SYS
PERL_MALLOC_WRAP PL_OP_SLAB_ALLOC USE_ITHREADS
USE_LARGE_FILES USE_PERLIO USE_PERL_ATOF
USE_SITECUSTOMIZE
Built under MSWin32
Compiled at May 15 2011 17:02:01
%ENV:
PERL5LIB="C:\strawberry\cpan\build\Hash-AsObject-0.13-LWYXdd/blib/arch;C:\strawberry\cpan\build\Hash-AsObject-0.13-LWYXdd/blib/lib;C:\strawberry\cpan\build\indirect-0.30-Jcu4Hs/blib/arch;C:\strawberry\cpan\build\indirect-0.30-Jcu4Hs/blib/lib;C:\strawberry\cpan\build\Type-Tiny-0.022-2sleO2/blib/arch;C:\strawberry\cpan\build\Type-Tiny-0.022-2sleO2/blib/lib;C:\strawberry\cpan\build\bareword-filehandles-0.003-p9WW1s/blib/arch;C:\strawberry\cpan\build\bareword-filehandles-0.003-p9WW1s/blib/lib;C:\strawberry\cpan\build\multidimensional-0.011-V1lW9N/blib/arch;C:\strawberry\cpan\build\multidimensional-0.011-V1lW9N/blib/lib;C:\strawberry\cpan\build\Lexical-SealRequireHints-0.007-2qHQqh/blib/arch;C:\strawberry\cpan\build\Lexical-SealRequireHints-0.007-2qHQqh/blib/lib;C:\strawberry\cpan\build\Net-OAuth-0.28-7pa6TW/blib/arch;C:\strawberry\cpan\build\Net-OAuth-0.28-7pa6TW/blib/lib;C:\strawberry\cpan\build\List-Objects-WithUtils-1.009000-06ZW0c/blib/arch;C:\strawberry\cpan\build\List-Objects-WithUtils-1.009000-06ZW0c/blib/lib;C:\strawberry\cpan\build\List-UtilsBy-0.09-YVkb5s/blib/arch;C:\strawberry\cpan\build\List-UtilsBy-0.09-YVkb5s/blib/lib;C:\strawberry\cpan\build\URI-Encode-0.09-9owDvt/blib/arch;C:\strawberry\cpan\build\URI-Encode-0.09-9owDvt/blib/lib;C:\strawberry\cpan\build\Method-Signatures-20130505-CWu8iQ/blib/arch;C:\strawberry\cpan\build\Method-Signatures-20130505-CWu8iQ/blib/lib;C:\strawberry\cpan\build\Any-Moose-0.21-ACT0KE/blib/arch;C:\strawberry\cpan\build\Any-Moose-0.21-ACT0KE/blib/lib;C:\strawberry\cpan\build\Devel-Pragma-0.54-O5zkTT/blib/arch;C:\strawberry\cpan\build\Devel-Pragma-0.54-O5zkTT/blib/lib;C:\strawberry\cpan\build\B-Hooks-OP-Annotation-0.44-te2NqX/blib/arch;C:\strawberry\cpan\build\B-Hooks-OP-Annotation-0.44-te2NqX/blib/lib;C:\strawberry\cpan\build\Devel-Declare-0.006014-en3O7r/blib/arch;C:\strawberry\cpan\build\Devel-Declare-0.006014-en3O7r/blib/lib;C:\strawberry\cpan\build\B-Hooks-OP-Check-0.19-6ET8Te/blib/arch;C:\strawberry\cpan\build\B-Hooks-OP-Check-0.19-6ET8Te/blib/lib;C:\strawberry\cpan\build\ExtUtils-Depends-0.304-2edksj/blib/arch;C:\strawberry\cpan\build\ExtUtils-Depends-0.304-2edksj/blib/lib;C:\strawberry\cpan\build\Mouse-1.11-7UyYje/blib/arch;C:\strawberry\cpan\build\Mouse-1.11-7UyYje/blib/lib;C:\strawberry\cpan\build\Data-Alias-1.17-fxwuAi/blib/arch;C:\strawberry\cpan\build\Data-Alias-1.17-fxwuAi/blib/lib;C:\strawberry\cpan\build\Module-Build-Tiny-0.025-WmX1gj/blib/arch;C:\strawberry\cpan\build\Module-Build-Tiny-0.025-WmX1gj/blib/lib;C:\strawberry\cpan\build\ExtUtils-InstallPaths-0.009-N2sksh/blib/arch;C:\strawberry\cpan\build\ExtUtils-InstallPaths-0.009-N2sksh/blib/lib;C:\strawberry\cpan\build\ExtUtils-Config-0.007-TzQ1M0/blib/arch;C:\strawberry\cpan\build\ExtUtils-Config-0.007-TzQ1M0/blib/lib;C:\strawberry\cpan\build\ExtUtils-Helpers-0.021-9VyTNb/blib/arch;C:\strawberry\cpan\build\ExtUtils-Helpers-0.021-9VyTNb/blib/lib"
PERL5_CPANPLUS_IS_RUNNING="7176"
PERL5_CPAN_IS_RUNNING="7176"
PERL5_CPAN_IS_RUNNING_IN_RECURSION="8072,7176"
PERL_CR_SMOKER_CURRENT="Net-OAuth-LP-0.015_04"
PERL_EXTUTILS_AUTOINSTALL="--defaultdeps"
PERL_JSON_BACKEND="JSON::XS"
PERL_MM_USE_DEFAULT="1"
PERL_YAML_BACKEND="YAML"
@INC:
C:\strawberry\cpan\build\Hash-AsObject-0.13-LWYXdd/blib/arch
C:\strawberry\cpan\build\Hash-AsObject-0.13-LWYXdd/blib/lib
C:\strawberry\cpan\build\indirect-0.30-Jcu4Hs/blib/arch
C:\strawberry\cpan\build\indirect-0.30-Jcu4Hs/blib/lib
C:\strawberry\cpan\build\Type-Tiny-0.022-2sleO2/blib/arch
C:\strawberry\cpan\build\Type-Tiny-0.022-2sleO2/blib/lib
C:\strawberry\cpan\build\bareword-filehandles-0.003-p9WW1s/blib/arch
C:\strawberry\cpan\build\bareword-filehandles-0.003-p9WW1s/blib/lib
C:\strawberry\cpan\build\multidimensional-0.011-V1lW9N/blib/arch
C:\strawberry\cpan\build\multidimensional-0.011-V1lW9N/blib/lib
C:\strawberry\cpan\build\Lexical-SealRequireHints-0.007-2qHQqh/blib/arch
C:\strawberry\cpan\build\Lexical-SealRequireHints-0.007-2qHQqh/blib/lib
C:\strawberry\cpan\build\Net-OAuth-0.28-7pa6TW/blib/arch
C:\strawberry\cpan\build\Net-OAuth-0.28-7pa6TW/blib/lib
C:\strawberry\cpan\build\List-Objects-WithUtils-1.009000-06ZW0c/blib/arch
C:\strawberry\cpan\build\List-Objects-WithUtils-1.009000-06ZW0c/blib/lib
C:\strawberry\cpan\build\List-UtilsBy-0.09-YVkb5s/blib/arch
C:\strawberry\cpan\build\List-UtilsBy-0.09-YVkb5s/blib/lib
C:\strawberry\cpan\build\URI-Encode-0.09-9owDvt/blib/arch
C:\strawberry\cpan\build\URI-Encode-0.09-9owDvt/blib/lib
C:\strawberry\cpan\build\Method-Signatures-20130505-CWu8iQ/blib/arch
C:\strawberry\cpan\build\Method-Signatures-20130505-CWu8iQ/blib/lib
C:\strawberry\cpan\build\Any-Moose-0.21-ACT0KE/blib/arch
C:\strawberry\cpan\build\Any-Moose-0.21-ACT0KE/blib/lib
C:\strawberry\cpan\build\Devel-Pragma-0.54-O5zkTT/blib/arch
C:\strawberry\cpan\build\Devel-Pragma-0.54-O5zkTT/blib/lib
C:\strawberry\cpan\build\B-Hooks-OP-Annotation-0.44-te2NqX/blib/arch
C:\strawberry\cpan\build\B-Hooks-OP-Annotation-0.44-te2NqX/blib/lib
C:\strawberry\cpan\build\Devel-Declare-0.006014-en3O7r/blib/arch
C:\strawberry\cpan\build\Devel-Declare-0.006014-en3O7r/blib/lib
C:\strawberry\cpan\build\B-Hooks-OP-Check-0.19-6ET8Te/blib/arch
C:\strawberry\cpan\build\B-Hooks-OP-Check-0.19-6ET8Te/blib/lib
C:\strawberry\cpan\build\ExtUtils-Depends-0.304-2edksj/blib/arch
C:\strawberry\cpan\build\ExtUtils-Depends-0.304-2edksj/blib/lib
C:\strawberry\cpan\build\Mouse-1.11-7UyYje/blib/arch
C:\strawberry\cpan\build\Mouse-1.11-7UyYje/blib/lib
C:\strawberry\cpan\build\Data-Alias-1.17-fxwuAi/blib/arch
C:\strawberry\cpan\build\Data-Alias-1.17-fxwuAi/blib/lib
C:\strawberry\cpan\build\Module-Build-Tiny-0.025-WmX1gj/blib/arch
C:\strawberry\cpan\build\Module-Build-Tiny-0.025-WmX1gj/blib/lib
C:\strawberry\cpan\build\ExtUtils-InstallPaths-0.009-N2sksh/blib/arch
C:\strawberry\cpan\build\ExtUtils-InstallPaths-0.009-N2sksh/blib/lib
C:\strawberry\cpan\build\ExtUtils-Config-0.007-TzQ1M0/blib/arch
C:\strawberry\cpan\build\ExtUtils-Config-0.007-TzQ1M0/blib/lib
C:\strawberry\cpan\build\ExtUtils-Helpers-0.021-9VyTNb/blib/arch
C:\strawberry\cpan\build\ExtUtils-Helpers-0.021-9VyTNb/blib/lib
C:/strawberry/perl/site/lib
C:/strawberry/perl/vendor/lib
C:/strawberry/perl/lib
.