Traceroute-Similar v0.14 Perl 5 v5.12.0 RC0 i686-linux

Status
Fail
From
Serguei Trouchelle (STRO)
Dist
Traceroute-Similar v0.14
Platform
Perl 5 v5.12.0 RC0 i686-linux
Date
2010-04-22 15:05:15
ID
7516c79e-4e20-11df-82b7-281fcb64c448
This distribution has been tested as part of the CPAN Testers
project, supporting the Perl programming language.  See
http://wiki.cpantesters.org/ for more information or email
questions to cpan-testers-discuss@perl.org


--
Dear Sven Nierlein,

This is a computer-generated report for Traceroute-Similar-0.14
on perl 5.12.0, created by CPAN-Reporter-1.1711.

Thank you for uploading your work to CPAN.  However, there was a problem
testing your distribution.

If you think this report is invalid, please consult the CPAN Testers Wiki
for suggestions on how to avoid getting FAIL reports for missing library
or binary dependencies, unsupported operating systems, and so on:

http://wiki.cpantesters.org/wiki/CPANAuthorNotes

Sections of this report:

    * Tester comments
    * Program output
    * Prerequisites
    * Environment and other context

------------------------------
TESTER COMMENTS
------------------------------

Additional comments from tester:

this report is from an automated smoke testing program
and was not reviewed by a human for accuracy

------------------------------
PROGRAM OUTPUT
------------------------------

Output from '/usr/gnu/bin/make test':

PERL_DL_NONLAZY=1 /export/home/stro/perl5120rc0m/bin/perl "-MExtUtils::Command::MM" "-e" "test_harness(0, 'blib/lib', 'blib/arch')" t/*.t

#   Failed test 'Example 1'
#   at t/01-Basic.t line 20.
#          got: '127.0.0.1'
#     expected: undef
# Looks like you failed 1 test of 3.
t/01-Basic.t ............................ 
Dubious, test returned 1 (wstat 256, 0x100)
Failed 1/3 subtests 
t/02-Internals.t ........................ ok
t/20-Backend-Net-Traceroute.t ........... skipped: Net::Traceroute not installed or not working: Can't locate Net/Traceroute.pm in @INC (@INC contains: /export/home/stro/cpan/build/5.12.0-RC0-m/Traceroute-Similar-0.14-SQXfKH/blib/lib /export/home/stro/cpan/build/5.12.0-RC0-m/Traceroute-Similar-0.14-SQXfKH/blib/arch /export/home/stro/perl5120rc0m/lib/site_perl/5.12.0/i86pc-solaris-multi /export/home/stro/perl5120rc0m/lib/site_perl/5.12.0 /export/home/stro/perl5120rc0m/lib/5.12.0/i86pc-solaris-multi /export/home/stro/perl5120rc0m/lib/5.12.0 .) at t/20-Backend-Net-Traceroute.t line 9.
t/21-Backend-Net-Traceroute-PurePerl.t .. skipped: Net::Traceroute::PurePerl not installed
t/22-Backend-Traceroute.t ............... ok
t/98-Pod-Coverage.t ..................... skipped: Author test.  Set $ENV{TEST_AUTHOR} to a true value to run.
t/99-Perl-Critic.t ...................... skipped: Author test.  Set $ENV{TEST_AUTHOR} to a true value to run.

Test Summary Report
-------------------
t/01-Basic.t                          (Wstat: 256 Tests: 3 Failed: 1)
  Failed test:  3
  Non-zero exit status: 1
Files=7, Tests=11,  1 wallclock secs ( 0.10 usr  0.15 sys +  0.29 cusr  0.50 csys =  1.04 CPU)
Result: FAIL
Failed 1/7 test programs. 1/11 subtests failed.
make: *** [test_dynamic] Error 255

------------------------------
PREREQUISITES
------------------------------

Prerequisite modules loaded:

configure_requires:

    Module              Need Have
    ------------------- ---- ----
    ExtUtils::MakeMaker 0    6.56


------------------------------
ENVIRONMENT AND OTHER CONTEXT
------------------------------

Environment variables:

    AUTOMATED_TESTING = 1
    LANG = en_US.UTF-8
    LC_MESSAGES = en_US.UTF-8
    PATH = /usr/gnu/bin:/usr/bin:/usr/X11/bin:/usr/sbin:/sbin
    PERL5LIB = 
    PERL5OPT = 
    PERL5_CPANPLUS_IS_RUNNING = 7352
    PERL5_CPAN_IS_RUNNING = 7352
    PERL5_CPAN_IS_RUNNING_IN_RECURSION = 15103,7352
    PERL_CR_SMOKER_CURRENT = Traceroute-Similar-0.14
    PERL_EXTUTILS_AUTOINSTALL = --defaultdeps
    PERL_MM_USE_DEFAULT = 1
    SHELL = /bin/bash
    TERM = xterm

Perl special variables (and OS-specific diagnostics, for MSWin32):

    $^X = /export/home/stro/perl5120rc0m/bin/perl
    $UID/$EUID = 101 / 101
    $GID = 10 10 0
    $EGID = 10 10 0

Perl module toolchain versions installed:

    Module              Have   
    ------------------- -------
    CPAN                1.94_56
    Cwd                 3.31   
    ExtUtils::CBuilder  0.2703 
    ExtUtils::Command   1.16   
    ExtUtils::Install   1.55   
    ExtUtils::MakeMaker 6.56   
    ExtUtils::Manifest  1.58   
    ExtUtils::ParseXS   2.2205 
    File::Spec          3.31   
    Module::Build       0.3605 
    Module::Signature   0.63   
    Test::Harness       3.21   
    Test::More          0.95_01
    YAML                0.71   
    YAML::Syck          1.07   
    version             0.81   


--

Summary of my perl5 (revision 5 version 12 subversion 0) configuration:
   
  Platform:
    osname=solaris, osvers=2.11, archname=i86pc-solaris-multi
    uname='sunos opensolaris 5.11 snv_111b i86pc i386 i86pc solaris '
    config_args=''
    hint=recommended, useposix=true, d_sigaction=define
    useithreads=undef, usemultiplicity=define
    useperlio=define, d_sfio=undef, uselargefiles=define, usesocks=undef
    use64bitint=undef, use64bitall=undef, uselongdouble=undef
    usemymalloc=n, bincompat5005=undef
  Compiler:
    cc='cc', ccflags ='-fno-strict-aliasing -pipe -D_LARGEFILE_SOURCE -D_FILE_OFFSET_BITS=64 -DPERL_USE_SAFE_PUTENV -DPERL_USE_SAFE_PUTENV',
    optimize='-O',
    cppflags='-fno-strict-aliasing -pipe'
    ccversion='', gccversion='3.4.3 (csl-sol210-3_4-20050802)', gccosandvers='solaris2.11'
    intsize=4, longsize=4, ptrsize=4, doublesize=8, byteorder=1234
    d_longlong=define, longlongsize=8, d_longdbl=define, longdblsize=12
    ivtype='long', ivsize=4, nvtype='double', nvsize=8, Off_t='off_t', lseeksize=8
    alignbytes=4, prototype=define
  Linker and Libraries:
    ld='cc', ldflags =' -L/usr/gnu/lib '
    libpth=/usr/gnu/lib /usr/lib /usr/ccs/lib
    libs=-lsocket -lnsl -ldl -lm -lc
    perllibs=-lsocket -lnsl -ldl -lm -lc
    libc=/lib/libc.so, so=so, useshrplib=false, libperl=libperl.a
    gnulibc_version=''
  Dynamic Linking:
    dlsrc=dl_dlopen.xs, dlext=so, d_dlsymun=undef, ccdlflags=' '
    cccdlflags='-fPIC', lddlflags='-G -L/usr/gnu/lib'


Characteristics of this binary (from libperl): 
  Compile-time options: MULTIPLICITY PERL_DONT_CREATE_GVSV
                        PERL_IMPLICIT_CONTEXT PERL_MALLOC_WRAP
                        PERL_USE_SAFE_PUTENV USE_LARGE_FILES USE_PERLIO
                        USE_PERL_ATOF
  Locally applied patches:
	RC0
  Built under solaris
  Compiled at Mar 23 2010 17:07:41
  %ENV:
    PERL5LIB=""
    PERL5OPT=""
    PERL5_CPANPLUS_IS_RUNNING="7352"
    PERL5_CPAN_IS_RUNNING="7352"
    PERL5_CPAN_IS_RUNNING_IN_RECURSION="15103,7352"
    PERL_CR_SMOKER_CURRENT="Traceroute-Similar-0.14"
    PERL_EXTUTILS_AUTOINSTALL="--defaultdeps"
    PERL_MM_USE_DEFAULT="1"
  @INC:
    /export/home/stro/perl5120rc0m/lib/site_perl/5.12.0/i86pc-solaris-multi
    /export/home/stro/perl5120rc0m/lib/site_perl/5.12.0
    /export/home/stro/perl5120rc0m/lib/5.12.0/i86pc-solaris-multi
    /export/home/stro/perl5120rc0m/lib/5.12.0
    .