Report for Lingua-Ogmios-0.011

Back
From: metabase:user:322078bc-2aae-11df-837a-5e0a49663a4f
Subject: FAIL Lingua-Ogmios-0.011 v5.14.3 GNU/Linux
Date: 2015-09-17T20:48:32Z

This distribution has been tested as part of the CPAN Testers
project, supporting the Perl programming language.  See
http://wiki.cpantesters.org/ for more information or email
questions to cpan-testers-discuss@perl.org


--

Dear THHAMON,

This is a computer-generated error report created automatically by
CPANPLUS, version 0.9154. Testers personal comments may appear
at the end of this report.


Thank you for uploading your work to CPAN.  However, it appears that
there were some problems testing your distribution.

TEST RESULTS:

Below is the error stack from stage 'make test':

/etc/ogmios/nlpplatform.rc does not exist; Configuration is not loaded
t/0-creation.t ....................... ok
==> Old fashionned platform config file ;-) Trying to convert into modern one
t/1-printConfig.t .................... ok

********************************

t/10-arff.t .......................... ok
Use of uninitialized value in concatenation (.) or string at /home/cpan/pit/bare/conf/perl-5.14.3/.cpanplus/5.14.3/build/Lingua-Ogmios-0.011/blib/lib/Lingua/Ogmios/LearningDataSet/Attribute.pm line 103.
Use of uninitialized value in concatenation (.) or string at /home/cpan/pit/bare/conf/perl-5.14.3/.cpanplus/5.14.3/build/Lingua-Ogmios-0.011/blib/lib/Lingua/Ogmios/LearningDataSet/Attribute.pm line 103.
processing examples/twodocs.xml
Loading complementary magic number ... /Research/Programs/Ogmios2/Lingua-Ogmios/etc/ogmios/mime/magic.TeX: no such file or directory
No more Magic Number definition is loaded
Document examples/twodocs.xml is in Alvis XML format
Processing document A79ACA58DEB7E6114747710B9A85059F

Setting Language: EN

Setting URLs: [LOG] Identifying start position of the sections

[LOG] Identifying end position of the sections
[LOG] Merging identification of the end and start position
Processing document A79ACA58DEB7E6114747710B9A85059D

Setting Language: EN

Setting URLs: [LOG] Identifying start position of the sections

[LOG] Identifying end position of the sections
[LOG] Merging identification of the end and start position
[LOG] Tokenisation (A79ACA58DEB7E6114747710B9A85059D)
[LOG] Check merging identification of the end and start position (1)
[LOG] Compute Section Ref From Tokens (A79ACA58DEB7E6114747710B9A85059D)
[LOG] Check merging identification of the end and start position (3)
[LOG] Tokenisation (A79ACA58DEB7E6114747710B9A85059F)
[LOG] Check merging identification of the end and start position (1)
[LOG] Compute Section Ref From Tokens (A79ACA58DEB7E6114747710B9A85059F)
[LOG] Check merging identification of the end and start position (3)

number of process: 4
[LOG] Processing with the wrapper: Lingua::Ogmios::NLPWrappers::PerlWordSegmentizer (HASH(0x201cca0)) Perl Word Segmentizer
[LOG] position: 1 (4)
[LOG]    Creating a wrapper of the Perl Word segmentizer
[LOG] Perl Word segmentizer...     
[LOG] making Perl Word segmentizer input
print() on closed filehandle FILE_IN at /home/cpan/pit/bare/conf/perl-5.14.3/.cpanplus/5.14.3/build/Lingua-Ogmios-0.011/blib/lib/Lingua/Ogmios/NLPWrappers/PerlWordSegmentizer.pm line 66.
[LOG] done
[LOG] wordsegmentation with a Perl script
[LOG] command line : (/usr/bin/perl /home/cpan/fake/Platform/NLPtools/WordSeg/words-en.pl < /home/cpan/fake/tmp/ogmios.carnifal.bingosnet.co.uk.16699.PerlWSeg.in > /home/cpan/fake/tmp/ogmios.carnifal.bingosnet.co.uk.16699.PerlWSeg.out)  2>> /home/cpan/fake/tmp/ogmios.carnifal.bingosnet.co.uk.16699.log
sh: /home/cpan/fake/tmp/ogmios.carnifal.bingosnet.co.uk.16699.log: No such file or directory
[LOG] . Parsing /home/cpan/fake/tmp/ogmios.carnifal.bingosnet.co.uk.16699.PerlWSeg.out
Can't open the file /home/cpan/fake/tmp/ogmios.carnifal.bingosnet.co.uk.16699.PerlWSeg.out at /home/cpan/pit/bare/conf/perl-5.14.3/.cpanplus/5.14.3/build/Lingua-Ogmios-0.011/blib/lib/Lingua/Ogmios/NLPWrappers/PerlWordSegmentizer.pm line 126.
binmode() on closed filehandle FILE_OUT at /home/cpan/pit/bare/conf/perl-5.14.3/.cpanplus/5.14.3/build/Lingua-Ogmios-0.011/blib/lib/Lingua/Ogmios/NLPWrappers/PerlWordSegmentizer.pm line 127.
readline() on closed filehandle FILE_OUT at /home/cpan/pit/bare/conf/perl-5.14.3/.cpanplus/5.14.3/build/Lingua-Ogmios-0.011/blib/lib/Lingua/Ogmios/NLPWrappers/PerlWordSegmentizer.pm line 129.
The user time not set. Feature disabled
# tool	Full time processing	System time processing	User time processing
Running Time for Perl Word Segmentizer	0.014373	0.014373	0
[LOG] done
[LOG] Processing with the wrapper: Lingua::Ogmios::NLPWrappers::BasicSentenceSegmentizer (HASH(0x201f900)) Basic internal Sentence Segmentizer
[LOG] position: 2 (4)
[LOG]    Creating a wrapper of the basic sentence segmentizer
[LOG] Sentence segmentizer...     
The user time not set. Feature disabled
# tool	Full time processing	System time processing	User time processing
Running Time for Basic internal Sentence Segmentizer	0.057593	0.057593	0
[LOG] done
[LOG] Processing with the wrapper: Lingua::Ogmios::NLPWrappers::TreeTagger (HASH(0x201ffa8)) TreeTagger
[LOG] position: 3 (4)
[LOG]    Creating a wrapper of the TreeTagger
[LOG] POS tagger ...     
[LOG] making Decision TreeTagger input
elementRef: 589
corpus_in_t: 589
print() on closed filehandle FILE_IN at /home/cpan/pit/bare/conf/perl-5.14.3/.cpanplus/5.14.3/build/Lingua-Ogmios-0.011/blib/lib/Lingua/Ogmios/NLPWrappers/TreeTagger.pm line 125.
print() on closed filehandle FILE_IN at /home/cpan/pit/bare/conf/perl-5.14.3/.cpanplus/5.14.3/build/Lingua-Ogmios-0.011/blib/lib/Lingua/Ogmios/NLPWrappers/TreeTagger.pm line 126.
[LOG] done
[LOG] POS tagger
[LOG] command line : (/home/cpan/fake/Platform/NLPtools/TreeTagger/bin/tree-tagger /home/cpan/fake/Platform/NLPtools/TreeTagger/lib/english.par -token -lemma -sgml -no-unknown < /home/cpan/fake/tmp/ogmios.carnifal.bingosnet.co.uk.16699.TreeTagger.in>/home/cpan/fake/tmp/ogmios.carnifal.bingosnet.co.uk.16699.TreeTagger.out)  2>> /home/cpan/fake/tmp/ogmios.carnifal.bingosnet.co.uk.16699.log
sh: /home/cpan/fake/tmp/ogmios.carnifal.bingosnet.co.uk.16699.log: No such file or directory
[LOG] . Parsing /home/cpan/fake/tmp/ogmios.carnifal.bingosnet.co.uk.16699.TreeTagger.out
Can't open the file /home/cpan/fake/tmp/ogmios.carnifal.bingosnet.co.uk.16699.TreeTagger.out at /home/cpan/pit/bare/conf/perl-5.14.3/.cpanplus/5.14.3/build/Lingua-Ogmios-0.011/blib/lib/Lingua/Ogmios/NLPWrappers/TreeTagger.pm line 141.
readline() on closed filehandle FILE_OUT at /home/cpan/pit/bare/conf/perl-5.14.3/.cpanplus/5.14.3/build/Lingua-Ogmios-0.011/blib/lib/Lingua/Ogmios/NLPWrappers/TreeTagger.pm line 144.
TT output size: 0
[LOG] done
The user time not set. Feature disabled
# tool	Full time processing	System time processing	User time processing
Running Time for TreeTagger	0.018913	0.018913	0
[LOG] done
[LOG] Processing with the wrapper: Lingua::Ogmios::NLPWrappers::YaTeA (HASH(0x201f840)) YaTeA
t/10a-yatea.t ........................ 
Dubious, test returned 2 (wstat 512, 0x200)
Failed 1/4 subtests 
[LOG] position: last (4)
[LOG]    Creating a wrapper of the term extractor
*** TODO: check if the level exists
[LOG] term extractor ...     
[LOG] Making input
[LOG] printing TreeTagger Like Output
0 : A79ACA58DEB7E6114747710B9A85059D
1 : A79ACA58DEB7E6114747710B9A85059F
	Openning /home/cpan/fake/tmp/ogmios.carnifal.bingosnet.co.uk.16699.YaTeA.in
can't open /home/cpan/fake/tmp/ogmios.carnifal.bingosnet.co.uk.16699.YaTeA.in
# Looks like you planned 4 tests but ran 3.
# Looks like your test exited with 2 just after 3.
t/10b-arff.t ......................... ok
t/2-Timer.t .......................... ok

TimeStart: 436415522909
SuspendTime: 9.6e-05
SuspendTime from start: 0.00016

FullTime: 0.000136
SystemTime: 9.2e-05
UserTime: 4.4e-05
Loading complementary magic number ... /home/cpan/fake/Research/Programs/Ogmios2/Lingua-Ogmios/etc/ogmios/mime/magic.TeX: no such file or directory
No more Magic Number definition is loaded
Determining the type of the file examples/InputDocument.xml: Type file: text/plain

#   Failed test 'FileManager->getType for ALVIS XML (genuine format) works'
#   at t/3-LoadDocuments.t line 17.
Loading complementary magic number ... /home/cpan/fake/Research/Programs/Ogmios2/Lingua-Ogmios/etc/ogmios/mime/magic.TeX: no such file or directory
No more Magic Number definition is loaded
Document examples/FrenchText.xml is in Alvis XML format
Processing document A79ACA58DEB7E6114747710B9A85059E

Setting Language: t/3-LoadDocuments.t .................. 
Dubious, test returned 1 (wstat 256, 0x100)
Failed 1/5 subtests 
FR

Setting URLs: [LOG] Identifying start position of the sections

[LOG] Identifying end position of the sections
[LOG] Merging identification of the end and start position
Loading complementary magic number ... /home/cpan/fake/Research/Programs/Ogmios2/Lingua-Ogmios/etc/ogmios/mime/magic.TeX: no such file or directory
No more Magic Number definition is loaded
Document examples/InputDocument3.xml is in Alvis XML format
Processing document EE84646F3CDF765B8EE759DC235DF475

Setting Language: EN

Setting URLs: [LOG] Identifying start position of the sections

[LOG] Identifying end position of the sections
[LOG] Merging identification of the end and start position
Loading complementary magic number ... /home/cpan/fake/Research/Programs/Ogmios2/Lingua-Ogmios/etc/ogmios/mime/magic.TeX: no such file or directory
No more Magic Number definition is loaded
Document examples/OutputDocument4.xml is in Alvis XML format
Processing document EE84646F3CDF765B8EE759DC235DF475

Setting Language: EN

Setting URLs: [LOG] Identifying start position of the sections

[LOG] Identifying end position of the sections
[LOG] Merging identification of the end and start position
# Looks like you failed 1 test of 5.
Loading complementary magic number ... /home/cpan/fake/Research/Programs/Ogmios2/Lingua-Ogmios/etc/ogmios/mime/magic.TeX: no such file or directory
No more Magic Number definition is loaded
examples/pmid10788508-v3.xml does not exist; File not loaded
Loading complementary magic number ... /home/cpan/fake/Research/Programs/Ogmios2/Lingua-Ogmios/etc/ogmios/mime/magic.TeX: no such file or directory
No more Magic Number definition is loaded
Document examples/pmid10788508-v4.xml is in Alvis XML format
Processing document A79ACA58DEB7E6114747710B9A85059F

Setting Language: EN

Setting URLs: [LOG] Identifying start position of the sections

[LOG] Identifying end position of the sections
[LOG] Merging identification of the end and start position
[LOG] Tokenisation (A79ACA58DEB7E6114747710B9A85059F)
[LOG] Check merging identification of the end and start position (1)
[LOG] Compute Section Ref From Tokens (A79ACA58DEB7E6114747710B9A85059F)
[LOG] Check merging identification of the end and start position (3)
level: log_level
level: token_level
t/4-Tokenization.t ................... ok
t/5-printConfig.t .................... ok

********************************


********************************

processing examples/pmid10788508-v4.xml
Loading complementary magic number ... /home/cpan/fake/Research/Programs/Ogmios2/Lingua-Ogmios/etc/ogmios/mime/magic.TeX: no such file or directory
No more Magic Number definition is loaded
Document examples/pmid10788508-v4.xml is in Alvis XML format
Processing document A79ACA58DEB7E6114747710B9A85059F

Setting Language: EN

Setting URLs: [LOG] Identifying start position of the sections

[LOG] Identifying end position of the sections
[LOG] Merging identification of the end and start position
[LOG] Tokenisation (A79ACA58DEB7E6114747710B9A85059F)
[LOG] Check merging identification of the end and start position (1)
[LOG] Compute Section Ref From Tokens (A79ACA58DEB7E6114747710B9A85059F)
[LOG] Check merging identification of the end and start position (3)

number of process: 4
[LOG] Processing with the wrapper: Lingua::Ogmios::NLPWrappers::AwkWordSegmentizer (HASH(0x1f90238)) Awk Word Segmentizer
[LOG] position: 1 (4)
[LOG]    Creating a wrapper of the Awk Word segmentizer
[LOG] Awk Word segmentizer...     
[LOG] making Awk Word segmentizer input
print() on closed filehandle FILE_IN at /home/cpan/pit/bare/conf/perl-5.14.3/.cpanplus/5.14.3/build/Lingua-Ogmios-0.011/blib/lib/Lingua/Ogmios/NLPWrappers/AwkWordSegmentizer.pm line 58.
[LOG] done
[LOG] wordsegmentation with a awk
[LOG] command line : (/usr/bin/awk -f /home/cpan/fake/Platform/NLPtools/WordSeg/words-en.awk < /home/cpan/fake/tmp/ogmios.carnifal.bingosnet.co.uk.16709.awkWSeg.in>/home/cpan/fake/tmp/ogmios.carnifal.bingosnet.co.uk.16709.awkWSeg.out)  2>> /home/cpan/fake/tmp/ogmios.carnifal.bingosnet.co.uk.16709.log
sh: /home/cpan/fake/tmp/ogmios.carnifal.bingosnet.co.uk.16709.log: No such file or directory
[LOG] . Parsing /home/cpan/fake/tmp/ogmios.carnifal.bingosnet.co.uk.16709.awkWSeg.out
Can't open the file /home/cpan/fake/tmp/ogmios.carnifal.bingosnet.co.uk.16709.awkWSeg.out at /home/cpan/pit/bare/conf/perl-5.14.3/.cpanplus/5.14.3/build/Lingua-Ogmios-0.011/blib/lib/Lingua/Ogmios/NLPWrappers/AwkWordSegmentizer.pm line 117.
readline() on closed filehandle FILE_OUT at /home/cpan/pit/bare/conf/perl-5.14.3/.cpanplus/5.14.3/build/Lingua-Ogmios-0.011/blib/lib/Lingua/Ogmios/NLPWrappers/AwkWordSegmentizer.pm line 120.
[LOG] done
[LOG] Processing with the wrapper: Lingua::Ogmios::NLPWrappers::BasicSentenceSegmentizer (HASH(0x1f73730)) Basic internal Sentence Segmentizer
[LOG] position: 2 (4)
[LOG]    Creating a wrapper of the basic sentence segmentizer
[LOG] Sentence segmentizer...     
The user time not set. Feature disabled
# tool	Full time processing	System time processing	User time processing
Running Time for Basic internal Sentence Segmentizer	0.02104	0.02104	0
[LOG] done
[LOG] Processing with the wrapper: Lingua::Ogmios::NLPWrappers::TreeTagger (HASH(0x1f73d90)) TreeTagger
[LOG] position: 3 (4)
[LOG]    Creating a wrapper of the TreeTagger
[LOG] POS tagger ...     
[LOG] making Decision TreeTagger input
elementRef: 349
corpus_in_t: 349
print() on closed filehandle FILE_IN at /home/cpan/pit/bare/conf/perl-5.14.3/.cpanplus/5.14.3/build/Lingua-Ogmios-0.011/blib/lib/Lingua/Ogmios/NLPWrappers/TreeTagger.pm line 125.
print() on closed filehandle FILE_IN at /home/cpan/pit/bare/conf/perl-5.14.3/.cpanplus/5.14.3/build/Lingua-Ogmios-0.011/blib/lib/Lingua/Ogmios/NLPWrappers/TreeTagger.pm line 126.
[LOG] done
[LOG] POS tagger
[LOG] command line : (/home/cpan/fake/Platform/NLPtools/TreeTagger/bin/tree-tagger /home/cpan/fake/Platform/NLPtools/TreeTagger/lib/english.par -token -lemma -sgml -no-unknown < /home/cpan/fake/tmp/ogmios.carnifal.bingosnet.co.uk.16709.TreeTagger.in>/home/cpan/fake/tmp/ogmios.carnifal.bingosnet.co.uk.16709.TreeTagger.out)  2>> /home/cpan/fake/tmp/ogmios.carnifal.bingosnet.co.uk.16709.log
sh: /home/cpan/fake/tmp/ogmios.carnifal.bingosnet.co.uk.16709.log: No such file or directory
[LOG] . Parsing /home/cpan/fake/tmp/ogmios.carnifal.bingosnet.co.uk.16709.TreeTagger.out
Can't open the file /home/cpan/fake/tmp/ogmios.carnifal.bingosnet.co.uk.16709.TreeTagger.out at /home/cpan/pit/bare/conf/perl-5.14.3/.cpanplus/5.14.3/build/Lingua-Ogmios-0.011/blib/lib/Lingua/Ogmios/NLPWrappers/TreeTagger.pm line 141.
readline() on closed filehandle FILE_OUT at /home/cpan/pit/bare/conf/perl-5.14.3/.cpanplus/5.14.3/build/Lingua-Ogmios-0.011/blib/lib/Lingua/Ogmios/NLPWrappers/TreeTagger.pm line 144.
TT output size: 0
[LOG] done
The user time not set. Feature disabled
# tool	Full time processing	System time processing	User time processing
Running Time for TreeTagger	0.011564	0.011564	0
[LOG] done
[LOG] Processing with the wrapper: Lingua::Ogmios::NLPWrappers::TermTagger (HASH(0x1f73670)) TermTagger
[LOG] position: last (4)
[LOG]    Creating a wrapper of the Simple Term Tagger
*** TODO: check if the level exists
[LOG] Simple Term Tagger ...     
[LOG] making input
t/6a-LinguisticProcessing.t .......... 
Dubious, test returned 2 (wstat 512, 0x200)
Failed 1/1 subtests 
[LOG] done
[LOG] Simple Term Tagger
Lang: EN
Run term tagging Module Alvis::TermTagger
TERMLIST: /home/cpan/fake/Platform/Resources/terms.txt.sav
Loading the terminological resource
t/6a-LinguisticProcessing.t: /home/cpan/fake/Platform/Resources/terms.txt.sav: No such file
# Looks like your test exited with 2 before it could output anything.
processing examples/twodocs.xml
Loading complementary magic number ... /home/cpan/fake/Research/Programs/Ogmios2/Lingua-Ogmios/etc/ogmios/mime/magic.TeX: no such file or directory
No more Magic Number definition is loaded
Document examples/twodocs.xml is in Alvis XML format
Processing document A79ACA58DEB7E6114747710B9A85059F

Setting Language: EN

Setting URLs: [LOG] Identifying start position of the sections

[LOG] Identifying end position of the sections
[LOG] Merging identification of the end and start position
Processing document A79ACA58DEB7E6114747710B9A85059D

Setting Language: EN

Setting URLs: [LOG] Identifying start position of the sections

[LOG] Identifying end position of the sections
[LOG] Merging identification of the end and start position
[LOG] Tokenisation (A79ACA58DEB7E6114747710B9A85059D)
[LOG] Check merging identification of the end and start position (1)
[LOG] Compute Section Ref From Tokens (A79ACA58DEB7E6114747710B9A85059D)
[LOG] Check merging identification of the end and start position (3)
[LOG] Tokenisation (A79ACA58DEB7E6114747710B9A85059F)
[LOG] Check merging identification of the end and start position (1)
[LOG] Compute Section Ref From Tokens (A79ACA58DEB7E6114747710B9A85059F)
[LOG] Check merging identification of the end and start position (3)

number of process: 4
[LOG] Processing with the wrapper: Lingua::Ogmios::NLPWrappers::AwkWordSegmentizer (HASH(0x284b218)) Awk Word Segmentizer
[LOG] position: 1 (4)
[LOG]    Creating a wrapper of the Awk Word segmentizer
[LOG] Awk Word segmentizer...     
[LOG] making Awk Word segmentizer input
print() on closed filehandle FILE_IN at /home/cpan/pit/bare/conf/perl-5.14.3/.cpanplus/5.14.3/build/Lingua-Ogmios-0.011/blib/lib/Lingua/Ogmios/NLPWrappers/AwkWordSegmentizer.pm line 58.
[LOG] done
[LOG] wordsegmentation with a awk
[LOG] command line : (/usr/bin/awk -f /home/cpan/fake/Platform/NLPtools/WordSeg/words-en.awk < /home/cpan/fake/tmp/ogmios.carnifal.bingosnet.co.uk.16714.awkWSeg.in>/home/cpan/fake/tmp/ogmios.carnifal.bingosnet.co.uk.16714.awkWSeg.out)  2>> /home/cpan/fake/tmp/ogmios.carnifal.bingosnet.co.uk.16714.log
sh: /home/cpan/fake/tmp/ogmios.carnifal.bingosnet.co.uk.16714.log: No such file or directory
[LOG] . Parsing /home/cpan/fake/tmp/ogmios.carnifal.bingosnet.co.uk.16714.awkWSeg.out
Can't open the file /home/cpan/fake/tmp/ogmios.carnifal.bingosnet.co.uk.16714.awkWSeg.out at /home/cpan/pit/bare/conf/perl-5.14.3/.cpanplus/5.14.3/build/Lingua-Ogmios-0.011/blib/lib/Lingua/Ogmios/NLPWrappers/AwkWordSegmentizer.pm line 117.
readline() on closed filehandle FILE_OUT at /home/cpan/pit/bare/conf/perl-5.14.3/.cpanplus/5.14.3/build/Lingua-Ogmios-0.011/blib/lib/Lingua/Ogmios/NLPWrappers/AwkWordSegmentizer.pm line 120.
[LOG] done
[LOG] Processing with the wrapper: Lingua::Ogmios::NLPWrappers::BasicSentenceSegmentizer (HASH(0x282e710)) Basic internal Sentence Segmentizer
[LOG] position: 2 (4)
[LOG]    Creating a wrapper of the basic sentence segmentizer
[LOG] Sentence segmentizer...     
The user time not set. Feature disabled
# tool	Full time processing	System time processing	User time processing
Running Time for Basic internal Sentence Segmentizer	0.028418	0.028418	0
[LOG] done
[LOG] Processing with the wrapper: Lingua::Ogmios::NLPWrappers::TreeTagger (HASH(0x282ed70)) TreeTagger
[LOG] position: 3 (4)
[LOG]    Creating a wrapper of the TreeTagger
[LOG] POS tagger ...     
[LOG] making Decision TreeTagger input
elementRef: 589
corpus_in_t: 589
print() on closed filehandle FILE_IN at /home/cpan/pit/bare/conf/perl-5.14.3/.cpanplus/5.14.3/build/Lingua-Ogmios-0.011/blib/lib/Lingua/Ogmios/NLPWrappers/TreeTagger.pm line 125.
print() on closed filehandle FILE_IN at /home/cpan/pit/bare/conf/perl-5.14.3/.cpanplus/5.14.3/build/Lingua-Ogmios-0.011/blib/lib/Lingua/Ogmios/NLPWrappers/TreeTagger.pm line 126.
[LOG] done
[LOG] POS tagger
[LOG] command line : (/home/cpan/fake/Platform/NLPtools/TreeTagger/bin/tree-tagger /home/cpan/fake/Platform/NLPtools/TreeTagger/lib/english.par -token -lemma -sgml -no-unknown < /home/cpan/fake/tmp/ogmios.carnifal.bingosnet.co.uk.16714.TreeTagger.in>/home/cpan/fake/tmp/ogmios.carnifal.bingosnet.co.uk.16714.TreeTagger.out)  2>> /home/cpan/fake/tmp/ogmios.carnifal.bingosnet.co.uk.16714.log
sh: /home/cpan/fake/tmp/ogmios.carnifal.bingosnet.co.uk.16714.log: No such file or directory
[LOG] . Parsing /home/cpan/fake/tmp/ogmios.carnifal.bingosnet.co.uk.16714.TreeTagger.out
Can't open the file /home/cpan/fake/tmp/ogmios.carnifal.bingosnet.co.uk.16714.TreeTagger.out at /home/cpan/pit/bare/conf/perl-5.14.3/.cpanplus/5.14.3/build/Lingua-Ogmios-0.011/blib/lib/Lingua/Ogmios/NLPWrappers/TreeTagger.pm line 141.
readline() on closed filehandle FILE_OUT at /home/cpan/pit/bare/conf/perl-5.14.3/.cpanplus/5.14.3/build/Lingua-Ogmios-0.011/blib/lib/Lingua/Ogmios/NLPWrappers/TreeTagger.pm line 144.
TT output size: 0
[LOG] done
The user time not set. Feature disabled
# tool	Full time processing	System time processing	User time processing
Running Time for TreeTagger	0.01584	0.01584	0
[LOG] done
[LOG] Processing with the wrapper: Lingua::Ogmios::NLPWrappers::TermTagger (HASH(0x282e650)) TermTagger
[LOG] position: last (4)
[LOG]    Creating a wrapper of the Simple Term Tagger
*** TODO: check if the level exists
[LOG] Simple Term Tagger ...     
[LOG] making input
t/6b-LinguisticProcessing.t .......... 
Dubious, test returned 2 (wstat 512, 0x200)
Failed 1/1 subtests 
[LOG] done
[LOG] Simple Term Tagger
Lang: EN
Run term tagging Module Alvis::TermTagger
TERMLIST: /home/cpan/fake/Platform/Resources/terms.txt.sav
Loading the terminological resource
t/6b-LinguisticProcessing.t: /home/cpan/fake/Platform/Resources/terms.txt.sav: No such file
# Looks like your test exited with 2 before it could output anything.
processing examples/pmid10788508-v4.xml
Loading complementary magic number ... /home/cpan/fake/Research/Programs/Ogmios2/Lingua-Ogmios/etc/ogmios/mime/magic.TeX: no such file or directory
No more Magic Number definition is loaded
Document examples/pmid10788508-v4.xml is in Alvis XML format
Processing document A79ACA58DEB7E6114747710B9A85059F

Setting Language: EN

Setting URLs: [LOG] Identifying start position of the sections

[LOG] Identifying end position of the sections
[LOG] Merging identification of the end and start position
[LOG] Tokenisation (A79ACA58DEB7E6114747710B9A85059F)
[LOG] Check merging identification of the end and start position (1)
[LOG] Compute Section Ref From Tokens (A79ACA58DEB7E6114747710B9A85059F)
t/7-printIndex.t ..................... ok
[LOG] Check merging identification of the end and start position (3)
processing examples/pmid10788508-v4.xml
Loading complementary magic number ... /home/cpan/fake/Research/Programs/Ogmios2/Lingua-Ogmios/etc/ogmios/mime/magic.TeX: no such file or directory
No more Magic Number definition is loaded
Document examples/pmid10788508-v4.xml is in Alvis XML format
Processing document A79ACA58DEB7E6114747710B9A85059F

Setting Language: EN

Setting URLs: [LOG] Identifying start position of the sections

[LOG] Identifying end position of the sections
[LOG] Merging identification of the end and start position
[LOG] Tokenisation (A79ACA58DEB7E6114747710B9A85059F)
[LOG] Check merging identification of the end and start position (1)
[LOG] Compute Section Ref From Tokens (A79ACA58DEB7E6114747710B9A85059F)
[LOG] Check merging identification of the end and start position (3)

number of process: 4
[LOG] Processing with the wrapper: Lingua::Ogmios::NLPWrappers::AwkWordSegmentizer (HASH(0x1c2e550)) Awk Word Segmentizer
[LOG] position: 1 (4)
[LOG]    Creating a wrapper of the Awk Word segmentizer
[LOG] Awk Word segmentizer...     
[LOG] making Awk Word segmentizer input
print() on closed filehandle FILE_IN at /home/cpan/pit/bare/conf/perl-5.14.3/.cpanplus/5.14.3/build/Lingua-Ogmios-0.011/blib/lib/Lingua/Ogmios/NLPWrappers/AwkWordSegmentizer.pm line 58.
[LOG] done
[LOG] wordsegmentation with a awk
[LOG] command line : (/usr/bin/awk -f /home/cpan/fake/Platform/NLPtools/WordSeg/words-en.awk < /home/cpan/fake/tmp/ogmios.carnifal.bingosnet.co.uk.16720.awkWSeg.in>/home/cpan/fake/tmp/ogmios.carnifal.bingosnet.co.uk.16720.awkWSeg.out)  2>> /home/cpan/fake/tmp/ogmios.carnifal.bingosnet.co.uk.16720.log
sh: /home/cpan/fake/tmp/ogmios.carnifal.bingosnet.co.uk.16720.log: No such file or directory
[LOG] . Parsing /home/cpan/fake/tmp/ogmios.carnifal.bingosnet.co.uk.16720.awkWSeg.out
Can't open the file /home/cpan/fake/tmp/ogmios.carnifal.bingosnet.co.uk.16720.awkWSeg.out at /home/cpan/pit/bare/conf/perl-5.14.3/.cpanplus/5.14.3/build/Lingua-Ogmios-0.011/blib/lib/Lingua/Ogmios/NLPWrappers/AwkWordSegmentizer.pm line 117.
readline() on closed filehandle FILE_OUT at /home/cpan/pit/bare/conf/perl-5.14.3/.cpanplus/5.14.3/build/Lingua-Ogmios-0.011/blib/lib/Lingua/Ogmios/NLPWrappers/AwkWordSegmentizer.pm line 120.
[LOG] done
[LOG] Processing with the wrapper: Lingua::Ogmios::NLPWrappers::BasicSentenceSegmentizer (HASH(0x1c11a50)) Basic internal Sentence Segmentizer
[LOG] position: 2 (4)
[LOG]    Creating a wrapper of the basic sentence segmentizer
[LOG] Sentence segmentizer...     
The user time not set. Feature disabled
# tool	Full time processing	System time processing	User time processing
Running Time for Basic internal Sentence Segmentizer	0.02286	0.02286	0
[LOG] done
[LOG] Processing with the wrapper: Lingua::Ogmios::NLPWrappers::TreeTagger (HASH(0x1c12128)) TreeTagger
[LOG] position: 3 (4)
[LOG]    Creating a wrapper of the TreeTagger
[LOG] POS tagger ...     
[LOG] making Decision TreeTagger input
elementRef: 349
corpus_in_t: 349
print() on closed filehandle FILE_IN at /home/cpan/pit/bare/conf/perl-5.14.3/.cpanplus/5.14.3/build/Lingua-Ogmios-0.011/blib/lib/Lingua/Ogmios/NLPWrappers/TreeTagger.pm line 125.
print() on closed filehandle FILE_IN at /home/cpan/pit/bare/conf/perl-5.14.3/.cpanplus/5.14.3/build/Lingua-Ogmios-0.011/blib/lib/Lingua/Ogmios/NLPWrappers/TreeTagger.pm line 126.
[LOG] done
[LOG] POS tagger
[LOG] command line : (/home/cpan/fake/Platform/NLPtools/TreeTagger/bin/tree-tagger /home/cpan/fake/Platform/NLPtools/TreeTagger/lib/english.par -token -lemma -sgml -no-unknown < /home/cpan/fake/tmp/ogmios.carnifal.bingosnet.co.uk.16720.TreeTagger.in>/home/cpan/fake/tmp/ogmios.carnifal.bingosnet.co.uk.16720.TreeTagger.out)  2>> /home/cpan/fake/tmp/ogmios.carnifal.bingosnet.co.uk.16720.log
sh: /home/cpan/fake/tmp/ogmios.carnifal.bingosnet.co.uk.16720.log: No such file or directory
[LOG] . Parsing /home/cpan/fake/tmp/ogmios.carnifal.bingosnet.co.uk.16720.TreeTagger.out
Can't open the file /home/cpan/fake/tmp/ogmios.carnifal.bingosnet.co.uk.16720.TreeTagger.out at /home/cpan/pit/bare/conf/perl-5.14.3/.cpanplus/5.14.3/build/Lingua-Ogmios-0.011/blib/lib/Lingua/Ogmios/NLPWrappers/TreeTagger.pm line 141.
readline() on closed filehandle FILE_OUT at /home/cpan/pit/bare/conf/perl-5.14.3/.cpanplus/5.14.3/build/Lingua-Ogmios-0.011/blib/lib/Lingua/Ogmios/NLPWrappers/TreeTagger.pm line 144.
TT output size: 0
[LOG] done
The user time not set. Feature disabled
# tool	Full time processing	System time processing	User time processing
Running Time for TreeTagger	0.012412	0.012412	0
[LOG] done
[LOG] Processing with the wrapper: Lingua::Ogmios::NLPWrappers::TermTagger (HASH(0x1c119f0)) TermTagger
[LOG] position: last (4)
[LOG]    Creating a wrapper of the Simple Term Tagger
*** TODO: check if the level exists
[LOG] Simple Term Tagger ...     
[LOG] making input
[LOG] done
[LOG] Simple Term Tagger
Lang: EN
Run term tagging Module Alvis::TermTagger
TERMLIST: /home/cpan/fake/Platform/Resources/terms.txt.sav
Loading the terminological resource
t/8a-LinguisticProcessingPrintXML.t: /home/cpan/fake/Platform/Resources/terms.txt.sav: No such file
# Looks like you planned 4 tests but ran 1.
# Looks like your test exited with 2 just after 1.
t/8a-LinguisticProcessingPrintXML.t .. 
Dubious, test returned 2 (wstat 512, 0x200)
Failed 3/4 subtests 
processing examples/twodocs.xml
Loading complementary magic number ... /home/cpan/fake/Research/Programs/Ogmios2/Lingua-Ogmios/etc/ogmios/mime/magic.TeX: no such file or directory
No more Magic Number definition is loaded
Document examples/twodocs.xml is in Alvis XML format
Processing document A79ACA58DEB7E6114747710B9A85059F

Setting Language: EN

Setting URLs: [LOG] Identifying start position of the sections

[LOG] Identifying end position of the sections
[LOG] Merging identification of the end and start position
Processing document A79ACA58DEB7E6114747710B9A85059D

Setting Language: EN

Setting URLs: [LOG] Identifying start position of the sections

[LOG] Identifying end position of the sections
[LOG] Merging identification of the end and start position
[LOG] Tokenisation (A79ACA58DEB7E6114747710B9A85059D)
[LOG] Check merging identification of the end and start position (1)
[LOG] Compute Section Ref From Tokens (A79ACA58DEB7E6114747710B9A85059D)
[LOG] Check merging identification of the end and start position (3)
[LOG] Tokenisation (A79ACA58DEB7E6114747710B9A85059F)
[LOG] Check merging identification of the end and start position (1)
[LOG] Compute Section Ref From Tokens (A79ACA58DEB7E6114747710B9A85059F)
[LOG] Check merging identification of the end and start position (3)

number of process: 4
[LOG] Processing with the wrapper: Lingua::Ogmios::NLPWrappers::AwkWordSegmentizer (HASH(0x13f9550)) Awk Word Segmentizer
[LOG] position: 1 (4)
[LOG]    Creating a wrapper of the Awk Word segmentizer
[LOG] Awk Word segmentizer...     
[LOG] making Awk Word segmentizer input
print() on closed filehandle FILE_IN at /home/cpan/pit/bare/conf/perl-5.14.3/.cpanplus/5.14.3/build/Lingua-Ogmios-0.011/blib/lib/Lingua/Ogmios/NLPWrappers/AwkWordSegmentizer.pm line 58.
[LOG] done
[LOG] wordsegmentation with a awk
[LOG] command line : (/usr/bin/awk -f /home/cpan/fake/Platform/NLPtools/WordSeg/words-en.awk < /home/cpan/fake/tmp/ogmios.carnifal.bingosnet.co.uk.16725.awkWSeg.in>/home/cpan/fake/tmp/ogmios.carnifal.bingosnet.co.uk.16725.awkWSeg.out)  2>> /home/cpan/fake/tmp/ogmios.carnifal.bingosnet.co.uk.16725.log
sh: /home/cpan/fake/tmp/ogmios.carnifal.bingosnet.co.uk.16725.log: No such file or directory
[LOG] . Parsing /home/cpan/fake/tmp/ogmios.carnifal.bingosnet.co.uk.16725.awkWSeg.out
Can't open the file /home/cpan/fake/tmp/ogmios.carnifal.bingosnet.co.uk.16725.awkWSeg.out at /home/cpan/pit/bare/conf/perl-5.14.3/.cpanplus/5.14.3/build/Lingua-Ogmios-0.011/blib/lib/Lingua/Ogmios/NLPWrappers/AwkWordSegmentizer.pm line 117.
readline() on closed filehandle FILE_OUT at /home/cpan/pit/bare/conf/perl-5.14.3/.cpanplus/5.14.3/build/Lingua-Ogmios-0.011/blib/lib/Lingua/Ogmios/NLPWrappers/AwkWordSegmentizer.pm line 120.
[LOG] done
[LOG] Processing with the wrapper: Lingua::Ogmios::NLPWrappers::BasicSentenceSegmentizer (HASH(0x13dca50)) Basic internal Sentence Segmentizer
[LOG] position: 2 (4)
[LOG]    Creating a wrapper of the basic sentence segmentizer
[LOG] Sentence segmentizer...     
The user time not set. Feature disabled
# tool	Full time processing	System time processing	User time processing
Running Time for Basic internal Sentence Segmentizer	0.029672	0.029672	0
[LOG] done
[LOG] Processing with the wrapper: Lingua::Ogmios::NLPWrappers::TreeTagger (HASH(0x13dd128)) TreeTagger
[LOG] position: 3 (4)
[LOG]    Creating a wrapper of the TreeTagger
[LOG] POS tagger ...     
[LOG] making Decision TreeTagger input
elementRef: 589
corpus_in_t: 589
print() on closed filehandle FILE_IN at /home/cpan/pit/bare/conf/perl-5.14.3/.cpanplus/5.14.3/build/Lingua-Ogmios-0.011/blib/lib/Lingua/Ogmios/NLPWrappers/TreeTagger.pm line 125.
print() on closed filehandle FILE_IN at /home/cpan/pit/bare/conf/perl-5.14.3/.cpanplus/5.14.3/build/Lingua-Ogmios-0.011/blib/lib/Lingua/Ogmios/NLPWrappers/TreeTagger.pm line 126.
[LOG] done
[LOG] POS tagger
[LOG] command line : (/home/cpan/fake/Platform/NLPtools/TreeTagger/bin/tree-tagger /home/cpan/fake/Platform/NLPtools/TreeTagger/lib/english.par -token -lemma -sgml -no-unknown < /home/cpan/fake/tmp/ogmios.carnifal.bingosnet.co.uk.16725.TreeTagger.in>/home/cpan/fake/tmp/ogmios.carnifal.bingosnet.co.uk.16725.TreeTagger.out)  2>> /home/cpan/fake/tmp/ogmios.carnifal.bingosnet.co.uk.16725.log
sh: /home/cpan/fake/tmp/ogmios.carnifal.bingosnet.co.uk.16725.log: No such file or directory
[LOG] . Parsing /home/cpan/fake/tmp/ogmios.carnifal.bingosnet.co.uk.16725.TreeTagger.out
Can't open the file /home/cpan/fake/tmp/ogmios.carnifal.bingosnet.co.uk.16725.TreeTagger.out at /home/cpan/pit/bare/conf/perl-5.14.3/.cpanplus/5.14.3/build/Lingua-Ogmios-0.011/blib/lib/Lingua/Ogmios/NLPWrappers/TreeTagger.pm line 141.
readline() on closed filehandle FILE_OUT at /home/cpan/pit/bare/conf/perl-5.14.3/.cpanplus/5.14.3/build/Lingua-Ogmios-0.011/blib/lib/Lingua/Ogmios/NLPWrappers/TreeTagger.pm line 144.
TT output size: 0
[LOG] done
The user time not set. Feature disabled
# tool	Full time processing	System time processing	User time processing
Running Time for TreeTagger	0.015481	0.015481	0
[LOG] done
[LOG] Processing with the wrapper: Lingua::Ogmios::NLPWrappers::TermTagger (HASH(0x13dc9f0)) TermTagger
[LOG] position: last (4)
[LOG]    Creating a wrapper of the Simple Term Tagger
*** TODO: check if the level exists
[LOG] Simple Term Tagger ...     
[LOG] making input
[LOG] done
t/8b-LinguisticProcessingPrintXML.t .. 
Dubious, test returned 2 (wstat 512, 0x200)
Failed 2/4 subtests 
[LOG] Simple Term Tagger
Lang: EN
Run term tagging Module Alvis::TermTagger
TERMLIST: /home/cpan/fake/Platform/Resources/terms.txt.sav
Loading the terminological resource
t/8b-LinguisticProcessingPrintXML.t: /home/cpan/fake/Platform/Resources/terms.txt.sav: No such file
# Looks like you planned 4 tests but ran 2.
# Looks like your test exited with 2 just after 2.
processing examples/pmid10788508-v4.xml
Loading complementary magic number ... /home/cpan/fake/Research/Programs/Ogmios2/Lingua-Ogmios/etc/ogmios/mime/magic.TeX: no such file or directory
No more Magic Number definition is loaded
Document examples/pmid10788508-v4.xml is in Alvis XML format
Processing document A79ACA58DEB7E6114747710B9A85059F

Setting Language: EN

Setting URLs: [LOG] Identifying start position of the sections

[LOG] Identifying end position of the sections
[LOG] Merging identification of the end and start position
[LOG] Tokenisation (A79ACA58DEB7E6114747710B9A85059F)
[LOG] Check merging identification of the end and start position (1)
[LOG] Compute Section Ref From Tokens (A79ACA58DEB7E6114747710B9A85059F)
[LOG] Check merging identification of the end and start position (3)

number of process: 5
[LOG] Processing with the wrapper: Lingua::Ogmios::NLPWrappers::AwkWordSegmentizer (HASH(0x30ae400)) Awk Word Segmentizer
[LOG] position: 1 (5)
[LOG]    Creating a wrapper of the Awk Word segmentizer
[LOG] Awk Word segmentizer...     
[LOG] making Awk Word segmentizer input
print() on closed filehandle FILE_IN at /home/cpan/pit/bare/conf/perl-5.14.3/.cpanplus/5.14.3/build/Lingua-Ogmios-0.011/blib/lib/Lingua/Ogmios/NLPWrappers/AwkWordSegmentizer.pm line 58.
[LOG] done
[LOG] wordsegmentation with a awk
[LOG] command line : (/usr/bin/awk -f /home/cpan/fake/Platform/NLPtools/WordSeg/words-en.awk < /home/cpan/fake/tmp/ogmios.carnifal.bingosnet.co.uk.16730.awkWSeg.in>/home/cpan/fake/tmp/ogmios.carnifal.bingosnet.co.uk.16730.awkWSeg.out)  2>> /home/cpan/fake/tmp/ogmios.carnifal.bingosnet.co.uk.16730.log
sh: /home/cpan/fake/tmp/ogmios.carnifal.bingosnet.co.uk.16730.log: No such file or directory
[LOG] . Parsing /home/cpan/fake/tmp/ogmios.carnifal.bingosnet.co.uk.16730.awkWSeg.out
Can't open the file /home/cpan/fake/tmp/ogmios.carnifal.bingosnet.co.uk.16730.awkWSeg.out at /home/cpan/pit/bare/conf/perl-5.14.3/.cpanplus/5.14.3/build/Lingua-Ogmios-0.011/blib/lib/Lingua/Ogmios/NLPWrappers/AwkWordSegmentizer.pm line 117.
readline() on closed filehandle FILE_OUT at /home/cpan/pit/bare/conf/perl-5.14.3/.cpanplus/5.14.3/build/Lingua-Ogmios-0.011/blib/lib/Lingua/Ogmios/NLPWrappers/AwkWordSegmentizer.pm line 120.
[LOG] done
[LOG] Processing with the wrapper: Lingua::Ogmios::NLPWrappers::BasicSentenceSegmentizer (HASH(0x308f720)) Basic internal Sentence Segmentizer
[LOG] position: 2 (5)
[LOG]    Creating a wrapper of the basic sentence segmentizer
[LOG] Sentence segmentizer...     
The user time not set. Feature disabled
# tool	Full time processing	System time processing	User time processing
Running Time for Basic internal Sentence Segmentizer	0.039213	0.039213	0
[LOG] done
[LOG] Processing with the wrapper: Lingua::Ogmios::NLPWrappers::TreeTagger (HASH(0x308fdb0)) TreeTagger
[LOG] position: 3 (5)
[LOG]    Creating a wrapper of the TreeTagger
[LOG] POS tagger ...     
[LOG] making Decision TreeTagger input
elementRef: 349
corpus_in_t: 349
print() on closed filehandle FILE_IN at /home/cpan/pit/bare/conf/perl-5.14.3/.cpanplus/5.14.3/build/Lingua-Ogmios-0.011/blib/lib/Lingua/Ogmios/NLPWrappers/TreeTagger.pm line 125.
print() on closed filehandle FILE_IN at /home/cpan/pit/bare/conf/perl-5.14.3/.cpanplus/5.14.3/build/Lingua-Ogmios-0.011/blib/lib/Lingua/Ogmios/NLPWrappers/TreeTagger.pm line 126.
[LOG] done
[LOG] POS tagger
[LOG] command line : (/home/cpan/fake/Platform/NLPtools/TreeTagger/bin/tree-tagger /home/cpan/fake/Platform/NLPtools/TreeTagger/lib/english.par -token -lemma -sgml -no-unknown < /home/cpan/fake/tmp/ogmios.carnifal.bingosnet.co.uk.16730.TreeTagger.in>/home/cpan/fake/tmp/ogmios.carnifal.bingosnet.co.uk.16730.TreeTagger.out)  2>> /home/cpan/fake/tmp/ogmios.carnifal.bingosnet.co.uk.16730.log
sh: /home/cpan/fake/tmp/ogmios.carnifal.bingosnet.co.uk.16730.log: No such file or directory
[LOG] . Parsing /home/cpan/fake/tmp/ogmios.carnifal.bingosnet.co.uk.16730.TreeTagger.out
Can't open the file /home/cpan/fake/tmp/ogmios.carnifal.bingosnet.co.uk.16730.TreeTagger.out at /home/cpan/pit/bare/conf/perl-5.14.3/.cpanplus/5.14.3/build/Lingua-Ogmios-0.011/blib/lib/Lingua/Ogmios/NLPWrappers/TreeTagger.pm line 141.
readline() on closed filehandle FILE_OUT at /home/cpan/pit/bare/conf/perl-5.14.3/.cpanplus/5.14.3/build/Lingua-Ogmios-0.011/blib/lib/Lingua/Ogmios/NLPWrappers/TreeTagger.pm line 144.
TT output size: 0
[LOG] done
The user time not set. Feature disabled
# tool	Full time processing	System time processing	User time processing
Running Time for TreeTagger	0.013005	0.013005	0
[LOG] done
[LOG] Processing with the wrapper: Lingua::Ogmios::NLPWrappers::YaTeA (HASH(0x308fd80)) YaTeA
[LOG] position: 4 (5)
[LOG]    Creating a wrapper of the term extractor
*** TODO: check if the level exists
[LOG] term extractor ...     
[LOG] Making input
[LOG] printing TreeTagger Like Output
0 : A79ACA58DEB7E6114747710B9A85059F
t/9-negex.t .......................... 
Dubious, test returned 2 (wstat 512, 0x200)
Failed 1/3 subtests 
	Openning /home/cpan/fake/tmp/ogmios.carnifal.bingosnet.co.uk.16730.YaTeA.in
can't open /home/cpan/fake/tmp/ogmios.carnifal.bingosnet.co.uk.16730.YaTeA.in
# Looks like you planned 3 tests but ran 2.
# Looks like your test exited with 2 just after 2.
t/pod-coverage.t ..................... ok
t/pod.t .............................. ok

Test Summary Report
-------------------
t/10a-yatea.t                      (Wstat: 512 Tests: 3 Failed: 0)
  Non-zero exit status: 2
  Parse errors: Bad plan.  You planned 4 tests but ran 3.
t/3-LoadDocuments.t                (Wstat: 256 Tests: 5 Failed: 1)
  Failed test:  2
  Non-zero exit status: 1
t/6a-LinguisticProcessing.t        (Wstat: 512 Tests: 0 Failed: 0)
  Non-zero exit status: 2
  Parse errors: Bad plan.  You planned 1 tests but ran 0.
t/6b-LinguisticProcessing.t        (Wstat: 512 Tests: 0 Failed: 0)
  Non-zero exit status: 2
  Parse errors: Bad plan.  You planned 1 tests but ran 0.
t/8a-LinguisticProcessingPrintXML.t (Wstat: 512 Tests: 1 Failed: 0)
  Non-zero exit status: 2
  Parse errors: Bad plan.  You planned 4 tests but ran 1.
t/8b-LinguisticProcessingPrintXML.t (Wstat: 512 Tests: 2 Failed: 0)
  Non-zero exit status: 2
  Parse errors: Bad plan.  You planned 4 tests but ran 2.
t/9-negex.t                        (Wstat: 512 Tests: 2 Failed: 0)
  Non-zero exit status: 2
  Parse errors: Bad plan.  You planned 3 tests but ran 2.
Files=17, Tests=122,  4 wallclock secs ( 0.08 usr  0.06 sys +  2.42 cusr  0.85 csys =  3.41 CPU)
Result: FAIL
Failed 7/17 test programs. 1/122 subtests failed.
BEGIN failed--compilation aborted at -e line 1.


PREREQUISITES:

Here is a list of prerequisites you specified and versions we
managed to load:

	  Module Name                        Have     Want
	  Alvis::TermTagger                  0.81        0
	  Class::Factory::Util                1.7        0
	  Config::General                    2.58        0
	  Data::Dumper                   2.130_02        0
	  Encode                          2.42_01        0
	  Fcntl                              1.11        0
	  File::Basename                     2.82        0
	  File::Copy                         2.21        0
	  File::MMagic                       1.30        0
	  File::Path                         2.11        0
	  File::Touch                        0.09        0
	  Getopt::Long                       2.38        0
	  HTML::FormatRTF                    2.11        0
	  Lingua::Identify                   0.56        0
	  Lingua::NegEx                      0.10        0
	  Lingua::YaTeA                     0.622        0
	  Math::Trig                          1.2        0
	  Module::Build                    0.4214     0.28
	  Parse::Yapp                           0        0
	  Pod::Usage                         1.36        0
	  Scalar::Util                       1.23        0
	  Storable                           2.51        0
	  Sys::Hostname                      1.16        0
	  Test::More                     1.001014        0
	  Test::Pod                          1.51        0
	  Test::Pod::Coverage                1.10        0
	  Text::Affixes                      0.07        0
	  Text::Ngram                        0.15        0
	  Time::HiRes                    1.9721_01        0
	  XML::Entities                    1.0002        0
	  XML::LibXML                      2.0122        0

Perl module toolchain versions installed:
	Module Name                        Have
	CPANPLUS                         0.9154
	CPANPLUS::Dist::Build              0.78
	Cwd                                3.47
	ExtUtils::CBuilder             0.280223
	ExtUtils::Command                  7.10
	ExtUtils::Install                  2.04
	ExtUtils::MakeMaker                7.10
	ExtUtils::Manifest                 1.70
	ExtUtils::ParseXS                  3.30
	File::Spec                         3.47
	Module::Build                    0.4214
	Pod::Parser                        1.37
	Pod::Simple                        3.16
	Test::Harness                      3.35
	Test::More                     1.001014
	version                          0.9912

******************************** NOTE ********************************
The comments above are created mechanically, possibly without manual
checking by the sender.  As there are many people performing automatic
tests on each upload to CPAN, it is likely that you will receive
identical messages about the same problem.

If you believe that the message is mistaken, please reply to the first
one with correction and/or additional informations, and do not take
it personally.  We appreciate your patience. :)
**********************************************************************

Additional comments:


This report was machine-generated by CPANPLUS::Dist::YACSmoke 0.94.
Powered by minismokebox version 0.58

------------------------------
ENVIRONMENT AND OTHER CONTEXT
------------------------------

Environment variables:

    AUTOMATED_TESTING = 1
    LANG = en_GB.UTF-8
    NONINTERACTIVE_TESTING = 1
    PATH = /home/cpan/pit/bare/conf/perl-5.14.3/.cpanplus/5.14.3/build/Lingua-Ogmios-0.011/blib/script:/home/cpan/pit/bare/conf/perl-5.14.3/.cpanplus/5.14.3/build/XML-Entities/blib/script:/home/cpan/pit/bare/conf/perl-5.14.3/.cpanplus/5.14.3/build/Lingua-YaTeA-0.622/blib/script:/home/cpan/pit/bare/conf/perl-5.14.3/.cpanplus/5.14.3/build/Pod-Coverage-0.23/blib/script:/home/cpan/pit/bare/conf/perl-5.14.3/.cpanplus/5.14.3/build/Parse-Yapp-1.05/blib/script:/home/cpan/pit/bare/conf/perl-5.14.3/.cpanplus/5.14.3/build/Lingua-Identify-0.56/blib/script:/home/cpan/pit/bare/conf/perl-5.14.3/.cpanplus/5.14.3/build/HTML-Tree-5.03/blib/script:/home/cpan/pit/bare/conf/perl-5.14.3/.cpanplus/5.14.3/build/Alvis-TermTagger-0.81/blib/script:/usr/local/bin:/usr/bin:/usr/local/sbin:/usr/sbin:/home/cpan/.local/bin:/home/cpan/bin
    PERL5LIB = :/home/cpan/pit/bare/conf/perl-5.14.3/.cpanplus/5.14.3/build/File-Touch-0.09/blib/lib:/home/cpan/pit/bare/conf/perl-5.14.3/.cpanplus/5.14.3/build/File-Touch-0.09/blib/arch:/home/cpan/pit/bare/conf/perl-5.14.3/.cpanplus/5.14.3/build/Alvis-TermTagger-0.81/blib/lib:/home/cpan/pit/bare/conf/perl-5.14.3/.cpanplus/5.14.3/build/Alvis-TermTagger-0.81/blib/arch:/home/cpan/pit/bare/conf/perl-5.14.3/.cpanplus/5.14.3/build/Class-Factory-Util-1.7/blib/lib:/home/cpan/pit/bare/conf/perl-5.14.3/.cpanplus/5.14.3/build/Class-Factory-Util-1.7/blib/arch:/home/cpan/pit/bare/conf/perl-5.14.3/.cpanplus/5.14.3/build/Config-General-2.58/blib/lib:/home/cpan/pit/bare/conf/perl-5.14.3/.cpanplus/5.14.3/build/Config-General-2.58/blib/arch:/home/cpan/pit/bare/conf/perl-5.14.3/.cpanplus/5.14.3/build/File-MMagic-1.30/blib/lib:/home/cpan/pit/bare/conf/perl-5.14.3/.cpanplus/5.14.3/build/File-MMagic-1.30/blib/arch:/home/cpan/pit/bare/conf/perl-5.14.3/.cpanplus/5.14.3/build/File-Slurp-9999.19/blib/lib:/home/cpan/pit/bare/conf/perl-5.14.3/.cpanplus/5.14.3/build/File-Slurp-9999.19/blib/arch:/home/cpan/pit/bare/conf/perl-5.14.3/.cpanplus/5.14.3/build/Font-AFM-1.20/blib/lib:/home/cpan/pit/bare/conf/perl-5.14.3/.cpanplus/5.14.3/build/Font-AFM-1.20/blib/arch:/home/cpan/pit/bare/conf/perl-5.14.3/.cpanplus/5.14.3/build/HTML-Tagset-3.20/blib/lib:/home/cpan/pit/bare/conf/perl-5.14.3/.cpanplus/5.14.3/build/HTML-Tagset-3.20/blib/arch:/home/cpan/pit/bare/conf/perl-5.14.3/.cpanplus/5.14.3/build/HTML-Parser-3.71/blib/lib:/home/cpan/pit/bare/conf/perl-5.14.3/.cpanplus/5.14.3/build/HTML-Parser-3.71/blib/arch:/home/cpan/pit/bare/conf/perl-5.14.3/.cpanplus/5.14.3/build/Try-Tiny-0.22/blib/lib:/home/cpan/pit/bare/conf/perl-5.14.3/.cpanplus/5.14.3/build/Try-Tiny-0.22/blib/arch:/home/cpan/pit/bare/conf/perl-5.14.3/.cpanplus/5.14.3/build/Test-Fatal-0.014/blib/lib:/home/cpan/pit/bare/conf/perl-5.14.3/.cpanplus/5.14.3/build/Test-Fatal-0.014/blib/arch:/home/cpan/pit/bare/conf/perl-5.14.3/.cpanplus/5.14.3/build/HTML-Tree-5.03/blib/lib:/home/cpan/pit/bare/conf/perl-5.14.3/.cpanplus/5.14.3/build/HTML-Tree-5.03/blib/arch:/home/cpan/pit/bare/conf/perl-5.14.3/.cpanplus/5.14.3/build/HTML-Format-2.11/blib/lib:/home/cpan/pit/bare/conf/perl-5.14.3/.cpanplus/5.14.3/build/HTML-Format-2.11/blib/arch:/home/cpan/pit/bare/conf/perl-5.14.3/.cpanplus/5.14.3/build/Text-Affixes-0.07/blib/lib:/home/cpan/pit/bare/conf/perl-5.14.3/.cpanplus/5.14.3/build/Text-Affixes-0.07/blib/arch:/home/cpan/pit/bare/conf/perl-5.14.3/.cpanplus/5.14.3/build/Unicode-CaseFold-1.00/blib/lib:/home/cpan/pit/bare/conf/perl-5.14.3/.cpanplus/5.14.3/build/Unicode-CaseFold-1.00/blib/arch:/home/cpan/pit/bare/conf/perl-5.14.3/.cpanplus/5.14.3/build/Text-Ngram-0.15/blib/lib:/home/cpan/pit/bare/conf/perl-5.14.3/.cpanplus/5.14.3/build/Text-Ngram-0.15/blib/arch:/home/cpan/pit/bare/conf/perl-5.14.3/.cpanplus/5.14.3/build/Lingua-Identify-0.56/blib/lib:/home/cpan/pit/bare/conf/perl-5.14.3/.cpanplus/5.14.3/build/Lingua-Identify-0.56/blib/arch:/home/cpan/pit/bare/conf/perl-5.14.3/.cpanplus/5.14.3/build/Lingua-NegEx-0.10/blib/lib:/home/cpan/pit/bare/conf/perl-5.14.3/.cpanplus/5.14.3/build/Lingua-NegEx-0.10/blib/arch:/home/cpan/pit/bare/conf/perl-5.14.3/.cpanplus/5.14.3/build/File-chmod-0.42/blib/lib:/home/cpan/pit/bare/conf/perl-5.14.3/.cpanplus/5.14.3/build/File-chmod-0.42/blib/arch:/home/cpan/pit/bare/conf/perl-5.14.3/.cpanplus/5.14.3/build/Parse-Yapp-1.05/blib/lib:/home/cpan/pit/bare/conf/perl-5.14.3/.cpanplus/5.14.3/build/Parse-Yapp-1.05/blib/arch:/home/cpan/pit/bare/conf/perl-5.14.3/.cpanplus/5.14.3/build/Test-Pod-1.51/blib/lib:/home/cpan/pit/bare/conf/perl-5.14.3/.cpanplus/5.14.3/build/Test-Pod-1.51/blib/arch:/home/cpan/pit/bare/conf/perl-5.14.3/.cpanplus/5.14.3/build/Devel-Symdump-2.15/blib/lib:/home/cpan/pit/bare/conf/perl-5.14.3/.cpanplus/5.14.3/build/Devel-Symdump-2.15/blib/arch:/home/cpan/pit/bare/conf/perl-5.14.3/.cpanplus/5.14.3/build/Pod-Coverage-0.23/blib/lib:/home/cpan/pit/bare/conf/perl-5.14.3/.cpanplus/5.14.3/build/Pod-Coverage-0.23/blib/arch:/home/cpan/pit/bare/conf/perl-5.14.3/.cpanplus/5.14.3/build/Test-Pod-Coverage-1.10/blib/lib:/home/cpan/pit/bare/conf/perl-5.14.3/.cpanplus/5.14.3/build/Test-Pod-Coverage-1.10/blib/arch:/home/cpan/pit/bare/conf/perl-5.14.3/.cpanplus/5.14.3/build/Lingua-YaTeA-0.622/blib/lib:/home/cpan/pit/bare/conf/perl-5.14.3/.cpanplus/5.14.3/build/Lingua-YaTeA-0.622/blib/arch:/home/cpan/pit/bare/conf/perl-5.14.3/.cpanplus/5.14.3/build/XML-Entities/blib/lib:/home/cpan/pit/bare/conf/perl-5.14.3/.cpanplus/5.14.3/build/XML-Entities/blib/arch:/home/cpan/pit/bare/conf/perl-5.14.3/.cpanplus/5.14.3/build/XML-NamespaceSupport-1.11/blib/lib:/home/cpan/pit/bare/conf/perl-5.14.3/.cpanplus/5.14.3/build/XML-NamespaceSupport-1.11/blib/arch:/home/cpan/pit/bare/conf/perl-5.14.3/.cpanplus/5.14.3/build/XML-SAX-Base-1.08/blib/lib:/home/cpan/pit/bare/conf/perl-5.14.3/.cpanplus/5.14.3/build/XML-SAX-Base-1.08/blib/arch:/home/cpan/pit/bare/conf/perl-5.14.3/.cpanplus/5.14.3/build/XML-SAX-0.99/blib/lib:/home/cpan/pit/bare/conf/perl-5.14.3/.cpanplus/5.14.3/build/XML-SAX-0.99/blib/arch:/home/cpan/pit/bare/conf/perl-5.14.3/.cpanplus/5.14.3/build/XML-LibXML-2.0122/blib/lib:/home/cpan/pit/bare/conf/perl-5.14.3/.cpanplus/5.14.3/build/XML-LibXML-2.0122/blib/arch:/home/cpan/pit/bare/conf/perl-5.14.3/.cpanplus/5.14.3/build/Lingua-Ogmios-0.011/blib/lib:/home/cpan/pit/bare/conf/perl-5.14.3/.cpanplus/5.14.3/build/Lingua-Ogmios-0.011/blib/arch
    PERL5_CPANPLUS_IS_RUNNING = 16037
    PERL5_CPANPLUS_IS_VERSION = 0.9154
    PERL5_MINISMOKEBOX = 0.58
    PERL5_YACSMOKE_BASE = /home/cpan/pit/bare/conf/perl-5.14.3
    PERL_EXTUTILS_AUTOINSTALL = --defaultdeps
    PERL_MM_USE_DEFAULT = 1
    SHELL = /bin/bash
    TERM = screen

Perl special variables (and OS-specific diagnostics, for MSWin32):

    Perl: $^X = /home/cpan/pit/bare/perl-5.14.3/bin/perl
    UID:  $<  = 1001
    EUID: $>  = 1001
    GID:  $(  = 1001 1001
    EGID: $)  = 1001 1001


-------------------------------


--

Summary of my perl5 (revision 5 version 14 subversion 3) configuration:
   
  Platform:
    osname=linux, osvers=3.10.0-123.8.1.el7.x86_64, archname=x86_64-linux
    uname='linux carnifal.bingosnet.co.uk 3.10.0-123.8.1.el7.x86_64 #1 smp mon sep 22 19:06:58 utc 2014 x86_64 x86_64 x86_64 gnulinux '
    config_args='-des -Dprefix=/home/cpan/pit/bare/perl-5.14.3'
    hint=recommended, useposix=true, d_sigaction=define
    useithreads=undef, usemultiplicity=undef
    useperlio=define, d_sfio=undef, uselargefiles=define, usesocks=undef
    use64bitint=define, use64bitall=define, uselongdouble=undef
    usemymalloc=n, bincompat5005=undef
  Compiler:
    cc='cc', ccflags ='-fno-strict-aliasing -pipe -fstack-protector -I/usr/local/include -D_LARGEFILE_SOURCE -D_FILE_OFFSET_BITS=64',
    optimize='-O2',
    cppflags='-fno-strict-aliasing -pipe -fstack-protector -I/usr/local/include'
    ccversion='', gccversion='4.8.2 20140120 (Red Hat 4.8.2-16)', gccosandvers=''
    intsize=4, longsize=8, ptrsize=8, doublesize=8, byteorder=12345678
    d_longlong=define, longlongsize=8, d_longdbl=define, longdblsize=16
    ivtype='long', ivsize=8, nvtype='double', nvsize=8, Off_t='off_t', lseeksize=8
    alignbytes=8, prototype=define
  Linker and Libraries:
    ld='cc', ldflags =' -fstack-protector -L/usr/local/lib'
    libpth=/usr/local/lib /lib/../lib64 /usr/lib/../lib64 /lib /usr/lib /lib64 /usr/lib64 /usr/local/lib64
    libs=-lnsl -lgdbm -ldl -lm -lcrypt -lutil -lc -lgdbm_compat
    perllibs=-lnsl -ldl -lm -lcrypt -lutil -lc
    libc=libc-2.17.so, so=so, useshrplib=false, libperl=libperl.a
    gnulibc_version='2.17'
  Dynamic Linking:
    dlsrc=dl_dlopen.xs, dlext=so, d_dlsymun=undef, ccdlflags='-Wl,-E'
    cccdlflags='-fPIC', lddlflags='-shared -O2 -L/usr/local/lib -fstack-protector'


Characteristics of this binary (from libperl): 
  Compile-time options: PERL_DONT_CREATE_GVSV PERL_MALLOC_WRAP
                        PERL_PRESERVE_IVUV USE_64_BIT_ALL USE_64_BIT_INT
                        USE_LARGE_FILES USE_PERLIO USE_PERL_ATOF
  Built under linux
  Compiled at Oct  4 2014 20:03:38
  %ENV:
    PERL5LIB=":/home/cpan/pit/bare/conf/perl-5.14.3/.cpanplus/5.14.3/build/File-Touch-0.09/blib/lib:/home/cpan/pit/bare/conf/perl-5.14.3/.cpanplus/5.14.3/build/File-Touch-0.09/blib/arch:/home/cpan/pit/bare/conf/perl-5.14.3/.cpanplus/5.14.3/build/Alvis-TermTagger-0.81/blib/lib:/home/cpan/pit/bare/conf/perl-5.14.3/.cpanplus/5.14.3/build/Alvis-TermTagger-0.81/blib/arch:/home/cpan/pit/bare/conf/perl-5.14.3/.cpanplus/5.14.3/build/Class-Factory-Util-1.7/blib/lib:/home/cpan/pit/bare/conf/perl-5.14.3/.cpanplus/5.14.3/build/Class-Factory-Util-1.7/blib/arch:/home/cpan/pit/bare/conf/perl-5.14.3/.cpanplus/5.14.3/build/Config-General-2.58/blib/lib:/home/cpan/pit/bare/conf/perl-5.14.3/.cpanplus/5.14.3/build/Config-General-2.58/blib/arch:/home/cpan/pit/bare/conf/perl-5.14.3/.cpanplus/5.14.3/build/File-MMagic-1.30/blib/lib:/home/cpan/pit/bare/conf/perl-5.14.3/.cpanplus/5.14.3/build/File-MMagic-1.30/blib/arch:/home/cpan/pit/bare/conf/perl-5.14.3/.cpanplus/5.14.3/build/File-Slurp-9999.19/blib/lib:/home/cpan/pit/bare/conf/perl-5.14.3/.cpanplus/5.14.3/build/File-Slurp-9999.19/blib/arch:/home/cpan/pit/bare/conf/perl-5.14.3/.cpanplus/5.14.3/build/Font-AFM-1.20/blib/lib:/home/cpan/pit/bare/conf/perl-5.14.3/.cpanplus/5.14.3/build/Font-AFM-1.20/blib/arch:/home/cpan/pit/bare/conf/perl-5.14.3/.cpanplus/5.14.3/build/HTML-Tagset-3.20/blib/lib:/home/cpan/pit/bare/conf/perl-5.14.3/.cpanplus/5.14.3/build/HTML-Tagset-3.20/blib/arch:/home/cpan/pit/bare/conf/perl-5.14.3/.cpanplus/5.14.3/build/HTML-Parser-3.71/blib/lib:/home/cpan/pit/bare/conf/perl-5.14.3/.cpanplus/5.14.3/build/HTML-Parser-3.71/blib/arch:/home/cpan/pit/bare/conf/perl-5.14.3/.cpanplus/5.14.3/build/Try-Tiny-0.22/blib/lib:/home/cpan/pit/bare/conf/perl-5.14.3/.cpanplus/5.14.3/build/Try-Tiny-0.22/blib/arch:/home/cpan/pit/bare/conf/perl-5.14.3/.cpanplus/5.14.3/build/Test-Fatal-0.014/blib/lib:/home/cpan/pit/bare/conf/perl-5.14.3/.cpanplus/5.14.3/build/Test-Fatal-0.014/blib/arch:/home/cpan/pit/bare/conf/perl-5.14.3/.cpanplus/5.14.3/build/HTML-Tree-5.03/blib/lib:/home/cpan/pit/bare/conf/perl-5.14.3/.cpanplus/5.14.3/build/HTML-Tree-5.03/blib/arch:/home/cpan/pit/bare/conf/perl-5.14.3/.cpanplus/5.14.3/build/HTML-Format-2.11/blib/lib:/home/cpan/pit/bare/conf/perl-5.14.3/.cpanplus/5.14.3/build/HTML-Format-2.11/blib/arch:/home/cpan/pit/bare/conf/perl-5.14.3/.cpanplus/5.14.3/build/Text-Affixes-0.07/blib/lib:/home/cpan/pit/bare/conf/perl-5.14.3/.cpanplus/5.14.3/build/Text-Affixes-0.07/blib/arch:/home/cpan/pit/bare/conf/perl-5.14.3/.cpanplus/5.14.3/build/Unicode-CaseFold-1.00/blib/lib:/home/cpan/pit/bare/conf/perl-5.14.3/.cpanplus/5.14.3/build/Unicode-CaseFold-1.00/blib/arch:/home/cpan/pit/bare/conf/perl-5.14.3/.cpanplus/5.14.3/build/Text-Ngram-0.15/blib/lib:/home/cpan/pit/bare/conf/perl-5.14.3/.cpanplus/5.14.3/build/Text-Ngram-0.15/blib/arch:/home/cpan/pit/bare/conf/perl-5.14.3/.cpanplus/5.14.3/build/Lingua-Identify-0.56/blib/lib:/home/cpan/pit/bare/conf/perl-5.14.3/.cpanplus/5.14.3/build/Lingua-Identify-0.56/blib/arch:/home/cpan/pit/bare/conf/perl-5.14.3/.cpanplus/5.14.3/build/Lingua-NegEx-0.10/blib/lib:/home/cpan/pit/bare/conf/perl-5.14.3/.cpanplus/5.14.3/build/Lingua-NegEx-0.10/blib/arch:/home/cpan/pit/bare/conf/perl-5.14.3/.cpanplus/5.14.3/build/File-chmod-0.42/blib/lib:/home/cpan/pit/bare/conf/perl-5.14.3/.cpanplus/5.14.3/build/File-chmod-0.42/blib/arch:/home/cpan/pit/bare/conf/perl-5.14.3/.cpanplus/5.14.3/build/Parse-Yapp-1.05/blib/lib:/home/cpan/pit/bare/conf/perl-5.14.3/.cpanplus/5.14.3/build/Parse-Yapp-1.05/blib/arch:/home/cpan/pit/bare/conf/perl-5.14.3/.cpanplus/5.14.3/build/Test-Pod-1.51/blib/lib:/home/cpan/pit/bare/conf/perl-5.14.3/.cpanplus/5.14.3/build/Test-Pod-1.51/blib/arch:/home/cpan/pit/bare/conf/perl-5.14.3/.cpanplus/5.14.3/build/Devel-Symdump-2.15/blib/lib:/home/cpan/pit/bare/conf/perl-5.14.3/.cpanplus/5.14.3/build/Devel-Symdump-2.15/blib/arch:/home/cpan/pit/bare/conf/perl-5.14.3/.cpanplus/5.14.3/build/Pod-Coverage-0.23/blib/lib:/home/cpan/pit/bare/conf/perl-5.14.3/.cpanplus/5.14.3/build/Pod-Coverage-0.23/blib/arch:/home/cpan/pit/bare/conf/perl-5.14.3/.cpanplus/5.14.3/build/Test-Pod-Coverage-1.10/blib/lib:/home/cpan/pit/bare/conf/perl-5.14.3/.cpanplus/5.14.3/build/Test-Pod-Coverage-1.10/blib/arch:/home/cpan/pit/bare/conf/perl-5.14.3/.cpanplus/5.14.3/build/Lingua-YaTeA-0.622/blib/lib:/home/cpan/pit/bare/conf/perl-5.14.3/.cpanplus/5.14.3/build/Lingua-YaTeA-0.622/blib/arch:/home/cpan/pit/bare/conf/perl-5.14.3/.cpanplus/5.14.3/build/XML-Entities/blib/lib:/home/cpan/pit/bare/conf/perl-5.14.3/.cpanplus/5.14.3/build/XML-Entities/blib/arch:/home/cpan/pit/bare/conf/perl-5.14.3/.cpanplus/5.14.3/build/XML-NamespaceSupport-1.11/blib/lib:/home/cpan/pit/bare/conf/perl-5.14.3/.cpanplus/5.14.3/build/XML-NamespaceSupport-1.11/blib/arch:/home/cpan/pit/bare/conf/perl-5.14.3/.cpanplus/5.14.3/build/XML-SAX-Base-1.08/blib/lib:/home/cpan/pit/bare/conf/perl-5.14.3/.cpanplus/5.14.3/build/XML-SAX-Base-1.08/blib/arch:/home/cpan/pit/bare/conf/perl-5.14.3/.cpanplus/5.14.3/build/XML-SAX-0.99/blib/lib:/home/cpan/pit/bare/conf/perl-5.14.3/.cpanplus/5.14.3/build/XML-SAX-0.99/blib/arch:/home/cpan/pit/bare/conf/perl-5.14.3/.cpanplus/5.14.3/build/XML-LibXML-2.0122/blib/lib:/home/cpan/pit/bare/conf/perl-5.14.3/.cpanplus/5.14.3/build/XML-LibXML-2.0122/blib/arch:/home/cpan/pit/bare/conf/perl-5.14.3/.cpanplus/5.14.3/build/Lingua-Ogmios-0.011/blib/lib:/home/cpan/pit/bare/conf/perl-5.14.3/.cpanplus/5.14.3/build/Lingua-Ogmios-0.011/blib/arch"
    PERL5_CPANPLUS_IS_RUNNING="16037"
    PERL5_CPANPLUS_IS_VERSION="0.9154"
    PERL5_MINISMOKEBOX="0.58"
    PERL5_YACSMOKE_BASE="/home/cpan/pit/bare/conf/perl-5.14.3"
    PERL_EXTUTILS_AUTOINSTALL="--defaultdeps"
    PERL_MM_USE_DEFAULT="1"
  @INC:
    /home/cpan/pit/bare/conf/perl-5.14.3/.cpanplus/5.14.3/build/File-Touch-0.09/blib/lib
    /home/cpan/pit/bare/conf/perl-5.14.3/.cpanplus/5.14.3/build/File-Touch-0.09/blib/arch
    /home/cpan/pit/bare/conf/perl-5.14.3/.cpanplus/5.14.3/build/Alvis-TermTagger-0.81/blib/lib
    /home/cpan/pit/bare/conf/perl-5.14.3/.cpanplus/5.14.3/build/Alvis-TermTagger-0.81/blib/arch
    /home/cpan/pit/bare/conf/perl-5.14.3/.cpanplus/5.14.3/build/Class-Factory-Util-1.7/blib/lib
    /home/cpan/pit/bare/conf/perl-5.14.3/.cpanplus/5.14.3/build/Class-Factory-Util-1.7/blib/arch
    /home/cpan/pit/bare/conf/perl-5.14.3/.cpanplus/5.14.3/build/Config-General-2.58/blib/lib
    /home/cpan/pit/bare/conf/perl-5.14.3/.cpanplus/5.14.3/build/Config-General-2.58/blib/arch
    /home/cpan/pit/bare/conf/perl-5.14.3/.cpanplus/5.14.3/build/File-MMagic-1.30/blib/lib
    /home/cpan/pit/bare/conf/perl-5.14.3/.cpanplus/5.14.3/build/File-MMagic-1.30/blib/arch
    /home/cpan/pit/bare/conf/perl-5.14.3/.cpanplus/5.14.3/build/File-Slurp-9999.19/blib/lib
    /home/cpan/pit/bare/conf/perl-5.14.3/.cpanplus/5.14.3/build/File-Slurp-9999.19/blib/arch
    /home/cpan/pit/bare/conf/perl-5.14.3/.cpanplus/5.14.3/build/Font-AFM-1.20/blib/lib
    /home/cpan/pit/bare/conf/perl-5.14.3/.cpanplus/5.14.3/build/Font-AFM-1.20/blib/arch
    /home/cpan/pit/bare/conf/perl-5.14.3/.cpanplus/5.14.3/build/HTML-Tagset-3.20/blib/lib
    /home/cpan/pit/bare/conf/perl-5.14.3/.cpanplus/5.14.3/build/HTML-Tagset-3.20/blib/arch
    /home/cpan/pit/bare/conf/perl-5.14.3/.cpanplus/5.14.3/build/HTML-Parser-3.71/blib/lib
    /home/cpan/pit/bare/conf/perl-5.14.3/.cpanplus/5.14.3/build/HTML-Parser-3.71/blib/arch
    /home/cpan/pit/bare/conf/perl-5.14.3/.cpanplus/5.14.3/build/Try-Tiny-0.22/blib/lib
    /home/cpan/pit/bare/conf/perl-5.14.3/.cpanplus/5.14.3/build/Try-Tiny-0.22/blib/arch
    /home/cpan/pit/bare/conf/perl-5.14.3/.cpanplus/5.14.3/build/Test-Fatal-0.014/blib/lib
    /home/cpan/pit/bare/conf/perl-5.14.3/.cpanplus/5.14.3/build/Test-Fatal-0.014/blib/arch
    /home/cpan/pit/bare/conf/perl-5.14.3/.cpanplus/5.14.3/build/HTML-Tree-5.03/blib/lib
    /home/cpan/pit/bare/conf/perl-5.14.3/.cpanplus/5.14.3/build/HTML-Tree-5.03/blib/arch
    /home/cpan/pit/bare/conf/perl-5.14.3/.cpanplus/5.14.3/build/HTML-Format-2.11/blib/lib
    /home/cpan/pit/bare/conf/perl-5.14.3/.cpanplus/5.14.3/build/HTML-Format-2.11/blib/arch
    /home/cpan/pit/bare/conf/perl-5.14.3/.cpanplus/5.14.3/build/Text-Affixes-0.07/blib/lib
    /home/cpan/pit/bare/conf/perl-5.14.3/.cpanplus/5.14.3/build/Text-Affixes-0.07/blib/arch
    /home/cpan/pit/bare/conf/perl-5.14.3/.cpanplus/5.14.3/build/Unicode-CaseFold-1.00/blib/lib
    /home/cpan/pit/bare/conf/perl-5.14.3/.cpanplus/5.14.3/build/Unicode-CaseFold-1.00/blib/arch
    /home/cpan/pit/bare/conf/perl-5.14.3/.cpanplus/5.14.3/build/Text-Ngram-0.15/blib/lib
    /home/cpan/pit/bare/conf/perl-5.14.3/.cpanplus/5.14.3/build/Text-Ngram-0.15/blib/arch
    /home/cpan/pit/bare/conf/perl-5.14.3/.cpanplus/5.14.3/build/Lingua-Identify-0.56/blib/lib
    /home/cpan/pit/bare/conf/perl-5.14.3/.cpanplus/5.14.3/build/Lingua-Identify-0.56/blib/arch
    /home/cpan/pit/bare/conf/perl-5.14.3/.cpanplus/5.14.3/build/Lingua-NegEx-0.10/blib/lib
    /home/cpan/pit/bare/conf/perl-5.14.3/.cpanplus/5.14.3/build/Lingua-NegEx-0.10/blib/arch
    /home/cpan/pit/bare/conf/perl-5.14.3/.cpanplus/5.14.3/build/File-chmod-0.42/blib/lib
    /home/cpan/pit/bare/conf/perl-5.14.3/.cpanplus/5.14.3/build/File-chmod-0.42/blib/arch
    /home/cpan/pit/bare/conf/perl-5.14.3/.cpanplus/5.14.3/build/Parse-Yapp-1.05/blib/lib
    /home/cpan/pit/bare/conf/perl-5.14.3/.cpanplus/5.14.3/build/Parse-Yapp-1.05/blib/arch
    /home/cpan/pit/bare/conf/perl-5.14.3/.cpanplus/5.14.3/build/Test-Pod-1.51/blib/lib
    /home/cpan/pit/bare/conf/perl-5.14.3/.cpanplus/5.14.3/build/Test-Pod-1.51/blib/arch
    /home/cpan/pit/bare/conf/perl-5.14.3/.cpanplus/5.14.3/build/Devel-Symdump-2.15/blib/lib
    /home/cpan/pit/bare/conf/perl-5.14.3/.cpanplus/5.14.3/build/Devel-Symdump-2.15/blib/arch
    /home/cpan/pit/bare/conf/perl-5.14.3/.cpanplus/5.14.3/build/Pod-Coverage-0.23/blib/lib
    /home/cpan/pit/bare/conf/perl-5.14.3/.cpanplus/5.14.3/build/Pod-Coverage-0.23/blib/arch
    /home/cpan/pit/bare/conf/perl-5.14.3/.cpanplus/5.14.3/build/Test-Pod-Coverage-1.10/blib/lib
    /home/cpan/pit/bare/conf/perl-5.14.3/.cpanplus/5.14.3/build/Test-Pod-Coverage-1.10/blib/arch
    /home/cpan/pit/bare/conf/perl-5.14.3/.cpanplus/5.14.3/build/Lingua-YaTeA-0.622/blib/lib
    /home/cpan/pit/bare/conf/perl-5.14.3/.cpanplus/5.14.3/build/Lingua-YaTeA-0.622/blib/arch
    /home/cpan/pit/bare/conf/perl-5.14.3/.cpanplus/5.14.3/build/XML-Entities/blib/lib
    /home/cpan/pit/bare/conf/perl-5.14.3/.cpanplus/5.14.3/build/XML-Entities/blib/arch
    /home/cpan/pit/bare/conf/perl-5.14.3/.cpanplus/5.14.3/build/XML-NamespaceSupport-1.11/blib/lib
    /home/cpan/pit/bare/conf/perl-5.14.3/.cpanplus/5.14.3/build/XML-NamespaceSupport-1.11/blib/arch
    /home/cpan/pit/bare/conf/perl-5.14.3/.cpanplus/5.14.3/build/XML-SAX-Base-1.08/blib/lib
    /home/cpan/pit/bare/conf/perl-5.14.3/.cpanplus/5.14.3/build/XML-SAX-Base-1.08/blib/arch
    /home/cpan/pit/bare/conf/perl-5.14.3/.cpanplus/5.14.3/build/XML-SAX-0.99/blib/lib
    /home/cpan/pit/bare/conf/perl-5.14.3/.cpanplus/5.14.3/build/XML-SAX-0.99/blib/arch
    /home/cpan/pit/bare/conf/perl-5.14.3/.cpanplus/5.14.3/build/XML-LibXML-2.0122/blib/lib
    /home/cpan/pit/bare/conf/perl-5.14.3/.cpanplus/5.14.3/build/XML-LibXML-2.0122/blib/arch
    /home/cpan/pit/bare/conf/perl-5.14.3/.cpanplus/5.14.3/build/Lingua-Ogmios-0.011/blib/lib
    /home/cpan/pit/bare/conf/perl-5.14.3/.cpanplus/5.14.3/build/Lingua-Ogmios-0.011/blib/arch
    /home/cpan/pit/bare/perl-5.14.3/lib/site_perl/5.14.3/x86_64-linux
    /home/cpan/pit/bare/perl-5.14.3/lib/site_perl/5.14.3
    /home/cpan/pit/bare/perl-5.14.3/lib/5.14.3/x86_64-linux
    /home/cpan/pit/bare/perl-5.14.3/lib/5.14.3
    .