Report for App-Rad-1.05_01

Back
From: metabase:user:30977d10-2aae-11df-837a-5e0a49663a4f
Subject: FAIL App-Rad-1.05_01 v5.14.0 
Date: 2011-06-25T08:03:22Z

This distribution has been tested as part of the CPAN Testers
project, supporting the Perl programming language.  See
http://wiki.cpantesters.org/ for more information or email
questions to cpan-testers-discuss@perl.org


--
Dear Breno G. de Oliveira,

This is a computer-generated report for App-Rad-1.05_01
on perl 5.14.0, created by CPAN-Reporter-1.1902.

Thank you for uploading your work to CPAN.  However, there was a problem
testing your distribution.

If you think this report is invalid, please consult the CPAN Testers Wiki
for suggestions on how to avoid getting FAIL reports for missing library
or binary dependencies, unsupported operating systems, and so on:

http://wiki.cpantesters.org/wiki/CPANAuthorNotes

Sections of this report:

    * Tester comments
    * Program output
    * Prerequisites
    * Environment and other context

------------------------------
TESTER COMMENTS
------------------------------

Additional comments from tester:

this report is from an automated smoke testing program
and was not reviewed by a human for accuracy

------------------------------
PROGRAM OUTPUT
------------------------------

Output from 'C:\bin\dev\psdk\2003\Bin\nmake.EXE test':


Microsoft (R) Program Maintenance Utility   Version 7.00.8882
Copyright (C) Microsoft Corp 1988-2000. All rights reserved.

	C:\home\stro\perl\perl5140\bin\perl5.14.0.exe "-MExtUtils::Command::MM" "-e" "test_harness(0, 'blib\lib', 'blib\arch')" t/*.t

#   Failed test 'use App::Rad;'
#   at t/00-load.t line 6.
#     Tried to use 'App::Rad'.
#     Error:  Can't locate App/Rad/Parser.pm in @INC (@INC contains: C:\home\stro\cpan\build\5.14.0\App-Rad-1.05_01-YxPYZt\blib\lib C:\home\stro\cpan\build\5.14.0\App-Rad-1.05_01-YxPYZt\blib\arch C:/home/stro/perl/perl5140/site/lib C:/home/stro/perl/perl5140/lib) at C:\home\stro\cpan\build\5.14.0\App-Rad-1.05_01-YxPYZt\blib\lib/App/Rad.pm line 3.
# BEGIN failed--compilation aborted at C:\home\stro\cpan\build\5.14.0\App-Rad-1.05_01-YxPYZt\blib\lib/App/Rad.pm line 3.
# Compilation failed in require at (eval 4) line 2.
# BEGIN failed--compilation aborted at (eval 4) line 2.
Use of uninitialized value $App::Rad::VERSION in concatenation (.) or string at t/00-load.t line 12.
# Testing App::Rad , Perl 5.014000, C:\home\stro\perl\perl5140\bin\PERL51~1.EXE
# Looks like you failed 1 test of 4.
t/00-load.t ................... 
Dubious, test returned 1 (wstat 256, 0x100)
Failed 1/4 subtests 
Can't locate App/Rad/Parser.pm in @INC (@INC contains: C:\home\stro\cpan\build\5.14.0\App-Rad-1.05_01-YxPYZt\blib\lib C:\home\stro\cpan\build\5.14.0\App-Rad-1.05_01-YxPYZt\blib\arch C:/home/stro/perl/perl5140/site/lib C:/home/stro/perl/perl5140/lib .) at C:\home\stro\cpan\build\5.14.0\App-Rad-1.05_01-YxPYZt\blib\lib/App/Rad.pm line 3.
BEGIN failed--compilation aborted at C:\home\stro\cpan\build\5.14.0\App-Rad-1.05_01-YxPYZt\blib\lib/App/Rad.pm line 3.
Compilation failed in require at t/01-standard.t line 3.
BEGIN failed--compilation aborted at t/01-standard.t line 3.
t/01-standard.t ............... 
Dubious, test returned 2 (wstat 512, 0x200)
Failed 14/14 subtests 
Can't locate App/Rad/Tester.pm in @INC (@INC contains: C:\home\stro\cpan\build\5.14.0\App-Rad-1.05_01-YxPYZt\blib\lib C:\home\stro\cpan\build\5.14.0\App-Rad-1.05_01-YxPYZt\blib\arch C:/home/stro/perl/perl5140/site/lib C:/home/stro/perl/perl5140/lib .) at t/02-defaultprogram.t line 2.
BEGIN failed--compilation aborted at t/02-defaultprogram.t line 2.
t/02-defaultprogram.t ......... 
Dubious, test returned 2 (wstat 512, 0x200)
Failed 2/2 subtests 
# using temporary program file 'C:\Windows\Temp\MJa_FvaoC3' to test functionality
Can't locate App/Rad/Parser.pm in @INC (@INC contains: C:\home\stro\cpan\build\5.14.0\App-Rad-1.05_01-YxPYZt\blib\lib C:\home\stro\cpan\build\5.14.0\App-Rad-1.05_01-YxPYZt\blib\arch C:/home/stro/perl/perl5140/site/lib C:/home/stro/perl/perl5140/lib .) at C:\home\stro\cpan\build\5.14.0\App-Rad-1.05_01-YxPYZt\blib\lib/App/Rad.pm line 3.
BEGIN failed--compilation aborted at C:\home\stro\cpan\build\5.14.0\App-Rad-1.05_01-YxPYZt\blib\lib/App/Rad.pm line 3.
Compilation failed in require at C:\Windows\Temp\MJa_FvaoC3 line 1.
BEGIN failed--compilation aborted at C:\Windows\Temp\MJa_FvaoC3 line 1.

#   Failed test at t/02.5-default_with_args.t line 30.
#          got: ''
#     expected: 'Usage: C:\Windows\Temp\MJa_FvaoC3 command [arguments]
# 
# Available Commands:
#     exclude	completely erase command from your program
#     help   	show syntax and available commands
#     include	include one-liner as a command
# 
# '
Can't locate App/Rad/Parser.pm in @INC (@INC contains: C:\home\stro\cpan\build\5.14.0\App-Rad-1.05_01-YxPYZt\blib\lib C:\home\stro\cpan\build\5.14.0\App-Rad-1.05_01-YxPYZt\blib\arch C:/home/stro/perl/perl5140/site/lib C:/home/stro/perl/perl5140/lib .) at C:\home\stro\cpan\build\5.14.0\App-Rad-1.05_01-YxPYZt\blib\lib/App/Rad.pm line 3.
BEGIN failed--compilation aborted at C:\home\stro\cpan\build\5.14.0\App-Rad-1.05_01-YxPYZt\blib\lib/App/Rad.pm line 3.
Compilation failed in require at C:\Windows\Temp\MJa_FvaoC3 line 1.
BEGIN failed--compilation aborted at C:\Windows\Temp\MJa_FvaoC3 line 1.

#   Failed test at t/02.5-default_with_args.t line 34.
#          got: ''
#     expected: 'Usage: C:\Windows\Temp\MJa_FvaoC3 command [arguments]
# 
# Available Commands:
#     exclude	completely erase command from your program
#     help   	show syntax and available commands
#     include	include one-liner as a command
# 
# '
# Looks like you failed 2 tests of 2.
t/02.5-default_with_args.t .... 
Dubious, test returned 2 (wstat 512, 0x200)
Failed 2/2 subtests 
# using temporary program file 'C:\Windows\Temp\7kwkN1uzpj' to test functionality
Can't locate App/Rad/Parser.pm in @INC (@INC contains: C:\home\stro\cpan\build\5.14.0\App-Rad-1.05_01-YxPYZt\blib\lib C:\home\stro\cpan\build\5.14.0\App-Rad-1.05_01-YxPYZt\blib\arch C:/home/stro/perl/perl5140/site/lib C:/home/stro/perl/perl5140/lib .) at C:\home\stro\cpan\build\5.14.0\App-Rad-1.05_01-YxPYZt\blib\lib/App/Rad.pm line 3.
BEGIN failed--compilation aborted at C:\home\stro\cpan\build\5.14.0\App-Rad-1.05_01-YxPYZt\blib\lib/App/Rad.pm line 3.
Compilation failed in require at C:\Windows\Temp\7kwkN1uzpj line 1.
BEGIN failed--compilation aborted at C:\Windows\Temp\7kwkN1uzpj line 1.

#   Failed test at t/03-default_override.t line 23.
#          got: ''
#     expected: 'this is an override of the default command
# '
Can't locate App/Rad/Parser.pm in @INC (@INC contains: C:\home\stro\cpan\build\5.14.0\App-Rad-1.05_01-YxPYZt\blib\lib C:\home\stro\cpan\build\5.14.0\App-Rad-1.05_01-YxPYZt\blib\arch C:/home/stro/perl/perl5140/site/lib C:/home/stro/perl/perl5140/lib .) at C:\home\stro\cpan\build\5.14.0\App-Rad-1.05_01-YxPYZt\blib\lib/App/Rad.pm line 3.
BEGIN failed--compilation aborted at C:\home\stro\cpan\build\5.14.0\App-Rad-1.05_01-YxPYZt\blib\lib/App/Rad.pm line 3.
Compilation failed in require at C:\Windows\Temp\7kwkN1uzpj line 1.
BEGIN failed--compilation aborted at C:\Windows\Temp\7kwkN1uzpj line 1.

#   Failed test at t/03-default_override.t line 27.
#          got: ''
#     expected: 'this is an override of the default command
# '
Can't locate App/Rad/Parser.pm in @INC (@INC contains: C:\home\stro\cpan\build\5.14.0\App-Rad-1.05_01-YxPYZt\blib\lib C:\home\stro\cpan\build\5.14.0\App-Rad-1.05_01-YxPYZt\blib\arch C:/home/stro/perl/perl5140/site/lib C:/home/stro/perl/perl5140/lib .) at C:\home\stro\cpan\build\5.14.0\App-Rad-1.05_01-YxPYZt\blib\lib/App/Rad.pm line 3.
BEGIN failed--compilation aborted at C:\home\stro\cpan\build\5.14.0\App-Rad-1.05_01-YxPYZt\blib\lib/App/Rad.pm line 3.
Compilation failed in require at C:\Windows\Temp\7kwkN1uzpj line 1.
BEGIN failed--compilation aborted at C:\Windows\Temp\7kwkN1uzpj line 1.

#   Failed test at t/03-default_override.t line 39.
#          got: ''
#     expected: 'Usage: C:\Windows\Temp\7kwkN1uzpj command [arguments]
# 
# Available Commands:
#     help	show syntax and available commands
# 
# '
# Looks like you failed 3 tests of 3.
t/03-default_override.t ....... 
Dubious, test returned 3 (wstat 768, 0x300)
Failed 3/3 subtests 
# using temporary program file 'C:\Windows\Temp\USsCZp21PJ' to test functionality
Can't locate App/Rad/Parser.pm in @INC (@INC contains: C:\home\stro\cpan\build\5.14.0\App-Rad-1.05_01-YxPYZt\blib\lib C:\home\stro\cpan\build\5.14.0\App-Rad-1.05_01-YxPYZt\blib\arch C:/home/stro/perl/perl5140/site/lib C:/home/stro/perl/perl5140/lib .) at C:\home\stro\cpan\build\5.14.0\App-Rad-1.05_01-YxPYZt\blib\lib/App/Rad.pm line 3.
BEGIN failed--compilation aborted at C:\home\stro\cpan\build\5.14.0\App-Rad-1.05_01-YxPYZt\blib\lib/App/Rad.pm line 3.
Compilation failed in require at C:\Windows\Temp\USsCZp21PJ line 1.
BEGIN failed--compilation aborted at C:\Windows\Temp\USsCZp21PJ line 1.

#   Failed test 'no command (should fall to default)'
#   at t/03.5-default_and_invalid.t line 36.
#          got: ''
#     expected: 'keys: 0
# '
Can't locate App/Rad/Parser.pm in @INC (@INC contains: C:\home\stro\cpan\build\5.14.0\App-Rad-1.05_01-YxPYZt\blib\lib C:\home\stro\cpan\build\5.14.0\App-Rad-1.05_01-YxPYZt\blib\arch C:/home/stro/perl/perl5140/site/lib C:/home/stro/perl/perl5140/lib .) at C:\home\stro\cpan\build\5.14.0\App-Rad-1.05_01-YxPYZt\blib\lib/App/Rad.pm line 3.
BEGIN failed--compilation aborted at C:\home\stro\cpan\build\5.14.0\App-Rad-1.05_01-YxPYZt\blib\lib/App/Rad.pm line 3.
Compilation failed in require at C:\Windows\Temp\USsCZp21PJ line 1.
BEGIN failed--compilation aborted at C:\Windows\Temp\USsCZp21PJ line 1.

#   Failed test 'no command, with parameters (should fall to default)'
#   at t/03.5-default_and_invalid.t line 39.
#          got: ''
#     expected: 'keys: 1
# '
Can't locate App/Rad/Parser.pm in @INC (@INC contains: C:\home\stro\cpan\build\5.14.0\App-Rad-1.05_01-YxPYZt\blib\lib C:\home\stro\cpan\build\5.14.0\App-Rad-1.05_01-YxPYZt\blib\arch C:/home/stro/perl/perl5140/site/lib C:/home/stro/perl/perl5140/lib .) at C:\home\stro\cpan\build\5.14.0\App-Rad-1.05_01-YxPYZt\blib\lib/App/Rad.pm line 3.
BEGIN failed--compilation aborted at C:\home\stro\cpan\build\5.14.0\App-Rad-1.05_01-YxPYZt\blib\lib/App/Rad.pm line 3.
Compilation failed in require at C:\Windows\Temp\USsCZp21PJ line 1.
BEGIN failed--compilation aborted at C:\Windows\Temp\USsCZp21PJ line 1.

#   Failed test 'invalid command (should fall to invalid)'
#   at t/03.5-default_and_invalid.t line 42.
#          got: ''
#     expected: 'invalid command
# '
Can't locate App/Rad/Parser.pm in @INC (@INC contains: C:\home\stro\cpan\build\5.14.0\App-Rad-1.05_01-YxPYZt\blib\lib C:\home\stro\cpan\build\5.14.0\App-Rad-1.05_01-YxPYZt\blib\arch C:/home/stro/perl/perl5140/site/lib C:/home/stro/perl/perl5140/lib .) at C:\home\stro\cpan\build\5.14.0\App-Rad-1.05_01-YxPYZt\blib\lib/App/Rad.pm line 3.
BEGIN failed--compilation aborted at C:\home\stro\cpan\build\5.14.0\App-Rad-1.05_01-YxPYZt\blib\lib/App/Rad.pm line 3.
Compilation failed in require at C:\Windows\Temp\USsCZp21PJ line 1.
BEGIN failed--compilation aborted at C:\Windows\Temp\USsCZp21PJ line 1.

#   Failed test 'invalid command, with parameters (should fall to invalid)'
#   at t/03.5-default_and_invalid.t line 45.
#          got: ''
#     expected: 'invalid command
# '
Can't locate App/Rad/Parser.pm in @INC (@INC contains: C:\home\stro\cpan\build\5.14.0\App-Rad-1.05_01-YxPYZt\blib\lib C:\home\stro\cpan\build\5.14.0\App-Rad-1.05_01-YxPYZt\blib\arch C:/home/stro/perl/perl5140/site/lib C:/home/stro/perl/perl5140/lib .) at C:\home\stro\cpan\build\5.14.0\App-Rad-1.05_01-YxPYZt\blib\lib/App/Rad.pm line 3.
BEGIN failed--compilation aborted at C:\home\stro\cpan\build\5.14.0\App-Rad-1.05_01-YxPYZt\blib\lib/App/Rad.pm line 3.
Compilation failed in require at C:\Windows\Temp\USsCZp21PJ line 1.
BEGIN failed--compilation aborted at C:\Windows\Temp\USsCZp21PJ line 1.

#   Failed test at t/03.5-default_and_invalid.t line 59.
#          got: ''
#     expected: 'Usage: C:\Windows\Temp\USsCZp21PJ command [arguments]
# 
# Available Commands:
#     help	show syntax and available commands
# 
# '
# Looks like you failed 5 tests of 5.
t/03.5-default_and_invalid.t .. 
Dubious, test returned 5 (wstat 1280, 0x500)
Failed 5/5 subtests 
# using temporary program file 'C:\Windows\Temp\B4Vf_YnMs1' to test functionality
Can't locate App/Rad/Parser.pm in @INC (@INC contains: C:\home\stro\cpan\build\5.14.0\App-Rad-1.05_01-YxPYZt\blib\lib C:\home\stro\cpan\build\5.14.0\App-Rad-1.05_01-YxPYZt\blib\arch C:/home/stro/perl/perl5140/site/lib C:/home/stro/perl/perl5140/lib .) at C:\home\stro\cpan\build\5.14.0\App-Rad-1.05_01-YxPYZt\blib\lib/App/Rad.pm line 3.
BEGIN failed--compilation aborted at C:\home\stro\cpan\build\5.14.0\App-Rad-1.05_01-YxPYZt\blib\lib/App/Rad.pm line 3.
Compilation failed in require at C:\Windows\Temp\B4Vf_YnMs1 line 1.
BEGIN failed--compilation aborted at C:\Windows\Temp\B4Vf_YnMs1 line 1.

#   Failed test at t/04-help_override.t line 28.
#          got: ''
#     expected: 'this is an override of the default command
# '
Can't locate App/Rad/Parser.pm in @INC (@INC contains: C:\home\stro\cpan\build\5.14.0\App-Rad-1.05_01-YxPYZt\blib\lib C:\home\stro\cpan\build\5.14.0\App-Rad-1.05_01-YxPYZt\blib\arch C:/home/stro/perl/perl5140/site/lib C:/home/stro/perl/perl5140/lib .) at C:\home\stro\cpan\build\5.14.0\App-Rad-1.05_01-YxPYZt\blib\lib/App/Rad.pm line 3.
BEGIN failed--compilation aborted at C:\home\stro\cpan\build\5.14.0\App-Rad-1.05_01-YxPYZt\blib\lib/App/Rad.pm line 3.
Compilation failed in require at C:\Windows\Temp\B4Vf_YnMs1 line 1.
BEGIN failed--compilation aborted at C:\Windows\Temp\B4Vf_YnMs1 line 1.

#   Failed test at t/04-help_override.t line 32.
#          got: ''
#     expected: 'this is an override of the help command
# '
# Looks like you failed 2 tests of 2.
t/04-help_override.t .......... 
Dubious, test returned 2 (wstat 512, 0x200)
Failed 2/2 subtests 
Can't locate App/Rad/Tester.pm in @INC (@INC contains: C:\home\stro\cpan\build\5.14.0\App-Rad-1.05_01-YxPYZt\blib\lib C:\home\stro\cpan\build\5.14.0\App-Rad-1.05_01-YxPYZt\blib\arch C:/home/stro/perl/perl5140/site/lib C:/home/stro/perl/perl5140/lib .) at t/05-commands-set.t line 2.
BEGIN failed--compilation aborted at t/05-commands-set.t line 2.
t/05-commands-set.t ........... 
Dubious, test returned 2 (wstat 512, 0x200)
Failed 3/3 subtests 
# using temporary program file 'C:\Windows\Temp\utD1rNANJb' to test functionality
Can't locate App/Rad/Parser.pm in @INC (@INC contains: C:\home\stro\cpan\build\5.14.0\App-Rad-1.05_01-YxPYZt\blib\lib C:\home\stro\cpan\build\5.14.0\App-Rad-1.05_01-YxPYZt\blib\arch C:/home/stro/perl/perl5140/site/lib C:/home/stro/perl/perl5140/lib .) at C:\home\stro\cpan\build\5.14.0\App-Rad-1.05_01-YxPYZt\blib\lib/App/Rad.pm line 3.
BEGIN failed--compilation aborted at C:\home\stro\cpan\build\5.14.0\App-Rad-1.05_01-YxPYZt\blib\lib/App/Rad.pm line 3.
Compilation failed in require at C:\Windows\Temp\utD1rNANJb line 1.
BEGIN failed--compilation aborted at C:\Windows\Temp\utD1rNANJb line 1.

#   Failed test at t/05-commands.t line 40.
#          got: ''
#     expected: 'Usage: C:\Windows\Temp\utD1rNANJb command [arguments]
# 
# Available Commands:
#     help 	show syntax and available commands
#     test1	
# 
# '
Can't locate App/Rad/Parser.pm in @INC (@INC contains: C:\home\stro\cpan\build\5.14.0\App-Rad-1.05_01-YxPYZt\blib\lib C:\home\stro\cpan\build\5.14.0\App-Rad-1.05_01-YxPYZt\blib\arch C:/home/stro/perl/perl5140/site/lib C:/home/stro/perl/perl5140/lib .) at C:\home\stro\cpan\build\5.14.0\App-Rad-1.05_01-YxPYZt\blib\lib/App/Rad.pm line 3.
BEGIN failed--compilation aborted at C:\home\stro\cpan\build\5.14.0\App-Rad-1.05_01-YxPYZt\blib\lib/App/Rad.pm line 3.
Compilation failed in require at C:\Windows\Temp\utD1rNANJb line 1.
BEGIN failed--compilation aborted at C:\Windows\Temp\utD1rNANJb line 1.

#   Failed test at t/05-commands.t line 45.
#          got: ''
#     expected: 'my test #1
# '
Can't locate App/Rad/Parser.pm in @INC (@INC contains: C:\home\stro\cpan\build\5.14.0\App-Rad-1.05_01-YxPYZt\blib\lib C:\home\stro\cpan\build\5.14.0\App-Rad-1.05_01-YxPYZt\blib\arch C:/home/stro/perl/perl5140/site/lib C:/home/stro/perl/perl5140/lib .) at C:\home\stro\cpan\build\5.14.0\App-Rad-1.05_01-YxPYZt\blib\lib/App/Rad.pm line 3.
BEGIN failed--compilation aborted at C:\home\stro\cpan\build\5.14.0\App-Rad-1.05_01-YxPYZt\blib\lib/App/Rad.pm line 3.
Compilation failed in require at C:\Windows\Temp\utD1rNANJb line 1.
BEGIN failed--compilation aborted at C:\Windows\Temp\utD1rNANJb line 1.

#   Failed test at t/05-commands.t line 49.
#          got: ''
#     expected: 'got tested
# '
# Looks like you failed 3 tests of 3.
t/05-commands.t ............... 
Dubious, test returned 3 (wstat 768, 0x300)
Failed 3/3 subtests 
# using temporary program file 'C:\Windows\Temp\_zmK5cFMBE' to test functionality
Can't locate App/Rad/Parser.pm in @INC (@INC contains: C:\home\stro\cpan\build\5.14.0\App-Rad-1.05_01-YxPYZt\blib\lib C:\home\stro\cpan\build\5.14.0\App-Rad-1.05_01-YxPYZt\blib\arch C:/home/stro/perl/perl5140/site/lib C:/home/stro/perl/perl5140/lib .) at C:\home\stro\cpan\build\5.14.0\App-Rad-1.05_01-YxPYZt\blib\lib/App/Rad.pm line 3.
BEGIN failed--compilation aborted at C:\home\stro\cpan\build\5.14.0\App-Rad-1.05_01-YxPYZt\blib\lib/App/Rad.pm line 3.
Compilation failed in require at C:\Windows\Temp\_zmK5cFMBE line 1.
BEGIN failed--compilation aborted at C:\Windows\Temp\_zmK5cFMBE line 1.

#   Failed test at t/05.5-commands_with_args.t line 42.
#          got: ''
#     expected: 'Usage: C:\Windows\Temp\_zmK5cFMBE command [arguments]
# 
# Available Commands:
#     exclude	completely erase command from your program
#     help   	show syntax and available commands
#     include	include one-liner as a command
#     test1  	
# 
# '
Can't locate App/Rad/Parser.pm in @INC (@INC contains: C:\home\stro\cpan\build\5.14.0\App-Rad-1.05_01-YxPYZt\blib\lib C:\home\stro\cpan\build\5.14.0\App-Rad-1.05_01-YxPYZt\blib\arch C:/home/stro/perl/perl5140/site/lib C:/home/stro/perl/perl5140/lib .) at C:\home\stro\cpan\build\5.14.0\App-Rad-1.05_01-YxPYZt\blib\lib/App/Rad.pm line 3.
BEGIN failed--compilation aborted at C:\home\stro\cpan\build\5.14.0\App-Rad-1.05_01-YxPYZt\blib\lib/App/Rad.pm line 3.
Compilation failed in require at C:\Windows\Temp\_zmK5cFMBE line 1.
BEGIN failed--compilation aborted at C:\Windows\Temp\_zmK5cFMBE line 1.

#   Failed test at t/05.5-commands_with_args.t line 47.
#          got: ''
#     expected: 'my test #1
# '
Can't locate App/Rad/Parser.pm in @INC (@INC contains: C:\home\stro\cpan\build\5.14.0\App-Rad-1.05_01-YxPYZt\blib\lib C:\home\stro\cpan\build\5.14.0\App-Rad-1.05_01-YxPYZt\blib\arch C:/home/stro/perl/perl5140/site/lib C:/home/stro/perl/perl5140/lib .) at C:\home\stro\cpan\build\5.14.0\App-Rad-1.05_01-YxPYZt\blib\lib/App/Rad.pm line 3.
BEGIN failed--compilation aborted at C:\home\stro\cpan\build\5.14.0\App-Rad-1.05_01-YxPYZt\blib\lib/App/Rad.pm line 3.
Compilation failed in require at C:\Windows\Temp\_zmK5cFMBE line 1.
BEGIN failed--compilation aborted at C:\Windows\Temp\_zmK5cFMBE line 1.

#   Failed test at t/05.5-commands_with_args.t line 51.
#          got: ''
#     expected: 'got tested
# '
# Looks like you failed 3 tests of 3.
t/05.5-commands_with_args.t ... 
Dubious, test returned 3 (wstat 768, 0x300)
Failed 3/3 subtests 
# using temporary program file 'C:\Windows\Temp\Jhe4iKIkhY' to test functionality
Can't locate App/Rad/Parser.pm in @INC (@INC contains: C:\home\stro\cpan\build\5.14.0\App-Rad-1.05_01-YxPYZt\blib\lib C:\home\stro\cpan\build\5.14.0\App-Rad-1.05_01-YxPYZt\blib\arch C:/home/stro/perl/perl5140/site/lib C:/home/stro/perl/perl5140/lib .) at C:\home\stro\cpan\build\5.14.0\App-Rad-1.05_01-YxPYZt\blib\lib/App/Rad.pm line 3.
BEGIN failed--compilation aborted at C:\home\stro\cpan\build\5.14.0\App-Rad-1.05_01-YxPYZt\blib\lib/App/Rad.pm line 3.
Compilation failed in require at C:\Windows\Temp\Jhe4iKIkhY line 1.
BEGIN failed--compilation aborted at C:\Windows\Temp\Jhe4iKIkhY line 1.

#   Failed test at t/06-pre_post_tear.t line 59.
#          got: ''
#     expected: 'Usage: C:\Windows\Temp\Jhe4iKIkhY command [arguments]
# 
# Available Commands:
#     help 	show syntax and available commands
#     test1	
#  [NARF!]
# tearing down...'
Can't locate App/Rad/Parser.pm in @INC (@INC contains: C:\home\stro\cpan\build\5.14.0\App-Rad-1.05_01-YxPYZt\blib\lib C:\home\stro\cpan\build\5.14.0\App-Rad-1.05_01-YxPYZt\blib\arch C:/home/stro/perl/perl5140/site/lib C:/home/stro/perl/perl5140/lib .) at C:\home\stro\cpan\build\5.14.0\App-Rad-1.05_01-YxPYZt\blib\lib/App/Rad.pm line 3.
BEGIN failed--compilation aborted at C:\home\stro\cpan\build\5.14.0\App-Rad-1.05_01-YxPYZt\blib\lib/App/Rad.pm line 3.
Compilation failed in require at C:\Windows\Temp\Jhe4iKIkhY line 1.
BEGIN failed--compilation aborted at C:\Windows\Temp\Jhe4iKIkhY line 1.

#   Failed test at t/06-pre_post_tear.t line 63.
#          got: ''
#     expected: 'my test #1 [NARF!]
# tearing down...'
Can't locate App/Rad/Parser.pm in @INC (@INC contains: C:\home\stro\cpan\build\5.14.0\App-Rad-1.05_01-YxPYZt\blib\lib C:\home\stro\cpan\build\5.14.0\App-Rad-1.05_01-YxPYZt\blib\arch C:/home/stro/perl/perl5140/site/lib C:/home/stro/perl/perl5140/lib .) at C:\home\stro\cpan\build\5.14.0\App-Rad-1.05_01-YxPYZt\blib\lib/App/Rad.pm line 3.
BEGIN failed--compilation aborted at C:\home\stro\cpan\build\5.14.0\App-Rad-1.05_01-YxPYZt\blib\lib/App/Rad.pm line 3.
Compilation failed in require at C:\Windows\Temp\Jhe4iKIkhY line 1.
BEGIN failed--compilation aborted at C:\Windows\Temp\Jhe4iKIkhY line 1.

#   Failed test at t/06-pre_post_tear.t line 67.
#          got: ''
#     expected: 'got tested again [NARF!]
# tearing down...'
# Looks like you failed 3 tests of 3.
t/06-pre_post_tear.t .......... 
Dubious, test returned 3 (wstat 768, 0x300)
Failed 3/3 subtests 
Can't locate App/Rad/Tester.pm in @INC (@INC contains: C:\home\stro\cpan\build\5.14.0\App-Rad-1.05_01-YxPYZt\blib\lib C:\home\stro\cpan\build\5.14.0\App-Rad-1.05_01-YxPYZt\blib\arch C:/home/stro/perl/perl5140/site/lib C:/home/stro/perl/perl5140/lib .) at t/07-argv_and_opt.t line 2.
BEGIN failed--compilation aborted at t/07-argv_and_opt.t line 2.
t/07-argv_and_opt.t ........... 
Dubious, test returned 2 (wstat 512, 0x200)
Failed 36/36 subtests 
Can't locate App/Rad/Tester.pm in @INC (@INC contains: C:\home\stro\cpan\build\5.14.0\App-Rad-1.05_01-YxPYZt\blib\lib C:\home\stro\cpan\build\5.14.0\App-Rad-1.05_01-YxPYZt\blib\arch C:/home/stro/perl/perl5140/site/lib C:/home/stro/perl/perl5140/lib .) at t/08-getopt_long.t line 8.
BEGIN failed--compilation aborted at t/08-getopt_long.t line 8.
t/08-getopt_long.t ............ 
Dubious, test returned 2 (wstat 512, 0x200)
Failed 17/17 subtests 
# using temporary program file 'C:\Windows\Temp\_mq6mlJckz' to test functionality
Can't locate App/Rad/Parser.pm in @INC (@INC contains: C:\home\stro\cpan\build\5.14.0\App-Rad-1.05_01-YxPYZt\blib\lib C:\home\stro\cpan\build\5.14.0\App-Rad-1.05_01-YxPYZt\blib\arch C:/home/stro/perl/perl5140/site/lib C:/home/stro/perl/perl5140/lib .) at C:\home\stro\cpan\build\5.14.0\App-Rad-1.05_01-YxPYZt\blib\lib/App/Rad.pm line 3.
BEGIN failed--compilation aborted at C:\home\stro\cpan\build\5.14.0\App-Rad-1.05_01-YxPYZt\blib\lib/App/Rad.pm line 3.
Compilation failed in require at C:\Windows\Temp\_mq6mlJckz line 1.
BEGIN failed--compilation aborted at C:\Windows\Temp\_mq6mlJckz line 1.

#   Failed test at t/09-stash.t line 52.
#          got: undef
#     expected: 'arrayref:onetwothree'

#   Failed test at t/09-stash.t line 53.
#          got: undef
#     expected: 'hashref:keyvalue'

#   Failed test at t/09-stash.t line 54.
#          got: undef
#     expected: 'num:1'

#   Failed test at t/09-stash.t line 55.
#          got: undef
#     expected: 'string:foo'
# Looks like you failed 4 tests of 4.
t/09-stash.t .................. 
Dubious, test returned 4 (wstat 1024, 0x400)
Failed 4/4 subtests 
# using temporary program file 'C:\Windows\Temp\dgB9JYLr3l' to test functionality
Can't locate App/Rad/Parser.pm in @INC (@INC contains: C:\home\stro\cpan\build\5.14.0\App-Rad-1.05_01-YxPYZt\blib\lib C:\home\stro\cpan\build\5.14.0\App-Rad-1.05_01-YxPYZt\blib\arch C:/home/stro/perl/perl5140/site/lib C:/home/stro/perl/perl5140/lib .) at C:\home\stro\cpan\build\5.14.0\App-Rad-1.05_01-YxPYZt\blib\lib/App/Rad.pm line 3.
BEGIN failed--compilation aborted at C:\home\stro\cpan\build\5.14.0\App-Rad-1.05_01-YxPYZt\blib\lib/App/Rad.pm line 3.
Compilation failed in require at C:\Windows\Temp\dgB9JYLr3l line 1.
BEGIN failed--compilation aborted at C:\Windows\Temp\dgB9JYLr3l line 1.

#   Failed test at t/10-controller_methods.t line 69.
#          got: '0'
#     expected: '23'

#   Failed test at t/10-controller_methods.t line 70.
#          got: undef
#     expected: 'Available: 6'

#   Failed test at t/10-controller_methods.t line 71.
#          got: undef
#     expected: 'andanotherone:ok'

#   Failed test at t/10-controller_methods.t line 72.
#          got: undef
#     expected: 'anothercommand:ok'

#   Failed test at t/10-controller_methods.t line 73.
#          got: undef
#     expected: 'command:ok'

#   Failed test at t/10-controller_methods.t line 74.
#          got: undef
#     expected: 'help:ok'

#   Failed test at t/10-controller_methods.t line 75.
#          got: undef
#     expected: 'list_commands:ok'

#   Failed test at t/10-controller_methods.t line 76.
#          got: undef
#     expected: 'yetanothercommand:ok'

#   Failed test at t/10-controller_methods.t line 77.
#          got: undef
#     expected: ''

#   Failed test at t/10-controller_methods.t line 78.
#          got: undef
#     expected: 'Available: 6'

#   Failed test at t/10-controller_methods.t line 79.
#          got: undef
#     expected: 'alias:ok'

#   Failed test at t/10-controller_methods.t line 80.
#          got: undef
#     expected: 'anothercommand:ok'

#   Failed test at t/10-controller_methods.t line 81.
#          got: undef
#     expected: 'cmd1:ok'

#   Failed test at t/10-controller_methods.t line 82.
#          got: undef
#     expected: 'command:ok'

#   Failed test at t/10-controller_methods.t line 83.
#          got: undef
#     expected: 'help:ok'

#   Failed test at t/10-controller_methods.t line 84.
#          got: undef
#     expected: 'list_commands:ok'

#   Failed test at t/10-controller_methods.t line 85.
#          got: undef
#     expected: ''

#   Failed test at t/10-controller_methods.t line 86.
#          got: undef
#     expected: 'this is an alias, over'

#   Failed test at t/10-controller_methods.t line 87.
#          got: undef
#     expected: 'test'

#   Failed test at t/10-controller_methods.t line 88.
#          got: undef
#     expected: 'Called: command (command)'

#   Failed test at t/10-controller_methods.t line 89.
#          got: undef
#     expected: 'Called: list_commands (list_commands)'

#   Failed test at t/10-controller_methods.t line 90.
#          got: undef
#     expected: 'Called: list_commands (list_commands)'

#   Failed test at t/10-controller_methods.t line 91.
#          got: undef
#     expected: 'Called: alias (alias)'

#   Failed test at t/10-controller_methods.t line 92.
#          got: undef
#     expected: 'Called: cmd1 (cmd1)'
# Looks like you failed 24 tests of 24.
t/10-controller_methods.t ..... 
Dubious, test returned 24 (wstat 6144, 0x1800)
Failed 24/24 subtests 
Can't locate App/Rad/Tester.pm in @INC (@INC contains: C:\home\stro\cpan\build\5.14.0\App-Rad-1.05_01-YxPYZt\blib\lib C:\home\stro\cpan\build\5.14.0\App-Rad-1.05_01-YxPYZt\blib\arch C:/home/stro/perl/perl5140/site/lib C:/home/stro/perl/perl5140/lib .) at t/11-config.t line 5.
BEGIN failed--compilation aborted at t/11-config.t line 5.
t/11-config.t ................. 
Dubious, test returned 2 (wstat 512, 0x200)
Failed 10/10 subtests 
Can't locate App/Rad/Tester.pm in @INC (@INC contains: C:\home\stro\cpan\build\5.14.0\App-Rad-1.05_01-YxPYZt\blib\lib C:\home\stro\cpan\build\5.14.0\App-Rad-1.05_01-YxPYZt\blib\arch C:/home/stro/perl/perl5140/site/lib C:/home/stro/perl/perl5140/lib .) at t/12-register_commands-alt.t line 3.
BEGIN failed--compilation aborted at t/12-register_commands-alt.t line 3.
t/12-register_commands-alt.t .. 
Dubious, test returned 2 (wstat 512, 0x200)
Failed 7/7 subtests 
# using temporary program file 'C:\Windows\Temp\fm6RFUfX0s' to test functionality
Can't locate App/Rad/Parser.pm in @INC (@INC contains: C:\home\stro\cpan\build\5.14.0\App-Rad-1.05_01-YxPYZt\blib\lib C:\home\stro\cpan\build\5.14.0\App-Rad-1.05_01-YxPYZt\blib\arch C:/home/stro/perl/perl5140/site/lib C:/home/stro/perl/perl5140/lib .) at C:\home\stro\cpan\build\5.14.0\App-Rad-1.05_01-YxPYZt\blib\lib/App/Rad.pm line 3.
BEGIN failed--compilation aborted at C:\home\stro\cpan\build\5.14.0\App-Rad-1.05_01-YxPYZt\blib\lib/App/Rad.pm line 3.
Compilation failed in require at C:\Windows\Temp\fm6RFUfX0s line 1.
BEGIN failed--compilation aborted at C:\Windows\Temp\fm6RFUfX0s line 1.

#   Failed test at t/12-register_commands.t line 42.
#          got: ''
#     expected: 'This is default. Over and out.
# '
Can't locate App/Rad/Parser.pm in @INC (@INC contains: C:\home\stro\cpan\build\5.14.0\App-Rad-1.05_01-YxPYZt\blib\lib C:\home\stro\cpan\build\5.14.0\App-Rad-1.05_01-YxPYZt\blib\arch C:/home/stro/perl/perl5140/site/lib C:/home/stro/perl/perl5140/lib .) at C:\home\stro\cpan\build\5.14.0\App-Rad-1.05_01-YxPYZt\blib\lib/App/Rad.pm line 3.
BEGIN failed--compilation aborted at C:\home\stro\cpan\build\5.14.0\App-Rad-1.05_01-YxPYZt\blib\lib/App/Rad.pm line 3.
Compilation failed in require at C:\Windows\Temp\fm6RFUfX0s line 1.
BEGIN failed--compilation aborted at C:\Windows\Temp\fm6RFUfX0s line 1.

#   Failed test at t/12-register_commands.t line 56.
#          got: ''
#     expected: 'Usage: C:\Windows\Temp\fm6RFUfX0s command [arguments]
# 
# Available Commands:
#     bar 	
#     foo 	
#     help	show syntax and available commands
# 
# '
Can't locate App/Rad/Parser.pm in @INC (@INC contains: C:\home\stro\cpan\build\5.14.0\App-Rad-1.05_01-YxPYZt\blib\lib C:\home\stro\cpan\build\5.14.0\App-Rad-1.05_01-YxPYZt\blib\arch C:/home/stro/perl/perl5140/site/lib C:/home/stro/perl/perl5140/lib .) at C:\home\stro\cpan\build\5.14.0\App-Rad-1.05_01-YxPYZt\blib\lib/App/Rad.pm line 3.
BEGIN failed--compilation aborted at C:\home\stro\cpan\build\5.14.0\App-Rad-1.05_01-YxPYZt\blib\lib/App/Rad.pm line 3.
Compilation failed in require at C:\Windows\Temp\fm6RFUfX0s line 1.
BEGIN failed--compilation aborted at C:\Windows\Temp\fm6RFUfX0s line 1.

#   Failed test at t/12-register_commands.t line 59.
#          got: ''
#     expected: 'hello
# '
Can't locate App/Rad/Parser.pm in @INC (@INC contains: C:\home\stro\cpan\build\5.14.0\App-Rad-1.05_01-YxPYZt\blib\lib C:\home\stro\cpan\build\5.14.0\App-Rad-1.05_01-YxPYZt\blib\arch C:/home/stro/perl/perl5140/site/lib C:/home/stro/perl/perl5140/lib .) at C:\home\stro\cpan\build\5.14.0\App-Rad-1.05_01-YxPYZt\blib\lib/App/Rad.pm line 3.
BEGIN failed--compilation aborted at C:\home\stro\cpan\build\5.14.0\App-Rad-1.05_01-YxPYZt\blib\lib/App/Rad.pm line 3.
Compilation failed in require at C:\Windows\Temp\fm6RFUfX0s line 1.
BEGIN failed--compilation aborted at C:\Windows\Temp\fm6RFUfX0s line 1.

#   Failed test at t/12-register_commands.t line 62.
#          got: ''
#     expected: 'This is default. Over and out.
# '
Can't locate App/Rad/Parser.pm in @INC (@INC contains: C:\home\stro\cpan\build\5.14.0\App-Rad-1.05_01-YxPYZt\blib\lib C:\home\stro\cpan\build\5.14.0\App-Rad-1.05_01-YxPYZt\blib\arch C:/home/stro/perl/perl5140/site/lib C:/home/stro/perl/perl5140/lib .) at C:\home\stro\cpan\build\5.14.0\App-Rad-1.05_01-YxPYZt\blib\lib/App/Rad.pm line 3.
BEGIN failed--compilation aborted at C:\home\stro\cpan\build\5.14.0\App-Rad-1.05_01-YxPYZt\blib\lib/App/Rad.pm line 3.
Compilation failed in require at C:\Windows\Temp\fm6RFUfX0s line 1.
BEGIN failed--compilation aborted at C:\Windows\Temp\fm6RFUfX0s line 1.

#   Failed test at t/12-register_commands.t line 65.
#          got: ''
#     expected: 'This is default. Over and out.
# '
Can't locate App/Rad/Parser.pm in @INC (@INC contains: C:\home\stro\cpan\build\5.14.0\App-Rad-1.05_01-YxPYZt\blib\lib C:\home\stro\cpan\build\5.14.0\App-Rad-1.05_01-YxPYZt\blib\arch C:/home/stro/perl/perl5140/site/lib C:/home/stro/perl/perl5140/lib .) at C:\home\stro\cpan\build\5.14.0\App-Rad-1.05_01-YxPYZt\blib\lib/App/Rad.pm line 3.
BEGIN failed--compilation aborted at C:\home\stro\cpan\build\5.14.0\App-Rad-1.05_01-YxPYZt\blib\lib/App/Rad.pm line 3.
Compilation failed in require at C:\Windows\Temp\fm6RFUfX0s line 1.
BEGIN failed--compilation aborted at C:\Windows\Temp\fm6RFUfX0s line 1.

#   Failed test at t/12-register_commands.t line 68.
#          got: ''
#     expected: 'This is default. Over and out.
# '
Can't locate App/Rad/Parser.pm in @INC (@INC contains: C:\home\stro\cpan\build\5.14.0\App-Rad-1.05_01-YxPYZt\blib\lib C:\home\stro\cpan\build\5.14.0\App-Rad-1.05_01-YxPYZt\blib\arch C:/home/stro/perl/perl5140/site/lib C:/home/stro/perl/perl5140/lib .) at C:\home\stro\cpan\build\5.14.0\App-Rad-1.05_01-YxPYZt\blib\lib/App/Rad.pm line 3.
BEGIN failed--compilation aborted at C:\home\stro\cpan\build\5.14.0\App-Rad-1.05_01-YxPYZt\blib\lib/App/Rad.pm line 3.
Compilation failed in require at C:\Windows\Temp\fm6RFUfX0s line 1.
BEGIN failed--compilation aborted at C:\Windows\Temp\fm6RFUfX0s line 1.

#   Failed test at t/12-register_commands.t line 71.
#          got: ''
#     expected: 'hi
# '
# Looks like you failed 7 tests of 7.
t/12-register_commands.t ...... 
Dubious, test returned 7 (wstat 1792, 0x700)
Failed 7/7 subtests 
# using temporary program file 'C:\Windows\Temp\6t_kCPqU3T' to test functionality
Can't locate App/Rad/Parser.pm in @INC (@INC contains: C:\home\stro\cpan\build\5.14.0\App-Rad-1.05_01-YxPYZt\blib\lib C:\home\stro\cpan\build\5.14.0\App-Rad-1.05_01-YxPYZt\blib\arch C:/home/stro/perl/perl5140/site/lib C:/home/stro/perl/perl5140/lib .) at C:\home\stro\cpan\build\5.14.0\App-Rad-1.05_01-YxPYZt\blib\lib/App/Rad.pm line 3.
BEGIN failed--compilation aborted at C:\home\stro\cpan\build\5.14.0\App-Rad-1.05_01-YxPYZt\blib\lib/App/Rad.pm line 3.
Compilation failed in require at C:\Windows\Temp\6t_kCPqU3T line 1.
BEGIN failed--compilation aborted at C:\Windows\Temp\6t_kCPqU3T line 1.

#   Failed test at t/13-register_commands2.t line 49.
#          got: ''
#     expected: 'Usage: C:\Windows\Temp\6t_kCPqU3T command [arguments]
# 
# Available Commands:
#     help         	show syntax and available commands
#     ignore_prefix	this is a command
#     ignore_regexp	this is another command
#     ignore_suffix	this too, since none of us start with a dash
# 
# '
Can't locate App/Rad/Parser.pm in @INC (@INC contains: C:\home\stro\cpan\build\5.14.0\App-Rad-1.05_01-YxPYZt\blib\lib C:\home\stro\cpan\build\5.14.0\App-Rad-1.05_01-YxPYZt\blib\arch C:/home/stro/perl/perl5140/site/lib C:/home/stro/perl/perl5140/lib .) at C:\home\stro\cpan\build\5.14.0\App-Rad-1.05_01-YxPYZt\blib\lib/App/Rad.pm line 3.
BEGIN failed--compilation aborted at C:\home\stro\cpan\build\5.14.0\App-Rad-1.05_01-YxPYZt\blib\lib/App/Rad.pm line 3.
Compilation failed in require at C:\Windows\Temp\6t_kCPqU3T line 1.
BEGIN failed--compilation aborted at C:\Windows\Temp\6t_kCPqU3T line 1.

#   Failed test at t/13-register_commands2.t line 52.
#          got: ''
#     expected: 'Usage: C:\Windows\Temp\6t_kCPqU3T command [arguments]
# 
# Available Commands:
#     help         	show syntax and available commands
#     ignore_prefix	this is a command
#     ignore_regexp	this is another command
#     ignore_suffix	this too, since none of us start with a dash
# 
# '
Can't locate App/Rad/Parser.pm in @INC (@INC contains: C:\home\stro\cpan\build\5.14.0\App-Rad-1.05_01-YxPYZt\blib\lib C:\home\stro\cpan\build\5.14.0\App-Rad-1.05_01-YxPYZt\blib\arch C:/home/stro/perl/perl5140/site/lib C:/home/stro/perl/perl5140/lib .) at C:\home\stro\cpan\build\5.14.0\App-Rad-1.05_01-YxPYZt\blib\lib/App/Rad.pm line 3.
BEGIN failed--compilation aborted at C:\home\stro\cpan\build\5.14.0\App-Rad-1.05_01-YxPYZt\blib\lib/App/Rad.pm line 3.
Compilation failed in require at C:\Windows\Temp\6t_kCPqU3T line 1.
BEGIN failed--compilation aborted at C:\Windows\Temp\6t_kCPqU3T line 1.

#   Failed test at t/13-register_commands2.t line 55.
#          got: ''
#     expected: '1
# '
Can't locate App/Rad/Parser.pm in @INC (@INC contains: C:\home\stro\cpan\build\5.14.0\App-Rad-1.05_01-YxPYZt\blib\lib C:\home\stro\cpan\build\5.14.0\App-Rad-1.05_01-YxPYZt\blib\arch C:/home/stro/perl/perl5140/site/lib C:/home/stro/perl/perl5140/lib .) at C:\home\stro\cpan\build\5.14.0\App-Rad-1.05_01-YxPYZt\blib\lib/App/Rad.pm line 3.
BEGIN failed--compilation aborted at C:\home\stro\cpan\build\5.14.0\App-Rad-1.05_01-YxPYZt\blib\lib/App/Rad.pm line 3.
Compilation failed in require at C:\Windows\Temp\6t_kCPqU3T line 1.
BEGIN failed--compilation aborted at C:\Windows\Temp\6t_kCPqU3T line 1.

#   Failed test at t/13-register_commands2.t line 58.
#          got: ''
#     expected: '2
# '
Can't locate App/Rad/Parser.pm in @INC (@INC contains: C:\home\stro\cpan\build\5.14.0\App-Rad-1.05_01-YxPYZt\blib\lib C:\home\stro\cpan\build\5.14.0\App-Rad-1.05_01-YxPYZt\blib\arch C:/home/stro/perl/perl5140/site/lib C:/home/stro/perl/perl5140/lib .) at C:\home\stro\cpan\build\5.14.0\App-Rad-1.05_01-YxPYZt\blib\lib/App/Rad.pm line 3.
BEGIN failed--compilation aborted at C:\home\stro\cpan\build\5.14.0\App-Rad-1.05_01-YxPYZt\blib\lib/App/Rad.pm line 3.
Compilation failed in require at C:\Windows\Temp\6t_kCPqU3T line 1.
BEGIN failed--compilation aborted at C:\Windows\Temp\6t_kCPqU3T line 1.

#   Failed test at t/13-register_commands2.t line 61.
#          got: ''
#     expected: '3
# '
# Looks like you failed 5 tests of 5.
t/13-register_commands2.t ..... 
Dubious, test returned 5 (wstat 1280, 0x500)
Failed 5/5 subtests 
# using temporary program file 'C:\Windows\Temp\VRSD7YYpbw' to test functionality
Can't locate App/Rad/Parser.pm in @INC (@INC contains: C:\home\stro\cpan\build\5.14.0\App-Rad-1.05_01-YxPYZt\blib\lib C:\home\stro\cpan\build\5.14.0\App-Rad-1.05_01-YxPYZt\blib\arch C:/home/stro/perl/perl5140/site/lib C:/home/stro/perl/perl5140/lib .) at C:\home\stro\cpan\build\5.14.0\App-Rad-1.05_01-YxPYZt\blib\lib/App/Rad.pm line 3.
BEGIN failed--compilation aborted at C:\home\stro\cpan\build\5.14.0\App-Rad-1.05_01-YxPYZt\blib\lib/App/Rad.pm line 3.
Compilation failed in require at C:\Windows\Temp\VRSD7YYpbw line 1.
BEGIN failed--compilation aborted at C:\Windows\Temp\VRSD7YYpbw line 1.

#   Failed test at t/14-register_commands3.t line 38.
#          got: ''
#     expected: 'This is default. Over and out.
# '
Can't locate App/Rad/Parser.pm in @INC (@INC contains: C:\home\stro\cpan\build\5.14.0\App-Rad-1.05_01-YxPYZt\blib\lib C:\home\stro\cpan\build\5.14.0\App-Rad-1.05_01-YxPYZt\blib\arch C:/home/stro/perl/perl5140/site/lib C:/home/stro/perl/perl5140/lib .) at C:\home\stro\cpan\build\5.14.0\App-Rad-1.05_01-YxPYZt\blib\lib/App/Rad.pm line 3.
BEGIN failed--compilation aborted at C:\home\stro\cpan\build\5.14.0\App-Rad-1.05_01-YxPYZt\blib\lib/App/Rad.pm line 3.
Compilation failed in require at C:\Windows\Temp\VRSD7YYpbw line 1.
BEGIN failed--compilation aborted at C:\Windows\Temp\VRSD7YYpbw line 1.

#   Failed test at t/14-register_commands3.t line 52.
#          got: ''
#     expected: 'Usage: C:\Windows\Temp\VRSD7YYpbw command [arguments]
# 
# Available Commands:
#     bar 	
#     foo 	
#     help	show syntax and available commands
# 
# '
Can't locate App/Rad/Parser.pm in @INC (@INC contains: C:\home\stro\cpan\build\5.14.0\App-Rad-1.05_01-YxPYZt\blib\lib C:\home\stro\cpan\build\5.14.0\App-Rad-1.05_01-YxPYZt\blib\arch C:/home/stro/perl/perl5140/site/lib C:/home/stro/perl/perl5140/lib .) at C:\home\stro\cpan\build\5.14.0\App-Rad-1.05_01-YxPYZt\blib\lib/App/Rad.pm line 3.
BEGIN failed--compilation aborted at C:\home\stro\cpan\build\5.14.0\App-Rad-1.05_01-YxPYZt\blib\lib/App/Rad.pm line 3.
Compilation failed in require at C:\Windows\Temp\VRSD7YYpbw line 1.
BEGIN failed--compilation aborted at C:\Windows\Temp\VRSD7YYpbw line 1.

#   Failed test at t/14-register_commands3.t line 55.
#          got: ''
#     expected: 'hello
# '
Can't locate App/Rad/Parser.pm in @INC (@INC contains: C:\home\stro\cpan\build\5.14.0\App-Rad-1.05_01-YxPYZt\blib\lib C:\home\stro\cpan\build\5.14.0\App-Rad-1.05_01-YxPYZt\blib\arch C:/home/stro/perl/perl5140/site/lib C:/home/stro/perl/perl5140/lib .) at C:\home\stro\cpan\build\5.14.0\App-Rad-1.05_01-YxPYZt\blib\lib/App/Rad.pm line 3.
BEGIN failed--compilation aborted at C:\home\stro\cpan\build\5.14.0\App-Rad-1.05_01-YxPYZt\blib\lib/App/Rad.pm line 3.
Compilation failed in require at C:\Windows\Temp\VRSD7YYpbw line 1.
BEGIN failed--compilation aborted at C:\Windows\Temp\VRSD7YYpbw line 1.

#   Failed test at t/14-register_commands3.t line 58.
#          got: ''
#     expected: 'This is default. Over and out.
# '
Can't locate App/Rad/Parser.pm in @INC (@INC contains: C:\home\stro\cpan\build\5.14.0\App-Rad-1.05_01-YxPYZt\blib\lib C:\home\stro\cpan\build\5.14.0\App-Rad-1.05_01-YxPYZt\blib\arch C:/home/stro/perl/perl5140/site/lib C:/home/stro/perl/perl5140/lib .) at C:\home\stro\cpan\build\5.14.0\App-Rad-1.05_01-YxPYZt\blib\lib/App/Rad.pm line 3.
BEGIN failed--compilation aborted at C:\home\stro\cpan\build\5.14.0\App-Rad-1.05_01-YxPYZt\blib\lib/App/Rad.pm line 3.
Compilation failed in require at C:\Windows\Temp\VRSD7YYpbw line 1.
BEGIN failed--compilation aborted at C:\Windows\Temp\VRSD7YYpbw line 1.

#   Failed test at t/14-register_commands3.t line 61.
#          got: ''
#     expected: 'This is default. Over and out.
# '
Can't locate App/Rad/Parser.pm in @INC (@INC contains: C:\home\stro\cpan\build\5.14.0\App-Rad-1.05_01-YxPYZt\blib\lib C:\home\stro\cpan\build\5.14.0\App-Rad-1.05_01-YxPYZt\blib\arch C:/home/stro/perl/perl5140/site/lib C:/home/stro/perl/perl5140/lib .) at C:\home\stro\cpan\build\5.14.0\App-Rad-1.05_01-YxPYZt\blib\lib/App/Rad.pm line 3.
BEGIN failed--compilation aborted at C:\home\stro\cpan\build\5.14.0\App-Rad-1.05_01-YxPYZt\blib\lib/App/Rad.pm line 3.
Compilation failed in require at C:\Windows\Temp\VRSD7YYpbw line 1.
BEGIN failed--compilation aborted at C:\Windows\Temp\VRSD7YYpbw line 1.

#   Failed test at t/14-register_commands3.t line 64.
#          got: ''
#     expected: 'This is default. Over and out.
# '
Can't locate App/Rad/Parser.pm in @INC (@INC contains: C:\home\stro\cpan\build\5.14.0\App-Rad-1.05_01-YxPYZt\blib\lib C:\home\stro\cpan\build\5.14.0\App-Rad-1.05_01-YxPYZt\blib\arch C:/home/stro/perl/perl5140/site/lib C:/home/stro/perl/perl5140/lib .) at C:\home\stro\cpan\build\5.14.0\App-Rad-1.05_01-YxPYZt\blib\lib/App/Rad.pm line 3.
BEGIN failed--compilation aborted at C:\home\stro\cpan\build\5.14.0\App-Rad-1.05_01-YxPYZt\blib\lib/App/Rad.pm line 3.
Compilation failed in require at C:\Windows\Temp\VRSD7YYpbw line 1.
BEGIN failed--compilation aborted at C:\Windows\Temp\VRSD7YYpbw line 1.

#   Failed test at t/14-register_commands3.t line 67.
#          got: ''
#     expected: 'hi
# '
# Looks like you failed 7 tests of 7.
t/14-register_commands3.t ..... 
Dubious, test returned 7 (wstat 1792, 0x700)
Failed 7/7 subtests 
# using temporary program file 'C:\Windows\Temp\klMHdaJGmN' to test functionality
Can't locate App/Rad/Parser.pm in @INC (@INC contains: C:\home\stro\cpan\build\5.14.0\App-Rad-1.05_01-YxPYZt\blib\lib C:\home\stro\cpan\build\5.14.0\App-Rad-1.05_01-YxPYZt\blib\arch C:/home/stro/perl/perl5140/site/lib C:/home/stro/perl/perl5140/lib .) at C:\home\stro\cpan\build\5.14.0\App-Rad-1.05_01-YxPYZt\blib\lib/App/Rad.pm line 3.
BEGIN failed--compilation aborted at C:\home\stro\cpan\build\5.14.0\App-Rad-1.05_01-YxPYZt\blib\lib/App/Rad.pm line 3.
Compilation failed in require at C:\Windows\Temp\klMHdaJGmN line 1.
BEGIN failed--compilation aborted at C:\Windows\Temp\klMHdaJGmN line 1.

#   Failed test at t/15-register_commands4.t line 41.
#          got: ''
#     expected: 'This is default. Over and out.
# '
Can't locate App/Rad/Parser.pm in @INC (@INC contains: C:\home\stro\cpan\build\5.14.0\App-Rad-1.05_01-YxPYZt\blib\lib C:\home\stro\cpan\build\5.14.0\App-Rad-1.05_01-YxPYZt\blib\arch C:/home/stro/perl/perl5140/site/lib C:/home/stro/perl/perl5140/lib .) at C:\home\stro\cpan\build\5.14.0\App-Rad-1.05_01-YxPYZt\blib\lib/App/Rad.pm line 3.
BEGIN failed--compilation aborted at C:\home\stro\cpan\build\5.14.0\App-Rad-1.05_01-YxPYZt\blib\lib/App/Rad.pm line 3.
Compilation failed in require at C:\Windows\Temp\klMHdaJGmN line 1.
BEGIN failed--compilation aborted at C:\Windows\Temp\klMHdaJGmN line 1.

#   Failed test at t/15-register_commands4.t line 56.
#          got: ''
#     expected: 'Usage: C:\Windows\Temp\klMHdaJGmN command [arguments]
# 
# Available Commands:
#     bar   	
#     foo   	
#     foocmd	
#     help  	show syntax and available commands
# 
# '
Can't locate App/Rad/Parser.pm in @INC (@INC contains: C:\home\stro\cpan\build\5.14.0\App-Rad-1.05_01-YxPYZt\blib\lib C:\home\stro\cpan\build\5.14.0\App-Rad-1.05_01-YxPYZt\blib\arch C:/home/stro/perl/perl5140/site/lib C:/home/stro/perl/perl5140/lib .) at C:\home\stro\cpan\build\5.14.0\App-Rad-1.05_01-YxPYZt\blib\lib/App/Rad.pm line 3.
BEGIN failed--compilation aborted at C:\home\stro\cpan\build\5.14.0\App-Rad-1.05_01-YxPYZt\blib\lib/App/Rad.pm line 3.
Compilation failed in require at C:\Windows\Temp\klMHdaJGmN line 1.
BEGIN failed--compilation aborted at C:\Windows\Temp\klMHdaJGmN line 1.

#   Failed test at t/15-register_commands4.t line 59.
#          got: ''
#     expected: 'hello
# '
Can't locate App/Rad/Parser.pm in @INC (@INC contains: C:\home\stro\cpan\build\5.14.0\App-Rad-1.05_01-YxPYZt\blib\lib C:\home\stro\cpan\build\5.14.0\App-Rad-1.05_01-YxPYZt\blib\arch C:/home/stro/perl/perl5140/site/lib C:/home/stro/perl/perl5140/lib .) at C:\home\stro\cpan\build\5.14.0\App-Rad-1.05_01-YxPYZt\blib\lib/App/Rad.pm line 3.
BEGIN failed--compilation aborted at C:\home\stro\cpan\build\5.14.0\App-Rad-1.05_01-YxPYZt\blib\lib/App/Rad.pm line 3.
Compilation failed in require at C:\Windows\Temp\klMHdaJGmN line 1.
BEGIN failed--compilation aborted at C:\Windows\Temp\klMHdaJGmN line 1.

#   Failed test at t/15-register_commands4.t line 62.
#          got: ''
#     expected: 'This is default. Over and out.
# '
Can't locate App/Rad/Parser.pm in @INC (@INC contains: C:\home\stro\cpan\build\5.14.0\App-Rad-1.05_01-YxPYZt\blib\lib C:\home\stro\cpan\build\5.14.0\App-Rad-1.05_01-YxPYZt\blib\arch C:/home/stro/perl/perl5140/site/lib C:/home/stro/perl/perl5140/lib .) at C:\home\stro\cpan\build\5.14.0\App-Rad-1.05_01-YxPYZt\blib\lib/App/Rad.pm line 3.
BEGIN failed--compilation aborted at C:\home\stro\cpan\build\5.14.0\App-Rad-1.05_01-YxPYZt\blib\lib/App/Rad.pm line 3.
Compilation failed in require at C:\Windows\Temp\klMHdaJGmN line 1.
BEGIN failed--compilation aborted at C:\Windows\Temp\klMHdaJGmN line 1.

#   Failed test at t/15-register_commands4.t line 65.
#          got: ''
#     expected: 'yo
# '
Can't locate App/Rad/Parser.pm in @INC (@INC contains: C:\home\stro\cpan\build\5.14.0\App-Rad-1.05_01-YxPYZt\blib\lib C:\home\stro\cpan\build\5.14.0\App-Rad-1.05_01-YxPYZt\blib\arch C:/home/stro/perl/perl5140/site/lib C:/home/stro/perl/perl5140/lib .) at C:\home\stro\cpan\build\5.14.0\App-Rad-1.05_01-YxPYZt\blib\lib/App/Rad.pm line 3.
BEGIN failed--compilation aborted at C:\home\stro\cpan\build\5.14.0\App-Rad-1.05_01-YxPYZt\blib\lib/App/Rad.pm line 3.
Compilation failed in require at C:\Windows\Temp\klMHdaJGmN line 1.
BEGIN failed--compilation aborted at C:\Windows\Temp\klMHdaJGmN line 1.

#   Failed test at t/15-register_commands4.t line 68.
#          got: ''
#     expected: 'This is default. Over and out.
# '
Can't locate App/Rad/Parser.pm in @INC (@INC contains: C:\home\stro\cpan\build\5.14.0\App-Rad-1.05_01-YxPYZt\blib\lib C:\home\stro\cpan\build\5.14.0\App-Rad-1.05_01-YxPYZt\blib\arch C:/home/stro/perl/perl5140/site/lib C:/home/stro/perl/perl5140/lib .) at C:\home\stro\cpan\build\5.14.0\App-Rad-1.05_01-YxPYZt\blib\lib/App/Rad.pm line 3.
BEGIN failed--compilation aborted at C:\home\stro\cpan\build\5.14.0\App-Rad-1.05_01-YxPYZt\blib\lib/App/Rad.pm line 3.
Compilation failed in require at C:\Windows\Temp\klMHdaJGmN line 1.
BEGIN failed--compilation aborted at C:\Windows\Temp\klMHdaJGmN line 1.

#   Failed test at t/15-register_commands4.t line 71.
#          got: ''
#     expected: 'hi
# '
# Looks like you failed 7 tests of 7.
t/15-register_commands4.t ..... 
Dubious, test returned 7 (wstat 1792, 0x700)
Failed 7/7 subtests 
# using temporary program file 'C:\Windows\Temp\GHzlrkdjNH' to test functionality
Can't locate App/Rad/Parser.pm in @INC (@INC contains: C:\home\stro\cpan\build\5.14.0\App-Rad-1.05_01-YxPYZt\blib\lib C:\home\stro\cpan\build\5.14.0\App-Rad-1.05_01-YxPYZt\blib\arch C:/home/stro/perl/perl5140/site/lib C:/home/stro/perl/perl5140/lib .) at C:\home\stro\cpan\build\5.14.0\App-Rad-1.05_01-YxPYZt\blib\lib/App/Rad.pm line 3.
BEGIN failed--compilation aborted at C:\home\stro\cpan\build\5.14.0\App-Rad-1.05_01-YxPYZt\blib\lib/App/Rad.pm line 3.
Compilation failed in require at C:\Windows\Temp\GHzlrkdjNH line 1.
BEGIN failed--compilation aborted at C:\Windows\Temp\GHzlrkdjNH line 1.

#   Failed test at t/16-register_commands5.t line 43.
#          got: ''
#     expected: 'This is default. Over and out.
# '
Can't locate App/Rad/Parser.pm in @INC (@INC contains: C:\home\stro\cpan\build\5.14.0\App-Rad-1.05_01-YxPYZt\blib\lib C:\home\stro\cpan\build\5.14.0\App-Rad-1.05_01-YxPYZt\blib\arch C:/home/stro/perl/perl5140/site/lib C:/home/stro/perl/perl5140/lib .) at C:\home\stro\cpan\build\5.14.0\App-Rad-1.05_01-YxPYZt\blib\lib/App/Rad.pm line 3.
BEGIN failed--compilation aborted at C:\home\stro\cpan\build\5.14.0\App-Rad-1.05_01-YxPYZt\blib\lib/App/Rad.pm line 3.
Compilation failed in require at C:\Windows\Temp\GHzlrkdjNH line 1.
BEGIN failed--compilation aborted at C:\Windows\Temp\GHzlrkdjNH line 1.

#   Failed test at t/16-register_commands5.t line 58.
#          got: ''
#     expected: 'Usage: C:\Windows\Temp\GHzlrkdjNH command [arguments]
# 
# Available Commands:
#     bar   	help your bar
#     foo   	help your foo
#     foocmd	
#     help  	show syntax and available commands
# 
# '
Can't locate App/Rad/Parser.pm in @INC (@INC contains: C:\home\stro\cpan\build\5.14.0\App-Rad-1.05_01-YxPYZt\blib\lib C:\home\stro\cpan\build\5.14.0\App-Rad-1.05_01-YxPYZt\blib\arch C:/home/stro/perl/perl5140/site/lib C:/home/stro/perl/perl5140/lib .) at C:\home\stro\cpan\build\5.14.0\App-Rad-1.05_01-YxPYZt\blib\lib/App/Rad.pm line 3.
BEGIN failed--compilation aborted at C:\home\stro\cpan\build\5.14.0\App-Rad-1.05_01-YxPYZt\blib\lib/App/Rad.pm line 3.
Compilation failed in require at C:\Windows\Temp\GHzlrkdjNH line 1.
BEGIN failed--compilation aborted at C:\Windows\Temp\GHzlrkdjNH line 1.

#   Failed test at t/16-register_commands5.t line 61.
#          got: ''
#     expected: 'hello
# '
Can't locate App/Rad/Parser.pm in @INC (@INC contains: C:\home\stro\cpan\build\5.14.0\App-Rad-1.05_01-YxPYZt\blib\lib C:\home\stro\cpan\build\5.14.0\App-Rad-1.05_01-YxPYZt\blib\arch C:/home/stro/perl/perl5140/site/lib C:/home/stro/perl/perl5140/lib .) at C:\home\stro\cpan\build\5.14.0\App-Rad-1.05_01-YxPYZt\blib\lib/App/Rad.pm line 3.
BEGIN failed--compilation aborted at C:\home\stro\cpan\build\5.14.0\App-Rad-1.05_01-YxPYZt\blib\lib/App/Rad.pm line 3.
Compilation failed in require at C:\Windows\Temp\GHzlrkdjNH line 1.
BEGIN failed--compilation aborted at C:\Windows\Temp\GHzlrkdjNH line 1.

#   Failed test at t/16-register_commands5.t line 64.
#          got: ''
#     expected: 'This is default. Over and out.
# '
Can't locate App/Rad/Parser.pm in @INC (@INC contains: C:\home\stro\cpan\build\5.14.0\App-Rad-1.05_01-YxPYZt\blib\lib C:\home\stro\cpan\build\5.14.0\App-Rad-1.05_01-YxPYZt\blib\arch C:/home/stro/perl/perl5140/site/lib C:/home/stro/perl/perl5140/lib .) at C:\home\stro\cpan\build\5.14.0\App-Rad-1.05_01-YxPYZt\blib\lib/App/Rad.pm line 3.
BEGIN failed--compilation aborted at C:\home\stro\cpan\build\5.14.0\App-Rad-1.05_01-YxPYZt\blib\lib/App/Rad.pm line 3.
Compilation failed in require at C:\Windows\Temp\GHzlrkdjNH line 1.
BEGIN failed--compilation aborted at C:\Windows\Temp\GHzlrkdjNH line 1.

#   Failed test at t/16-register_commands5.t line 67.
#          got: ''
#     expected: 'yo
# '
Can't locate App/Rad/Parser.pm in @INC (@INC contains: C:\home\stro\cpan\build\5.14.0\App-Rad-1.05_01-YxPYZt\blib\lib C:\home\stro\cpan\build\5.14.0\App-Rad-1.05_01-YxPYZt\blib\arch C:/home/stro/perl/perl5140/site/lib C:/home/stro/perl/perl5140/lib .) at C:\home\stro\cpan\build\5.14.0\App-Rad-1.05_01-YxPYZt\blib\lib/App/Rad.pm line 3.
BEGIN failed--compilation aborted at C:\home\stro\cpan\build\5.14.0\App-Rad-1.05_01-YxPYZt\blib\lib/App/Rad.pm line 3.
Compilation failed in require at C:\Windows\Temp\GHzlrkdjNH line 1.
BEGIN failed--compilation aborted at C:\Windows\Temp\GHzlrkdjNH line 1.

#   Failed test at t/16-register_commands5.t line 70.
#          got: ''
#     expected: 'This is default. Over and out.
# '
Can't locate App/Rad/Parser.pm in @INC (@INC contains: C:\home\stro\cpan\build\5.14.0\App-Rad-1.05_01-YxPYZt\blib\lib C:\home\stro\cpan\build\5.14.0\App-Rad-1.05_01-YxPYZt\blib\arch C:/home/stro/perl/perl5140/site/lib C:/home/stro/perl/perl5140/lib .) at C:\home\stro\cpan\build\5.14.0\App-Rad-1.05_01-YxPYZt\blib\lib/App/Rad.pm line 3.
BEGIN failed--compilation aborted at C:\home\stro\cpan\build\5.14.0\App-Rad-1.05_01-YxPYZt\blib\lib/App/Rad.pm line 3.
Compilation failed in require at C:\Windows\Temp\GHzlrkdjNH line 1.
BEGIN failed--compilation aborted at C:\Windows\Temp\GHzlrkdjNH line 1.

#   Failed test at t/16-register_commands5.t line 73.
#          got: ''
#     expected: 'hi
# '
# Looks like you failed 7 tests of 7.
t/16-register_commands5.t ..... 
Dubious, test returned 7 (wstat 1792, 0x700)
Failed 7/7 subtests 
# using temporary program file 'C:\Windows\Temp\5_DvEDaXy6' to test functionality
Can't locate App/Rad/Parser.pm in @INC (@INC contains: C:\home\stro\cpan\build\5.14.0\App-Rad-1.05_01-YxPYZt\blib\lib C:\home\stro\cpan\build\5.14.0\App-Rad-1.05_01-YxPYZt\blib\arch C:/home/stro/perl/perl5140/site/lib C:/home/stro/perl/perl5140/lib .) at C:\home\stro\cpan\build\5.14.0\App-Rad-1.05_01-YxPYZt\blib\lib/App/Rad.pm line 3.
BEGIN failed--compilation aborted at C:\home\stro\cpan\build\5.14.0\App-Rad-1.05_01-YxPYZt\blib\lib/App/Rad.pm line 3.
Compilation failed in require at C:\Windows\Temp\5_DvEDaXy6 line 1.
BEGIN failed--compilation aborted at C:\Windows\Temp\5_DvEDaXy6 line 1.

#   Failed test at t/17-register_commands6.t line 46.
#          got: ''
#     expected: 'This is default. Over and out.
# '
Can't locate App/Rad/Parser.pm in @INC (@INC contains: C:\home\stro\cpan\build\5.14.0\App-Rad-1.05_01-YxPYZt\blib\lib C:\home\stro\cpan\build\5.14.0\App-Rad-1.05_01-YxPYZt\blib\arch C:/home/stro/perl/perl5140/site/lib C:/home/stro/perl/perl5140/lib .) at C:\home\stro\cpan\build\5.14.0\App-Rad-1.05_01-YxPYZt\blib\lib/App/Rad.pm line 3.
BEGIN failed--compilation aborted at C:\home\stro\cpan\build\5.14.0\App-Rad-1.05_01-YxPYZt\blib\lib/App/Rad.pm line 3.
Compilation failed in require at C:\Windows\Temp\5_DvEDaXy6 line 1.
BEGIN failed--compilation aborted at C:\Windows\Temp\5_DvEDaXy6 line 1.

#   Failed test at t/17-register_commands6.t line 62.
#          got: ''
#     expected: 'Usage: C:\Windows\Temp\5_DvEDaXy6 command [arguments]
# 
# Available Commands:
#     bar   	
#     baz   	help your baz
#     foo   	
#     foocmd	
#     help  	show syntax and available commands
# 
# '
Can't locate App/Rad/Parser.pm in @INC (@INC contains: C:\home\stro\cpan\build\5.14.0\App-Rad-1.05_01-YxPYZt\blib\lib C:\home\stro\cpan\build\5.14.0\App-Rad-1.05_01-YxPYZt\blib\arch C:/home/stro/perl/perl5140/site/lib C:/home/stro/perl/perl5140/lib .) at C:\home\stro\cpan\build\5.14.0\App-Rad-1.05_01-YxPYZt\blib\lib/App/Rad.pm line 3.
BEGIN failed--compilation aborted at C:\home\stro\cpan\build\5.14.0\App-Rad-1.05_01-YxPYZt\blib\lib/App/Rad.pm line 3.
Compilation failed in require at C:\Windows\Temp\5_DvEDaXy6 line 1.
BEGIN failed--compilation aborted at C:\Windows\Temp\5_DvEDaXy6 line 1.

#   Failed test at t/17-register_commands6.t line 65.
#          got: ''
#     expected: 'hello
# '
Can't locate App/Rad/Parser.pm in @INC (@INC contains: C:\home\stro\cpan\build\5.14.0\App-Rad-1.05_01-YxPYZt\blib\lib C:\home\stro\cpan\build\5.14.0\App-Rad-1.05_01-YxPYZt\blib\arch C:/home/stro/perl/perl5140/site/lib C:/home/stro/perl/perl5140/lib .) at C:\home\stro\cpan\build\5.14.0\App-Rad-1.05_01-YxPYZt\blib\lib/App/Rad.pm line 3.
BEGIN failed--compilation aborted at C:\home\stro\cpan\build\5.14.0\App-Rad-1.05_01-YxPYZt\blib\lib/App/Rad.pm line 3.
Compilation failed in require at C:\Windows\Temp\5_DvEDaXy6 line 1.
BEGIN failed--compilation aborted at C:\Windows\Temp\5_DvEDaXy6 line 1.

#   Failed test at t/17-register_commands6.t line 68.
#          got: ''
#     expected: 'This is default. Over and out.
# '
Can't locate App/Rad/Parser.pm in @INC (@INC contains: C:\home\stro\cpan\build\5.14.0\App-Rad-1.05_01-YxPYZt\blib\lib C:\home\stro\cpan\build\5.14.0\App-Rad-1.05_01-YxPYZt\blib\arch C:/home/stro/perl/perl5140/site/lib C:/home/stro/perl/perl5140/lib .) at C:\home\stro\cpan\build\5.14.0\App-Rad-1.05_01-YxPYZt\blib\lib/App/Rad.pm line 3.
BEGIN failed--compilation aborted at C:\home\stro\cpan\build\5.14.0\App-Rad-1.05_01-YxPYZt\blib\lib/App/Rad.pm line 3.
Compilation failed in require at C:\Windows\Temp\5_DvEDaXy6 line 1.
BEGIN failed--compilation aborted at C:\Windows\Temp\5_DvEDaXy6 line 1.

#   Failed test at t/17-register_commands6.t line 71.
#          got: ''
#     expected: 'yo
# '
Can't locate App/Rad/Parser.pm in @INC (@INC contains: C:\home\stro\cpan\build\5.14.0\App-Rad-1.05_01-YxPYZt\blib\lib C:\home\stro\cpan\build\5.14.0\App-Rad-1.05_01-YxPYZt\blib\arch C:/home/stro/perl/perl5140/site/lib C:/home/stro/perl/perl5140/lib .) at C:\home\stro\cpan\build\5.14.0\App-Rad-1.05_01-YxPYZt\blib\lib/App/Rad.pm line 3.
BEGIN failed--compilation aborted at C:\home\stro\cpan\build\5.14.0\App-Rad-1.05_01-YxPYZt\blib\lib/App/Rad.pm line 3.
Compilation failed in require at C:\Windows\Temp\5_DvEDaXy6 line 1.
BEGIN failed--compilation aborted at C:\Windows\Temp\5_DvEDaXy6 line 1.

#   Failed test at t/17-register_commands6.t line 74.
#          got: ''
#     expected: 'This is default. Over and out.
# '
Can't locate App/Rad/Parser.pm in @INC (@INC contains: C:\home\stro\cpan\build\5.14.0\App-Rad-1.05_01-YxPYZt\blib\lib C:\home\stro\cpan\build\5.14.0\App-Rad-1.05_01-YxPYZt\blib\arch C:/home/stro/perl/perl5140/site/lib C:/home/stro/perl/perl5140/lib .) at C:\home\stro\cpan\build\5.14.0\App-Rad-1.05_01-YxPYZt\blib\lib/App/Rad.pm line 3.
BEGIN failed--compilation aborted at C:\home\stro\cpan\build\5.14.0\App-Rad-1.05_01-YxPYZt\blib\lib/App/Rad.pm line 3.
Compilation failed in require at C:\Windows\Temp\5_DvEDaXy6 line 1.
BEGIN failed--compilation aborted at C:\Windows\Temp\5_DvEDaXy6 line 1.

#   Failed test at t/17-register_commands6.t line 77.
#          got: ''
#     expected: 'hi
# '
Can't locate App/Rad/Parser.pm in @INC (@INC contains: C:\home\stro\cpan\build\5.14.0\App-Rad-1.05_01-YxPYZt\blib\lib C:\home\stro\cpan\build\5.14.0\App-Rad-1.05_01-YxPYZt\blib\arch C:/home/stro/perl/perl5140/site/lib C:/home/stro/perl/perl5140/lib .) at C:\home\stro\cpan\build\5.14.0\App-Rad-1.05_01-YxPYZt\blib\lib/App/Rad.pm line 3.
BEGIN failed--compilation aborted at C:\home\stro\cpan\build\5.14.0\App-Rad-1.05_01-YxPYZt\blib\lib/App/Rad.pm line 3.
Compilation failed in require at C:\Windows\Temp\5_DvEDaXy6 line 1.
BEGIN failed--compilation aborted at C:\Windows\Temp\5_DvEDaXy6 line 1.

#   Failed test at t/17-register_commands6.t line 80.
#          got: ''
#     expected: 'waza
# '
# Looks like you failed 8 tests of 8.
t/17-register_commands6.t ..... 
Dubious, test returned 8 (wstat 2048, 0x800)
Failed 8/8 subtests 
# using temporary program file 'C:\Windows\Temp\HbpW6rQhga' to test functionality
Can't locate App/Rad/Parser.pm in @INC (@INC contains: C:\home\stro\cpan\build\5.14.0\App-Rad-1.05_01-YxPYZt\blib\lib C:\home\stro\cpan\build\5.14.0\App-Rad-1.05_01-YxPYZt\blib\arch C:/home/stro/perl/perl5140/site/lib C:/home/stro/perl/perl5140/lib .) at C:\home\stro\cpan\build\5.14.0\App-Rad-1.05_01-YxPYZt\blib\lib/App/Rad.pm line 3.
BEGIN failed--compilation aborted at C:\home\stro\cpan\build\5.14.0\App-Rad-1.05_01-YxPYZt\blib\lib/App/Rad.pm line 3.
Compilation failed in require at C:\Windows\Temp\HbpW6rQhga line 1.
BEGIN failed--compilation aborted at C:\Windows\Temp\HbpW6rQhga line 1.

#   Failed test at t/18-help_by_attribute.t line 43.
#          got: ''
#     expected: 'Usage: C:\Windows\Temp\HbpW6rQhga command [arguments]
# 
# Available Commands:
#     bar       	help for bar
#     baz       	yet another help
#     foo       	help for foo
#     help      	show syntax and available commands
#     singleword	single
# 
# '
# Looks like you failed 1 test of 1.
t/18-help_by_attribute.t ...... 
Dubious, test returned 1 (wstat 256, 0x100)
Failed 1/1 subtests 
Can't locate App/Rad/Parser.pm in @INC (@INC contains: C:/home/stro/cpan/build/5.14.0/App-Rad-1.05_01-YxPYZt/t/lib C:\home\stro\cpan\build\5.14.0\App-Rad-1.05_01-YxPYZt\blib\lib C:\home\stro\cpan\build\5.14.0\App-Rad-1.05_01-YxPYZt\blib\arch C:/home/stro/perl/perl5140/site/lib C:/home/stro/perl/perl5140/lib .) at C:\home\stro\cpan\build\5.14.0\App-Rad-1.05_01-YxPYZt\blib\lib/App/Rad.pm line 3.
BEGIN failed--compilation aborted at C:\home\stro\cpan\build\5.14.0\App-Rad-1.05_01-YxPYZt\blib\lib/App/Rad.pm line 3.
Compilation failed in require at t/19-plugins.t line 5.
BEGIN failed--compilation aborted at t/19-plugins.t line 5.
t/19-plugins.t ................ 
Dubious, test returned 2 (wstat 512, 0x200)
Failed 4/4 subtests 
Can't locate App/Rad/Parser.pm in @INC (@INC contains: C:/home/stro/cpan/build/5.14.0/App-Rad-1.05_01-YxPYZt/t/lib C:\home\stro\cpan\build\5.14.0\App-Rad-1.05_01-YxPYZt\blib\lib C:\home\stro\cpan\build\5.14.0\App-Rad-1.05_01-YxPYZt\blib\arch C:/home/stro/perl/perl5140/site/lib C:/home/stro/perl/perl5140/lib .) at C:\home\stro\cpan\build\5.14.0\App-Rad-1.05_01-YxPYZt\blib\lib/App/Rad.pm line 3.
BEGIN failed--compilation aborted at C:\home\stro\cpan\build\5.14.0\App-Rad-1.05_01-YxPYZt\blib\lib/App/Rad.pm line 3.
Compilation failed in require at t/20-plugins2.t line 5.
BEGIN failed--compilation aborted at t/20-plugins2.t line 5.
t/20-plugins2.t ............... 
Dubious, test returned 2 (wstat 512, 0x200)
Failed 4/4 subtests 
Can't locate App/Rad/Tester.pm in @INC (@INC contains: C:\home\stro\cpan\build\5.14.0\App-Rad-1.05_01-YxPYZt\blib\lib C:\home\stro\cpan\build\5.14.0\App-Rad-1.05_01-YxPYZt\blib\arch C:/home/stro/perl/perl5140/site/lib C:/home/stro/perl/perl5140/lib .) at t/21-named_arguments.t line 2.
BEGIN failed--compilation aborted at t/21-named_arguments.t line 2.
t/21-named_arguments.t ........ 
Dubious, test returned 2 (wstat 512, 0x200)
No subtests run 
t/22-command_with_args.t ...... ok
t/pod.t ....................... ok

Test Summary Report
-------------------
t/00-load.t                 (Wstat: 256 Tests: 4 Failed: 1)
  Failed test:  1
  Non-zero exit status: 1
t/01-standard.t             (Wstat: 512 Tests: 0 Failed: 0)
  Non-zero exit status: 2
  Parse errors: Bad plan.  You planned 14 tests but ran 0.
t/02-defaultprogram.t       (Wstat: 512 Tests: 0 Failed: 0)
  Non-zero exit status: 2
  Parse errors: Bad plan.  You planned 2 tests but ran 0.
t/02.5-default_with_args.t  (Wstat: 512 Tests: 2 Failed: 2)
  Failed tests:  1-2
  Non-zero exit status: 2
t/03-default_override.t     (Wstat: 768 Tests: 3 Failed: 3)
  Failed tests:  1-3
  Non-zero exit status: 3
t/03.5-default_and_invalid.t (Wstat: 1280 Tests: 5 Failed: 5)
  Failed tests:  1-5
  Non-zero exit status: 5
t/04-help_override.t        (Wstat: 512 Tests: 2 Failed: 2)
  Failed tests:  1-2
  Non-zero exit status: 2
t/05-commands-set.t         (Wstat: 512 Tests: 0 Failed: 0)
  Non-zero exit status: 2
  Parse errors: Bad plan.  You planned 3 tests but ran 0.
t/05-commands.t             (Wstat: 768 Tests: 3 Failed: 3)
  Failed tests:  1-3
  Non-zero exit status: 3
t/05.5-commands_with_args.t (Wstat: 768 Tests: 3 Failed: 3)
  Failed tests:  1-3
  Non-zero exit status: 3
t/06-pre_post_tear.t        (Wstat: 768 Tests: 3 Failed: 3)
  Failed tests:  1-3
  Non-zero exit status: 3
t/07-argv_and_opt.t         (Wstat: 512 Tests: 0 Failed: 0)
  Non-zero exit status: 2
  Parse errors: Bad plan.  You planned 36 tests but ran 0.
t/08-getopt_long.t          (Wstat: 512 Tests: 0 Failed: 0)
  Non-zero exit status: 2
  Parse errors: Bad plan.  You planned 17 tests but ran 0.
t/09-stash.t                (Wstat: 1024 Tests: 4 Failed: 4)
  Failed tests:  1-4
  Non-zero exit status: 4
t/10-controller_methods.t   (Wstat: 6144 Tests: 24 Failed: 24)
  Failed tests:  1-24
  Non-zero exit status: 24
t/11-config.t               (Wstat: 512 Tests: 0 Failed: 0)
  Non-zero exit status: 2
  Parse errors: Bad plan.  You planned 10 tests but ran 0.
t/12-register_commands-alt.t (Wstat: 512 Tests: 0 Failed: 0)
  Non-zero exit status: 2
  Parse errors: Bad plan.  You planned 7 tests but ran 0.
t/12-register_commands.t    (Wstat: 1792 Tests: 7 Failed: 7)
  Failed tests:  1-7
  Non-zero exit status: 7
t/13-register_commands2.t   (Wstat: 1280 Tests: 5 Failed: 5)
  Failed tests:  1-5
  Non-zero exit status: 5
t/14-register_commands3.t   (Wstat: 1792 Tests: 7 Failed: 7)
  Failed tests:  1-7
  Non-zero exit status: 7
t/15-register_commands4.t   (Wstat: 1792 Tests: 7 Failed: 7)
  Failed tests:  1-7
  Non-zero exit status: 7
t/16-register_commands5.t   (Wstat: 1792 Tests: 7 Failed: 7)
  Failed tests:  1-7
  Non-zero exit status: 7
t/17-register_commands6.t   (Wstat: 2048 Tests: 8 Failed: 8)
  Failed tests:  1-8
  Non-zero exit status: 8
t/18-help_by_attribute.t    (Wstat: 256 Tests: 1 Failed: 1)
  Failed test:  1
  Non-zero exit status: 1
t/19-plugins.t              (Wstat: 512 Tests: 0 Failed: 0)
  Non-zero exit status: 2
  Parse errors: Bad plan.  You planned 4 tests but ran 0.
t/20-plugins2.t             (Wstat: 512 Tests: 0 Failed: 0)
  Non-zero exit status: 2
  Parse errors: Bad plan.  You planned 4 tests but ran 0.
t/21-named_arguments.t      (Wstat: 512 Tests: 0 Failed: 0)
  Non-zero exit status: 2
  Parse errors: No plan found in TAP output
Files=29, Tests=132,  9 wallclock secs ( 0.14 usr +  0.14 sys =  0.28 CPU)
Result: FAIL
Failed 27/29 test programs. 92/132 subtests failed.
NMAKE : fatal error U1077: 'C:\home\stro\perl\perl5140\bin\perl5.14.0.exe' : return code '0xff'
Stop.

------------------------------
PREREQUISITES
------------------------------

Prerequisite modules loaded:

requires:

    Module              Need Have   
    ------------------- ---- -------
    Attribute::Handlers 0    0.91   
    B::Deparse          0    1.03   
    Carp                0    1.20   
    File::Temp          0    0.22   
    FindBin             0    1.50   
    Getopt::Long        2.36 2.3802 
    Test::More          0    0.98   

build_requires:

    Module              Need Have   
    ------------------- ---- -------
    ExtUtils::MakeMaker 0    6.57_11

configure_requires:

    Module              Need Have   
    ------------------- ---- -------
    ExtUtils::MakeMaker 0    6.57_11


------------------------------
ENVIRONMENT AND OTHER CONTEXT
------------------------------

Environment variables:

    AUTOMATED_TESTING = 1
    COMSPEC = C:\Windows\system32\cmd.exe
    INCLUDE = C:\bin\dev\psdk\2003\Include\.;C:\bin\dev\vc\VC98\atl\include;C:\bin\dev\vc\VC98\mfc\include;C:\bin\dev\vc\VC98\include
    LIB = C:\bin\dev\psdk\2003\Lib\.;C:\bin\dev\vc\VC98\mfc\lib;C:\bin\dev\vc\VC98\lib
    NUMBER_OF_PROCESSORS = 2
    PATH = C:\bin\apps\far\;C:\Program Files\Common Files\Microsoft Shared\Windows Live;C:\bin\sys\msys\bin\;c:\bin\graph\imagemagick-6.5.1-q16;C:\bin\dev\tortoiseSVN;C:\bin\dev\perl\site\bin;C:\bin\dev\perl\bin;c:\bin\run;C:\Windows\system32;C:\Windows;C:\Windows\System32\Wbem;C:\bin\sys\unixutils;C:\bin\dev\tortoiseSVN\bin;C:\bin\sys\sysinternals;C:\bin\db\oracle\instantclient_11_1;C:\Program Files\Intel\WiFi\bin\;C:\Program Files\Common Files\Intel\WirelessCommon\;\;C:\usr\bin;C:\bin\dev\psdk\2003\Bin\.;C:\bin\dev\psdk\2003\Bin\WinNT\.;C:\Windows\System32\WindowsPowerShell\v1.0\;C:\Program Files\Windows Live\Shared;C:\bin\dev\vc\Common\Tools\WinNT;C:\bin\dev\vc\Common\MSDev98\Bin;C:\bin\dev\vc\Common\Tools;C:\bin\dev\vc\VC98\bin;C:\bin\db\postgresql\bin\;C:\bin\dev\psdk\2003\Bin\.;C:\bin\graph\ImageConverterPlus;C:\bin\graph\ImageConverterPlus\Microsoft.VC90.CRT;C:\bin\graph\ImageConverterPlus\Microsoft.VC90.MFC;C:\bin\sys\smartmontools\bin;C:\bin\comm\Nmap
    PERL5LIB = 
    PERL5OPT = 
    PERL5_CPANPLUS_IS_RUNNING = 2360
    PERL5_CPAN_IS_RUNNING = 2360
    PERL5_CPAN_IS_RUNNING_IN_RECURSION = 4872,2360
    PERL_CR_SMOKER_CURRENT = App-Rad-1.05_01
    PERL_EXTUTILS_AUTOINSTALL = --defaultdeps
    PERL_MM_USE_DEFAULT = 1
    PROCESSOR_IDENTIFIER = x86 Family 6 Model 15 Stepping 11, GenuineIntel
    TEMP = C:\Windows\Temp
    TMPDIR = C:\Windows\Temp

Perl special variables (and OS-specific diagnostics, for MSWin32):

    $^X = C:\home\stro\perl\perl5140\bin\perl5.14.0.exe
    $UID/$EUID = 0 / 0
    $GID = 0
    $EGID = 0
    Win32::GetOSName = WinVista
    Win32::GetOSVersion = Service Pack 2, 6, 0, 6002, 2, 2, 0, 768, 1
    Win32::FsType = NTFS
    Win32::IsAdminUser = 1

Perl module toolchain versions installed:

    Module              Have    
    ------------------- --------
    CPAN                1.9600  
    Cwd                 3.36    
    ExtUtils::CBuilder  0.280202
    ExtUtils::Command   1.17    
    ExtUtils::Install   1.56    
    ExtUtils::MakeMaker 6.57_11 
    ExtUtils::Manifest  1.58    
    ExtUtils::ParseXS   2.2206  
    File::Spec          3.33    
    Module::Build       0.3800  
    Module::Signature   n/a     
    Test::Harness       3.23    
    Test::More          0.98    
    YAML                0.73    
    YAML::Syck          1.17    
    version             0.88    


--

Summary of my perl5 (revision 5 version 14 subversion 0) configuration:
   
  Platform:
    osname=MSWin32, osvers=6.0, archname=MSWin32-x86-multi-thread
    uname=''
    config_args='undef'
    hint=recommended, useposix=true, d_sigaction=undef
    useithreads=define, usemultiplicity=define
    useperlio=define, d_sfio=undef, uselargefiles=define, usesocks=undef
    use64bitint=undef, use64bitall=undef, uselongdouble=undef
    usemymalloc=n, bincompat5005=undef
  Compiler:
    cc='cl', ccflags ='-nologo -GF -W3 -MD -Zi -DNDEBUG -O1 -DWIN32 -D_CONSOLE -DNO_STRICT  -DPERL_TEXTMODE_SCRIPTS -DPERL_IMPLICIT_CONTEXT -DPERL_IMPLICIT_SYS -DUSE_PERLIO -D_USE_32BIT_TIME_T',
    optimize='-MD -Zi -DNDEBUG -O1',
    cppflags='-DWIN32'
    ccversion='12.00.8804', gccversion='', gccosandvers=''
    intsize=4, longsize=4, ptrsize=4, doublesize=8, byteorder=1234
    d_longlong=undef, longlongsize=8, d_longdbl=define, longdblsize=8
    ivtype='long', ivsize=4, nvtype='double', nvsize=8, Off_t='__int64', lseeksize=8
    alignbytes=8, prototype=define
  Linker and Libraries:
    ld='link', ldflags ='-nologo -nodefaultlib -debug -opt:ref,icf  -libpath:"c:\home\stro\perl\perl5140\lib\CORE"  -machine:x86'
    libpth=\lib
    libs=oldnames.lib kernel32.lib user32.lib gdi32.lib winspool.lib  comdlg32.lib advapi32.lib shell32.lib ole32.lib oleaut32.lib  netapi32.lib uuid.lib ws2_32.lib mpr.lib winmm.lib  version.lib odbc32.lib odbccp32.lib comctl32.lib msvcrt.lib
    perllibs=oldnames.lib kernel32.lib user32.lib gdi32.lib winspool.lib  comdlg32.lib advapi32.lib shell32.lib ole32.lib oleaut32.lib  netapi32.lib uuid.lib ws2_32.lib mpr.lib winmm.lib  version.lib odbc32.lib odbccp32.lib comctl32.lib msvcrt.lib
    libc=msvcrt.lib, so=dll, useshrplib=true, libperl=perl514.lib
    gnulibc_version=''
  Dynamic Linking:
    dlsrc=dl_win32.xs, dlext=dll, d_dlsymun=undef, ccdlflags=' '
    cccdlflags=' ', lddlflags='-dll -nologo -nodefaultlib -debug -opt:ref,icf  -libpath:"c:\home\stro\perl\perl5140\lib\CORE"  -machine:x86'


Characteristics of this binary (from libperl): 
  Compile-time options: MULTIPLICITY PERL_DONT_CREATE_GVSV
                        PERL_IMPLICIT_CONTEXT PERL_IMPLICIT_SYS
                        PERL_MALLOC_WRAP PERL_PRESERVE_IVUV PL_OP_SLAB_ALLOC
                        USE_ITHREADS USE_LARGE_FILES USE_PERLIO
                        USE_PERL_ATOF
  Built under MSWin32
  Compiled at May 23 2011 23:55:49
  %ENV:
    PERL5_CPANPLUS_IS_RUNNING="2360"
    PERL5_CPAN_IS_RUNNING="2360"
    PERL5_CPAN_IS_RUNNING_IN_RECURSION="4872,2360"
    PERL_CR_SMOKER_CURRENT="App-Rad-1.05_01"
    PERL_EXTUTILS_AUTOINSTALL="--defaultdeps"
    PERL_MM_USE_DEFAULT="1"
  @INC:
    C:/home/stro/perl/perl5140/site/lib
    C:/home/stro/perl/perl5140/lib
    .