Report for DBIx-Skinny-0.0742

Back
From: metabase:user:917c2b6a-77f3-11e5-af78-c9d573d1e3cf
Subject: FAIL DBIx-Skinny-0.0742 v5.20.2 
Date: 2015-11-06T15:14:24Z

This distribution has been tested as part of the CPAN Testers
project, supporting the Perl programming language.  See
http://wiki.cpantesters.org/ for more information or email
questions to cpan-testers-discuss@perl.org


--
Dear Atsushi Kobayashi,

This is a computer-generated report for DBIx-Skinny-0.0742
on perl 5.20.2, created by CPAN-Reporter-1.2015.

Thank you for uploading your work to CPAN.  However, there was a problem
testing your distribution.

If you think this report is invalid, please consult the CPAN Testers Wiki
for suggestions on how to avoid getting FAIL reports for missing library
or binary dependencies, unsupported operating systems, and so on:

http://wiki.cpantesters.org/wiki/CPANAuthorNotes

Sections of this report:

    * Tester comments
    * Program output
    * Prerequisites
    * Environment and other context

------------------------------
TESTER COMMENTS
------------------------------

Additional comments from tester:

this report is from an automated smoke testing program
and was not reviewed by a human for accuracy

------------------------------
PROGRAM OUTPUT
------------------------------

Output from 'C:\Perl\site\bin\dmake.exe test':

C:\Perl\bin\perl.exe "-MExtUtils::Command::MM" "-MTest::Harness" "-e" "undef *Test::Harness::Switches; test_harness(0, 'inc', 'blib\lib', 'blib\arch')" t/*.t t/*/*.t t/*/*/*.t
# DBD::SQLite versin is 1.42
t/001_basic/001_compile.t ............................................... ok
t/001_basic/002_schema_info.t ........................................... ok
t/001_basic/003_explicit_schema.t ....................................... ok
t/001_basic/004_sql.t ................................................... ok
    
    #   Failed test at t/001_basic/005_set_columns.t line 45.
    #     Structures begin differing at:
    #          $got->[0] = '`id` = ?'
    #     $expected->[0] = '`name` = ?'
    
    #   Failed test at t/001_basic/005_set_columns.t line 49.
    #     Structures begin differing at:
    #          $got->[0][0] = 'id'
    #     $expected->[0][0] = 'name'
    # Looks like you failed 2 tests of 2.

#   Failed test 'update mode'
#   at t/001_basic/005_set_columns.t line 60.
# Looks like you failed 1 test of 4.
t/001_basic/005_set_columns.t ........................................... 
Dubious, test returned 1 (wstat 256, 0x100)
Failed 1/4 subtests 
t/001_basic/006_all_in_one_file.t ....................................... ok
t/001_basic/007_connect_info.t .......................................... ok
t/001_basic/008_mixin.t ................................................. ok
t/001_basic/009_no_check_schema.t ....................................... ok
t/001_basic/010_dbh.t ................................................... ok
t/001_basic/011_inflate.t ............................................... ok
t/001_basic/012_trigger.t ............................................... ok
t/001_basic/013_common_trigger.t ........................................ ok
t/001_basic/014_utf8.t .................................................. ok
t/001_basic/015_row_class.t ............................................. ok
t/001_basic/016_row_exception.t ......................................... ok
t/001_basic/017_profile.t ............................................... ok
t/001_basic/018_custom_profiler.t ....................................... ok
t/001_basic/019_profiler_trace.t ........................................ ok
t/001_basic/020_on_connect_do.t ......................................... ok
t/001_basic/021_reconnect.t ............................................. ok
t/001_basic/022_transaction.t ........................................... ok
t/001_basic/023_bulk_insert.t ........................................... ok
t/001_basic/024_bind_column.t ........................................... ok
t/002_common/000_new.t .................................................. ok
t/002_common/001_insert.t ............................................... ok
t/002_common/002_update.t ............................................... ok
t/002_common/003_delete.t ............................................... ok
t/002_common/004_find_or_create.t ....................................... ok
t/002_common/005_count.t ................................................ ok
t/002_common/006_single.t ............................................... ok
t/002_common/007_search.t ............................................... ok
t/002_common/008_search_named.t ......................................... ok
t/002_common/009_search_by_sql.t ........................................ ok
t/002_common/010_resultset.t ............................................ ok
t/002_common/011_do.t ................................................... ok
t/002_common/012_replace.t .............................................. ok
t/002_common/014_find_or_new.t .......................................... ok
t/002_common/015_data2row.t ............................................. ok
t/002_common/016_hash_to_row.t .......................................... ok
t/002_common/017_iterator.t ............................................. ok
t/002_common/018_refetch.t .............................................. ok
t/002_common/019_get_columns.t .......................................... ok
t/002_common/020_get_column.t ........................................... ok
t/002_common/021_quote.t ................................................ ok
cannot unlink file for C:\Users\petr\AppData\Local\Temp\XOZaKAv5Xz\disconnect.db: Permission denied at C:/Perl/lib/File/Temp.pm line 784.
cannot remove directory for C:/Users/petr/AppData/Local/Temp/XOZaKAv5Xz: Directory not empty at C:/Perl/lib/File/Temp.pm line 784.
t/002_common/022_disconnect.t ........................................... ok
t/002_common/023_multi_pk.t ............................................. ok
t/002_common/024_txn_scope.t ............................................ ok
t/002_common/999_delete_by_sql.t ........................................ ok
t/002_common/999_update_by_sql.t ........................................ ok
t/500_deprecated/001_deprecated_setup.t ................................. ok
t/500_deprecated/002_deprecated_profiler.t .............................. ok
t/999_regression/bind_param.t ........................................... ok
t/999_regression/data2itr_objectarray.t ................................. ok
t/999_regression/dbh_and_txn_manager.t .................................. ok
t/999_regression/deflate_bug.t .......................................... ok
t/999_regression/deflate_scalarref.t .................................... ok
t/999_regression/duplicate_update.t ..................................... ok
t/999_regression/empty_update.t ......................................... ok
t/999_regression/get_row_class.t ........................................ ok
t/999_regression/guess_table_name.t ..................................... ok
t/999_regression/loose_connect_options_after_new.t ...................... ok
t/999_regression/new_attr.t ............................................. ok
t/999_regression/no_schema.t ............................................ ok
t/999_regression/prepare_error_handling.t ............................... ok
t/999_regression/row_update_by_scalarref.t .............................. ok
DBD::SQLite::db STORE failed: handle 2 is owned by thread 1300054 not current thread 1da60ec (handles can't be shared between threads and your driver may need a CLONE method added) at C:\Perl\cpan\build\DBIx-Skinny-0.0742-CJulFt\blib\lib/DBIx/Skinny.pm line 291.
Can't call method "id" on an undefined value at t/999_regression/transaction/call_txn_scope_after_fork.t line 20.
t/999_regression/transaction/call_txn_scope_after_fork.t ................ 
Dubious, test returned 25 (wstat 6400, 0x1900)
No subtests run 
t/999_regression/transaction/call_txn_scope_after_missing_connect.t ..... ok

#   Failed test at t/999_regression/transaction/call_txn_scope_and_fork.t line 31.
#                   'DBD::SQLite::db STORE failed: handle 2 is owned by thread 12d0054 not current thread 1d5b5ac (handles can't be shared between threads and your driver may need a CLONE method added) at C:\Perl\cpan\build\DBIx-Skinny-0.0742-CJulFt\blib\lib/DBIx/Skinny.pm line 291.
# '
#     doesn't match '(?^:Detected transaction while processing forked child \(last known transaction at)'
DBD::SQLite::db commit failed: handle 2 is owned by thread 12d0054 not current thread 1d5b5ac (handles can't be shared between threads and your driver may need a CLONE method added) at C:\Perl\cpan\build\DBIx-TransactionManager-1.13-VPxfd1/blib/lib/DBIx/TransactionManager.pm line 66.
# Looks like you failed 1 test of 3.
t/999_regression/transaction/call_txn_scope_and_fork.t .................. 
Dubious, test returned 1 (wstat 256, 0x100)
Failed 1/3 subtests 
DBD::SQLite::db STORE failed: handle 2 is owned by thread 1400054 not current thread 1e8f9b4 (handles can't be shared between threads and your driver may need a CLONE method added) at C:\Perl\cpan\build\DBIx-Skinny-0.0742-CJulFt\blib\lib/DBIx/Skinny.pm line 291.
Can't call method "id" on an undefined value at t/999_regression/transaction/call_txn_scope_before_fork.t line 24.
t/999_regression/transaction/call_txn_scope_before_fork.t ............... 
Dubious, test returned 25 (wstat 6400, 0x1900)
No subtests run 
DBD::SQLite::db STORE failed: handle 2 is owned by thread 1320054 not current thread 1d69bec (handles can't be shared between threads and your driver may need a CLONE method added) at C:\Perl\cpan\build\DBIx-Skinny-0.0742-CJulFt\blib\lib/DBIx/Skinny.pm line 291.
t/999_regression/transaction/call_txn_scope_before_fork_and_rollback.t .. ok
t/999_regression/where_condition_in.t ................................... ok

Test Summary Report
-------------------
t/001_basic/005_set_columns.t                                         (Wstat: 256 Tests: 4 Failed: 1)
  Failed test:  3
  Non-zero exit status: 1
t/999_regression/transaction/call_txn_scope_after_fork.t              (Wstat: 6400 Tests: 0 Failed: 0)
  Non-zero exit status: 25
  Parse errors: No plan found in TAP output
t/999_regression/transaction/call_txn_scope_and_fork.t                (Wstat: 256 Tests: 3 Failed: 1)
  Failed test:  1
  Non-zero exit status: 1
t/999_regression/transaction/call_txn_scope_before_fork.t             (Wstat: 6400 Tests: 0 Failed: 0)
  Non-zero exit status: 25
  Parse errors: No plan found in TAP output
Files=72, Tests=261, 19 wallclock secs ( 0.22 usr +  0.05 sys =  0.27 CPU)
Result: FAIL
Failed 4/72 test programs. 2/261 subtests failed.
dmake.exe:  Error code 255, while making 'test_dynamic'

------------------------------
PREREQUISITES
------------------------------

Prerequisite modules loaded:

requires:

    Module                   Need Have    
    ------------------------ ---- --------
    Carp                     0    1.36    
    Class::Accessor::Lite    0    0.08    
    Class::Load              0    0.22    
    DBI                      0    1.633   
    DBIx::TransactionManager 1.07 1.13    
    IO::Handle               0    1.35    
    Scalar::Util             0    1.42    
    Try::Tiny                0    0.22    
    UNIVERSAL::require       0    0.18    

build_requires:

    Module                   Need Have    
    ------------------------ ---- --------
    ExtUtils::MakeMaker      6.42 6.98    
    Test::More               0.96 1.001014
    Test::SharedFork         0.15 0.34    

configure_requires:

    Module                   Need Have    
    ------------------------ ---- --------
    ExtUtils::MakeMaker      6.42 6.98    


------------------------------
ENVIRONMENT AND OTHER CONTEXT
------------------------------

Environment variables:

    AUTOMATED_TESTING = 1
    COMSPEC = C:\Windows\system32\cmd.exe
    NUMBER_OF_PROCESSORS = 1
    PATH = C:\Perl\site\bin;C:\Perl\bin;C:\Windows\system32;C:\Windows;C:\Windows\System32\Wbem;C:\Windows\System32\WindowsPowerShell\v1.0\;C:\Program Files\Mercurial\;C:\Perl\site\lib\auto\MinGW\bin;C:\Ruby22\bin;C:\Tcl\bin;C:\Perl\site\bin;C:\Perl\bin;C:\Windows\system32;C:\Windows;C:\Windows\System32\Wbem;C:\Windows\System32\WindowsPowerShell\v1.0\;C:\Program Files\Mercurial\;C:\Perl\site\lib\auto\MinGW\bin
    PERL5LIB = C:\Perl\cpan\build\Test-SharedFork-0.34-0D90rg/blib/arch;C:\Perl\cpan\build\Test-SharedFork-0.34-0D90rg/blib/lib;C:\Perl\cpan\build\Test-Requires-0.10-AqPOkk/blib/arch;C:\Perl\cpan\build\Test-Requires-0.10-AqPOkk/blib/lib;C:\Perl\cpan\build\UNIVERSAL-require-0.18-Dlxk7L/blib/arch;C:\Perl\cpan\build\UNIVERSAL-require-0.18-Dlxk7L/blib/lib;C:\Perl\cpan\build\Class-Accessor-Lite-0.08-rp1gQx/blib/arch;C:\Perl\cpan\build\Class-Accessor-Lite-0.08-rp1gQx/blib/lib;C:\Perl\cpan\build\DBIx-TransactionManager-1.13-VPxfd1/blib/arch;C:\Perl\cpan\build\DBIx-TransactionManager-1.13-VPxfd1/blib/lib
    PERL5OPT = 
    PERL5_CPANPLUS_IS_RUNNING = 3636
    PERL5_CPAN_IS_RUNNING = 3636
    PERL5_CPAN_IS_RUNNING_IN_RECURSION = 1640,3636
    PERL_CR_SMOKER_CURRENT = Test-Fixture-DBIxSkinny-0.01
    PERL_EXTUTILS_AUTOINSTALL = --defaultdeps
    PERL_MM_USE_DEFAULT = 1
    PROCESSOR_IDENTIFIER = x86 Family 6 Model 58 Stepping 9, GenuineIntel
    TEMP = C:\Users\petr\AppData\Local\Temp

Perl special variables (and OS-specific diagnostics, for MSWin32):

    $^X = C:\Perl\bin\perl.exe
    $UID/$EUID = 0 / 0
    $GID = 0
    $EGID = 0
    Win32::GetOSName = Win7
    Win32::GetOSVersion = Service Pack 1, 6, 1, 7601, 2, 1, 0, 256, 1
    Win32::FsType = NTFS
    Win32::IsAdminUser = 0

Perl module toolchain versions installed:

    Module              Have    
    ------------------- --------
    CPAN                2.10    
    CPAN::Meta          2.150005
    Cwd                 3.48_01 
    ExtUtils::CBuilder  0.280223
    ExtUtils::Command   1.20    
    ExtUtils::Install   1.68    
    ExtUtils::MakeMaker 6.98    
    ExtUtils::Manifest  1.70    
    ExtUtils::ParseXS   3.24    
    File::Spec          3.48_01 
    JSON                2.90    
    JSON::PP            2.27300 
    Module::Build       0.4214  
    Module::Signature   n/a     
    Parse::CPAN::Meta   1.4414  
    Test::Harness       3.35    
    Test::More          1.001014
    YAML                n/a     
    YAML::Syck          n/a     
    version             0.9912  


--

Summary of my perl5 (revision 5 version 20 subversion 2) configuration:
   
  Platform:
    osname=MSWin32, osvers=5.2, archname=MSWin32-x86-multi-thread-64int
    uname=''
    config_args='undef'
    hint=recommended, useposix=true, d_sigaction=undef
    useithreads=define, usemultiplicity=define
    use64bitint=define, use64bitall=undef, uselongdouble=undef
    usemymalloc=n, bincompat5005=undef
  Compiler:
    cc='C:\Perl\site\bin\gcc.exe', ccflags =' -s -O2 -DWIN32 -DPERL_TEXTMODE_SCRIPTS -DUSE_SITECUSTOMIZE -DPERL_IMPLICIT_CONTEXT -DPERL_IMPLICIT_SYS -DUSE_PERLIO -fwrapv -fno-strict-aliasing -mms-bitfields',
    optimize='-s -O2',
    cppflags='-DWIN32'
    ccversion='', gccversion='4.6.3', gccosandvers=''
    intsize=4, longsize=4, ptrsize=4, doublesize=8, byteorder=12345678
    d_longlong=define, longlongsize=8, d_longdbl=define, longdblsize=12
    ivtype='long long', ivsize=8, nvtype='double', nvsize=8, Off_t='long long', lseeksize=8
    alignbytes=8, prototype=define
  Linker and Libraries:
    ld='C:\Perl\site\bin\g++.exe', ldflags ='-s -static-libgcc -static-libstdc++ -L"C:\Perl\lib\CORE" -L"C:\MinGW\i686-w64-mingw32\lib"'
    libpth=C:\MinGW\i686-w64-mingw32\lib
    libs=-lmoldname -lkernel32 -luser32 -lgdi32 -lwinspool -lcomdlg32 -ladvapi32 -lshell32 -lole32 -loleaut32 -lnetapi32 -luuid -lws2_32 -lmpr -lwinmm -lversion -lodbc32 -lodbccp32 -lcomctl32
    perllibs=-lmoldname -lkernel32 -luser32 -lgdi32 -lwinspool -lcomdlg32 -ladvapi32 -lshell32 -lole32 -loleaut32 -lnetapi32 -luuid -lws2_32 -lmpr -lwinmm -lversion -lodbc32 -lodbccp32 -lcomctl32
    libc=, so=dll, useshrplib=true, libperl=libperl520.a
    gnulibc_version=''
  Dynamic Linking:
    dlsrc=dl_win32.xs, dlext=dll, d_dlsymun=undef, ccdlflags=' '
    cccdlflags=' ', lddlflags='-mdll -s -static-libgcc -static-libstdc++ -L"C:\Perl\lib\CORE" -L"C:\MinGW\i686-w64-mingw32\lib"'


Characteristics of this binary (from libperl): 
  Compile-time options: HAS_TIMES HAVE_INTERP_INTERN MULTIPLICITY
                        PERLIO_LAYERS PERL_DONT_CREATE_GVSV
                        PERL_HASH_FUNC_ONE_AT_A_TIME_HARD
                        PERL_IMPLICIT_CONTEXT PERL_IMPLICIT_SYS
                        PERL_MALLOC_WRAP PERL_NEW_COPY_ON_WRITE
                        PERL_PRESERVE_IVUV USE_64_BIT_INT USE_ITHREADS
                        USE_LARGE_FILES USE_LOCALE USE_LOCALE_COLLATE
                        USE_LOCALE_CTYPE USE_LOCALE_NUMERIC USE_PERLIO
                        USE_PERL_ATOF USE_SITECUSTOMIZE
  Locally applied patches:
	ActivePerl Build 2002 [299195]
  Built under MSWin32
  Compiled at Jul 20 2015 13:29:53
  %ENV:
    PERL5LIB="C:\Perl\cpan\build\Test-SharedFork-0.34-0D90rg/blib/arch;C:\Perl\cpan\build\Test-SharedFork-0.34-0D90rg/blib/lib;C:\Perl\cpan\build\Test-Requires-0.10-AqPOkk/blib/arch;C:\Perl\cpan\build\Test-Requires-0.10-AqPOkk/blib/lib;C:\Perl\cpan\build\UNIVERSAL-require-0.18-Dlxk7L/blib/arch;C:\Perl\cpan\build\UNIVERSAL-require-0.18-Dlxk7L/blib/lib;C:\Perl\cpan\build\Class-Accessor-Lite-0.08-rp1gQx/blib/arch;C:\Perl\cpan\build\Class-Accessor-Lite-0.08-rp1gQx/blib/lib;C:\Perl\cpan\build\DBIx-TransactionManager-1.13-VPxfd1/blib/arch;C:\Perl\cpan\build\DBIx-TransactionManager-1.13-VPxfd1/blib/lib"
    PERL5_CPANPLUS_IS_RUNNING="3636"
    PERL5_CPAN_IS_RUNNING="3636"
    PERL5_CPAN_IS_RUNNING_IN_RECURSION="1640,3636"
    PERL_CR_SMOKER_CURRENT="Test-Fixture-DBIxSkinny-0.01"
    PERL_EXTUTILS_AUTOINSTALL="--defaultdeps"
    PERL_MM_USE_DEFAULT="1"
  @INC:
    C:\Perl\cpan\build\Test-SharedFork-0.34-0D90rg/blib/arch
    C:\Perl\cpan\build\Test-SharedFork-0.34-0D90rg/blib/lib
    C:\Perl\cpan\build\Test-Requires-0.10-AqPOkk/blib/arch
    C:\Perl\cpan\build\Test-Requires-0.10-AqPOkk/blib/lib
    C:\Perl\cpan\build\UNIVERSAL-require-0.18-Dlxk7L/blib/arch
    C:\Perl\cpan\build\UNIVERSAL-require-0.18-Dlxk7L/blib/lib
    C:\Perl\cpan\build\Class-Accessor-Lite-0.08-rp1gQx/blib/arch
    C:\Perl\cpan\build\Class-Accessor-Lite-0.08-rp1gQx/blib/lib
    C:\Perl\cpan\build\DBIx-TransactionManager-1.13-VPxfd1/blib/arch
    C:\Perl\cpan\build\DBIx-TransactionManager-1.13-VPxfd1/blib/lib
    C:/Perl/site/lib/MSWin32-x86-multi-thread-64int
    C:/Perl/site/lib
    C:/Perl/lib
    .