Lingua-FR-Ladl vv0.0.4 Perl 5 v5.12.1 i686-linux

Status
Fail
From
Graham Crookham (GRAHAMC)
Dist
Lingua-FR-Ladl vv0.0.4
Platform
Perl 5 v5.12.1 i686-linux
Date
2010-08-04 16:22:23
ID
769facd2-9fe4-11df-a2d4-0a47d2f65dd1
This distribution has been tested as part of the CPAN Testers
project, supporting the Perl programming language.  See
http://wiki.cpantesters.org/ for more information or email
questions to cpan-testers-discuss@perl.org


--
Dear Ingrid Falk,

This is a computer-generated report for Lingua-FR-Ladl-v0.0.4
on perl 5.12.1, created by CPAN-Reporter-1.18.

Thank you for uploading your work to CPAN.  However, there was a problem
testing your distribution.

If you think this report is invalid, please consult the CPAN Testers Wiki
for suggestions on how to avoid getting FAIL reports for missing library
or binary dependencies, unsupported operating systems, and so on:

http://wiki.cpantesters.org/wiki/CPANAuthorNotes

Sections of this report:

    * Tester comments
    * Program output
    * Prerequisites
    * Environment and other context

------------------------------
TESTER COMMENTS
------------------------------

Additional comments from tester:

this report is from an automated smoke testing program
and was not reviewed by a human for accuracy

------------------------------
PROGRAM OUTPUT
------------------------------

Output from './Build test':

# Testing Lingua::FR::Ladl 0.0.4
t/00.load.t ....... ok

#   Failed test 'Test::Perl::Critic for "blib/lib/Lingua/FR/Ladl/Graph.pm"'
#   at /home/graham/perltest/perl5121/perl/lib/site_perl/5.12.1/Test/Perl/Critic.pm line 110.
# 
# Perl::Critic found these violations in "blib/lib/Lingua/FR/Ladl/Graph.pm":
# Private Member Data shouldn't be accessed directly at line 69, column 18.  Accessing an objects data directly breaks encapsulation and should be avoided.  Example: $object->{ some_key }.  (Severity: 5)
# Private Member Data shouldn't be accessed directly at line 70, column 21.  Accessing an objects data directly breaks encapsulation and should be avoided.  Example: $object->{ some_key }.  (Severity: 5)

#   Failed test 'Test::Perl::Critic for "blib/lib/Lingua/FR/Ladl/Table.pm"'
#   at /home/graham/perltest/perl5121/perl/lib/site_perl/5.12.1/Test/Perl/Critic.pm line 110.
# 
# Perl::Critic found these violations in "blib/lib/Lingua/FR/Ladl/Table.pm":
# Private Member Data shouldn't be accessed directly at line 102, column 17.  Accessing an objects data directly breaks encapsulation and should be avoided.  Example: $object->{ some_key }.  (Severity: 5)
# Private Member Data shouldn't be accessed directly at line 103, column 5.  Accessing an objects data directly breaks encapsulation and should be avoided.  Example: $object->{ some_key }.  (Severity: 5)
# Private Member Data shouldn't be accessed directly at line 103, column 26.  Accessing an objects data directly breaks encapsulation and should be avoided.  Example: $object->{ some_key }.  (Severity: 5)
# Private Member Data shouldn't be accessed directly at line 104, column 13.  Accessing an objects data directly breaks encapsulation and should be avoided.  Example: $object->{ some_key }.  (Severity: 5)
# Private Member Data shouldn't be accessed directly at line 107, column 22.  Accessing an objects data directly breaks encapsulation and should be avoided.  Example: $object->{ some_key }.  (Severity: 5)
# Private Member Data shouldn't be accessed directly at line 107, column 42.  Accessing an objects data directly breaks encapsulation and should be avoided.  Example: $object->{ some_key }.  (Severity: 5)
# Private Member Data shouldn't be accessed directly at line 108, column 7.  Accessing an objects data directly breaks encapsulation and should be avoided.  Example: $object->{ some_key }.  (Severity: 5)
# Private Member Data shouldn't be accessed directly at line 108, column 28.  Accessing an objects data directly breaks encapsulation and should be avoided.  Example: $object->{ some_key }.  (Severity: 5)
# Private Member Data shouldn't be accessed directly at line 109, column 24.  Accessing an objects data directly breaks encapsulation and should be avoided.  Example: $object->{ some_key }.  (Severity: 5)
# Private Member Data shouldn't be accessed directly at line 109, column 45.  Accessing an objects data directly breaks encapsulation and should be avoided.  Example: $object->{ some_key }.  (Severity: 5)
# Private Member Data shouldn't be accessed directly at line 110, column 20.  Accessing an objects data directly breaks encapsulation and should be avoided.  Example: $object->{ some_key }.  (Severity: 5)
# Private Member Data shouldn't be accessed directly at line 112, column 11.  Accessing an objects data directly breaks encapsulation and should be avoided.  Example: $object->{ some_key }.  (Severity: 5)
# Private Member Data shouldn't be accessed directly at line 112, column 40.  Accessing an objects data directly breaks encapsulation and should be avoided.  Example: $object->{ some_key }.  (Severity: 5)
# Private Member Data shouldn't be accessed directly at line 116, column 25.  Accessing an objects data directly breaks encapsulation and should be avoided.  Example: $object->{ some_key }.  (Severity: 5)
# Private Member Data shouldn't be accessed directly at line 116, column 43.  Accessing an objects data directly breaks encapsulation and should be avoided.  Example: $object->{ some_key }.  (Severity: 5)
# Private Member Data shouldn't be accessed directly at line 138, column 7.  Accessing an objects data directly breaks encapsulation and should be avoided.  Example: $object->{ some_key }.  (Severity: 5)
# Private Member Data shouldn't be accessed directly at line 163, column 18.  Accessing an objects data directly breaks encapsulation and should be avoided.  Example: $object->{ some_key }.  (Severity: 5)
# Private Member Data shouldn't be accessed directly at line 164, column 21.  Accessing an objects data directly breaks encapsulation and should be avoided.  Example: $object->{ some_key }.  (Severity: 5)
# Private Member Data shouldn't be accessed directly at line 240, column 16.  Accessing an objects data directly breaks encapsulation and should be avoided.  Example: $object->{ some_key }.  (Severity: 5)
# Private Member Data shouldn't be accessed directly at line 241, column 14.  Accessing an objects data directly breaks encapsulation and should be avoided.  Example: $object->{ some_key }.  (Severity: 5)
# Private Member Data shouldn't be accessed directly at line 379, column 12.  Accessing an objects data directly breaks encapsulation and should be avoided.  Example: $object->{ some_key }.  (Severity: 5)
# Private Member Data shouldn't be accessed directly at line 404, column 79.  Accessing an objects data directly breaks encapsulation and should be avoided.  Example: $object->{ some_key }.  (Severity: 5)
# Private Member Data shouldn't be accessed directly at line 455, column 9.  Accessing an objects data directly breaks encapsulation and should be avoided.  Example: $object->{ some_key }.  (Severity: 5)
# Private Member Data shouldn't be accessed directly at line 497, column 27.  Accessing an objects data directly breaks encapsulation and should be avoided.  Example: $object->{ some_key }.  (Severity: 5)
# Looks like you failed 2 tests of 6.
t/perlcritic.t .... 
Dubious, test returned 2 (wstat 512, 0x200)
Failed 2/6 subtests 
t/pod-coverage.t .. ok
t/pod.t ........... ok

Test Summary Report
-------------------
t/perlcritic.t  (Wstat: 512 Tests: 6 Failed: 2)
  Failed tests:  3, 5
  Non-zero exit status: 2
Files=4, Tests=22,  9 wallclock secs ( 0.07 usr  0.02 sys +  8.19 cusr  0.24 csys =  8.52 CPU)
Result: FAIL
Failed 1/4 test programs. 2/22 subtests failed.

------------------------------
PREREQUISITES
------------------------------

Prerequisite modules loaded:

requires:

    Module     Need Have
    ---------- ---- ----
    Test::More 0    0.94
    version    0    0.82


------------------------------
ENVIRONMENT AND OTHER CONTEXT
------------------------------

Environment variables:

    AUTOMATED_TESTING = 1
    LANG = C
    PATH = /home/graham/perltest/perl5121/perl/bin:/bin:/usr/bin:/sbin:/usr/sbin:/opt/java/bin:/opt/java/jre/bin:/opt/kde/bin:/usr/bin/perlbin/site:/usr/bin/perlbin/vendor:/usr/bin/perlbin/core:/opt/qt/bin
    PERL5LIB = 
    PERL5OPT = 
    PERL5_CPANPLUS_IS_RUNNING = 30531
    PERL5_CPAN_IS_RUNNING = 30531
    PERL5_CPAN_IS_RUNNING_IN_RECURSION = 12267,30531
    PERL_CR_SMOKER_CURRENT = Lingua-FR-Ladl-v0.0.4
    PERL_EXTUTILS_AUTOINSTALL = --defaultdeps
    PERL_MM_USE_DEFAULT = 1
    SHELL = /bin/bash
    TERM = xterm

Perl special variables (and OS-specific diagnostics, for MSWin32):

    $^X = /home/graham/perltest/perl5121/perl/bin/perl
    $UID/$EUID = 1000 / 1000
    $GID = 1000 7 10 91 92 93 95 98 100 108 1000 1001
    $EGID = 1000 7 10 91 92 93 95 98 100 108 1000 1001

Perl module toolchain versions installed:

    Module              Have   
    ------------------- -------
    CPAN                1.9402 
    Cwd                 3.31   
    ExtUtils::CBuilder  0.27_05
    ExtUtils::Command   1.16   
    ExtUtils::Install   1.52   
    ExtUtils::MakeMaker 6.56   
    ExtUtils::Manifest  1.58   
    ExtUtils::ParseXS   2.2206 
    File::Spec          3.31   
    Module::Build       0.36_13
    Module::Signature   0.64   
    Test::Harness       3.21   
    Test::More          0.94   
    YAML                0.71   
    YAML::Syck          1.11   
    version             0.82   


--

Summary of my perl5 (revision 5 version 12 subversion 1) configuration:
   
  Platform:
    osname=linux, osvers=2.6.33-arch, archname=i686-linux
    uname='linux lorant 2.6.33-arch #1 smp preempt thu may 13 12:06:25 cest 2010 i686 intel(r) pentium(r) 4 cpu 2.80ghz genuineintel gnulinux '
    config_args=''
    hint=recommended, useposix=true, d_sigaction=define
    useithreads=undef, usemultiplicity=undef
    useperlio=define, d_sfio=undef, uselargefiles=define, usesocks=undef
    use64bitint=undef, use64bitall=undef, uselongdouble=undef
    usemymalloc=n, bincompat5005=undef
  Compiler:
    cc='cc', ccflags ='-fno-strict-aliasing -pipe -fstack-protector -I/usr/local/include -D_LARGEFILE_SOURCE -D_FILE_OFFSET_BITS=64',
    optimize='-O2',
    cppflags='-fno-strict-aliasing -pipe -fstack-protector -I/usr/local/include'
    ccversion='', gccversion='4.5.0 20100520 (prerelease)', gccosandvers=''
    intsize=4, longsize=4, ptrsize=4, doublesize=8, byteorder=1234
    d_longlong=define, longlongsize=8, d_longdbl=define, longdblsize=12
    ivtype='long', ivsize=4, nvtype='double', nvsize=8, Off_t='off_t', lseeksize=8
    alignbytes=4, prototype=define
  Linker and Libraries:
    ld='cc', ldflags =' -fstack-protector -L/usr/local/lib'
    libpth=/usr/local/lib /lib /usr/lib
    libs=-lnsl -lgdbm -ldb -ldl -lm -lcrypt -lutil -lc -lgdbm_compat
    perllibs=-lnsl -ldl -lm -lcrypt -lutil -lc
    libc=/lib/libc-2.12.so, so=so, useshrplib=true, libperl=libperl.so
    gnulibc_version='2.12'
  Dynamic Linking:
    dlsrc=dl_dlopen.xs, dlext=so, d_dlsymun=undef, ccdlflags='-Wl,-E -Wl,-rpath,/home/graham/perltest/perl5121/perl/lib/5.12.1/i686-linux/CORE'
    cccdlflags='-fPIC', lddlflags='-shared -O2 -L/usr/local/lib -fstack-protector'


Characteristics of this binary (from libperl): 
  Compile-time options: PERL_DONT_CREATE_GVSV PERL_MALLOC_WRAP
                        USE_LARGE_FILES USE_PERLIO USE_PERL_ATOF
  Built under linux
  Compiled at Jul 20 2010 13:38:07
  %ENV:
    PERL5LIB=""
    PERL5OPT=""
    PERL5_CPANPLUS_IS_RUNNING="30531"
    PERL5_CPAN_IS_RUNNING="30531"
    PERL5_CPAN_IS_RUNNING_IN_RECURSION="12267,30531"
    PERL_CR_SMOKER_CURRENT="Lingua-FR-Ladl-v0.0.4"
    PERL_EXTUTILS_AUTOINSTALL="--defaultdeps"
    PERL_MM_USE_DEFAULT="1"
  @INC:
    /home/graham/perltest/perl5121/perl/lib/site_perl/5.12.1/i686-linux
    /home/graham/perltest/perl5121/perl/lib/site_perl/5.12.1
    /home/graham/perltest/perl5121/perl/lib/5.12.1/i686-linux
    /home/graham/perltest/perl5121/perl/lib/5.12.1
    .