Back
From: metabase:user:322ec32c-2aae-11df-837a-5e0a49663a4f
Subject: FAIL XML-Parser-2.40 v5.10.1 GNU/Linux
Date: 2010-10-04T10:09:24Z
This distribution has been tested as part of the CPAN Testers
project, supporting the Perl programming language. See
http://wiki.cpantesters.org/ for more information or email
questions to cpan-testers-discuss@perl.org
--
Dear Alexandr Ciornii,
This is a computer-generated error report created automatically by
CPANPLUS, version 0.9007. Testers personal comments may appear
at the end of this report.
Thank you for uploading your work to CPAN. However, it appears that
there were some problems testing your distribution.
TEST RESULTS:
Below is the error stack from stage 'make test':
[MSG] [Mon Oct 4 12:05:15 2010] Trying to get 'http://cpan.cpantesters.org/authors/id/S/SA/SADAHIRO/Unicode-Collate-0.61-withoutworldwriteables.tar.gz'
[MSG] [Mon Oct 4 12:05:17 2010] Trying to get 'http://cpan.cpantesters.org/authors/id/S/SA/SADAHIRO/CHECKSUMS'
[MSG] [Mon Oct 4 12:05:17 2010] Checksum matches for 'Unicode-Collate-0.61-withoutworldwriteables.tar.gz'
[MSG] [Mon Oct 4 12:05:19 2010] Extracted 'Unicode-Collate-0.61/'
[MSG] [Mon Oct 4 12:05:19 2010] Extracted 'Unicode-Collate-0.61/Changes'
[MSG] [Mon Oct 4 12:05:19 2010] Extracted 'Unicode-Collate-0.61/Collate/'
[MSG] [Mon Oct 4 12:05:19 2010] Extracted 'Unicode-Collate-0.61/Collate/allkeys.txt'
[MSG] [Mon Oct 4 12:05:19 2010] Extracted 'Unicode-Collate-0.61/Collate/keys.txt'
[MSG] [Mon Oct 4 12:05:19 2010] Extracted 'Unicode-Collate-0.61/Collate/Locale/'
[MSG] [Mon Oct 4 12:05:19 2010] Extracted 'Unicode-Collate-0.61/Collate/Locale/af.pl'
[MSG] [Mon Oct 4 12:05:19 2010] Extracted 'Unicode-Collate-0.61/Collate/Locale/az.pl'
[MSG] [Mon Oct 4 12:05:19 2010] Extracted 'Unicode-Collate-0.61/Collate/Locale/ca.pl'
[MSG] [Mon Oct 4 12:05:20 2010] Extracted 'Unicode-Collate-0.61/Collate/Locale/cs.pl'
[MSG] [Mon Oct 4 12:05:20 2010] Extracted 'Unicode-Collate-0.61/Collate/Locale/cy.pl'
[MSG] [Mon Oct 4 12:05:20 2010] Extracted 'Unicode-Collate-0.61/Collate/Locale/da.pl'
[MSG] [Mon Oct 4 12:05:20 2010] Extracted 'Unicode-Collate-0.61/Collate/Locale/de_phone.pl'
[MSG] [Mon Oct 4 12:05:20 2010] Extracted 'Unicode-Collate-0.61/Collate/Locale/eo.pl'
[MSG] [Mon Oct 4 12:05:20 2010] Extracted 'Unicode-Collate-0.61/Collate/Locale/es.pl'
[MSG] [Mon Oct 4 12:05:20 2010] Extracted 'Unicode-Collate-0.61/Collate/Locale/es_trad.pl'
[MSG] [Mon Oct 4 12:05:20 2010] Extracted 'Unicode-Collate-0.61/Collate/Locale/et.pl'
[MSG] [Mon Oct 4 12:05:20 2010] Extracted 'Unicode-Collate-0.61/Collate/Locale/fi.pl'
[MSG] [Mon Oct 4 12:05:20 2010] Extracted 'Unicode-Collate-0.61/Collate/Locale/fil.pl'
[MSG] [Mon Oct 4 12:05:20 2010] Extracted 'Unicode-Collate-0.61/Collate/Locale/fo.pl'
[MSG] [Mon Oct 4 12:05:20 2010] Extracted 'Unicode-Collate-0.61/Collate/Locale/fr.pl'
[MSG] [Mon Oct 4 12:05:20 2010] Extracted 'Unicode-Collate-0.61/Collate/Locale/ha.pl'
[MSG] [Mon Oct 4 12:05:20 2010] Extracted 'Unicode-Collate-0.61/Collate/Locale/haw.pl'
[MSG] [Mon Oct 4 12:05:20 2010] Extracted 'Unicode-Collate-0.61/Collate/Locale/hr.pl'
[MSG] [Mon Oct 4 12:05:20 2010] Extracted 'Unicode-Collate-0.61/Collate/Locale/ig.pl'
[MSG] [Mon Oct 4 12:05:20 2010] Extracted 'Unicode-Collate-0.61/Collate/Locale/is.pl'
[MSG] [Mon Oct 4 12:05:20 2010] Extracted 'Unicode-Collate-0.61/Collate/Locale/kl.pl'
[MSG] [Mon Oct 4 12:05:20 2010] Extracted 'Unicode-Collate-0.61/Collate/Locale/lt.pl'
[MSG] [Mon Oct 4 12:05:20 2010] Extracted 'Unicode-Collate-0.61/Collate/Locale/lv.pl'
[MSG] [Mon Oct 4 12:05:20 2010] Extracted 'Unicode-Collate-0.61/Collate/Locale/mt.pl'
[MSG] [Mon Oct 4 12:05:20 2010] Extracted 'Unicode-Collate-0.61/Collate/Locale/nn.pl'
[MSG] [Mon Oct 4 12:05:20 2010] Extracted 'Unicode-Collate-0.61/Collate/Locale/nso.pl'
[MSG] [Mon Oct 4 12:05:20 2010] Extracted 'Unicode-Collate-0.61/Collate/Locale/om.pl'
[MSG] [Mon Oct 4 12:05:20 2010] Extracted 'Unicode-Collate-0.61/Collate/Locale/pl.pl'
[MSG] [Mon Oct 4 12:05:20 2010] Extracted 'Unicode-Collate-0.61/Collate/Locale/ro.pl'
[MSG] [Mon Oct 4 12:05:20 2010] Extracted 'Unicode-Collate-0.61/Collate/Locale/sk.pl'
[MSG] [Mon Oct 4 12:05:20 2010] Extracted 'Unicode-Collate-0.61/Collate/Locale/sl.pl'
[MSG] [Mon Oct 4 12:05:20 2010] Extracted 'Unicode-Collate-0.61/Collate/Locale/sq.pl'
[MSG] [Mon Oct 4 12:05:20 2010] Extracted 'Unicode-Collate-0.61/Collate/Locale/sv.pl'
[MSG] [Mon Oct 4 12:05:20 2010] Extracted 'Unicode-Collate-0.61/Collate/Locale/sw.pl'
[MSG] [Mon Oct 4 12:05:20 2010] Extracted 'Unicode-Collate-0.61/Collate/Locale/tn.pl'
[MSG] [Mon Oct 4 12:05:20 2010] Extracted 'Unicode-Collate-0.61/Collate/Locale/tr.pl'
[MSG] [Mon Oct 4 12:05:20 2010] Extracted 'Unicode-Collate-0.61/Collate/Locale/vi.pl'
[MSG] [Mon Oct 4 12:05:20 2010] Extracted 'Unicode-Collate-0.61/Collate/Locale/wo.pl'
[MSG] [Mon Oct 4 12:05:20 2010] Extracted 'Unicode-Collate-0.61/Collate/Locale/yo.pl'
[MSG] [Mon Oct 4 12:05:20 2010] Extracted 'Unicode-Collate-0.61/Collate/Locale.pm'
[MSG] [Mon Oct 4 12:05:20 2010] Extracted 'Unicode-Collate-0.61/Collate.pm'
[MSG] [Mon Oct 4 12:05:20 2010] Extracted 'Unicode-Collate-0.61/Collate.pmN'
[MSG] [Mon Oct 4 12:05:20 2010] Extracted 'Unicode-Collate-0.61/Collate.xs'
[MSG] [Mon Oct 4 12:05:20 2010] Extracted 'Unicode-Collate-0.61/data/'
[MSG] [Mon Oct 4 12:05:20 2010] Extracted 'Unicode-Collate-0.61/data/af.txt'
[MSG] [Mon Oct 4 12:05:20 2010] Extracted 'Unicode-Collate-0.61/data/az.txt'
[MSG] [Mon Oct 4 12:05:20 2010] Extracted 'Unicode-Collate-0.61/data/ca.txt'
[MSG] [Mon Oct 4 12:05:20 2010] Extracted 'Unicode-Collate-0.61/data/cs.txt'
[MSG] [Mon Oct 4 12:05:20 2010] Extracted 'Unicode-Collate-0.61/data/cy.txt'
[MSG] [Mon Oct 4 12:05:20 2010] Extracted 'Unicode-Collate-0.61/data/da.txt'
[MSG] [Mon Oct 4 12:05:20 2010] Extracted 'Unicode-Collate-0.61/data/de_phone.txt'
[MSG] [Mon Oct 4 12:05:20 2010] Extracted 'Unicode-Collate-0.61/data/eo.txt'
[MSG] [Mon Oct 4 12:05:20 2010] Extracted 'Unicode-Collate-0.61/data/es.txt'
[MSG] [Mon Oct 4 12:05:20 2010] Extracted 'Unicode-Collate-0.61/data/es_trad.txt'
[MSG] [Mon Oct 4 12:05:20 2010] Extracted 'Unicode-Collate-0.61/data/et.txt'
[MSG] [Mon Oct 4 12:05:20 2010] Extracted 'Unicode-Collate-0.61/data/fi.txt'
[MSG] [Mon Oct 4 12:05:20 2010] Extracted 'Unicode-Collate-0.61/data/fil.txt'
[MSG] [Mon Oct 4 12:05:20 2010] Extracted 'Unicode-Collate-0.61/data/fo.txt'
[MSG] [Mon Oct 4 12:05:20 2010] Extracted 'Unicode-Collate-0.61/data/fr.txt'
[MSG] [Mon Oct 4 12:05:20 2010] Extracted 'Unicode-Collate-0.61/data/ha.txt'
[MSG] [Mon Oct 4 12:05:20 2010] Extracted 'Unicode-Collate-0.61/data/haw.txt'
[MSG] [Mon Oct 4 12:05:20 2010] Extracted 'Unicode-Collate-0.61/data/hr.txt'
[MSG] [Mon Oct 4 12:05:20 2010] Extracted 'Unicode-Collate-0.61/data/ig.txt'
[MSG] [Mon Oct 4 12:05:20 2010] Extracted 'Unicode-Collate-0.61/data/is.txt'
[MSG] [Mon Oct 4 12:05:20 2010] Extracted 'Unicode-Collate-0.61/data/kl.txt'
[MSG] [Mon Oct 4 12:05:20 2010] Extracted 'Unicode-Collate-0.61/data/lt.txt'
[MSG] [Mon Oct 4 12:05:20 2010] Extracted 'Unicode-Collate-0.61/data/lv.txt'
[MSG] [Mon Oct 4 12:05:20 2010] Extracted 'Unicode-Collate-0.61/data/mt.txt'
[MSG] [Mon Oct 4 12:05:20 2010] Extracted 'Unicode-Collate-0.61/data/nn.txt'
[MSG] [Mon Oct 4 12:05:20 2010] Extracted 'Unicode-Collate-0.61/data/nso.txt'
[MSG] [Mon Oct 4 12:05:20 2010] Extracted 'Unicode-Collate-0.61/data/om.txt'
[MSG] [Mon Oct 4 12:05:20 2010] Extracted 'Unicode-Collate-0.61/data/pl.txt'
[MSG] [Mon Oct 4 12:05:20 2010] Extracted 'Unicode-Collate-0.61/data/ro.txt'
[MSG] [Mon Oct 4 12:05:20 2010] Extracted 'Unicode-Collate-0.61/data/sk.txt'
[MSG] [Mon Oct 4 12:05:20 2010] Extracted 'Unicode-Collate-0.61/data/sl.txt'
[MSG] [Mon Oct 4 12:05:20 2010] Extracted 'Unicode-Collate-0.61/data/sq.txt'
[MSG] [Mon Oct 4 12:05:20 2010] Extracted 'Unicode-Collate-0.61/data/sv.txt'
[MSG] [Mon Oct 4 12:05:20 2010] Extracted 'Unicode-Collate-0.61/data/sw.txt'
[MSG] [Mon Oct 4 12:05:20 2010] Extracted 'Unicode-Collate-0.61/data/tn.txt'
[MSG] [Mon Oct 4 12:05:20 2010] Extracted 'Unicode-Collate-0.61/data/tr.txt'
[MSG] [Mon Oct 4 12:05:20 2010] Extracted 'Unicode-Collate-0.61/data/vi.txt'
[MSG] [Mon Oct 4 12:05:20 2010] Extracted 'Unicode-Collate-0.61/data/wo.txt'
[MSG] [Mon Oct 4 12:05:20 2010] Extracted 'Unicode-Collate-0.61/data/yo.txt'
[MSG] [Mon Oct 4 12:05:20 2010] Extracted 'Unicode-Collate-0.61/disableXS'
[MSG] [Mon Oct 4 12:05:20 2010] Extracted 'Unicode-Collate-0.61/enableXS'
[MSG] [Mon Oct 4 12:05:20 2010] Extracted 'Unicode-Collate-0.61/Makefile.PL'
[MSG] [Mon Oct 4 12:05:20 2010] Extracted 'Unicode-Collate-0.61/MANIFEST'
[MSG] [Mon Oct 4 12:05:20 2010] Extracted 'Unicode-Collate-0.61/MANIFEST.N'
[MSG] [Mon Oct 4 12:05:20 2010] Extracted 'Unicode-Collate-0.61/META.yml'
[MSG] [Mon Oct 4 12:05:20 2010] Extracted 'Unicode-Collate-0.61/mkheader'
[MSG] [Mon Oct 4 12:05:20 2010] Extracted 'Unicode-Collate-0.61/mklocale'
[MSG] [Mon Oct 4 12:05:20 2010] Extracted 'Unicode-Collate-0.61/README'
[MSG] [Mon Oct 4 12:05:20 2010] Extracted 'Unicode-Collate-0.61/t/'
[MSG] [Mon Oct 4 12:05:20 2010] Extracted 'Unicode-Collate-0.61/t/altern.t'
[MSG] [Mon Oct 4 12:05:20 2010] Extracted 'Unicode-Collate-0.61/t/cjkrange.t'
[MSG] [Mon Oct 4 12:05:20 2010] Extracted 'Unicode-Collate-0.61/t/contract.t'
[MSG] [Mon Oct 4 12:05:20 2010] Extracted 'Unicode-Collate-0.61/t/default.t'
[MSG] [Mon Oct 4 12:05:20 2010] Extracted 'Unicode-Collate-0.61/t/hangtype.t'
[MSG] [Mon Oct 4 12:05:20 2010] Extracted 'Unicode-Collate-0.61/t/hangul.t'
[MSG] [Mon Oct 4 12:05:20 2010] Extracted 'Unicode-Collate-0.61/t/ignor.t'
[MSG] [Mon Oct 4 12:05:20 2010] Extracted 'Unicode-Collate-0.61/t/illegal.t'
[MSG] [Mon Oct 4 12:05:20 2010] Extracted 'Unicode-Collate-0.61/t/illegalp.t'
[MSG] [Mon Oct 4 12:05:20 2010] Extracted 'Unicode-Collate-0.61/t/index.t'
[MSG] [Mon Oct 4 12:05:20 2010] Extracted 'Unicode-Collate-0.61/t/loc_af.t'
[MSG] [Mon Oct 4 12:05:20 2010] Extracted 'Unicode-Collate-0.61/t/loc_az.t'
[MSG] [Mon Oct 4 12:05:20 2010] Extracted 'Unicode-Collate-0.61/t/loc_ca.t'
[MSG] [Mon Oct 4 12:05:20 2010] Extracted 'Unicode-Collate-0.61/t/loc_cs.t'
[MSG] [Mon Oct 4 12:05:20 2010] Extracted 'Unicode-Collate-0.61/t/loc_cy.t'
[MSG] [Mon Oct 4 12:05:20 2010] Extracted 'Unicode-Collate-0.61/t/loc_da.t'
[MSG] [Mon Oct 4 12:05:20 2010] Extracted 'Unicode-Collate-0.61/t/loc_de.t'
[MSG] [Mon Oct 4 12:05:20 2010] Extracted 'Unicode-Collate-0.61/t/loc_deph.t'
[MSG] [Mon Oct 4 12:05:20 2010] Extracted 'Unicode-Collate-0.61/t/loc_eo.t'
[MSG] [Mon Oct 4 12:05:20 2010] Extracted 'Unicode-Collate-0.61/t/loc_es.t'
[MSG] [Mon Oct 4 12:05:20 2010] Extracted 'Unicode-Collate-0.61/t/loc_estr.t'
[MSG] [Mon Oct 4 12:05:20 2010] Extracted 'Unicode-Collate-0.61/t/loc_et.t'
[MSG] [Mon Oct 4 12:05:20 2010] Extracted 'Unicode-Collate-0.61/t/loc_fi.t'
[MSG] [Mon Oct 4 12:05:20 2010] Extracted 'Unicode-Collate-0.61/t/loc_fil.t'
[MSG] [Mon Oct 4 12:05:20 2010] Extracted 'Unicode-Collate-0.61/t/loc_fo.t'
[MSG] [Mon Oct 4 12:05:20 2010] Extracted 'Unicode-Collate-0.61/t/loc_fr.t'
[MSG] [Mon Oct 4 12:05:20 2010] Extracted 'Unicode-Collate-0.61/t/loc_ha.t'
[MSG] [Mon Oct 4 12:05:20 2010] Extracted 'Unicode-Collate-0.61/t/loc_haw.t'
[MSG] [Mon Oct 4 12:05:20 2010] Extracted 'Unicode-Collate-0.61/t/loc_hr.t'
[MSG] [Mon Oct 4 12:05:20 2010] Extracted 'Unicode-Collate-0.61/t/loc_ig.t'
[MSG] [Mon Oct 4 12:05:20 2010] Extracted 'Unicode-Collate-0.61/t/loc_is.t'
[MSG] [Mon Oct 4 12:05:20 2010] Extracted 'Unicode-Collate-0.61/t/loc_kl.t'
[MSG] [Mon Oct 4 12:05:20 2010] Extracted 'Unicode-Collate-0.61/t/loc_lt.t'
[MSG] [Mon Oct 4 12:05:20 2010] Extracted 'Unicode-Collate-0.61/t/loc_lv.t'
[MSG] [Mon Oct 4 12:05:20 2010] Extracted 'Unicode-Collate-0.61/t/loc_mt.t'
[MSG] [Mon Oct 4 12:05:20 2010] Extracted 'Unicode-Collate-0.61/t/loc_nb.t'
[MSG] [Mon Oct 4 12:05:20 2010] Extracted 'Unicode-Collate-0.61/t/loc_nn.t'
[MSG] [Mon Oct 4 12:05:20 2010] Extracted 'Unicode-Collate-0.61/t/loc_nso.t'
[MSG] [Mon Oct 4 12:05:20 2010] Extracted 'Unicode-Collate-0.61/t/loc_om.t'
[MSG] [Mon Oct 4 12:05:20 2010] Extracted 'Unicode-Collate-0.61/t/loc_pl.t'
[MSG] [Mon Oct 4 12:05:20 2010] Extracted 'Unicode-Collate-0.61/t/loc_ro.t'
[MSG] [Mon Oct 4 12:05:20 2010] Extracted 'Unicode-Collate-0.61/t/loc_sk.t'
[MSG] [Mon Oct 4 12:05:20 2010] Extracted 'Unicode-Collate-0.61/t/loc_sl.t'
[MSG] [Mon Oct 4 12:05:20 2010] Extracted 'Unicode-Collate-0.61/t/loc_sq.t'
[MSG] [Mon Oct 4 12:05:20 2010] Extracted 'Unicode-Collate-0.61/t/loc_sv.t'
[MSG] [Mon Oct 4 12:05:20 2010] Extracted 'Unicode-Collate-0.61/t/loc_sw.t'
[MSG] [Mon Oct 4 12:05:20 2010] Extracted 'Unicode-Collate-0.61/t/loc_test.t'
[MSG] [Mon Oct 4 12:05:20 2010] Extracted 'Unicode-Collate-0.61/t/loc_tn.t'
[MSG] [Mon Oct 4 12:05:20 2010] Extracted 'Unicode-Collate-0.61/t/loc_tr.t'
[MSG] [Mon Oct 4 12:05:20 2010] Extracted 'Unicode-Collate-0.61/t/loc_vi.t'
[MSG] [Mon Oct 4 12:05:20 2010] Extracted 'Unicode-Collate-0.61/t/loc_wo.t'
[MSG] [Mon Oct 4 12:05:20 2010] Extracted 'Unicode-Collate-0.61/t/loc_yo.t'
[MSG] [Mon Oct 4 12:05:20 2010] Extracted 'Unicode-Collate-0.61/t/normal.t'
[MSG] [Mon Oct 4 12:05:20 2010] Extracted 'Unicode-Collate-0.61/t/override.t'
[MSG] [Mon Oct 4 12:05:20 2010] Extracted 'Unicode-Collate-0.61/t/rearrang.t'
[MSG] [Mon Oct 4 12:05:20 2010] Extracted 'Unicode-Collate-0.61/t/test.t'
[MSG] [Mon Oct 4 12:05:20 2010] Extracted 'Unicode-Collate-0.61/t/trailwt.t'
[MSG] [Mon Oct 4 12:05:20 2010] Extracted 'Unicode-Collate-0.61/t/variable.t'
[MSG] [Mon Oct 4 12:05:20 2010] Extracted 'Unicode-Collate-0.61/t/version.t'
[MSG] [Mon Oct 4 12:05:20 2010] Extracted 'Unicode-Collate-0.61/t/view.t'
[MSG] [Mon Oct 4 12:05:20 2010] Extracted 'Unicode::Collate' to '/tmp/pit/pit/.cpanplus/build/7249adab2caee5b7b137f70cab0eebd4/Unicode-Collate-0.61'
[MSG] [Mon Oct 4 12:05:23 2010] Making header files for XS...
Checking if your kit is complete...
Looks good
Writing Makefile for Unicode::Collate
[MSG] [Mon Oct 4 12:05:23 2010] DEFAULT 'filter_prereqs' HANDLER RETURNING 'sub return value'
[MSG] [Mon Oct 4 12:05:30 2010] cp Collate/Locale/tn.pl blib/lib/Unicode/Collate/Locale/tn.pl
cp Collate/Locale/kl.pl blib/lib/Unicode/Collate/Locale/kl.pl
cp Collate/Locale/sl.pl blib/lib/Unicode/Collate/Locale/sl.pl
cp Collate/Locale/tr.pl blib/lib/Unicode/Collate/Locale/tr.pl
cp Collate/Locale/sk.pl blib/lib/Unicode/Collate/Locale/sk.pl
cp Collate/Locale/eo.pl blib/lib/Unicode/Collate/Locale/eo.pl
cp Collate/Locale/ro.pl blib/lib/Unicode/Collate/Locale/ro.pl
cp Collate.pm blib/lib/Unicode/Collate.pm
cp Collate/Locale/cy.pl blib/lib/Unicode/Collate/Locale/cy.pl
cp Collate/Locale/fi.pl blib/lib/Unicode/Collate/Locale/fi.pl
cp Collate/Locale/fr.pl blib/lib/Unicode/Collate/Locale/fr.pl
cp Collate/Locale/hr.pl blib/lib/Unicode/Collate/Locale/hr.pl
cp Collate/Locale/mt.pl blib/lib/Unicode/Collate/Locale/mt.pl
cp Collate/Locale/da.pl blib/lib/Unicode/Collate/Locale/da.pl
cp Collate/Locale.pm blib/lib/Unicode/Collate/Locale.pm
cp Collate/Locale/ha.pl blib/lib/Unicode/Collate/Locale/ha.pl
cp Collate/Locale/de_phone.pl blib/lib/Unicode/Collate/Locale/de_phone.pl
cp Collate/Locale/yo.pl blib/lib/Unicode/Collate/Locale/yo.pl
cp Collate/keys.txt blib/lib/Unicode/Collate/keys.txt
cp Collate/Locale/lv.pl blib/lib/Unicode/Collate/Locale/lv.pl
cp Collate/Locale/om.pl blib/lib/Unicode/Collate/Locale/om.pl
cp Collate/Locale/ca.pl blib/lib/Unicode/Collate/Locale/ca.pl
cp Collate/Locale/es_trad.pl blib/lib/Unicode/Collate/Locale/es_trad.pl
cp Collate/Locale/nso.pl blib/lib/Unicode/Collate/Locale/nso.pl
cp Collate/Locale/haw.pl blib/lib/Unicode/Collate/Locale/haw.pl
cp Collate/Locale/af.pl blib/lib/Unicode/Collate/Locale/af.pl
cp Collate/Locale/lt.pl blib/lib/Unicode/Collate/Locale/lt.pl
cp Collate/Locale/es.pl blib/lib/Unicode/Collate/Locale/es.pl
cp Collate/Locale/fil.pl blib/lib/Unicode/Collate/Locale/fil.pl
cp Collate/Locale/ig.pl blib/lib/Unicode/Collate/Locale/ig.pl
cp Collate/Locale/wo.pl blib/lib/Unicode/Collate/Locale/wo.pl
cp Collate/Locale/az.pl blib/lib/Unicode/Collate/Locale/az.pl
cp Collate/Locale/et.pl blib/lib/Unicode/Collate/Locale/et.pl
cp Collate/Locale/is.pl blib/lib/Unicode/Collate/Locale/is.pl
cp Collate/Locale/vi.pl blib/lib/Unicode/Collate/Locale/vi.pl
cp Collate/Locale/fo.pl blib/lib/Unicode/Collate/Locale/fo.pl
cp Collate/Locale/sq.pl blib/lib/Unicode/Collate/Locale/sq.pl
cp Collate/Locale/sv.pl blib/lib/Unicode/Collate/Locale/sv.pl
cp Collate/allkeys.txt blib/lib/Unicode/Collate/allkeys.txt
cp Collate/Locale/pl.pl blib/lib/Unicode/Collate/Locale/pl.pl
cp Collate/Locale/nn.pl blib/lib/Unicode/Collate/Locale/nn.pl
cp Collate/Locale/sw.pl blib/lib/Unicode/Collate/Locale/sw.pl
cp Collate/Locale/cs.pl blib/lib/Unicode/Collate/Locale/cs.pl
/home/mpb/pit/perl/builds/thr/5.10.1/bin/perl /home/mpb/pit/perl/builds/thr/5.10.1/lib/5.10.1/ExtUtils/xsubpp -typemap /home/mpb/pit/perl/builds/thr/5.10.1/lib/5.10.1/ExtUtils/typemap Collate.xs > Collate.xsc && mv Collate.xsc Collate.c
cc -c -D_REENTRANT -D_GNU_SOURCE -fno-strict-aliasing -pipe -fstack-protector -I/usr/local/include -D_LARGEFILE_SOURCE -D_FILE_OFFSET_BITS=64 -fomit-frame-pointer -pipe -O3 -march=pentium4 -ftree-vectorize -ftree-vectorizer-verbose=1 -DVERSION=\"0.61\" -DXS_VERSION=\"0.61\" -fPIC "-I/home/mpb/pit/perl/builds/thr/5.10.1/lib/5.10.1/i686-linux-thread-multi-64int-ld/CORE" Collate.c
Collate.c:894: note:
Collate.c:133: note:
Collate.c:818: note:
Collate.xs:468: note: created 1 versioning for alias checks.
Collate.xs:468: note: LOOP VECTORIZED.
Collate.c:583: note: vectorized 1 loops in function.
Collate.c:246: note:
Collate.c:160: note: Running Mkbootstrap for Unicode::Collate ()
chmod 644 Collate.bs
rm -f blib/arch/auto/Unicode/Collate/Collate.so
cc -shared -fomit-frame-pointer -pipe -O3 -march=pentium4 -ftree-vectorize -ftree-vectorizer-verbose=1 -L/usr/local/lib -fstack-protector Collate.o -o blib/arch/auto/Unicode/Collate/Collate.so \
\
chmod 755 blib/arch/auto/Unicode/Collate/Collate.so
cp Collate.bs blib/arch/auto/Unicode/Collate/Collate.bs
chmod 644 blib/arch/auto/Unicode/Collate/Collate.bs
[MSG] [Mon Oct 4 12:06:26 2010] MAKE TEST passed: PERL_DL_NONLAZY=1 /home/mpb/pit/perl/builds/thr/5.10.1/bin/perl "-MExtUtils::Command::MM" "-e" "test_harness(0, 'blib/lib', 'blib/arch')" t/*.t
t/altern.t .... ok
t/cjkrange.t .. ok
t/contract.t .. ok
t/default.t ... ok
t/hangtype.t .. ok
t/hangul.t .... ok
t/ignor.t ..... ok
t/illegal.t ... ok
t/illegalp.t .. ok
t/index.t ..... ok
t/loc_af.t .... ok
t/loc_az.t .... ok
t/loc_ca.t .... ok
t/loc_cs.t .... ok
t/loc_cy.t .... ok
t/loc_da.t .... ok
t/loc_de.t .... ok
t/loc_deph.t .. ok
t/loc_eo.t .... ok
t/loc_es.t .... ok
t/loc_estr.t .. ok
t/loc_et.t .... ok
t/loc_fi.t .... ok
t/loc_fil.t ... ok
t/loc_fo.t .... ok
t/loc_fr.t .... ok
t/loc_ha.t .... ok
t/loc_haw.t ... ok
t/loc_hr.t .... ok
t/loc_ig.t .... ok
t/loc_is.t .... ok
t/loc_kl.t .... ok
t/loc_lt.t .... ok
t/loc_lv.t .... ok
t/loc_mt.t .... ok
t/loc_nb.t .... ok
t/loc_nn.t .... ok
t/loc_nso.t ... ok
t/loc_om.t .... ok
t/loc_pl.t .... ok
t/loc_ro.t .... ok
t/loc_sk.t .... ok
t/loc_sl.t .... ok
t/loc_sq.t .... ok
t/loc_sv.t .... ok
t/loc_sw.t .... ok
t/loc_test.t .. ok
t/loc_tn.t .... ok
t/loc_tr.t .... ok
t/loc_vi.t .... ok
t/loc_wo.t .... ok
t/loc_yo.t .... ok
t/normal.t .... ok
t/override.t .. ok
t/rearrang.t .. ok
t/test.t ...... ok
t/trailwt.t ... ok
t/variable.t .. ok
t/version.t ... ok
t/view.t ...... ok
All tests successful.
Files=60, Tests=3804, 56 wallclock secs ( 0.96 usr 0.15 sys + 47.48 cusr 1.14 csys = 49.73 CPU)
Result: PASS
[MSG] [Mon Oct 4 12:06:26 2010] Sending test report for 'Unicode-Collate-0.61-withoutworldwriteables'
[MSG] [Mon Oct 4 12:06:27 2010] DEFAULT 'munge_test_report' HANDLER RETURNING 'sub return value'
[MSG] [Mon Oct 4 12:06:28 2010] Successfully sent 'pass' report for 'Unicode-Collate-0.61-withoutworldwriteables'
[MSG] [Mon Oct 4 12:06:30 2010] Files found in blib/arch: installing files in blib/lib into architecture dependent library tree
Installing /home/mpb/pit/perl/builds/thr/5.10.1/lib/5.10.1/i686-linux-thread-multi-64int-ld/auto/Unicode/Collate/Collate.so
Installing /home/mpb/pit/perl/builds/thr/5.10.1/lib/5.10.1/i686-linux-thread-multi-64int-ld/Unicode/Collate.pm
Installing /home/mpb/pit/perl/builds/thr/5.10.1/lib/5.10.1/i686-linux-thread-multi-64int-ld/Unicode/Collate/Locale.pm
Installing /home/mpb/pit/perl/builds/thr/5.10.1/lib/5.10.1/i686-linux-thread-multi-64int-ld/Unicode/Collate/Locale/cs.pl
Installing /home/mpb/pit/perl/builds/thr/5.10.1/lib/5.10.1/i686-linux-thread-multi-64int-ld/Unicode/Collate/Locale/sv.pl
Installing /home/mpb/pit/perl/builds/thr/5.10.1/lib/5.10.1/i686-linux-thread-multi-64int-ld/Unicode/Collate/Locale/sq.pl
Installing /home/mpb/pit/perl/builds/thr/5.10.1/lib/5.10.1/i686-linux-thread-multi-64int-ld/Unicode/Collate/Locale/fo.pl
Installing /home/mpb/pit/perl/builds/thr/5.10.1/lib/5.10.1/i686-linux-thread-multi-64int-ld/Unicode/Collate/Locale/vi.pl
Installing /home/mpb/pit/perl/builds/thr/5.10.1/lib/5.10.1/i686-linux-thread-multi-64int-ld/Unicode/Collate/Locale/et.pl
Installing /home/mpb/pit/perl/builds/thr/5.10.1/lib/5.10.1/i686-linux-thread-multi-64int-ld/Unicode/Collate/Locale/ig.pl
Installing /home/mpb/pit/perl/builds/thr/5.10.1/lib/5.10.1/i686-linux-thread-multi-64int-ld/Unicode/Collate/Locale/nso.pl
Installing /home/mpb/pit/perl/builds/thr/5.10.1/lib/5.10.1/i686-linux-thread-multi-64int-ld/Unicode/Collate/Locale/ca.pl
Installing /home/mpb/pit/perl/builds/thr/5.10.1/lib/5.10.1/i686-linux-thread-multi-64int-ld/Unicode/Collate/Locale/om.pl
Installing /home/mpb/pit/perl/builds/thr/5.10.1/lib/5.10.1/i686-linux-thread-multi-64int-ld/Unicode/Collate/Locale/yo.pl
Installing /home/mpb/pit/perl/builds/thr/5.10.1/lib/5.10.1/i686-linux-thread-multi-64int-ld/Unicode/Collate/Locale/de_phone.pl
Installing /home/mpb/pit/perl/builds/thr/5.10.1/lib/5.10.1/i686-linux-thread-multi-64int-ld/Unicode/Collate/Locale/da.pl
Installing /home/mpb/pit/perl/builds/thr/5.10.1/lib/5.10.1/i686-linux-thread-multi-64int-ld/Unicode/Collate/Locale/mt.pl
Installing /home/mpb/pit/perl/builds/thr/5.10.1/lib/5.10.1/i686-linux-thread-multi-64int-ld/Unicode/Collate/Locale/hr.pl
Installing /home/mpb/pit/perl/builds/thr/5.10.1/lib/5.10.1/i686-linux-thread-multi-64int-ld/Unicode/Collate/Locale/ro.pl
Installing /home/mpb/pit/perl/builds/thr/5.10.1/lib/5.10.1/i686-linux-thread-multi-64int-ld/Unicode/Collate/Locale/sk.pl
Installing /home/mpb/pit/perl/builds/thr/5.10.1/lib/5.10.1/i686-linux-thread-multi-64int-ld/Unicode/Collate/Locale/tn.pl
Appending installation info to /home/mpb/pit/perl/builds/thr/5.10.1/lib/5.10.1/i686-linux-thread-multi-64int-ld/perllocal.pod
[MSG] [Mon Oct 4 12:06:30 2010] Trying to get 'http://cpan.cpantesters.org/authors/id/S/SA/SADAHIRO/Unicode-Normalize-1.07-withoutworldwriteables.tar.gz'
[MSG] [Mon Oct 4 12:06:31 2010] Using cached file '/tmp/pit/pit/.cpanplus/sources/CHECKSUMS' on disk; ttl (3600s) is not exceeded
[MSG] [Mon Oct 4 12:06:31 2010] Checksum matches for 'Unicode-Normalize-1.07-withoutworldwriteables.tar.gz'
[MSG] [Mon Oct 4 12:06:32 2010] Extracted 'Unicode-Normalize-1.07/'
[MSG] [Mon Oct 4 12:06:32 2010] Extracted 'Unicode-Normalize-1.07/Changes'
[MSG] [Mon Oct 4 12:06:32 2010] Extracted 'Unicode-Normalize-1.07/disableXS'
[MSG] [Mon Oct 4 12:06:32 2010] Extracted 'Unicode-Normalize-1.07/enableXS'
[MSG] [Mon Oct 4 12:06:32 2010] Extracted 'Unicode-Normalize-1.07/Makefile.PL'
[MSG] [Mon Oct 4 12:06:32 2010] Extracted 'Unicode-Normalize-1.07/MANIFEST'
[MSG] [Mon Oct 4 12:06:32 2010] Extracted 'Unicode-Normalize-1.07/MANIFEST.N'
[MSG] [Mon Oct 4 12:06:32 2010] Extracted 'Unicode-Normalize-1.07/META.yml'
[MSG] [Mon Oct 4 12:06:32 2010] Extracted 'Unicode-Normalize-1.07/mkheader'
[MSG] [Mon Oct 4 12:06:32 2010] Extracted 'Unicode-Normalize-1.07/Normalize.pm'
[MSG] [Mon Oct 4 12:06:32 2010] Extracted 'Unicode-Normalize-1.07/Normalize.pmN'
[MSG] [Mon Oct 4 12:06:32 2010] Extracted 'Unicode-Normalize-1.07/Normalize.xs'
[MSG] [Mon Oct 4 12:06:32 2010] Extracted 'Unicode-Normalize-1.07/README'
[MSG] [Mon Oct 4 12:06:32 2010] Extracted 'Unicode-Normalize-1.07/t/'
[MSG] [Mon Oct 4 12:06:32 2010] Extracted 'Unicode-Normalize-1.07/t/fcdc.t'
[MSG] [Mon Oct 4 12:06:32 2010] Extracted 'Unicode-Normalize-1.07/t/form.t'
[MSG] [Mon Oct 4 12:06:32 2010] Extracted 'Unicode-Normalize-1.07/t/func.t'
[MSG] [Mon Oct 4 12:06:32 2010] Extracted 'Unicode-Normalize-1.07/t/illegal.t'
[MSG] [Mon Oct 4 12:06:32 2010] Extracted 'Unicode-Normalize-1.07/t/norm.t'
[MSG] [Mon Oct 4 12:06:32 2010] Extracted 'Unicode-Normalize-1.07/t/null.t'
[MSG] [Mon Oct 4 12:06:32 2010] Extracted 'Unicode-Normalize-1.07/t/partial1.t'
[MSG] [Mon Oct 4 12:06:32 2010] Extracted 'Unicode-Normalize-1.07/t/partial2.t'
[MSG] [Mon Oct 4 12:06:32 2010] Extracted 'Unicode-Normalize-1.07/t/proto.t'
[MSG] [Mon Oct 4 12:06:32 2010] Extracted 'Unicode-Normalize-1.07/t/split.t'
[MSG] [Mon Oct 4 12:06:32 2010] Extracted 'Unicode-Normalize-1.07/t/test.t'
[MSG] [Mon Oct 4 12:06:32 2010] Extracted 'Unicode-Normalize-1.07/t/tie.t'
[MSG] [Mon Oct 4 12:06:32 2010] Extracted 'Unicode::Normalize' to '/tmp/pit/pit/.cpanplus/build/7249adab2caee5b7b137f70cab0eebd4/Unicode-Normalize-1.07'
[MSG] [Mon Oct 4 12:06:33 2010] Making header files for XS...
Checking if your kit is complete...
Looks good
Writing Makefile for Unicode::Normalize
[MSG] [Mon Oct 4 12:06:33 2010] DEFAULT 'filter_prereqs' HANDLER RETURNING 'sub return value'
[MSG] [Mon Oct 4 12:06:36 2010] cp Normalize.pm blib/lib/Unicode/Normalize.pm
/home/mpb/pit/perl/builds/thr/5.10.1/bin/perl /home/mpb/pit/perl/builds/thr/5.10.1/lib/5.10.1/ExtUtils/xsubpp -typemap /home/mpb/pit/perl/builds/thr/5.10.1/lib/5.10.1/ExtUtils/typemap Normalize.xs > Normalize.xsc && mv Normalize.xsc Normalize.c
cc -c -D_REENTRANT -D_GNU_SOURCE -fno-strict-aliasing -pipe -fstack-protector -I/usr/local/include -D_LARGEFILE_SOURCE -D_FILE_OFFSET_BITS=64 -fomit-frame-pointer -pipe -O3 -march=pentium4 -ftree-vectorize -ftree-vectorizer-verbose=1 -DVERSION=\"1.07\" -DXS_VERSION=\"1.07\" -fPIC "-I/home/mpb/pit/perl/builds/thr/5.10.1/lib/5.10.1/i686-linux-thread-multi-64int-ld/CORE" Normalize.c
Normalize.c:1183: note:
Normalize.c:856: note:
Normalize.c:787: note:
Normalize.c:738: note:
Normalize.xs:239: note: created 1 versioning for alias checks.
Normalize.xs:239: note: LOOP VECTORIZED.
Normalize.xs:205: note: vectorized 1 loops in function.
Normalize.xs:260: note:
Normalize.xs:336: note:
Normalize.c:1120: note: Running Mkbootstrap for Unicode::Normalize ()
chmod 644 Normalize.bs
rm -f blib/arch/auto/Unicode/Normalize/Normalize.so
cc -shared -fomit-frame-pointer -pipe -O3 -march=pentium4 -ftree-vectorize -ftree-vectorizer-verbose=1 -L/usr/local/lib -fstack-protector Normalize.o -o blib/arch/auto/Unicode/Normalize/Normalize.so \
\
chmod 755 blib/arch/auto/Unicode/Normalize/Normalize.so
cp Normalize.bs blib/arch/auto/Unicode/Normalize/Normalize.bs
chmod 644 blib/arch/auto/Unicode/Normalize/Normalize.bs
[MSG] [Mon Oct 4 12:06:37 2010] MAKE TEST passed: PERL_DL_NONLAZY=1 /home/mpb/pit/perl/builds/thr/5.10.1/bin/perl "-MExtUtils::Command::MM" "-e" "test_harness(0, 'blib/lib', 'blib/arch')" t/*.t
t/fcdc.t ...... ok
t/form.t ...... ok
t/func.t ...... ok
t/illegal.t ... ok
t/norm.t ...... ok
t/null.t ...... ok
t/partial1.t .. ok
t/partial2.t .. ok
t/proto.t ..... ok
t/split.t ..... ok
t/test.t ...... ok
t/tie.t ....... ok
All tests successful.
Files=12, Tests=738, 1 wallclock secs ( 0.21 usr 0.04 sys + 0.42 cusr 0.12 csys = 0.79 CPU)
Result: PASS
[MSG] [Mon Oct 4 12:06:37 2010] Sending test report for 'Unicode-Normalize-1.07-withoutworldwriteables'
[MSG] [Mon Oct 4 12:06:37 2010] DEFAULT 'munge_test_report' HANDLER RETURNING 'sub return value'
[MSG] [Mon Oct 4 12:06:38 2010] Successfully sent 'pass' report for 'Unicode-Normalize-1.07-withoutworldwriteables'
[MSG] [Mon Oct 4 12:06:39 2010] Files found in blib/arch: installing files in blib/lib into architecture dependent library tree
Installing /home/mpb/pit/perl/builds/thr/5.10.1/lib/5.10.1/i686-linux-thread-multi-64int-ld/auto/Unicode/Normalize/Normalize.so
Installing /home/mpb/pit/perl/builds/thr/5.10.1/lib/5.10.1/i686-linux-thread-multi-64int-ld/Unicode/Normalize.pm
Appending installation info to /home/mpb/pit/perl/builds/thr/5.10.1/lib/5.10.1/i686-linux-thread-multi-64int-ld/perllocal.pod
[MSG] [Mon Oct 4 12:06:39 2010] Trying to get 'http://cpan.cpantesters.org/authors/id/C/CH/CHORNY/XML-Parser-2.40.tar.gz'
[MSG] [Mon Oct 4 12:06:40 2010] Using cached file '/tmp/pit/pit/.cpanplus/sources/CHECKSUMS' on disk; ttl (3600s) is not exceeded
[MSG] [Mon Oct 4 12:06:40 2010] Archive size is not known for 'XML-Parser-2.40.tar.gz'
[MSG] [Mon Oct 4 12:06:40 2010] No 'md5' checksum known for 'XML-Parser-2.40.tar.gz'
[MSG] [Mon Oct 4 12:06:41 2010] Extracted 'XML-Parser-2.40'
[MSG] [Mon Oct 4 12:06:41 2010] Extracted 'XML-Parser-2.40/Changes'
[MSG] [Mon Oct 4 12:06:41 2010] Extracted 'XML-Parser-2.40/Makefile.PL'
[MSG] [Mon Oct 4 12:06:41 2010] Extracted 'XML-Parser-2.40/MANIFEST'
[MSG] [Mon Oct 4 12:06:41 2010] Extracted 'XML-Parser-2.40/META.yml'
[MSG] [Mon Oct 4 12:06:41 2010] Extracted 'XML-Parser-2.40/Parser.pm'
[MSG] [Mon Oct 4 12:06:41 2010] Extracted 'XML-Parser-2.40/README'
[MSG] [Mon Oct 4 12:06:41 2010] Extracted 'XML-Parser-2.40/Expat'
[MSG] [Mon Oct 4 12:06:41 2010] Extracted 'XML-Parser-2.40/Expat/encoding.h'
[MSG] [Mon Oct 4 12:06:41 2010] Extracted 'XML-Parser-2.40/Expat/Expat.pm'
[MSG] [Mon Oct 4 12:06:41 2010] Extracted 'XML-Parser-2.40/Expat/Expat.xs'
[MSG] [Mon Oct 4 12:06:41 2010] Extracted 'XML-Parser-2.40/Expat/Makefile.PL'
[MSG] [Mon Oct 4 12:06:41 2010] Extracted 'XML-Parser-2.40/Expat/typemap'
[MSG] [Mon Oct 4 12:06:41 2010] Extracted 'XML-Parser-2.40/inc'
[MSG] [Mon Oct 4 12:06:41 2010] Extracted 'XML-Parser-2.40/inc/Devel'
[MSG] [Mon Oct 4 12:06:41 2010] Extracted 'XML-Parser-2.40/inc/Devel/CheckLib.pm'
[MSG] [Mon Oct 4 12:06:41 2010] Extracted 'XML-Parser-2.40/Parser'
[MSG] [Mon Oct 4 12:06:41 2010] Extracted 'XML-Parser-2.40/Parser/LWPExternEnt.pl'
[MSG] [Mon Oct 4 12:06:41 2010] Extracted 'XML-Parser-2.40/Parser/Encodings'
[MSG] [Mon Oct 4 12:06:41 2010] Extracted 'XML-Parser-2.40/Parser/Encodings/big5.enc'
[MSG] [Mon Oct 4 12:06:41 2010] Extracted 'XML-Parser-2.40/Parser/Encodings/euc-kr.enc'
[MSG] [Mon Oct 4 12:06:41 2010] Extracted 'XML-Parser-2.40/Parser/Encodings/ibm866.enc'
[MSG] [Mon Oct 4 12:06:41 2010] Extracted 'XML-Parser-2.40/Parser/Encodings/iso-8859-2.enc'
[MSG] [Mon Oct 4 12:06:41 2010] Extracted 'XML-Parser-2.40/Parser/Encodings/iso-8859-3.enc'
[MSG] [Mon Oct 4 12:06:41 2010] Extracted 'XML-Parser-2.40/Parser/Encodings/iso-8859-4.enc'
[MSG] [Mon Oct 4 12:06:41 2010] Extracted 'XML-Parser-2.40/Parser/Encodings/iso-8859-5.enc'
[MSG] [Mon Oct 4 12:06:41 2010] Extracted 'XML-Parser-2.40/Parser/Encodings/iso-8859-7.enc'
[MSG] [Mon Oct 4 12:06:41 2010] Extracted 'XML-Parser-2.40/Parser/Encodings/iso-8859-8.enc'
[MSG] [Mon Oct 4 12:06:41 2010] Extracted 'XML-Parser-2.40/Parser/Encodings/iso-8859-9.enc'
[MSG] [Mon Oct 4 12:06:41 2010] Extracted 'XML-Parser-2.40/Parser/Encodings/Japanese_Encodings.msg'
[MSG] [Mon Oct 4 12:06:41 2010] Extracted 'XML-Parser-2.40/Parser/Encodings/koi8-r.enc'
[MSG] [Mon Oct 4 12:06:41 2010] Extracted 'XML-Parser-2.40/Parser/Encodings/README'
[MSG] [Mon Oct 4 12:06:41 2010] Extracted 'XML-Parser-2.40/Parser/Encodings/windows-1250.enc'
[MSG] [Mon Oct 4 12:06:41 2010] Extracted 'XML-Parser-2.40/Parser/Encodings/windows-1251.enc'
[MSG] [Mon Oct 4 12:06:41 2010] Extracted 'XML-Parser-2.40/Parser/Encodings/windows-1252.enc'
[MSG] [Mon Oct 4 12:06:41 2010] Extracted 'XML-Parser-2.40/Parser/Encodings/windows-1255.enc'
[MSG] [Mon Oct 4 12:06:41 2010] Extracted 'XML-Parser-2.40/Parser/Encodings/x-euc-jp-jisx0221.enc'
[MSG] [Mon Oct 4 12:06:41 2010] Extracted 'XML-Parser-2.40/Parser/Encodings/x-euc-jp-unicode.enc'
[MSG] [Mon Oct 4 12:06:41 2010] Extracted 'XML-Parser-2.40/Parser/Encodings/x-sjis-cp932.enc'
[MSG] [Mon Oct 4 12:06:41 2010] Extracted 'XML-Parser-2.40/Parser/Encodings/x-sjis-jdk117.enc'
[MSG] [Mon Oct 4 12:06:41 2010] Extracted 'XML-Parser-2.40/Parser/Encodings/x-sjis-jisx0221.enc'
[MSG] [Mon Oct 4 12:06:41 2010] Extracted 'XML-Parser-2.40/Parser/Encodings/x-sjis-unicode.enc'
[MSG] [Mon Oct 4 12:06:41 2010] Extracted 'XML-Parser-2.40/Parser/Style'
[MSG] [Mon Oct 4 12:06:41 2010] Extracted 'XML-Parser-2.40/Parser/Style/Debug.pm'
[MSG] [Mon Oct 4 12:06:41 2010] Extracted 'XML-Parser-2.40/Parser/Style/Objects.pm'
[MSG] [Mon Oct 4 12:06:41 2010] Extracted 'XML-Parser-2.40/Parser/Style/Stream.pm'
[MSG] [Mon Oct 4 12:06:41 2010] Extracted 'XML-Parser-2.40/Parser/Style/Subs.pm'
[MSG] [Mon Oct 4 12:06:41 2010] Extracted 'XML-Parser-2.40/Parser/Style/Tree.pm'
[MSG] [Mon Oct 4 12:06:41 2010] Extracted 'XML-Parser-2.40/samples'
[MSG] [Mon Oct 4 12:06:41 2010] Extracted 'XML-Parser-2.40/samples/canonical'
[MSG] [Mon Oct 4 12:06:41 2010] Extracted 'XML-Parser-2.40/samples/canontst.xml'
[MSG] [Mon Oct 4 12:06:41 2010] Extracted 'XML-Parser-2.40/samples/ctest.dtd'
[MSG] [Mon Oct 4 12:06:41 2010] Extracted 'XML-Parser-2.40/samples/REC-xml-19980210.xml'
[MSG] [Mon Oct 4 12:06:41 2010] Extracted 'XML-Parser-2.40/samples/xmlcomments'
[MSG] [Mon Oct 4 12:06:41 2010] Extracted 'XML-Parser-2.40/samples/xmlfilter'
[MSG] [Mon Oct 4 12:06:41 2010] Extracted 'XML-Parser-2.40/samples/xmlstats'
[MSG] [Mon Oct 4 12:06:42 2010] Extracted 'XML-Parser-2.40/t'
[MSG] [Mon Oct 4 12:06:42 2010] Extracted 'XML-Parser-2.40/t/astress.t'
[MSG] [Mon Oct 4 12:06:42 2010] Extracted 'XML-Parser-2.40/t/cdata.t'
[MSG] [Mon Oct 4 12:06:42 2010] Extracted 'XML-Parser-2.40/t/decl.t'
[MSG] [Mon Oct 4 12:06:42 2010] Extracted 'XML-Parser-2.40/t/defaulted.t'
[MSG] [Mon Oct 4 12:06:42 2010] Extracted 'XML-Parser-2.40/t/encoding.t'
[MSG] [Mon Oct 4 12:06:42 2010] Extracted 'XML-Parser-2.40/t/ext.ent'
[MSG] [Mon Oct 4 12:06:42 2010] Extracted 'XML-Parser-2.40/t/ext2.ent'
[MSG] [Mon Oct 4 12:06:42 2010] Extracted 'XML-Parser-2.40/t/external_ent.t'
[MSG] [Mon Oct 4 12:06:42 2010] Extracted 'XML-Parser-2.40/t/file.t'
[MSG] [Mon Oct 4 12:06:42 2010] Extracted 'XML-Parser-2.40/t/finish.t'
[MSG] [Mon Oct 4 12:06:42 2010] Extracted 'XML-Parser-2.40/t/foo.dtd'
[MSG] [Mon Oct 4 12:06:42 2010] Extracted 'XML-Parser-2.40/t/namespaces.t'
[MSG] [Mon Oct 4 12:06:42 2010] Extracted 'XML-Parser-2.40/t/parament.t'
[MSG] [Mon Oct 4 12:06:42 2010] Extracted 'XML-Parser-2.40/t/partial.t'
[MSG] [Mon Oct 4 12:06:42 2010] Extracted 'XML-Parser-2.40/t/skip.t'
[MSG] [Mon Oct 4 12:06:42 2010] Extracted 'XML-Parser-2.40/t/stream.t'
[MSG] [Mon Oct 4 12:06:42 2010] Extracted 'XML-Parser-2.40/t/styles.t'
[MSG] [Mon Oct 4 12:06:42 2010] Extracted 'XML::Parser' to '/tmp/pit/pit/.cpanplus/build/7249adab2caee5b7b137f70cab0eebd4/XML-Parser-2.40'
[MSG] [Mon Oct 4 12:06:42 2010] Checking if your kit is complete...
Looks good
Writing Makefile for XML::Parser::Expat
Writing Makefile for XML::Parser
[MSG] [Mon Oct 4 12:06:42 2010] DEFAULT 'filter_prereqs' HANDLER RETURNING 'sub return value'
[MSG] [Mon Oct 4 12:06:49 2010] cp Parser/Encodings/x-sjis-cp932.enc blib/lib/XML/Parser/Encodings/x-sjis-cp932.enc
cp Parser/Encodings/koi8-r.enc blib/lib/XML/Parser/Encodings/koi8-r.enc
cp Parser/Encodings/iso-8859-7.enc blib/lib/XML/Parser/Encodings/iso-8859-7.enc
cp Parser/Encodings/ibm866.enc blib/lib/XML/Parser/Encodings/ibm866.enc
cp Parser/Style/Tree.pm blib/lib/XML/Parser/Style/Tree.pm
cp Parser/Encodings/iso-8859-9.enc blib/lib/XML/Parser/Encodings/iso-8859-9.enc
cp Parser/Encodings/x-euc-jp-unicode.enc blib/lib/XML/Parser/Encodings/x-euc-jp-unicode.enc
cp Parser/Encodings/README blib/lib/XML/Parser/Encodings/README
cp Parser/Encodings/euc-kr.enc blib/lib/XML/Parser/Encodings/euc-kr.enc
cp Parser/Encodings/windows-1250.enc blib/lib/XML/Parser/Encodings/windows-1250.enc
cp Parser/Encodings/windows-1252.enc blib/lib/XML/Parser/Encodings/windows-1252.enc
cp Parser/Encodings/big5.enc blib/lib/XML/Parser/Encodings/big5.enc
cp Parser/Encodings/iso-8859-3.enc blib/lib/XML/Parser/Encodings/iso-8859-3.enc
cp Parser/Encodings/Japanese_Encodings.msg blib/lib/XML/Parser/Encodings/Japanese_Encodings.msg
cp Parser/Encodings/windows-1255.enc blib/lib/XML/Parser/Encodings/windows-1255.enc
cp Parser/Encodings/x-euc-jp-jisx0221.enc blib/lib/XML/Parser/Encodings/x-euc-jp-jisx0221.enc
cp Parser/Style/Subs.pm blib/lib/XML/Parser/Style/Subs.pm
cp Parser/Encodings/iso-8859-8.enc blib/lib/XML/Parser/Encodings/iso-8859-8.enc
cp Parser/Encodings/iso-8859-4.enc blib/lib/XML/Parser/Encodings/iso-8859-4.enc
cp Parser/Encodings/x-sjis-jdk117.enc blib/lib/XML/Parser/Encodings/x-sjis-jdk117.enc
cp Parser/Encodings/iso-8859-2.enc blib/lib/XML/Parser/Encodings/iso-8859-2.enc
cp Parser/Encodings/x-sjis-unicode.enc blib/lib/XML/Parser/Encodings/x-sjis-unicode.enc
cp Parser/LWPExternEnt.pl blib/lib/XML/Parser/LWPExternEnt.pl
cp Parser/Style/Objects.pm blib/lib/XML/Parser/Style/Objects.pm
cp Parser/Encodings/windows-1251.enc blib/lib/XML/Parser/Encodings/windows-1251.enc
cp Parser.pm blib/lib/XML/Parser.pm
cp Parser/Style/Debug.pm blib/lib/XML/Parser/Style/Debug.pm
cp Parser/Encodings/x-sjis-jisx0221.enc blib/lib/XML/Parser/Encodings/x-sjis-jisx0221.enc
cp Parser/Style/Stream.pm blib/lib/XML/Parser/Style/Stream.pm
cp Parser/Encodings/iso-8859-5.enc blib/lib/XML/Parser/Encodings/iso-8859-5.enc
make[1]: entrant dans le répertoire « /tmp/pit/pit/.cpanplus/build/7249adab2caee5b7b137f70cab0eebd4/XML-Parser-2.40/Expat »
cp Expat.pm ../blib/lib/XML/Parser/Expat.pm
/home/mpb/pit/perl/builds/thr/5.10.1/bin/perl /home/mpb/pit/perl/builds/thr/5.10.1/lib/5.10.1/ExtUtils/xsubpp -noprototypes -typemap /home/mpb/pit/perl/builds/thr/5.10.1/lib/5.10.1/ExtUtils/typemap -typemap typemap Expat.xs > Expat.xsc && mv Expat.xsc Expat.c
cc -c -D_REENTRANT -D_GNU_SOURCE -fno-strict-aliasing -pipe -fstack-protector -I/usr/local/include -D_LARGEFILE_SOURCE -D_FILE_OFFSET_BITS=64 -fomit-frame-pointer -pipe -O3 -march=pentium4 -ftree-vectorize -ftree-vectorizer-verbose=1 -DVERSION=\"2.40\" -DXS_VERSION=\"2.40\" -fPIC "-I/home/mpb/pit/perl/builds/thr/5.10.1/lib/5.10.1/i686-linux-thread-multi-64int-ld/CORE" Expat.c
Expat.xs: In function âexternalEntityRefâ:
Expat.xs:1011: attention : transtypage d'un pointeur vers un entier de taille différente
Expat.xs:1043: attention : transtypage d'un pointeur vers un entier de taille différente
Expat.xs: In function âunknownEncodingâ:
Expat.xs:1166: attention : transtypage vers un pointeur depuis un entier de taille différente
Expat.c: In function âXS_XML__Parser__Expat_FreeEncodingâ:
Expat.c:2702: attention : transtypage vers un pointeur depuis un entier de taille différente
Expat.xs:1079: note:
Expat.xs:287: note:
Expat.c:2252: note:
Expat.c:2584: note:
Expat.xs:1116: note:
Expat.xs:1905: note: created 1 versioning for alias checks.
Expat.xs:1905: note: LOOP VECTORIZED.
Expat.xs:1901: note: created 1 versioning for alias checks.
Expat.xs:1901: note: LOOP VECTORIZED.
Expat.c:2327: note: vectorized 2 loops in function.
Expat.xs:478: note:
Expat.xs:249: note: Running Mkbootstrap for XML::Parser::Expat ()
chmod 644 Expat.bs
rm -f ../blib/arch/auto/XML/Parser/Expat/Expat.so
LD_RUN_PATH="/usr/lib" cc -shared -fomit-frame-pointer -pipe -O3 -march=pentium4 -ftree-vectorize -ftree-vectorizer-verbose=1 -L/usr/local/lib -fstack-protector Expat.o -o ../blib/arch/auto/XML/Parser/Expat/Expat.so \
-lexpat \
chmod 755 ../blib/arch/auto/XML/Parser/Expat/Expat.so
cp Expat.bs ../blib/arch/auto/XML/Parser/Expat/Expat.bs
chmod 644 ../blib/arch/auto/XML/Parser/Expat/Expat.bs
make[1]: quittant le répertoire « /tmp/pit/pit/.cpanplus/build/7249adab2caee5b7b137f70cab0eebd4/XML-Parser-2.40/Expat »
[ERROR] [Mon Oct 4 12:06:51 2010] MAKE TEST failed: Aucun fichier ou dossier de ce type make[1]: entrant dans le répertoire « /tmp/pit/pit/.cpanplus/build/7249adab2caee5b7b137f70cab0eebd4/XML-Parser-2.40/Expat »
make[1]: quittant le répertoire « /tmp/pit/pit/.cpanplus/build/7249adab2caee5b7b137f70cab0eebd4/XML-Parser-2.40/Expat »
PERL_DL_NONLAZY=1 /home/mpb/pit/perl/builds/thr/5.10.1/bin/perl "-MExtUtils::Command::MM" "-e" "test_harness(0, 'blib/lib', 'blib/arch')" t/*.t
t/astress.t ....... ok
t/cdata.t ......... ok
syntax error at line 14, column 3, byte 214:
%ext;
<![%bar;[
==^
<!ATTLIST bar xyz (a|b|c) 'b'>
]]>
error in processing external entity reference at line 21, column 3, byte 3161:
<!ELEMENT bar ANY>
<!ATTLIST bar big CDATA 'This is a large string value to test whether the declaration parser still works when the entity or attribute default value may be broken into multiple calls to the default handler. 01234567890123456789012345678901234567890123456789012345678901234567890123456789 01234567890123456789012345678901234567890123456789012345678901234567890123456789 01234567890123456789012345678901234567890123456789012345678901234567890123456789 01234567890123456789012345678901234567890123456789012345678901234567890123456789 01234567890123456789012345678901234567890123456789012345678901234567890123456789 01234567890123456789012345678901234567890123456789012345678901234567890123456789 01234567890123456789012345678901234567890123456789012345678901234567890123456789 01234567890123456789012345678901234567890123456789012345678901234567890123456789 01234567890123456789012345678901234567890123456789012345678901234567890123456789 01234567890123456789012345678901234567890123456789012345678901234567890123456789 01234567890123456789012345678901234567890123456789012345678901234567890123456789 01234567890123456789012345678901234567890123456789012345678901234567890123456789 01234567890123456789012345678901234567890123456789012345678901234567890123456789 '>
]>
==^
<foo/>
at /tmp/pit/pit/.cpanplus/build/7249adab2caee5b7b137f70cab0eebd4/XML-Parser-2.40/blib/lib/XML/Parser.pm line 187
t/decl.t ..........
Dubious, test returned 9 (wstat 2304, 0x900)
Failed 29/30 subtests
t/defaulted.t ..... ok
t/encoding.t ...... ok
t/external_ent.t .. ok
t/file.t .......... ok
t/finish.t ........ ok
t/namespaces.t .... ok
error in processing external entity reference at line 8, column 0, byte 173:
<!ENTITY more SYSTEM "t/ext2.ent">
]
>
^
<foo>Happy, happy
<bar>&joy;, &joy;</bar>
at /tmp/pit/pit/.cpanplus/build/7249adab2caee5b7b137f70cab0eebd4/XML-Parser-2.40/blib/lib/XML/Parser.pm line 187
t/parament.t ......
Dubious, test returned 255 (wstat 65280, 0xff00)
Failed 11/12 subtests
t/partial.t ....... ok
t/skip.t .......... ok
t/stream.t ........ ok
t/styles.t ........ ok
Test Summary Report
-------------------
t/decl.t (Wstat: 2304 Tests: 1 Failed: 0)
Non-zero exit status: 9
Parse errors: Bad plan. You planned 30 tests but ran 1.
t/parament.t (Wstat: 65280 Tests: 1 Failed: 0)
Non-zero exit status: 255
Parse errors: Bad plan. You planned 12 tests but ran 1.
Files=14, Tests=90, 2 wallclock secs ( 0.10 usr 0.05 sys + 1.06 cusr 0.21 csys = 1.42 CPU)
Result: FAIL
Failed 2/14 test programs. 0/90 subtests failed.
make: *** [test_dynamic] Erreur 255
[HISTORY] [Mon Oct 4 12:09:22 2010] Proceed anyway? [y/N]: n
PREREQUISITES:
Here is a list of prerequisites you specified and versions we
managed to load:
Module Name Have Want
LWP 5.836 0
Perl module toolchain versions installed:
Module Name Have
CPANPLUS 0.9007
CPANPLUS::Dist::Build 0.48
Cwd 3.33
ExtUtils::CBuilder 0.2703
ExtUtils::Command 1.16
ExtUtils::Install 1.54
ExtUtils::MakeMaker 6.56
ExtUtils::Manifest 1.58
ExtUtils::ParseXS 2.2206
File::Spec 3.33
Module::Build 0.3607
Test::Harness 3.22
Test::More 0.96
version 0.82
******************************** NOTE ********************************
The comments above are created mechanically, possibly without manual
checking by the sender. As there are many people performing automatic
tests on each upload to CPAN, it is likely that you will receive
identical messages about the same problem.
If you believe that the message is mistaken, please reply to the first
one with correction and/or additional informations, and do not take
it personally. We appreciate your patience. :)
**********************************************************************
Additional comments:
--
Summary of my perl5 (revision 5 version 10 subversion 1) configuration:
Platform:
osname=linux, osvers=2.6.24.7-tmb-server-4mdv, archname=i686-linux-thread-multi-64int-ld
uname='linux eclop10.math.u-bordeaux1.fr 2.6.24.7-tmb-server-4mdv #1 smp thu jul 17 10:47:36 edt 2008 i686 intel(r) pentium(r) 4 cpu 2.80ghz gnulinux '
config_args='-Doptimize=-fomit-frame-pointer -pipe -O3 -march=pentium4 -ftree-vectorize -ftree-vectorizer-verbose=1 -des -Dusemorebits -Dman1dir=none -Dman3dir=none -Dcf_email=vpit@cpan.org -Dmydomain=eclop10.math.u-bordeaux1.fr -DEBUGGING=none -Dusethreads -Dprefix=/home/mpb/pit/perl/builds/thr/5.10.1'
hint=recommended, useposix=true, d_sigaction=define
useithreads=define, usemultiplicity=define
useperlio=define, d_sfio=undef, uselargefiles=define, usesocks=undef
use64bitint=define, use64bitall=undef, uselongdouble=define
usemymalloc=n, bincompat5005=undef
Compiler:
cc='cc', ccflags ='-D_REENTRANT -D_GNU_SOURCE -fno-strict-aliasing -pipe -fstack-protector -I/usr/local/include -D_LARGEFILE_SOURCE -D_FILE_OFFSET_BITS=64',
optimize='-fomit-frame-pointer -pipe -O3 -march=pentium4 -ftree-vectorize -ftree-vectorizer-verbose=1',
cppflags='-D_REENTRANT -D_GNU_SOURCE -fno-strict-aliasing -pipe -fstack-protector -I/usr/local/include'
ccversion='', gccversion='4.2.3 (4.2.3-6mnb1)', gccosandvers=''
intsize=4, longsize=4, ptrsize=4, doublesize=8, byteorder=12345678
d_longlong=define, longlongsize=8, d_longdbl=define, longdblsize=12
ivtype='long long', ivsize=8, nvtype='long double', nvsize=12, Off_t='off_t', lseeksize=8
alignbytes=4, prototype=define
Linker and Libraries:
ld='cc', ldflags =' -fstack-protector -L/usr/local/lib'
libpth=/usr/local/lib /lib /usr/lib
libs=-lnsl -ldl -lm -lcrypt -lutil -lpthread -lc
perllibs=-lnsl -ldl -lm -lcrypt -lutil -lpthread -lc
libc=/lib/libc-2.7.so, so=so, useshrplib=false, libperl=libperl.a
gnulibc_version='2.7'
Dynamic Linking:
dlsrc=dl_dlopen.xs, dlext=so, d_dlsymun=undef, ccdlflags='-Wl,-E'
cccdlflags='-fPIC', lddlflags='-shared -fomit-frame-pointer -pipe -O3 -march=pentium4 -ftree-vectorize -ftree-vectorizer-verbose=1 -L/usr/local/lib -fstack-protector'
Characteristics of this binary (from libperl):
Compile-time options: MULTIPLICITY PERL_DONT_CREATE_GVSV
PERL_IMPLICIT_CONTEXT PERL_MALLOC_WRAP USE_64_BIT_INT
USE_ITHREADS USE_LARGE_FILES USE_LONG_DOUBLE
USE_PERLIO USE_REENTRANT_API
Built under linux
Compiled at Sep 3 2009 10:47:41
%ENV:
PERL5LIB="/home/mpb/pit/lib/perl5:/home/mpb/pit/git/lib:/home/mpb/pit/git/lib/site_perl:/tmp/pit/pit/.cpanplus/build/7249adab2caee5b7b137f70cab0eebd4/XML-Parser-2.40/blib/lib:/tmp/pit/pit/.cpanplus/build/7249adab2caee5b7b137f70cab0eebd4/XML-Parser-2.40/blib/arch"
PERL5_CPANPLUS_IS_RUNNING="29928"
PERL5_CPANPLUS_IS_VERSION="0.9007"
PERLDOC_PAGER="less -R"
PERL_READLINE_NOWARN="1"
@INC:
/home/mpb/pit/lib/perl5
/home/mpb/pit/git/lib
/home/mpb/pit/git/lib/site_perl
/tmp/pit/pit/.cpanplus/build/7249adab2caee5b7b137f70cab0eebd4/XML-Parser-2.40/blib/lib
/tmp/pit/pit/.cpanplus/build/7249adab2caee5b7b137f70cab0eebd4/XML-Parser-2.40/blib/arch
/home/mpb/pit/perl/builds/thr/5.10.1/lib/5.10.1/i686-linux-thread-multi-64int-ld
/home/mpb/pit/perl/builds/thr/5.10.1/lib/5.10.1
/home/mpb/pit/perl/builds/thr/5.10.1/lib/site_perl/5.10.1/i686-linux-thread-multi-64int-ld
/home/mpb/pit/perl/builds/thr/5.10.1/lib/site_perl/5.10.1
.