Data-Roundtrip v0.29 Perl 5 v5.20.3 MSWin32-x64-multi-thread

Status
Fail
From
LNATION
Dist
Data-Roundtrip v0.29
Platform
Perl 5 v5.20.3 MSWin32-x64-multi-thread
Date
2025-05-17 10:19:18
ID
76bc72d5-6c83-1014-b6eb-afe7a06bcc6c
This distribution has been tested as part of the CPAN Testers
project, supporting the Perl programming language.  See
http://wiki.cpantesters.org/ for more information or email
questions to cpan-testers-discuss@perl.org


--
Dear Andreas Hadjiprocopis,

This is a computer-generated report for Data-Roundtrip-0.29
on perl 5.20.3, created by CPAN-Reporter-1.2020.

Thank you for uploading your work to CPAN.  However, there was a problem
testing your distribution.

If you think this report is invalid, please consult the CPAN Testers Wiki
for suggestions on how to avoid getting FAIL reports for missing library
or binary dependencies, unsupported operating systems, and so on:

http://wiki.cpantesters.org/wiki/CPANAuthorNotes

Sections of this report:

    * Tester comments
    * Program output
    * Prerequisites
    * Environment and other context

------------------------------
TESTER COMMENTS
------------------------------

Additional comments from tester:

this report is from an automated smoke testing program
and was not reviewed by a human for accuracy

------------------------------
PROGRAM OUTPUT
------------------------------

Output from 'C:\STRAWB~1\c\bin\dmake.exe test':

"C:\Strawberry\perl\bin\perl.exe" "-MExtUtils::Command::MM" "-MTest::Harness" "-e" "undef *Test::Harness::Switches; test_harness(0, 'blib\lib', 'blib\arch')" t/*.t
# Testing Data::Roundtrip 0.29, Perl 5.020003, C:\Strawberry\perl\bin\perl.exe
t/00-load.t ..................................... ok
dump2perl() : WARNING, eval()'ing input string, are you sure you did check its content ?
dump2perl() : WARNING, this sub will be removed in future releases.
dump2perl() : WARNING, eval()'ing input string, are you sure you did check its content ?
dump2perl() : WARNING, this sub will be removed in future releases.
dump2perl() : WARNING, eval()'ing input string, are you sure you did check its content ?
dump2perl() : WARNING, this sub will be removed in future releases.
dump2perl() : WARNING, eval()'ing input string, are you sure you did check its content ?
dump2perl() : WARNING, this sub will be removed in future releases.
dump2perl() : WARNING, eval()'ing input string, are you sure you did check its content ?
dump2perl() : WARNING, this sub will be removed in future releases.
dump2perl() : WARNING, eval()'ing input string, are you sure you did check its content ?
dump2perl() : WARNING, this sub will be removed in future releases.
t/01-basic.t .................................... ok
dump2perl() : WARNING, eval()'ing input string, are you sure you did check its content ?
dump2perl() : WARNING, this sub will be removed in future releases.
dump2perl() : WARNING, eval()'ing input string, are you sure you did check its content ?
dump2perl() : WARNING, this sub will be removed in future releases.
dump2perl() : WARNING, eval()'ing input string, are you sure you did check its content ?
dump2perl() : WARNING, this sub will be removed in future releases.
dump2perl() : WARNING, eval()'ing input string, are you sure you did check its content ?
dump2perl() : WARNING, this sub will be removed in future releases.
dump2perl() : WARNING, eval()'ing input string, are you sure you did check its content ?
dump2perl() : WARNING, this sub will be removed in future releases.
dump2perl() : WARNING, eval()'ing input string, are you sure you did check its content ?
dump2perl() : WARNING, this sub will be removed in future releases.
perl2yaml() : pretty-printing is not supported for YAML output
t/02-random-data-structure.t .................... ok
dump2perl() : WARNING, eval()'ing input string, are you sure you did check its content ?
dump2perl() : WARNING, this sub will be removed in future releases.
dump2perl() : WARNING, eval()'ing input string, are you sure you did check its content ?
dump2perl() : WARNING, this sub will be removed in future releases.
dump2perl() : WARNING, eval()'ing input string, are you sure you did check its content ?
dump2perl() : WARNING, this sub will be removed in future releases.
dump2perl() : WARNING, eval()'ing input string, are you sure you did check its content ?
dump2perl() : WARNING, this sub will be removed in future releases.
dump2perl() : WARNING, eval()'ing input string, are you sure you did check its content ?
dump2perl() : WARNING, this sub will be removed in future releases.
dump2perl() : WARNING, eval()'ing input string, are you sure you did check its content ?
dump2perl() : WARNING, this sub will be removed in future releases.
perl2yaml() : pretty-printing is not supported for YAML output
dump2perl() : WARNING, eval()'ing input string, are you sure you did check its content ?
dump2perl() : WARNING, this sub will be removed in future releases.
dump2perl() : WARNING, eval()'ing input string, are you sure you did check its content ?
dump2perl() : WARNING, this sub will be removed in future releases.
dump2perl() : WARNING, eval()'ing input string, are you sure you did check its content ?
dump2perl() : WARNING, this sub will be removed in future releases.
t/03-random-data-structure-UTF8.t ............... ok
t/04-dump2-use-is-explicit.t .................... ok
dump2perl() : WARNING, eval()'ing input string, are you sure you did check its content ?
dump2perl() : WARNING, this sub will be removed in future releases.
dump2perl() : WARNING, eval()'ing input string, are you sure you did check its content ?
dump2perl() : WARNING, this sub will be removed in future releases.
dump2perl() : WARNING, eval()'ing input string, are you sure you did check its content ?
dump2perl() : WARNING, this sub will be removed in future releases.
dump2perl() : WARNING, eval()'ing input string, are you sure you did check its content ?
dump2perl() : WARNING, this sub will be removed in future releases.
t/05-perl2dump-no-escape-unicode-temporarily.t .. ok
dump2perl() : WARNING, eval()'ing input string, are you sure you did check its content ?
dump2perl() : WARNING, this sub will be removed in future releases.
dump2perl() : WARNING, eval()'ing input string, are you sure you did check its content ?
dump2perl() : WARNING, this sub will be removed in future releases.
dump2perl() : WARNING, eval()'ing input string, are you sure you did check its content ?
dump2perl() : WARNING, this sub will be removed in future releases.
dump2perl() : WARNING, eval()'ing input string, are you sure you did check its content ?
dump2perl() : WARNING, this sub will be removed in future releases.
t/06-perl2dump-no-escape-unicode-permanently.t .. ok
dump2perl() : WARNING, eval()'ing input string, are you sure you did check its content ?
dump2perl() : WARNING, this sub will be removed in future releases.
dump2perl() : WARNING, eval()'ing input string, are you sure you did check its content ?
dump2perl() : WARNING, this sub will be removed in future releases.
dump2perl() : WARNING, eval()'ing input string, are you sure you did check its content ?
dump2perl() : WARNING, this sub will be removed in future releases.
dump2perl() : WARNING, eval()'ing input string, are you sure you did check its content ?
dump2perl() : WARNING, this sub will be removed in future releases.
t/07-perl2dump-escape-unicode-permanently.t ..... ok
t/10-scripts.t .................................. ok
t/11-scripts-pod.t .............................. ok

#   Failed test 'jsonfile2perl() : result agrees with what we saved before ('randomiser'/1).'
#   at t/12-from-file.t line 117.
#     Structures begin differing at:
#          $got->[11] = '0.866226560006421'
#     $expected->[11] = '0.866226560006422'
# temp dir: '\tmp\A5u9TBw1XD' ...
# Looks like you failed 1 test of 29.
t/12-from-file.t ................................ 
Dubious, test returned 1 (wstat 256, 0x100)
Failed 1/29 subtests 
t/13-yaml-tricky-cases.t ........................ ok
t/14-yaml-tainted-input.t ....................... ok
dump2perl() : WARNING, eval()'ing input string, are you sure you did check its content ?
dump2perl() : WARNING, this sub will be removed in future releases.
dump2perl() : WARNING, eval()'ing input string, are you sure you did check its content ?
dump2perl() : WARNING, this sub will be removed in future releases.
t/20-synopsis.t ................................. ok
t/manifest.t .................................... skipped: Author tests not required for installation
t/pod-coverage.t ................................ skipped: Author tests not required for installation
t/pod.t ......................................... skipped: Author tests not required for installation

Test Summary Report
-------------------
t/12-from-file.t                              (Wstat: 256 (exited 1) Tests: 29 Failed: 1)
  Failed test:  8
  Non-zero exit status: 1
Files=17, Tests=403,  9 wallclock secs ( 0.14 usr +  0.09 sys =  0.24 CPU)
Result: FAIL
Failed 1/17 test programs. 1/403 subtests failed.
dmake.exe:  Error code 255, while making 'test_dynamic'

------------------------------
PREREQUISITES
------------------------------

Prerequisite modules loaded:

requires:

    Module                        Need   Have    
    ----------------------------- ------ --------
    Data::Dump                    0      1.23    
    Data::Dump::Filtered          0      0       
    Data::Dumper                  0      2.183   
    Encode                        3.0    3.21    
    JSON                          4.0    4.10    
    perl                          5.008  5.020003
    Unicode::Escape               v0.0.2 0.0.2   
    YAML::PP                      0      v0.39.0 

build_requires:

    Module                        Need   Have    
    ----------------------------- ------ --------
    Benchmark                     0      1.18    
    Data::Random::Structure       0      0.01    
    Data::Random::Structure::UTF8 0.06   0.06    
    ExtUtils::MakeMaker           0      7.74    
    File::Spec                    0      3.75    
    File::Temp                    0      0.2311  
    Test2::Plugin::UTF8           0      1.302212
    Test::More                    0      1.302212
    Test::Pod                     1.51   1.52    
    Test::Script                  1.28   1.29    
    Test::Taint                   0      1.08    
    YAML::PP                      0      v0.39.0 

configure_requires:

    Module                        Need   Have    
    ----------------------------- ------ --------
    ExtUtils::MakeMaker           0      7.74    


------------------------------
ENVIRONMENT AND OTHER CONTEXT
------------------------------

Environment variables:

    AUTOMATED_TESTING = 1
    COMSPEC = C:\Windows\system32\cmd.exe
    NUMBER_OF_PROCESSORS = 2
    PATH = C:\Windows\system32;C:\Windows;C:\Windows\System32\Wbem;C:\Windows\System32\WindowsPowerShell\v1.0\;C:\Windows\System32\OpenSSH\;C:\Program Files\Amazon\cfn-bootstrap\;C:\Strawberry\c\bin;C:\Strawberry\perl\site\bin;C:\Strawberry\perl\bin;C:\Users\Administrator\AppData\Local\Microsoft\WindowsApps;C:\Users\Administrator\AppData\Local\Microsoft\WinGet\Links;
    PERL5LIB = 
    PERL5OPT = 
    PERL5_CPANPLUS_IS_RUNNING = 3692
    PERL5_CPAN_IS_RUNNING = 3692
    PERL5_CPAN_IS_RUNNING_IN_RECURSION = 5624,3692
    PERL_CR_SMOKER_CURRENT = Android-ElectricSheep-Automator-0.04
    PERL_EXTUTILS_AUTOINSTALL = --defaultdeps
    PERL_MM_USE_DEFAULT = 1
    PROCESSOR_IDENTIFIER = Intel64 Family 6 Model 85 Stepping 7, GenuineIntel
    TEMP = C:\Users\ADMINI~1\AppData\Local\Temp\2

Perl special variables (and OS-specific diagnostics, for MSWin32):

    $^X = C:\Strawberry\perl\bin\perl.exe
    $UID/$EUID = 0 / 0
    $GID = 0
    $EGID = 0
    Win32::GetOSName = Win2012
    Win32::GetOSVersion = , 6, 2, 9200, 2, 0, 0, 400, 3
    Win32::FsType = NTFS
    Win32::IsAdminUser = 1

Perl module toolchain versions installed:

    Module              Have    
    ------------------- --------
    CPAN                2.10    
    CPAN::Meta          2.150010
    Cwd                 3.75    
    ExtUtils::CBuilder  0.280236
    ExtUtils::Command   7.74    
    ExtUtils::Install   2.06    
    ExtUtils::MakeMaker 7.74    
    ExtUtils::Manifest  1.75    
    ExtUtils::ParseXS   3.57    
    File::Spec          3.75    
    JSON                4.10    
    JSON::PP            4.16    
    Module::Build       0.4234  
    Module::Signature   n/a     
    Parse::CPAN::Meta   2.150010
    Test2               1.302212
    Test::Harness       3.52    
    Test::More          1.302212
    YAML                1.15    
    YAML::Syck          1.34    
    version             0.9915  


--

Summary of my perl5 (revision 5 version 20 subversion 3) configuration:
   
  Platform:
    osname=MSWin32, osvers=6.3, archname=MSWin32-x64-multi-thread
    uname='Win32 strawberry-perl 5.20.3.3 #1 Sun Mar  6 19:06:29 2016 x64'
    config_args='undef'
    hint=recommended, useposix=true, d_sigaction=undef
    useithreads=define, usemultiplicity=define
    use64bitint=define, use64bitall=undef, uselongdouble=undef
    usemymalloc=n, bincompat5005=undef
  Compiler:
    cc='gcc', ccflags =' -s -O2 -DWIN32 -DWIN64 -DCONSERVATIVE  -DPERL_TEXTMODE_SCRIPTS -DPERL_IMPLICIT_CONTEXT -DPERL_IMPLICIT_SYS -DUSE_PERLIO -fwrapv -fno-strict-aliasing -mms-bitfields',
    optimize='-s -O2',
    cppflags='-DWIN32'
    ccversion='', gccversion='4.8.3', gccosandvers=''
    intsize=4, longsize=4, ptrsize=8, doublesize=8, byteorder=12345678
    d_longlong=define, longlongsize=8, d_longdbl=define, longdblsize=12
    ivtype='long long', ivsize=8, nvtype='double', nvsize=8, Off_t='long long', lseeksize=8
    alignbytes=8, prototype=define
  Linker and Libraries:
    ld='g++', ldflags ='-s -L"C:\STRAWB~1\perl\lib\CORE" -L"C:\STRAWB~1\c\lib"'
    libpth=C:\STRAWB~1\c\lib C:\STRAWB~1\c\x86_64-w64-mingw32\lib C:\STRAWB~1\c\lib\gcc\x86_64-w64-mingw32\4.8.3
    libs=-lmoldname -lkernel32 -luser32 -lgdi32 -lwinspool -lcomdlg32 -ladvapi32 -lshell32 -lole32 -loleaut32 -lnetapi32 -luuid -lws2_32 -lmpr -lwinmm -lversion -lodbc32 -lodbccp32 -lcomctl32
    perllibs=-lmoldname -lkernel32 -luser32 -lgdi32 -lwinspool -lcomdlg32 -ladvapi32 -lshell32 -lole32 -loleaut32 -lnetapi32 -luuid -lws2_32 -lmpr -lwinmm -lversion -lodbc32 -lodbccp32 -lcomctl32
    libc=, so=dll, useshrplib=true, libperl=libperl520.a
    gnulibc_version=''
  Dynamic Linking:
    dlsrc=dl_win32.xs, dlext=xs.dll, d_dlsymun=undef, ccdlflags=' '
    cccdlflags=' ', lddlflags='-mdll -s -L"C:\STRAWB~1\perl\lib\CORE" -L"C:\STRAWB~1\c\lib"'


Characteristics of this binary (from libperl): 
  Compile-time options: HAS_TIMES HAVE_INTERP_INTERN MULTIPLICITY
                        PERLIO_LAYERS PERL_DONT_CREATE_GVSV
                        PERL_HASH_FUNC_ONE_AT_A_TIME_HARD
                        PERL_IMPLICIT_CONTEXT PERL_IMPLICIT_SYS
                        PERL_MALLOC_WRAP PERL_NEW_COPY_ON_WRITE
                        PERL_PRESERVE_IVUV USE_64_BIT_INT USE_ITHREADS
                        USE_LARGE_FILES USE_LOCALE USE_LOCALE_COLLATE
                        USE_LOCALE_CTYPE USE_LOCALE_NUMERIC USE_PERLIO
                        USE_PERL_ATOF
  Built under MSWin32
  Compiled at Mar  6 2016 19:10:49
  %ENV:
    PERL5_CPANPLUS_IS_RUNNING="3692"
    PERL5_CPAN_IS_RUNNING="3692"
    PERL5_CPAN_IS_RUNNING_IN_RECURSION="5624,3692"
    PERL_CR_SMOKER_CURRENT="Android-ElectricSheep-Automator-0.04"
    PERL_EXTUTILS_AUTOINSTALL="--defaultdeps"
    PERL_MM_USE_DEFAULT="1"
  @INC:
    C:/Strawberry/perl/site/lib
    C:/Strawberry/perl/vendor/lib
    C:/Strawberry/perl/lib
    .