App-highlight v0.14 Perl 5 v5.35.6 x86_64-linux
- Status
- Fail
- From
- Andreas J. König (ANDK)
- Dist
-
App-highlight v0.14
- Platform
- Perl 5 v5.35.6 x86_64-linux
- Date
- 2021-10-31 00:57:04
- ID
- 76be57f2-39e5-11ec-8d0b-9da2e64d19e5
This distribution has been tested as part of the CPAN Testers
project, supporting the Perl programming language. See
http://wiki.cpantesters.org/ for more information or email
questions to cpan-testers-discuss@perl.org
--
Dear Alex Balhatchet,
This is a computer-generated report for App-highlight-0.14
on perl 5.35.6, created by CPAN-Reporter-1.2018.
Thank you for uploading your work to CPAN. However, there was a problem
testing your distribution.
If you think this report is invalid, please consult the CPAN Testers Wiki
for suggestions on how to avoid getting FAIL reports for missing library
or binary dependencies, unsupported operating systems, and so on:
http://wiki.cpantesters.org/wiki/CPANAuthorNotes
Sections of this report:
* Tester comments
* Program output
* Prerequisites
* Environment and other context
------------------------------
TESTER COMMENTS
------------------------------
Additional comments from tester:
this report is from an automated smoke testing program
and was not reviewed by a human for accuracy
------------------------------
PROGRAM OUTPUT
------------------------------
Output from '/usr/bin/make test':
PERL_DL_NONLAZY=1 "/tmp/basesmoker-reloperl-xjZU/bin/perl" "-MExtUtils::Command::MM" "-MTest::Harness" "-e" "undef *Test::Harness::Switches; test_harness(0, 'blib/lib', 'blib/arch')" t/*.t
t/00-compile.t ............ ok
t/01-basics.t ............. ok
t/02-escaping.t ........... ok
t/03-colors.t ............. ok
t/04-full-line.t .......... ok
t/05-nocolors.t ........... ok
t/06-show-bad-spaces.t .... ok
t/07-ignore-case.t ........ ok
t/88-version.t ............ ok
# Failed test 'help message - color flag'
# at t/99-help.t line 13.
# '99-help.t [-bCcehilnorv] [long options...]
#
# --color (or -c) use terminal color for highlighting
# (default)
# --no-color (or -C) don't use terminal color
# --escape (or -e) auto-escape input (default)
# --no-escape (or -n) don't auto-escape input (regex mode)
# aka --regex, -r
# --ignore-case (or -i) ignore case for matches
# --full-line (or -l) highlight the whole matched line
# --one-color (or -o) use only one color for all matches
# --show-bad-spaces (or -b) highlight spaces at the end of lines
# --version (or -v) show version number
# --help (or -h) display a usage message
#
# '
# doesn't match '(?^ms:-c --color)'
# Failed test 'help message - escape flag'
# at t/99-help.t line 15.
# '99-help.t [-bCcehilnorv] [long options...]
#
# --color (or -c) use terminal color for highlighting
# (default)
# --no-color (or -C) don't use terminal color
# --escape (or -e) auto-escape input (default)
# --no-escape (or -n) don't auto-escape input (regex mode)
# aka --regex, -r
# --ignore-case (or -i) ignore case for matches
# --full-line (or -l) highlight the whole matched line
# --one-color (or -o) use only one color for all matches
# --show-bad-spaces (or -b) highlight spaces at the end of lines
# --version (or -v) show version number
# --help (or -h) display a usage message
#
# '
# doesn't match '(?^ms:-e --escape)'
# Failed test 'help message - full-line flag'
# at t/99-help.t line 17.
# '99-help.t [-bCcehilnorv] [long options...]
#
# --color (or -c) use terminal color for highlighting
# (default)
# --no-color (or -C) don't use terminal color
# --escape (or -e) auto-escape input (default)
# --no-escape (or -n) don't auto-escape input (regex mode)
# aka --regex, -r
# --ignore-case (or -i) ignore case for matches
# --full-line (or -l) highlight the whole matched line
# --one-color (or -o) use only one color for all matches
# --show-bad-spaces (or -b) highlight spaces at the end of lines
# --version (or -v) show version number
# --help (or -h) display a usage message
#
# '
# doesn't match '(?^ms:-l --full-line)'
# Failed test 'help message - one-color flag'
# at t/99-help.t line 18.
# '99-help.t [-bCcehilnorv] [long options...]
#
# --color (or -c) use terminal color for highlighting
# (default)
# --no-color (or -C) don't use terminal color
# --escape (or -e) auto-escape input (default)
# --no-escape (or -n) don't auto-escape input (regex mode)
# aka --regex, -r
# --ignore-case (or -i) ignore case for matches
# --full-line (or -l) highlight the whole matched line
# --one-color (or -o) use only one color for all matches
# --show-bad-spaces (or -b) highlight spaces at the end of lines
# --version (or -v) show version number
# --help (or -h) display a usage message
#
# '
# doesn't match '(?^ms:-o --one-color)'
# Failed test 'help message - --show-bad-spaces flag'
# at t/99-help.t line 19.
# '99-help.t [-bCcehilnorv] [long options...]
#
# --color (or -c) use terminal color for highlighting
# (default)
# --no-color (or -C) don't use terminal color
# --escape (or -e) auto-escape input (default)
# --no-escape (or -n) don't auto-escape input (regex mode)
# aka --regex, -r
# --ignore-case (or -i) ignore case for matches
# --full-line (or -l) highlight the whole matched line
# --one-color (or -o) use only one color for all matches
# --show-bad-spaces (or -b) highlight spaces at the end of lines
# --version (or -v) show version number
# --help (or -h) display a usage message
#
# '
# doesn't match '(?^ms:-b --show-bad-spaces)'
# Failed test 'help message - help flag'
# at t/99-help.t line 20.
# '99-help.t [-bCcehilnorv] [long options...]
#
# --color (or -c) use terminal color for highlighting
# (default)
# --no-color (or -C) don't use terminal color
# --escape (or -e) auto-escape input (default)
# --no-escape (or -n) don't auto-escape input (regex mode)
# aka --regex, -r
# --ignore-case (or -i) ignore case for matches
# --full-line (or -l) highlight the whole matched line
# --one-color (or -o) use only one color for all matches
# --show-bad-spaces (or -b) highlight spaces at the end of lines
# --version (or -v) show version number
# --help (or -h) display a usage message
#
# '
# doesn't match '(?^ms:-h --help)'
# Looks like you failed 6 tests of 8.
t/99-help.t ...............
Dubious, test returned 6 (wstat 1536, 0x600)
Failed 6/8 subtests
t/release-cpan-changes.t .. skipped: these tests are for release candidate testing
t/release-pod-syntax.t .... skipped: these tests are for release candidate testing
Test Summary Report
-------------------
t/99-help.t (Wstat: 1536 Tests: 8 Failed: 6)
Failed tests: 1, 3, 5-8
Non-zero exit status: 6
Files=12, Tests=201, 1 wallclock secs ( 0.03 usr 0.05 sys + 0.82 cusr 0.25 csys = 1.15 CPU)
Result: FAIL
Failed 1/12 test programs. 6/201 subtests failed.
make: *** [Makefile:880: test_dynamic] Error 255
------------------------------
PREREQUISITES
------------------------------
Prerequisite modules loaded:
requires:
Module Need Have
------------------------- ------- --------
App::Cmd::Simple 0.309 0.334
ExtUtils::MakeMaker 6.55_02 7.62
Getopt::Long 2.39 2.52
Getopt::Long::Descriptive 0.085 0.109
Module::Load 0.18 0.36
Try::Tiny 0.09 0.30
build_requires:
Module Need Have
------------------------- ------- --------
App::Cmd::Tester 0.309 0.334
Test::More 0.92 1.302188
Test::Without::Module 0.17 0.20
configure_requires:
Module Need Have
------------------------- ------- --------
ExtUtils::MakeMaker 6.30 7.62
------------------------------
ENVIRONMENT AND OTHER CONTEXT
------------------------------
Environment variables:
AUTOMATED_TESTING = 1
LANG = en_US.UTF-8
PATH = /home/sand/bin:/usr/local/bin:/usr/bin:/bin:/usr/games:/usr/local/perl/bin:/usr/X11/bin:/sbin:/usr/sbin
PERL5LIB =
PERL5OPT =
PERL5_CPANPLUS_IS_RUNNING = 1146093
PERL5_CPAN_IS_RUNNING = 1146093
PERL_CANARY_STABILITY_NOPROMPT = 1
PERL_MM_USE_DEFAULT = 1
PERL_USE_UNSAFE_INC = 1
SHELL = /usr/bin/zsh
TERM = screen
Perl special variables (and OS-specific diagnostics, for MSWin32):
$^X = /tmp/basesmoker-reloperl-xjZU/bin/perl
$UID/$EUID = 1005 / 1005
$GID = 1005 1005
$EGID = 1005 1005
Perl module toolchain versions installed:
Module Have
------------------- --------
CPAN 2.28
CPAN::Meta 2.150010
Cwd 3.82
ExtUtils::CBuilder 0.280236
ExtUtils::Command 7.62
ExtUtils::Install 2.20
ExtUtils::MakeMaker 7.62
ExtUtils::Manifest 1.73
ExtUtils::ParseXS 3.44
File::Spec 3.81
JSON 4.03
JSON::PP 4.06
Module::Build 0.4231
Module::Signature 0.87
Parse::CPAN::Meta 2.150010
Test::Harness 3.43
Test::More 1.302188
YAML 1.30
YAML::Syck 1.34
version 0.9929
--
Summary of my perl5 (revision 5 version 35 subversion 6) configuration:
Commit id: 76829f42d6278f3b9862e88fcecb11eeaf70c3c1
Platform:
osname=linux
osvers=5.14.0-3-amd64
archname=x86_64-linux
uname='linux k93msid 5.14.0-3-amd64 #1 smp debian 5.14.12-1 (2021-10-14) x86_64 gnulinux '
config_args='-Dprefix=/home/sand/src/perl/repoperls/installed-perls/host/k93msid/v5.35.5-8-g76829f42d6/3c10 -Dmyhostname=k93msid -Dinstallusrbinperl=n -Uversiononly -Dusedevel -des -Ui_db -Dlibswanted=cl pthread socket inet nsl gdbm dbm malloc dl ld sun m crypt sec util c cposix posix ucb BSD gdbm_compat -Uuseithreads -Uuselongdouble -DEBUGGING=none'
hint=recommended
useposix=true
d_sigaction=define
useithreads=undef
usemultiplicity=undef
use64bitint=define
use64bitall=define
uselongdouble=undef
usemymalloc=n
default_inc_excludes_dot=define
Compiler:
cc='cc'
ccflags ='-fwrapv -fno-strict-aliasing -pipe -fstack-protector-strong -I/usr/local/include -D_LARGEFILE_SOURCE -D_FILE_OFFSET_BITS=64 -D_FORTIFY_SOURCE=2'
optimize='-O2'
cppflags='-fwrapv -fno-strict-aliasing -pipe -fstack-protector-strong -I/usr/local/include'
ccversion=''
gccversion='11.2.0'
gccosandvers=''
intsize=4
longsize=8
ptrsize=8
doublesize=8
byteorder=12345678
doublekind=3
d_longlong=define
longlongsize=8
d_longdbl=define
longdblsize=16
longdblkind=3
ivtype='long'
ivsize=8
nvtype='double'
nvsize=8
Off_t='off_t'
lseeksize=8
alignbytes=8
prototype=define
Linker and Libraries:
ld='cc'
ldflags =' -fstack-protector-strong -L/usr/local/lib'
libpth=/usr/local/lib /usr/lib/x86_64-linux-gnu /usr/lib /lib/x86_64-linux-gnu /lib
libs=-lpthread -lnsl -ldl -lm -lcrypt -lutil -lc
perllibs=-lpthread -lnsl -ldl -lm -lcrypt -lutil -lc
libc=libc-2.32.so
so=so
useshrplib=false
libperl=libperl.a
gnulibc_version='2.32'
Dynamic Linking:
dlsrc=dl_dlopen.xs
dlext=so
d_dlsymun=undef
ccdlflags='-Wl,-E'
cccdlflags='-fPIC'
lddlflags='-shared -O2 -L/usr/local/lib -fstack-protector-strong'
Characteristics of this binary (from libperl):
Compile-time options:
HAS_TIMES
PERLIO_LAYERS
PERL_COPY_ON_WRITE
PERL_DONT_CREATE_GVSV
PERL_MALLOC_WRAP
PERL_OP_PARENT
PERL_PRESERVE_IVUV
PERL_USE_DEVEL
USE_64_BIT_ALL
USE_64_BIT_INT
USE_LARGE_FILES
USE_LOCALE
USE_LOCALE_COLLATE
USE_LOCALE_CTYPE
USE_LOCALE_NUMERIC
USE_LOCALE_TIME
USE_PERLIO
USE_PERL_ATOF
Built under linux
Compiled at Oct 29 2021 15:43:11
%ENV:
PERL5LIB=""
PERL5OPT=""
PERL5_CPANPLUS_IS_RUNNING="1146093"
PERL5_CPAN_IS_RUNNING="1146093"
PERL_CANARY_STABILITY_NOPROMPT="1"
PERL_MM_USE_DEFAULT="1"
PERL_USE_UNSAFE_INC="1"
@INC:
/home/sand/src/perl/repoperls/installed-perls/host/k93msid/v5.35.5-8-g76829f42d6/3c10/lib/site_perl/5.35.6/x86_64-linux
/home/sand/src/perl/repoperls/installed-perls/host/k93msid/v5.35.5-8-g76829f42d6/3c10/lib/site_perl/5.35.6
/home/sand/src/perl/repoperls/installed-perls/host/k93msid/v5.35.5-8-g76829f42d6/3c10/lib/5.35.6/x86_64-linux
/home/sand/src/perl/repoperls/installed-perls/host/k93msid/v5.35.5-8-g76829f42d6/3c10/lib/5.35.6
.