Mojolicious-Command-generate-lexicont v0.05 Perl 5 v5.22.3 x86_64-linux-ld

Status
Fail
From
Andreas J. König (ANDK)
Dist
Mojolicious-Command-generate-lexicont v0.05
Platform
Perl 5 v5.22.3 x86_64-linux-ld
Date
2017-09-22 21:17:39
ID
76ccbc3c-9fdb-11e7-bd9b-984e322c91db
This distribution has been tested as part of the CPAN Testers
project, supporting the Perl programming language.  See
http://wiki.cpantesters.org/ for more information or email
questions to cpan-testers-discuss@perl.org


--
Dear Tetsuya Tatsumi,

This is a computer-generated report for Mojolicious-Command-generate-lexicont-0.05
on perl 5.22.3, created by CPAN-Reporter-1.2018.

Thank you for uploading your work to CPAN.  However, there was a problem
testing your distribution.

If you think this report is invalid, please consult the CPAN Testers Wiki
for suggestions on how to avoid getting FAIL reports for missing library
or binary dependencies, unsupported operating systems, and so on:

http://wiki.cpantesters.org/wiki/CPANAuthorNotes

Sections of this report:

    * Tester comments
    * Program output
    * Prerequisites
    * Environment and other context

------------------------------
TESTER COMMENTS
------------------------------

Additional comments from tester:

this report is from an automated smoke testing program
and was not reviewed by a human for accuracy

------------------------------
PROGRAM OUTPUT
------------------------------

Output from './Build test':

t/args_0_1.t ....................... ok
t/args_2.t ......................... ok
t/args_3.t ......................... ok
t/cannot_translate.t ............... ok
t/config_file_read_error.t ......... ok

#   Failed test 'ja json key1'
#   at t/json_1.t line 30.
Wide character in print at /home/sand/src/perl/repoperls/installed-perls/host/k93msid/v5.22.3/0a29/lib/site_perl/5.22.3/Test2/Formatter/TAP.pm line 113.
#          got: undef
#     expected: '日本語'

#   Failed test 'ja json key2'
#   at t/json_1.t line 31.
Wide character in print at /home/sand/src/perl/repoperls/installed-perls/host/k93msid/v5.22.3/0a29/lib/site_perl/5.22.3/Test2/Formatter/TAP.pm line 113.
#          got: '日本語'
#     expected: '英語'

#   Failed test 'en json key1'
#   at t/json_1.t line 37.
#          got: undef
#     expected: 'Japanese'

#   Failed test 'en json key2'
#   at t/json_1.t line 38.
#          got: 'Japanese'
#     expected: 'English'
# Looks like you failed 4 tests of 6.
t/json_1.t ......................... 
Dubious, test returned 4 (wstat 1024, 0x400)
Failed 4/6 subtests 
t/json_2.t ......................... ok
t/json_3.t ......................... ok
t/lingua_translate_create_error.t .. ok

#   Failed test 'correct japanese'
#   at t/org.t line 30.
Wide character in print at /home/sand/src/perl/repoperls/installed-perls/host/k93msid/v5.22.3/0a29/lib/site_perl/5.22.3/Test2/Formatter/TAP.pm line 113.
#     Structures begin differing at:
#          $got->{key3} = Does not exist
#     $expected->{key3} = '英語'
# Looks like you failed 1 test of 18.
t/org.t ............................ 
Dubious, test returned 1 (wstat 256, 0x100)
Failed 1/18 subtests 
t/src_lexicon_notfound.t ........... ok

Test Summary Report
-------------------
t/json_1.t                       (Wstat: 1024 Tests: 6 Failed: 4)
  Failed tests:  3-6
  Non-zero exit status: 4
t/org.t                          (Wstat: 256 Tests: 18 Failed: 1)
  Failed test:  4
  Non-zero exit status: 1
Files=11, Tests=62, 10 wallclock secs ( 0.04 usr  0.09 sys +  4.53 cusr  0.55 csys =  5.21 CPU)
Result: FAIL
Failed 2/11 test programs. 5/62 subtests failed.

------------------------------
PREREQUISITES
------------------------------

Prerequisite modules loaded:

requires:

    Module              Need     Have    
    ------------------- -------- --------
    Config::PL          0        0.02    
    Encode              0        2.92    
    Module::Load        0        0.32    
    Mojo::Base          0        0       
    perl                5.008005 5.022003

build_requires:

    Module              Need     Have    
    ------------------- -------- --------
    JSON                0        2.94    
    Mojolicious         0        7.46    
    Test::Exception     0        0.43    
    Test::More          0        1.302095
    Test::Warn          0        0.32    

configure_requires:

    Module              Need     Have    
    ------------------- -------- --------
    CPAN::Meta          0        2.150010
    CPAN::Meta::Prereqs 0        2.150010
    Module::Build       0.38     0.4224  


------------------------------
ENVIRONMENT AND OTHER CONTEXT
------------------------------

Environment variables:

    AUTOMATED_TESTING = 1
    LANG = en_US.UTF-8
    PATH = /home/sand/bin:/usr/local/bin:/usr/bin:/bin:/usr/games:/usr/local/perl/bin:/usr/X11/bin:/sbin:/usr/sbin
    PERL5LIB = /tmp/loop_over_bdir-2316-EMbQ3P/Config-PL-0.02-0/blib/arch:/tmp/loop_over_bdir-2316-EMbQ3P/Config-PL-0.02-0/blib/lib
    PERL5OPT = 
    PERL5_CPANPLUS_IS_RUNNING = 2348
    PERL5_CPAN_IS_RUNNING = 2348
    PERL5_CPAN_IS_RUNNING_IN_RECURSION = 5668,2348
    PERL_CANARY_STABILITY_NOPROMPT = 1
    PERL_MM_USE_DEFAULT = 1
    PERL_USE_UNSAFE_INC = 1
    SHELL = /usr/bin/zsh
    TERM = screen

Perl special variables (and OS-specific diagnostics, for MSWin32):

    $^X = /home/sand/src/perl/repoperls/installed-perls/host/k93msid/v5.22.3/0a29/bin/perl
    $UID/$EUID = 1005 / 1005
    $GID = 1005 1005
    $EGID = 1005 1005

Perl module toolchain versions installed:

    Module              Have      
    ------------------- ----------
    CPAN                2.18      
    CPAN::Meta          2.150010  
    Cwd                 3.62      
    ExtUtils::CBuilder  0.280226  
    ExtUtils::Command   7.30      
    ExtUtils::Install   2.06      
    ExtUtils::MakeMaker 7.30      
    ExtUtils::Manifest  1.70      
    ExtUtils::ParseXS   3.35      
    File::Spec          3.62      
    JSON                2.94      
    JSON::PP            2.27300_01
    Module::Build       0.4224    
    Module::Signature   0.81      
    Parse::CPAN::Meta   2.150010  
    Test::Harness       3.39      
    Test::More          1.302095  
    YAML                1.23      
    YAML::Syck          1.30      
    version             0.9909    


--

Summary of my perl5 (revision 5 version 22 subversion 3) configuration:
  Derived from: 16b638b0a20de774856b3a21a75a5e373af5262c
  Platform:
    osname=linux, osvers=4.9.0-2-amd64, archname=x86_64-linux-ld
    uname='linux k93msid 4.9.0-2-amd64 #1 smp debian 4.9.18-1 (2017-03-30) x86_64 gnulinux '
    config_args='-Dprefix=/home/sand/src/perl/repoperls/installed-perls/host/k93msid/v5.22.3/0a29 -Dmyhostname=k93msid -Dinstallusrbinperl=n -Uversiononly -Dusedevel -des -Ui_db -Dlibswanted=cl pthread socket inet nsl gdbm dbm malloc dl ld sun m crypt sec util c cposix posix ucb BSD gdbm_compat -Uuseithreads -Duselongdouble -DDEBUGGING=both'
    hint=recommended, useposix=true, d_sigaction=define
    useithreads=undef, usemultiplicity=undef
    use64bitint=define, use64bitall=define, uselongdouble=define
    usemymalloc=n, bincompat5005=undef
  Compiler:
    cc='cc', ccflags ='-fwrapv -DDEBUGGING -fno-strict-aliasing -pipe -fstack-protector-strong -I/usr/local/include -D_LARGEFILE_SOURCE -D_FILE_OFFSET_BITS=64',
    optimize='-O2 -g',
    cppflags='-fwrapv -DDEBUGGING -fno-strict-aliasing -pipe -fstack-protector-strong -I/usr/local/include'
    ccversion='', gccversion='6.3.0 20170406', gccosandvers=''
    intsize=4, longsize=8, ptrsize=8, doublesize=8, byteorder=12345678, doublekind=3
    d_longlong=define, longlongsize=8, d_longdbl=define, longdblsize=16, longdblkind=3
    ivtype='long', ivsize=8, nvtype='long double', nvsize=16, Off_t='off_t', lseeksize=8
    alignbytes=16, prototype=define
  Linker and Libraries:
    ld='cc', ldflags =' -fstack-protector-strong -L/usr/local/lib'
    libpth=/usr/local/lib /usr/lib/gcc/x86_64-linux-gnu/6/include-fixed /usr/include/x86_64-linux-gnu /usr/lib /lib/x86_64-linux-gnu /lib/../lib /usr/lib/x86_64-linux-gnu /usr/lib/../lib /lib
    libs=-lpthread -lnsl -ldl -lm -lcrypt -lutil -lc
    perllibs=-lpthread -lnsl -ldl -lm -lcrypt -lutil -lc
    libc=libc-2.24.so, so=so, useshrplib=false, libperl=libperl.a
    gnulibc_version='2.24'
  Dynamic Linking:
    dlsrc=dl_dlopen.xs, dlext=so, d_dlsymun=undef, ccdlflags='-Wl,-E'
    cccdlflags='-fPIC', lddlflags='-shared -O2 -g -L/usr/local/lib -fstack-protector-strong'


Characteristics of this binary (from libperl): 
  Compile-time options: DEBUGGING HAS_TIMES PERLIO_LAYERS
                        PERL_DONT_CREATE_GVSV
                        PERL_HASH_FUNC_ONE_AT_A_TIME_HARD PERL_MALLOC_WRAP
                        PERL_NEW_COPY_ON_WRITE PERL_PRESERVE_IVUV
                        PERL_USE_DEVEL USE_64_BIT_ALL USE_64_BIT_INT
                        USE_LARGE_FILES USE_LOCALE USE_LOCALE_COLLATE
                        USE_LOCALE_CTYPE USE_LOCALE_NUMERIC USE_LOCALE_TIME
                        USE_LONG_DOUBLE USE_PERLIO USE_PERL_ATOF
  Locally applied patches:
	uncommitted-changes
  Built under linux
  Compiled at Aug 26 2017 01:40:29
  %ENV:
    PERL5LIB="/tmp/loop_over_bdir-2316-EMbQ3P/Config-PL-0.02-0/blib/arch:/tmp/loop_over_bdir-2316-EMbQ3P/Config-PL-0.02-0/blib/lib"
    PERL5OPT=""
    PERL5_CPANPLUS_IS_RUNNING="2348"
    PERL5_CPAN_IS_RUNNING="2348"
    PERL5_CPAN_IS_RUNNING_IN_RECURSION="5668,2348"
    PERL_CANARY_STABILITY_NOPROMPT="1"
    PERL_MM_USE_DEFAULT="1"
    PERL_USE_UNSAFE_INC="1"
  @INC:
    /tmp/loop_over_bdir-2316-EMbQ3P/Config-PL-0.02-0/blib/arch
    /tmp/loop_over_bdir-2316-EMbQ3P/Config-PL-0.02-0/blib/lib
    /home/sand/src/perl/repoperls/installed-perls/host/k93msid/v5.22.3/0a29/lib/site_perl/5.22.3/x86_64-linux-ld
    /home/sand/src/perl/repoperls/installed-perls/host/k93msid/v5.22.3/0a29/lib/site_perl/5.22.3
    /home/sand/src/perl/repoperls/installed-perls/host/k93msid/v5.22.3/0a29/lib/5.22.3/x86_64-linux-ld
    /home/sand/src/perl/repoperls/installed-perls/host/k93msid/v5.22.3/0a29/lib/5.22.3
    .