HTTP-Cache-Transparent v1.4 Perl 5 v5.39.3 x86_64-linux-ld

Status
Fail
From
Nigel Horne
Dist
HTTP-Cache-Transparent v1.4
Platform
Perl 5 v5.39.3 x86_64-linux-ld
Date
2023-10-25 05:00:49
ID
773d1c38-72f3-11ee-a5e9-e18dabca80bd
This distribution has been tested as part of the CPAN Testers
project, supporting the Perl programming language.  See
http://wiki.cpantesters.org/ for more information or email
questions to cpan-testers-discuss@perl.org


--
Dear Mattias Holmlund,

This is a computer-generated report for HTTP-Cache-Transparent-1.4
on perl 5.39.3, created by CPAN-Reporter-1.2019.

Thank you for uploading your work to CPAN.  However, there was a problem
testing your distribution.

If you think this report is invalid, please consult the CPAN Testers Wiki
for suggestions on how to avoid getting FAIL reports for missing library
or binary dependencies, unsupported operating systems, and so on:

http://wiki.cpantesters.org/wiki/CPANAuthorNotes

Sections of this report:

    * Tester comments
    * Program output
    * Prerequisites
    * Environment and other context

------------------------------
TESTER COMMENTS
------------------------------

Additional comments from tester:

none provided

------------------------------
PROGRAM OUTPUT
------------------------------

Output from '/usr/bin/make test':

PERL_DL_NONLAZY=1 "/home/opc/perl5/perlbrew/perls/perl-5.39.3-ld/bin/perl5.39.3" "-MExtUtils::Command::MM" "-MTest::Harness" "-e" "undef *Test::Harness::Switches; test_harness(0, 'blib/lib', 'blib/arch')" t/*.t
Can't locate Test/RequiresInternet.pm in @INC (you may need to install the Test::RequiresInternet module) (@INC entries checked: /home/opc/.cpan/build/HTTP-Cache-Transparent-1.4-3/blib/lib /home/opc/.cpan/build/HTTP-Cache-Transparent-1.4-3/blib/arch /home/opc/perl5/perlbrew/perls/perl-5.39.3-ld/lib/site_perl/5.39.3/x86_64-linux-ld /home/opc/perl5/perlbrew/perls/perl-5.39.3-ld/lib/site_perl/5.39.3 /home/opc/perl5/perlbrew/perls/perl-5.39.3-ld/lib/5.39.3/x86_64-linux-ld /home/opc/perl5/perlbrew/perls/perl-5.39.3-ld/lib/5.39.3 .) at t/cache.t line 4.
BEGIN failed--compilation aborted at t/cache.t line 4.
t/cache.t ................... 
Dubious, test returned 2 (wstat 512, 0x200)
No subtests run 
t/HTTP-Cache-Transparent.t .. ok
t/pod-coverage.t ............ skipped: Test::Pod::Coverage 1.00 required for testing POD coverage
t/pod.t ..................... skipped: Test::Pod 1.00 required for testing POD

Test Summary Report
-------------------
t/cache.t                 (Wstat: 512 (exited 2) Tests: 0 Failed: 0)
  Non-zero exit status: 2
  Parse errors: No plan found in TAP output
Files=4, Tests=1,  1 wallclock secs ( 0.02 usr  0.01 sys +  0.26 cusr  0.04 csys =  0.33 CPU)
Result: FAIL
Failed 1/4 test programs. 0/1 subtests failed.
make: *** [test_dynamic] Error 255

------------------------------
PREREQUISITES
------------------------------

Prerequisite modules loaded:

requires:

    Module              Need Have
    ------------------- ---- ----
    LWP                 0    6.72

build_requires:

    Module              Need Have
    ------------------- ---- ----
    ExtUtils::MakeMaker 0    7.70

configure_requires:

    Module              Need Have
    ------------------- ---- ----
    ExtUtils::MakeMaker 0    7.70


------------------------------
ENVIRONMENT AND OTHER CONTEXT
------------------------------

Environment variables:

    LANG = en_US.UTF-8
    PATH = /home/opc/perl5/perlbrew/bin:/home/opc/perl5/perlbrew/perls/perl-5.39.3-ld/bin:/home/opc/perl5/perlbrew/bin:/home/opc/src/njh/smoker/bin:/usr/bin:/bin
    PERL5LIB = 
    PERL5OPT = 
    PERL5_CPANPLUS_IS_RUNNING = 2287
    PERL5_CPAN_IS_RUNNING = 2287
    PERL5_CPAN_IS_RUNNING_IN_RECURSION = 2285,2287
    PERLBREW_LIB = 
    PERLBREW_MANPATH = /home/opc/perl5/perlbrew/perls/perl-5.39.3-ld/man
    PERLBREW_PATH = /home/opc/perl5/perlbrew/bin:/home/opc/perl5/perlbrew/perls/perl-5.39.3-ld/bin
    PERLBREW_PERL = perl-5.39.3-ld
    PERLBREW_ROOT = /home/opc/perl5/perlbrew
    PERLBREW_SHELLRC_VERSION = 0.98
    PERLBREW_VERSION = 0.98
    PERL_LOCAL_LIB_ROOT = 
    PERL_USE_UNSAFE_INC = 1
    SHELL = /usr/bin/bash

Perl special variables (and OS-specific diagnostics, for MSWin32):

    $^X = /home/opc/perl5/perlbrew/perls/perl-5.39.3-ld/bin/perl5.39.3
    $UID/$EUID = 1000 / 1000
    $GID = 1000 4 10 190 1000
    $EGID = 1000 4 10 190 1000

Perl module toolchain versions installed:

    Module              Have    
    ------------------- --------
    CPAN                2.36    
    CPAN::Meta          2.150010
    Cwd                 3.90    
    ExtUtils::CBuilder  0.280240
    ExtUtils::Command   7.70    
    ExtUtils::Install   2.22    
    ExtUtils::MakeMaker 7.70    
    ExtUtils::Manifest  1.75    
    ExtUtils::ParseXS   3.51    
    File::Spec          3.90    
    JSON                n/a     
    JSON::PP            4.16    
    Module::Build       n/a     
    Module::Signature   n/a     
    Parse::CPAN::Meta   2.150010
    Test2               1.302195
    Test::Harness       3.47    
    Test::More          1.302195
    YAML                n/a     
    YAML::Syck          n/a     
    version             0.9929  


--

Summary of my perl5 (revision 5 version 39 subversion 3) configuration:
   
  Platform:
    osname=linux
    osvers=5.4.17-2136.321.4.1.el7uek.x86_64
    archname=x86_64-linux-ld
    uname='linux oracle2.bandsman.co.uk 5.4.17-2136.321.4.1.el7uek.x86_64 #2 smp wed jul 19 14:51:35 pdt 2023 x86_64 x86_64 x86_64 gnulinux '
    config_args='-de -Dprefix=/home/opc/perl5/perlbrew/perls/perl-5.39.3-ld -Dusedevel -Duselongdouble -Dusedevel -Accflags=-O2 -W -Wformat=2 -Wswitch -Wshadow -Wwrite-strings -Wuninitialized -Wall -pipe -fomit-frame-pointer -pedantic -D_FORTIFY_SOURCE=2 -Wpointer-arith -Wstrict-prototypes -fstack-protector -Wstack-protector -Wextra -Wbad-function-cast -Wcast-align -Wcast-qual -Wdisabled-optimization -Wendif-labels -Wfloat-equal -Wformat-nonliteral -Winline -Wmissing-declarations -Wmissing-prototypes -Wnested-externs -Wpointer-arith -Wundef -Wformat-security -ftree-vectorize -msse -mfpmath=sse -msse2 -mssse3 -msse4.1 -msse4.2 -maes -mtune=native -march=native -Aeval:scriptdir=/home/opc/perl5/perlbrew/perls/perl-5.39.3-ld/bin'
    hint=recommended
    useposix=true
    d_sigaction=define
    useithreads=undef
    usemultiplicity=undef
    use64bitint=define
    use64bitall=define
    uselongdouble=define
    usemymalloc=n
    default_inc_excludes_dot=define
  Compiler:
    cc='cc'
    ccflags ='-std=gnu99 -O2 -W -Wformat=2 -Wswitch -Wshadow -Wwrite-strings -Wuninitialized -Wall -pipe -fomit-frame-pointer -pedantic -D_FORTIFY_SOURCE=2 -Wpointer-arith -Wstrict-prototypes -fstack-protector -Wstack-protector -Wextra -Wbad-function-cast -Wcast-align -Wcast-qual -Wdisabled-optimization -Wendif-labels -Wfloat-equal -Wformat-nonliteral -Winline -Wmissing-declarations -Wmissing-prototypes -Wnested-externs -Wpointer-arith -Wundef -Wformat-security -ftree-vectorize -msse -mfpmath=sse -msse2 -mssse3 -msse4.1 -msse4.2 -maes -mtune=native -march=native -fwrapv -fno-strict-aliasing -fstack-protector-strong -I/usr/local/include -D_LARGEFILE_SOURCE -D_FILE_OFFSET_BITS=64'
    optimize='-O2'
    cppflags='-std=gnu99 -O2 -W -Wformat=2 -Wswitch -Wshadow -Wwrite-strings -Wuninitialized -Wall -pipe -fomit-frame-pointer -pedantic -D_FORTIFY_SOURCE=2 -Wpointer-arith -Wstrict-prototypes -fstack-protector -Wstack-protector -Wextra -Wbad-function-cast -Wcast-align -Wcast-qual -Wdisabled-optimization -Wendif-labels -Wfloat-equal -Wformat-nonliteral -Winline -Wmissing-declarations -Wmissing-prototypes -Wnested-externs -Wpointer-arith -Wundef -Wformat-security -ftree-vectorize -msse -mfpmath=sse -msse2 -mssse3 -msse4.1 -msse4.2 -maes -mtune=native -march=native -fwrapv -fno-strict-aliasing -fstack-protector-strong -I/usr/local/include'
    ccversion=''
    gccversion='4.8.5 20150623 (Red Hat 4.8.5-44.0.3)'
    gccosandvers=''
    intsize=4
    longsize=8
    ptrsize=8
    doublesize=8
    byteorder=12345678
    doublekind=3
    d_longlong=define
    longlongsize=8
    d_longdbl=define
    longdblsize=16
    longdblkind=3
    ivtype='long'
    ivsize=8
    nvtype='long double'
    nvsize=16
    Off_t='off_t'
    lseeksize=8
    alignbytes=16
    prototype=define
  Linker and Libraries:
    ld='cc'
    ldflags =' -fstack-protector-strong -L/usr/local/lib'
    libpth=/usr/local/lib /usr/lib /usr/lib64 /usr/local/lib64
    libs=-lpthread -lgdbm -ldb -ldl -lm -lcrypt -lutil -lc -lgdbm_compat
    perllibs=-lpthread -ldl -lm -lcrypt -lutil -lc
    libc=libc-2.17.so
    so=so
    useshrplib=false
    libperl=libperl.a
    gnulibc_version='2.17'
  Dynamic Linking:
    dlsrc=dl_dlopen.xs
    dlext=so
    d_dlsymun=undef
    ccdlflags='-Wl,-E'
    cccdlflags='-fPIC'
    lddlflags='-shared -O2 -L/usr/local/lib -fstack-protector-strong'


Characteristics of this binary (from libperl): 
  Compile-time options:
    HAS_LONG_DOUBLE
    HAS_STRTOLD
    HAS_TIMES
    PERLIO_LAYERS
    PERL_COPY_ON_WRITE
    PERL_DONT_CREATE_GVSV
    PERL_HASH_FUNC_SIPHASH13
    PERL_HASH_USE_SBOX32
    PERL_MALLOC_WRAP
    PERL_OP_PARENT
    PERL_PRESERVE_IVUV
    PERL_USE_DEVEL
    PERL_USE_SAFE_PUTENV
    USE_64_BIT_ALL
    USE_64_BIT_INT
    USE_LARGE_FILES
    USE_LOCALE
    USE_LOCALE_COLLATE
    USE_LOCALE_CTYPE
    USE_LOCALE_NUMERIC
    USE_LOCALE_TIME
    USE_LONG_DOUBLE
    USE_PERLIO
    USE_PERL_ATOF
  Built under linux
  Compiled at Oct 24 2023 12:58:37
  %ENV:
    PERL5LIB=""
    PERL5OPT=""
    PERL5_CPANPLUS_IS_RUNNING="2287"
    PERL5_CPAN_IS_RUNNING="2287"
    PERL5_CPAN_IS_RUNNING_IN_RECURSION="2285,2287"
    PERLBREW_LIB=""
    PERLBREW_MANPATH="/home/opc/perl5/perlbrew/perls/perl-5.39.3-ld/man"
    PERLBREW_PATH="/home/opc/perl5/perlbrew/bin:/home/opc/perl5/perlbrew/perls/perl-5.39.3-ld/bin"
    PERLBREW_PERL="perl-5.39.3-ld"
    PERLBREW_ROOT="/home/opc/perl5/perlbrew"
    PERLBREW_SHELLRC_VERSION="0.98"
    PERLBREW_VERSION="0.98"
    PERL_LOCAL_LIB_ROOT=""
    PERL_USE_UNSAFE_INC="1"
  @INC:
    /home/opc/perl5/perlbrew/perls/perl-5.39.3-ld/lib/site_perl/5.39.3/x86_64-linux-ld
    /home/opc/perl5/perlbrew/perls/perl-5.39.3-ld/lib/site_perl/5.39.3
    /home/opc/perl5/perlbrew/perls/perl-5.39.3-ld/lib/5.39.3/x86_64-linux-ld
    /home/opc/perl5/perlbrew/perls/perl-5.39.3-ld/lib/5.39.3
    .