Report for Test-MonitorSites-0.15

Back
From: metabase:user:9820532a-708b-1014-9a05-b18a96298da1
Subject: FAIL Test-MonitorSites-0.15 v5.14.1 FreeBSD
Date: 2011-08-23T19:02:38Z

This distribution has been tested as part of the CPAN Testers
project, supporting the Perl programming language.  See
http://wiki.cpantesters.org/ for more information or email
questions to cpan-testers-discuss@perl.org


--
Dear Hugh Esco,

This is a computer-generated report for Test-MonitorSites-0.15
on perl 5.14.1, created by CPAN-Reporter-1.2002.

Thank you for uploading your work to CPAN.  However, there was a problem
testing your distribution.

If you think this report is invalid, please consult the CPAN Testers Wiki
for suggestions on how to avoid getting FAIL reports for missing library
or binary dependencies, unsupported operating systems, and so on:

http://wiki.cpantesters.org/wiki/CPANAuthorNotes

Sections of this report:

    * Tester comments
    * Program output
    * Prerequisites
    * Environment and other context

------------------------------
TESTER COMMENTS
------------------------------

Additional comments from tester:

this report is from an automated smoke testing program
and was not reviewed by a human for accuracy

------------------------------
PROGRAM OUTPUT
------------------------------

Output from './Build test':

# Testing Test::MonitorSites 0.15
t/00.load.t ........................ ok

#   Failed test 'The thing isa Config::Simple'
#   at t/10_exercise_constructor.t line 23.
#     The thing isn't defined

#   Failed test 'The object includes the correct configuration filename.'
#   at t/10_exercise_constructor.t line 42.
#          got: undef
#     expected: '/usr/home/test/.cpan/build/Test-MonitorSites-0.15-D1JTlr/t/testsuite.ini'
Use of uninitialized value $this in pattern match (m//) at t/10_exercise_constructor.t line 43.

#   Failed test 'It gives the configured result log file'
#   at t/10_exercise_constructor.t line 43.
#                   undef
#     doesn't match '(?^:test_sites_output)'
Can't call method "param" on unblessed reference at t/10_exercise_constructor.t line 45.
# Looks like you planned 49 tests but ran 16.
# Looks like you failed 3 tests of 16 run.
# Looks like your test exited with 255 just after 16.
t/10_exercise_constructor.t ........ 
Dubious, test returned 255 (wstat 65280, 0xff00)
Failed 36/49 subtests 

#   Failed test 'The thing isa Config::Simple'
#   at t/12_exercise_test_sites_method.t line 24.
#     The thing isn't defined
Use of uninitialized value in concatenation (.) or string at lib/Test/MonitorSites.pm line 119.
Use of uninitialized value $log_file in concatenation (.) or string at lib/Test/MonitorSites.pm line 128.
Use of uninitialized value $log_file in concatenation (.) or string at lib/Test/MonitorSites.pm line 129.
Use of uninitialized value $log_file in concatenation (.) or string at lib/Test/MonitorSites.pm line 130.
Can't call method "param" on unblessed reference at lib/Test/MonitorSites.pm line 237.
t/12_exercise_test_sites_method.t .. 
Dubious, test returned 25 (wstat 6400, 0x1900)
Failed 17/33 subtests 
Use of uninitialized value in concatenation (.) or string at lib/Test/MonitorSites.pm line 119.
Use of uninitialized value $log_file in concatenation (.) or string at lib/Test/MonitorSites.pm line 128.
Use of uninitialized value $log_file in concatenation (.) or string at lib/Test/MonitorSites.pm line 129.
Use of uninitialized value $log_file in concatenation (.) or string at lib/Test/MonitorSites.pm line 130.
Can't call method "param" on unblessed reference at lib/Test/MonitorSites.pm line 237.
t/14_cover_conditions.t ............ 
Dubious, test returned 25 (wstat 6400, 0x1900)
Failed 17/17 subtests 
Use of uninitialized value in concatenation (.) or string at lib/Test/MonitorSites.pm line 119.
Use of uninitialized value $log_file in concatenation (.) or string at lib/Test/MonitorSites.pm line 128.
Use of uninitialized value $log_file in concatenation (.) or string at lib/Test/MonitorSites.pm line 129.
Use of uninitialized value $log_file in concatenation (.) or string at lib/Test/MonitorSites.pm line 130.
Can't call method "param" on unblessed reference at lib/Test/MonitorSites.pm line 237.
t/15_report_by_ip.t ................ 
Dubious, test returned 25 (wstat 6400, 0x1900)
Failed 4/4 subtests 
Use of uninitialized value in concatenation (.) or string at lib/Test/MonitorSites.pm line 119.
Use of uninitialized value $log_file in concatenation (.) or string at lib/Test/MonitorSites.pm line 128.
Use of uninitialized value $log_file in concatenation (.) or string at lib/Test/MonitorSites.pm line 129.
Use of uninitialized value $log_file in concatenation (.) or string at lib/Test/MonitorSites.pm line 130.
Can't call method "param" on unblessed reference at lib/Test/MonitorSites.pm line 237.
t/16_monitor_quietly.t ............. 
Dubious, test returned 25 (wstat 6400, 0x1900)
Failed 18/18 subtests 
t/perlcritic.t ..................... ok
t/pod-coverage.t ................... ok
t/pod.t ............................ ok

Test Summary Report
-------------------
t/10_exercise_constructor.t      (Wstat: 65280 Tests: 16 Failed: 3)
  Failed tests:  6, 15-16
  Non-zero exit status: 255
  Parse errors: Bad plan.  You planned 49 tests but ran 16.
t/12_exercise_test_sites_method.t (Wstat: 6400 Tests: 17 Failed: 1)
  Failed test:  12
  Non-zero exit status: 25
  Parse errors: Bad plan.  You planned 33 tests but ran 17.
t/14_cover_conditions.t          (Wstat: 6400 Tests: 0 Failed: 0)
  Non-zero exit status: 25
  Parse errors: Bad plan.  You planned 17 tests but ran 0.
t/15_report_by_ip.t              (Wstat: 6400 Tests: 0 Failed: 0)
  Non-zero exit status: 25
  Parse errors: Bad plan.  You planned 4 tests but ran 0.
t/16_monitor_quietly.t           (Wstat: 6400 Tests: 0 Failed: 0)
  Non-zero exit status: 25
  Parse errors: Bad plan.  You planned 18 tests but ran 0.
Files=9, Tests=41,  4 wallclock secs ( 0.09 usr  0.20 sys +  2.66 cusr  0.71 csys =  3.66 CPU)
Result: FAIL
Failed 5/9 test programs. 4/41 subtests failed.

------------------------------
PREREQUISITES
------------------------------

Prerequisite modules loaded:

requires:

    Module                Need Have 
    --------------------- ---- -----
    Carp                  0    1.20 
    Config::Simple        0    4.58 
    Cwd                   0    3.36 
    Data::Dumper          0    2.131
    HTTP::Request::Common 0    6.00 
    Mail::Mailer          0    2.08 
    Test::Builder         0    0.98 
    Test::Builder::Tester 0    1.22 
    Test::HTML::Tidy      0    1.00 
    Test::More            0    0.98 
    Test::Pod             1.14 1.45 
    Test::Pod::Coverage   1.04 1.08 
    Test::WWW::Mechanize  0    1.34 
    version               0    0.94 
    WWW::Mechanize        0    1.68 


------------------------------
ENVIRONMENT AND OTHER CONTEXT
------------------------------

Environment variables:

    AUTOMATED_TESTING = 1
    LANG = C
    LC_ALL = C
    PATH = /home/test/perl5/perlbrew/bin:/home/test/perl5/perlbrew/perls/perl-5.14.1/bin:~/bin:/sbin:/bin:/usr/sbin:/usr/bin:/usr/games:/usr/local/sbin:/usr/local/bin:/home/test/bin
    PATH_WITHOUT_PERLBREW = ~/bin:/sbin:/bin:/usr/sbin:/usr/bin:/usr/games:/usr/local/sbin:/usr/local/bin:/home/test/bin
    PERL5LIB = 
    PERL5OPT = 
    PERL5_CPANPLUS_IS_RUNNING = 25334
    PERL5_CPAN_IS_RUNNING = 25334
    PERL5_CPAN_IS_RUNNING_IN_RECURSION = 43481,25334
    PERLBREW_HOME = /home/test/.perlbrew
    PERLBREW_PATH = /home/test/perl5/perlbrew/bin:/home/test/perl5/perlbrew/perls/perl-5.14.1/bin
    PERLBREW_PERL = perl-5.14.1
    PERLBREW_ROOT = /home/test/perl5/perlbrew
    PERLBREW_VERSION = 0.28
    PERL_CPANM_OPT = --prompt --mirror http://172.16.1.3/cpan/
    PERL_CR_SMOKER_CURRENT = Test-MonitorSites-0.15
    PERL_EXTUTILS_AUTOINSTALL = --defaultdeps
    PERL_MM_USE_DEFAULT = 1
    SHELL = /usr/local/bin/bash
    TERM = linux

Perl special variables (and OS-specific diagnostics, for MSWin32):

    $^X = /home/test/perl5/perlbrew/perls/perl-5.14.1/bin/perl
    $UID/$EUID = 1002 / 1002
    $GID = 1002 1002
    $EGID = 1002 1002

Perl module toolchain versions installed:

    Module              Have    
    ------------------- --------
    CPAN                1.9800  
    CPAN::Meta          2.112150
    Cwd                 3.36    
    ExtUtils::CBuilder  0.280203
    ExtUtils::Command   1.17    
    ExtUtils::Install   1.56    
    ExtUtils::MakeMaker 6.59    
    ExtUtils::Manifest  1.60    
    ExtUtils::ParseXS   3.03    
    File::Spec          3.33    
    JSON                2.53    
    JSON::PP            2.27200 
    Module::Build       0.3800  
    Module::Signature   0.68    
    Parse::CPAN::Meta   1.4401  
    Test::Harness       3.23    
    Test::More          0.98    
    YAML                0.73    
    YAML::Syck          1.17    
    version             0.94    


--

Summary of my perl5 (revision 5 version 14 subversion 1) configuration:
   
  Platform:
    osname=freebsd, osvers=8.1-release, archname=amd64-freebsd-thread-multi
    uname='freebsd fbsd.local 8.1-release freebsd 8.1-release #0: mon jul 19 02:36:49 utc 2010 root@mason.cse.buffalo.edu:usrobjusrsrcsysgeneric amd64 '
    config_args='-de -Dprefix=/home/test/perl5/perlbrew/perls/perl-5.14.1 -Dusethreads'
    hint=recommended, useposix=true, d_sigaction=define
    useithreads=define, usemultiplicity=define
    useperlio=define, d_sfio=undef, uselargefiles=define, usesocks=undef
    use64bitint=define, use64bitall=define, uselongdouble=undef
    usemymalloc=n, bincompat5005=undef
  Compiler:
    cc='cc', ccflags ='-DHAS_FPSETMASK -DHAS_FLOATINGPOINT_H -fno-strict-aliasing -pipe -fstack-protector -I/usr/local/include',
    optimize='-O',
    cppflags='-DHAS_FPSETMASK -DHAS_FLOATINGPOINT_H -fno-strict-aliasing -pipe -fstack-protector -I/usr/local/include'
    ccversion='', gccversion='4.2.1 20070719  [FreeBSD]', gccosandvers=''
    intsize=4, longsize=8, ptrsize=8, doublesize=8, byteorder=12345678
    d_longlong=define, longlongsize=8, d_longdbl=define, longdblsize=16
    ivtype='long', ivsize=8, nvtype='double', nvsize=8, Off_t='off_t', lseeksize=8
    alignbytes=8, prototype=define
  Linker and Libraries:
    ld='cc', ldflags ='-pthread -Wl,-E  -fstack-protector -L/usr/local/lib'
    libpth=/usr/lib /usr/local/lib
    libs=-lm -lcrypt
    perllibs=-lm -lcrypt
    libc=, so=so, useshrplib=false, libperl=libperl.a
    gnulibc_version=''
  Dynamic Linking:
    dlsrc=dl_dlopen.xs, dlext=so, d_dlsymun=undef, ccdlflags=' '
    cccdlflags='-DPIC -fPIC', lddlflags='-shared  -L/usr/local/lib -fstack-protector'


Characteristics of this binary (from libperl): 
  Compile-time options: MULTIPLICITY PERL_DONT_CREATE_GVSV
                        PERL_IMPLICIT_CONTEXT PERL_MALLOC_WRAP
                        PERL_PRESERVE_IVUV USE_64_BIT_ALL USE_64_BIT_INT
                        USE_ITHREADS USE_LARGE_FILES USE_PERLIO USE_PERL_ATOF
                        USE_REENTRANT_API
  Built under freebsd
  Compiled at Aug 18 2011 11:03:11
  %ENV:
    PERL5LIB=""
    PERL5OPT=""
    PERL5_CPANPLUS_IS_RUNNING="25334"
    PERL5_CPAN_IS_RUNNING="25334"
    PERL5_CPAN_IS_RUNNING_IN_RECURSION="43481,25334"
    PERLBREW_HOME="/home/test/.perlbrew"
    PERLBREW_PATH="/home/test/perl5/perlbrew/bin:/home/test/perl5/perlbrew/perls/perl-5.14.1/bin"
    PERLBREW_PERL="perl-5.14.1"
    PERLBREW_ROOT="/home/test/perl5/perlbrew"
    PERLBREW_VERSION="0.28"
    PERL_CPANM_OPT="--prompt --mirror http://172.16.1.3/cpan/"
    PERL_CR_SMOKER_CURRENT="Test-MonitorSites-0.15"
    PERL_EXTUTILS_AUTOINSTALL="--defaultdeps"
    PERL_MM_USE_DEFAULT="1"
  @INC:
    /home/test/perl5/perlbrew/perls/perl-5.14.1/lib/site_perl/5.14.1/amd64-freebsd-thread-multi
    /home/test/perl5/perlbrew/perls/perl-5.14.1/lib/site_perl/5.14.1
    /home/test/perl5/perlbrew/perls/perl-5.14.1/lib/5.14.1/amd64-freebsd-thread-multi
    /home/test/perl5/perlbrew/perls/perl-5.14.1/lib/5.14.1
    .