Report for MRS-Client-1.0.1

Back
From: metabase:user:314402c4-2aae-11df-837a-5e0a49663a4f
Subject: FAIL MRS-Client-1.0.1 v5.25.1 GNU/Linux
Date: 2016-08-28T21:00:37Z

This distribution has been tested as part of the CPAN Testers
project, supporting the Perl programming language.  See
http://wiki.cpantesters.org/ for more information or email
questions to cpan-testers-discuss@perl.org


--
Dear Martin Senger,

This is a computer-generated report for MRS-Client-1.0.1
on perl 5.25.1, created by CPAN-Reporter-1.2017.

Thank you for uploading your work to CPAN.  However, there was a problem
testing your distribution.

If you think this report is invalid, please consult the CPAN Testers Wiki
for suggestions on how to avoid getting FAIL reports for missing library
or binary dependencies, unsupported operating systems, and so on:

http://wiki.cpantesters.org/wiki/CPANAuthorNotes

Sections of this report:

    * Tester comments
    * Program output
    * Prerequisites
    * Environment and other context

------------------------------
TESTER COMMENTS
------------------------------

Additional comments from tester:

none provided

------------------------------
PROGRAM OUTPUT
------------------------------

Output from '/usr/bin/make test':

PERL_DL_NONLAZY=1 "/bbbike/perl-5.25.1/bin/perl5.25.1" "-MExtUtils::Command::MM" "-MTest::Harness" "-e" "undef *Test::Harness::Switches; test_harness(0, 'blib/lib', 'blib/arch')" t/*.t
Possible precedence issue with control flow operator at lib/MRS/Client/Blast.pm line 269.
Unescaped left brace in regex is illegal in regex; marked by <-- HERE in m/\${ <-- HERE JOBID}/ at lib/MRS/Client/Blast.pm line 409.
Compilation failed in require at lib/MRS/Client.pm line 27.
BEGIN failed--compilation aborted at lib/MRS/Client.pm line 27.
Compilation failed in require at -e line 1.

#   Failed test 'MRS::Client loaded ok'
#   at t/00-compile.t line 62.
#                   ''
#     doesn't match '(?^s:^\s*MRS::Client ok)'
Possible precedence issue with control flow operator at lib/MRS/Client/Blast.pm line 269.
Unescaped left brace in regex is illegal in regex; marked by <-- HERE in m/\${ <-- HERE JOBID}/ at lib/MRS/Client/Blast.pm line 409.
Compilation failed in require at -e line 1.

#   Failed test 'MRS::Client::Blast loaded ok'
#   at t/00-compile.t line 62.
#                   ''
#     doesn't match '(?^s:^\s*MRS::Client::Blast ok)'

#   Failed test 'mrsclustal script compiles'
#   at t/00-compile.t line 70.
# 255 - Possible precedence issue with control flow operator at /tmpfs/.cpan-build-cpansand/2016082818/MRS-Client-1.0.1-iFTENB/bin/../lib/MRS/Client/Blast.pm line 269.
# Unescaped left brace in regex is illegal in regex; marked by <-- HERE in m/\${ <-- HERE JOBID}/ at /tmpfs/.cpan-build-cpansand/2016082818/MRS-Client-1.0.1-iFTENB/bin/../lib/MRS/Client/Blast.pm line 409.
# Compilation failed in require at /tmpfs/.cpan-build-cpansand/2016082818/MRS-Client-1.0.1-iFTENB/bin/../lib/MRS/Client.pm line 27.
# BEGIN failed--compilation aborted at /tmpfs/.cpan-build-cpansand/2016082818/MRS-Client-1.0.1-iFTENB/bin/../lib/MRS/Client.pm line 27.
# Compilation failed in require at bin/mrsclustal line 19.
# BEGIN failed--compilation aborted at bin/mrsclustal line 19.

#   Failed test 'mrsclient script compiles'
#   at t/00-compile.t line 70.
# 255 - Possible precedence issue with control flow operator at /tmpfs/.cpan-build-cpansand/2016082818/MRS-Client-1.0.1-iFTENB/bin/../lib/MRS/Client/Blast.pm line 269.
# Unescaped left brace in regex is illegal in regex; marked by <-- HERE in m/\${ <-- HERE JOBID}/ at /tmpfs/.cpan-build-cpansand/2016082818/MRS-Client-1.0.1-iFTENB/bin/../lib/MRS/Client/Blast.pm line 409.
# Compilation failed in require at /tmpfs/.cpan-build-cpansand/2016082818/MRS-Client-1.0.1-iFTENB/bin/../lib/MRS/Client.pm line 27.
# BEGIN failed--compilation aborted at /tmpfs/.cpan-build-cpansand/2016082818/MRS-Client-1.0.1-iFTENB/bin/../lib/MRS/Client.pm line 27.
# Compilation failed in require at bin/mrsclient line 19.
# BEGIN failed--compilation aborted at bin/mrsclient line 19.

#   Failed test 'mrsblast script compiles'
#   at t/00-compile.t line 70.
# 255 - Possible precedence issue with control flow operator at /tmpfs/.cpan-build-cpansand/2016082818/MRS-Client-1.0.1-iFTENB/bin/../lib/MRS/Client/Blast.pm line 269.
# Unescaped left brace in regex is illegal in regex; marked by <-- HERE in m/\${ <-- HERE JOBID}/ at /tmpfs/.cpan-build-cpansand/2016082818/MRS-Client-1.0.1-iFTENB/bin/../lib/MRS/Client/Blast.pm line 409.
# Compilation failed in require at /tmpfs/.cpan-build-cpansand/2016082818/MRS-Client-1.0.1-iFTENB/bin/../lib/MRS/Client.pm line 27.
# BEGIN failed--compilation aborted at /tmpfs/.cpan-build-cpansand/2016082818/MRS-Client-1.0.1-iFTENB/bin/../lib/MRS/Client.pm line 27.
# Compilation failed in require at bin/mrsblast line 19.
# BEGIN failed--compilation aborted at bin/mrsblast line 19.
# Looks like you failed 5 tests of 9.
t/00-compile.t .......... 
Dubious, test returned 5 (wstat 1280, 0x500)
Failed 5/9 subtests 
Possible precedence issue with control flow operator at /tmpfs/.cpan-build-cpansand/2016082818/MRS-Client-1.0.1-iFTENB/blib/lib/MRS/Client/Blast.pm line 269.

#   Failed test 'use MRS::Client;'
#   at t/00-load.t line 6.
#     Tried to use 'MRS::Client'.
#     Error:  Unescaped left brace in regex is illegal in regex; marked by <-- HERE in m/\${ <-- HERE JOBID}/ at /tmpfs/.cpan-build-cpansand/2016082818/MRS-Client-1.0.1-iFTENB/blib/lib/MRS/Client/Blast.pm line 409.
# Compilation failed in require at /tmpfs/.cpan-build-cpansand/2016082818/MRS-Client-1.0.1-iFTENB/blib/lib/MRS/Client.pm line 27.
# BEGIN failed--compilation aborted at /tmpfs/.cpan-build-cpansand/2016082818/MRS-Client-1.0.1-iFTENB/blib/lib/MRS/Client.pm line 27.
# Compilation failed in require at t/00-load.t line 6.
# BEGIN failed--compilation aborted at t/00-load.t line 6.
# Testing MRS::Client , Perl v5.25.1, /bbbike/perl-5.25.1/bin/perl5.25.1
# Looks like you failed 1 test of 1.
t/00-load.t ............. 
Dubious, test returned 1 (wstat 256, 0x100)
Failed 1/1 subtests 
Possible precedence issue with control flow operator at /tmpfs/.cpan-build-cpansand/2016082818/MRS-Client-1.0.1-iFTENB/blib/lib/MRS/Client/Blast.pm line 269.

#   Failed test 'use MRS::Client;'
#   at t/01-data.t line 7.
#     Tried to use 'MRS::Client'.
#     Error:  Unescaped left brace in regex is illegal in regex; marked by <-- HERE in m/\${ <-- HERE JOBID}/ at /tmpfs/.cpan-build-cpansand/2016082818/MRS-Client-1.0.1-iFTENB/blib/lib/MRS/Client/Blast.pm line 409.
# Compilation failed in require at /tmpfs/.cpan-build-cpansand/2016082818/MRS-Client-1.0.1-iFTENB/blib/lib/MRS/Client.pm line 27.
# BEGIN failed--compilation aborted at /tmpfs/.cpan-build-cpansand/2016082818/MRS-Client-1.0.1-iFTENB/blib/lib/MRS/Client.pm line 27.
# Compilation failed in require at t/01-data.t line 7.
# BEGIN failed--compilation aborted at t/01-data.t line 7.
# Data manipulation
Can't locate object method "new" via package "MRS::Client" at t/01-data.t line 15.
# Looks like your test exited with 255 just after 1.
t/01-data.t ............. 
Dubious, test returned 255 (wstat 65280, 0xff00)
Failed 76/76 subtests 
Possible precedence issue with control flow operator at /tmpfs/.cpan-build-cpansand/2016082818/MRS-Client-1.0.1-iFTENB/blib/lib/MRS/Client/Blast.pm line 269.

#   Failed test 'use MRS::Client;'
#   at t/02-endpoint.t line 7.
#     Tried to use 'MRS::Client'.
#     Error:  Unescaped left brace in regex is illegal in regex; marked by <-- HERE in m/\${ <-- HERE JOBID}/ at /tmpfs/.cpan-build-cpansand/2016082818/MRS-Client-1.0.1-iFTENB/blib/lib/MRS/Client/Blast.pm line 409.
# Compilation failed in require at /tmpfs/.cpan-build-cpansand/2016082818/MRS-Client-1.0.1-iFTENB/blib/lib/MRS/Client.pm line 27.
# BEGIN failed--compilation aborted at /tmpfs/.cpan-build-cpansand/2016082818/MRS-Client-1.0.1-iFTENB/blib/lib/MRS/Client.pm line 27.
# Compilation failed in require at t/02-endpoint.t line 7.
# BEGIN failed--compilation aborted at t/02-endpoint.t line 7.
# Setting host and endpoints
Can't locate object method "new" via package "MRS::Client" at t/02-endpoint.t line 16.
# Looks like your test exited with 255 just after 1.
t/02-endpoint.t ......... 
Dubious, test returned 255 (wstat 65280, 0xff00)
Failed 25/25 subtests 
t/03-network.t .......... skipped: these tests are for testing by the author (when AUTHOR_TESTING=1)
Possible precedence issue with control flow operator at /tmpfs/.cpan-build-cpansand/2016082818/MRS-Client-1.0.1-iFTENB/blib/lib/MRS/Client/Blast.pm line 269.
Unescaped left brace in regex is illegal in regex; marked by <-- HERE in m/\${ <-- HERE JOBID}/ at /tmpfs/.cpan-build-cpansand/2016082818/MRS-Client-1.0.1-iFTENB/blib/lib/MRS/Client/Blast.pm line 409.
Compilation failed in require at /tmpfs/.cpan-build-cpansand/2016082818/MRS-Client-1.0.1-iFTENB/blib/lib/MRS/Client.pm line 27.
BEGIN failed--compilation aborted at /tmpfs/.cpan-build-cpansand/2016082818/MRS-Client-1.0.1-iFTENB/blib/lib/MRS/Client.pm line 27.
Compilation failed in require at t/04-links.t line 22.
BEGIN failed--compilation aborted at t/04-links.t line 22.
# Looks like your test exited with 255 before it could output anything.
t/04-links.t ............ 
Dubious, test returned 255 (wstat 65280, 0xff00)
Failed 2/2 subtests 
t/author-critic.t ....... skipped: these tests are for testing by the author
t/author-pod-spell.t .... skipped: these tests are for testing by the author
t/release-eol.t ......... skipped: these tests are for release candidate testing
t/release-no-tabs.t ..... skipped: these tests are for release candidate testing
t/release-pod-syntax.t .. skipped: these tests are for release candidate testing

Test Summary Report
-------------------
t/00-compile.t        (Wstat: 1280 Tests: 9 Failed: 5)
  Failed tests:  1-2, 7-9
  Non-zero exit status: 5
t/00-load.t           (Wstat: 256 Tests: 1 Failed: 1)
  Failed test:  1
  Non-zero exit status: 1
t/01-data.t           (Wstat: 65280 Tests: 1 Failed: 1)
  Failed test:  1
  Non-zero exit status: 255
  Parse errors: Bad plan.  You planned 76 tests but ran 1.
t/02-endpoint.t       (Wstat: 65280 Tests: 1 Failed: 1)
  Failed test:  1
  Non-zero exit status: 255
  Parse errors: Bad plan.  You planned 25 tests but ran 1.
t/04-links.t          (Wstat: 65280 Tests: 0 Failed: 0)
  Non-zero exit status: 255
  Parse errors: Bad plan.  You planned 2 tests but ran 0.
Files=11, Tests=12,  3 wallclock secs ( 0.04 usr  0.03 sys +  1.41 cusr  0.44 csys =  1.92 CPU)
Result: FAIL
Failed 5/11 test programs. 8/12 subtests failed.
Makefile:965: recipe for target 'test_dynamic' failed
make: *** [test_dynamic] Error 255

------------------------------
PREREQUISITES
------------------------------

Prerequisite modules loaded:

requires:

    Module                            Need Have    
    --------------------------------- ---- --------
    base                              0    2.23    
    Carp                              0    1.41    
    constant                          0    1.33    
    Data::Dumper                      0    2.160   
    File::Basename                    0    2.85    
    FindBin                           0    1.51    
    Getopt::Std                       0    1.11    
    Math::BigInt                      0    1.999715
    overload                          0    1.26    
    strict                            0    1.11    
    vars                              0    1.03    
    warnings                          0    1.36    
    XML::Compile::SOAP11              2.26 3.18    
    XML::Compile::Transport::SOAPHTTP 0    3.18    
    XML::Compile::WSDL11              0    3.05    

build_requires:

    Module                            Need Have    
    --------------------------------- ---- --------
    File::Find                        0    1.34    
    File::Spec                        0    3.63    
    File::Temp                        0    0.2304  
    Test::More                        0    1.302019

configure_requires:

    Module                            Need Have    
    --------------------------------- ---- --------
    ExtUtils::MakeMaker               6.30 7.10_01 


------------------------------
ENVIRONMENT AND OTHER CONTEXT
------------------------------

Environment variables:

    LANG = C
    PATH = /usr/local/bin:/usr/bin:/bin:/usr/local/sbin:/usr/sbin:/sbin:/home/cpansand/bin/linux-gnu:/home/cpansand/bin/sh:/home/cpansand/bin:/usr/games:/home/cpansand/devel:/home/eserte/src/srezic-misc/scripts
    PERL5LIB = /home/cpansand/.cpan/build/2016082818/XML-Compile-WSDL11-3.05-oBpaKx/blib/arch:/home/cpansand/.cpan/build/2016082818/XML-Compile-WSDL11-3.05-oBpaKx/blib/lib:/home/cpansand/.cpan/build/2016082818/XML-Compile-SOAP-3.18-KZlm2M/blib/arch:/home/cpansand/.cpan/build/2016082818/XML-Compile-SOAP-3.18-KZlm2M/blib/lib:/home/cpansand/.cpan/build/2016082818/XML-Compile-Cache-1.04-DaxlzB/blib/arch:/home/cpansand/.cpan/build/2016082818/XML-Compile-Cache-1.04-DaxlzB/blib/lib:/home/cpansand/.cpan/build/2016082818/XML-Compile-1.53-_XGRUw/blib/arch:/home/cpansand/.cpan/build/2016082818/XML-Compile-1.53-_XGRUw/blib/lib:/home/cpansand/.cpan/build/2016082818/XML-Compile-Tester-0.90-xBcvgV/blib/arch:/home/cpansand/.cpan/build/2016082818/XML-Compile-Tester-0.90-xBcvgV/blib/lib:/home/cpansand/.cpan/build/2016082818/Log-Report-1.16-Gmpgk4/blib/arch:/home/cpansand/.cpan/build/2016082818/Log-Report-1.16-Gmpgk4/blib/lib:/home/cpansand/.cpan/build/2016082818/Log-Report-Optional-1.02-mKG0Ia/blib/arch:/home/cpansand/.cpan/build/2016082818/Log-Report-Optional-1.02-mKG0Ia/blib/lib:/home/cpansand/.cpan/build/2016082818/String-Print-0.15-vUNmVF/blib/arch:/home/cpansand/.cpan/build/2016082818/String-Print-0.15-vUNmVF/blib/lib
    PERL5OPT = 
    PERL5_CPANPLUS_IS_RUNNING = 23437
    PERL5_CPAN_IS_RUNNING = 23437
    PERL5_CPAN_IS_RUNNING_IN_RECURSION = 15756,23437
    PERLDOC = -MPod::Perldoc::ToTextOverstrike
    PERL_BATCH = yes
    PERL_CANARY_STABILITY_NOPROMPT = 1
    PERL_CPAN_REPORTER_CONFIG = /run/user/1023/cpansmoker/2016082818/cpanreporter_002_config.ini
    PERL_EXTUTILS_AUTOINSTALL = --defaultdeps
    PERL_USE_UNSAFE_INC = 1
    SHELL = /bin/zsh
    TERM = screen
    TMPDIR = /run/user/1023/cpansmoker/2016082818

Perl special variables (and OS-specific diagnostics, for MSWin32):

    $^X = /bbbike/perl-5.25.1/bin/perl5.25.1
    $UID/$EUID = 1023 / 1023
    $GID = 1023 1023
    $EGID = 1023 1023

Perl module toolchain versions installed:

    Module              Have    
    ------------------- --------
    CPAN                2.11    
    CPAN::Meta          2.150005
    Cwd                 3.63    
    ExtUtils::CBuilder  0.280225
    ExtUtils::Command   7.10    
    ExtUtils::Install   2.04    
    ExtUtils::MakeMaker 7.10_01 
    ExtUtils::Manifest  1.70    
    ExtUtils::ParseXS   3.31    
    File::Spec          3.63    
    JSON                2.90    
    JSON::PP            2.27300 
    Module::Build       0.4218  
    Module::Signature   0.79    
    Parse::CPAN::Meta   1.4417  
    Test::Harness       3.36    
    Test::More          1.302019
    YAML                1.15    
    YAML::Syck          1.29    
    version             0.9916  


--

Summary of my perl5 (revision 5 version 25 subversion 1) configuration:
   
  Platform:
    osname=linux, osvers=3.16.0-4-amd64, archname=x86_64-linux
    uname='linux eserte 3.16.0-4-amd64 #1 smp debian 3.16.7-ckt25-2 (2016-04-08) x86_64 gnulinux '
    config_args='-ds -e -Dprefix=/opt/perl-5.25.1 -Dusedevel -Dusemallocwrap=no -Dcf_email=srezic@cpan.org'
    hint=recommended, useposix=true, d_sigaction=define
    useithreads=undef, usemultiplicity=undef
    use64bitint=define, use64bitall=define, uselongdouble=undef
    usemymalloc=n, bincompat5005=undef
  Compiler:
    cc='cc', ccflags ='-fwrapv -fno-strict-aliasing -pipe -fstack-protector-strong -I/usr/local/include -D_LARGEFILE_SOURCE -D_FILE_OFFSET_BITS=64 -D_FORTIFY_SOURCE=2',
    optimize='-O2',
    cppflags='-fwrapv -fno-strict-aliasing -pipe -fstack-protector-strong -I/usr/local/include'
    ccversion='', gccversion='4.9.2', gccosandvers=''
    intsize=4, longsize=8, ptrsize=8, doublesize=8, byteorder=12345678, doublekind=3
    d_longlong=define, longlongsize=8, d_longdbl=define, longdblsize=16, longdblkind=3
    ivtype='long', ivsize=8, nvtype='double', nvsize=8, Off_t='off_t', lseeksize=8
    alignbytes=8, prototype=define
  Linker and Libraries:
    ld='cc', ldflags =' -fstack-protector-strong -L/usr/local/lib'
    libpth=/usr/local/lib /usr/lib/gcc/x86_64-linux-gnu/4.9/include-fixed /usr/include/x86_64-linux-gnu /usr/lib /lib/x86_64-linux-gnu /lib/../lib /usr/lib/x86_64-linux-gnu /usr/lib/../lib /lib
    libs=-lpthread -lnsl -lgdbm -ldb -ldl -lm -lcrypt -lutil -lc -lgdbm_compat
    perllibs=-lpthread -lnsl -ldl -lm -lcrypt -lutil -lc
    libc=libc-2.19.so, so=so, useshrplib=false, libperl=libperl.a
    gnulibc_version='2.19'
  Dynamic Linking:
    dlsrc=dl_dlopen.xs, dlext=so, d_dlsymun=undef, ccdlflags='-Wl,-E'
    cccdlflags='-fPIC', lddlflags='-shared -O2 -L/usr/local/lib -fstack-protector-strong'


Characteristics of this binary (from libperl): 
  Compile-time options: HAS_TIMES PERLIO_LAYERS PERL_COPY_ON_WRITE
                        PERL_DONT_CREATE_GVSV
                        PERL_HASH_FUNC_ONE_AT_A_TIME_HARD PERL_OP_PARENT
                        PERL_PRESERVE_IVUV PERL_USE_DEVEL USE_64_BIT_ALL
                        USE_64_BIT_INT USE_LARGE_FILES USE_LOCALE
                        USE_LOCALE_COLLATE USE_LOCALE_CTYPE
                        USE_LOCALE_NUMERIC USE_LOCALE_TIME USE_PERLIO
                        USE_PERL_ATOF
  Built under linux
  Compiled at May 20 2016 21:49:22
  %ENV:
    PERL5LIB="/home/cpansand/.cpan/build/2016082818/XML-Compile-WSDL11-3.05-oBpaKx/blib/arch:/home/cpansand/.cpan/build/2016082818/XML-Compile-WSDL11-3.05-oBpaKx/blib/lib:/home/cpansand/.cpan/build/2016082818/XML-Compile-SOAP-3.18-KZlm2M/blib/arch:/home/cpansand/.cpan/build/2016082818/XML-Compile-SOAP-3.18-KZlm2M/blib/lib:/home/cpansand/.cpan/build/2016082818/XML-Compile-Cache-1.04-DaxlzB/blib/arch:/home/cpansand/.cpan/build/2016082818/XML-Compile-Cache-1.04-DaxlzB/blib/lib:/home/cpansand/.cpan/build/2016082818/XML-Compile-1.53-_XGRUw/blib/arch:/home/cpansand/.cpan/build/2016082818/XML-Compile-1.53-_XGRUw/blib/lib:/home/cpansand/.cpan/build/2016082818/XML-Compile-Tester-0.90-xBcvgV/blib/arch:/home/cpansand/.cpan/build/2016082818/XML-Compile-Tester-0.90-xBcvgV/blib/lib:/home/cpansand/.cpan/build/2016082818/Log-Report-1.16-Gmpgk4/blib/arch:/home/cpansand/.cpan/build/2016082818/Log-Report-1.16-Gmpgk4/blib/lib:/home/cpansand/.cpan/build/2016082818/Log-Report-Optional-1.02-mKG0Ia/blib/arch:/home/cpansand/.cpan/build/2016082818/Log-Report-Optional-1.02-mKG0Ia/blib/lib:/home/cpansand/.cpan/build/2016082818/String-Print-0.15-vUNmVF/blib/arch:/home/cpansand/.cpan/build/2016082818/String-Print-0.15-vUNmVF/blib/lib"
    PERL5OPT=""
    PERL5_CPANPLUS_IS_RUNNING="23437"
    PERL5_CPAN_IS_RUNNING="23437"
    PERL5_CPAN_IS_RUNNING_IN_RECURSION="15756,23437"
    PERLDOC="-MPod::Perldoc::ToTextOverstrike"
    PERL_BATCH="yes"
    PERL_CANARY_STABILITY_NOPROMPT="1"
    PERL_CPAN_REPORTER_CONFIG="/run/user/1023/cpansmoker/2016082818/cpanreporter_002_config.ini"
    PERL_EXTUTILS_AUTOINSTALL="--defaultdeps"
    PERL_USE_UNSAFE_INC="1"
  @INC:
    /home/cpansand/.cpan/build/2016082818/XML-Compile-WSDL11-3.05-oBpaKx/blib/arch
    /home/cpansand/.cpan/build/2016082818/XML-Compile-WSDL11-3.05-oBpaKx/blib/lib
    /home/cpansand/.cpan/build/2016082818/XML-Compile-SOAP-3.18-KZlm2M/blib/arch
    /home/cpansand/.cpan/build/2016082818/XML-Compile-SOAP-3.18-KZlm2M/blib/lib
    /home/cpansand/.cpan/build/2016082818/XML-Compile-Cache-1.04-DaxlzB/blib/arch
    /home/cpansand/.cpan/build/2016082818/XML-Compile-Cache-1.04-DaxlzB/blib/lib
    /home/cpansand/.cpan/build/2016082818/XML-Compile-1.53-_XGRUw/blib/arch
    /home/cpansand/.cpan/build/2016082818/XML-Compile-1.53-_XGRUw/blib/lib
    /home/cpansand/.cpan/build/2016082818/XML-Compile-Tester-0.90-xBcvgV/blib/arch
    /home/cpansand/.cpan/build/2016082818/XML-Compile-Tester-0.90-xBcvgV/blib/lib
    /home/cpansand/.cpan/build/2016082818/Log-Report-1.16-Gmpgk4/blib/arch
    /home/cpansand/.cpan/build/2016082818/Log-Report-1.16-Gmpgk4/blib/lib
    /home/cpansand/.cpan/build/2016082818/Log-Report-Optional-1.02-mKG0Ia/blib/arch
    /home/cpansand/.cpan/build/2016082818/Log-Report-Optional-1.02-mKG0Ia/blib/lib
    /home/cpansand/.cpan/build/2016082818/String-Print-0.15-vUNmVF/blib/arch
    /home/cpansand/.cpan/build/2016082818/String-Print-0.15-vUNmVF/blib/lib
    /opt/perl-5.25.1/lib/site_perl/5.25.1/x86_64-linux
    /opt/perl-5.25.1/lib/site_perl/5.25.1
    /opt/perl-5.25.1/lib/5.25.1/x86_64-linux
    /opt/perl-5.25.1/lib/5.25.1
    .