Report for Data-Overlay-0.54

Back
From: metabase:user:322078bc-2aae-11df-837a-5e0a49663a4f
Subject: NA Data-Overlay-0.54 v5.8.8 GNU/Linux
Date: 2012-03-21T07:57:14Z

This distribution has been tested as part of the CPAN Testers
project, supporting the Perl programming language.  See
http://wiki.cpantesters.org/ for more information or email
questions to cpan-testers-discuss@perl.org


--

Dear BOWMANBS,

This is a computer-generated error report created automatically by
CPANPLUS, version 0.9121. Testers personal comments may appear
at the end of this report.


Thank you for uploading your work to CPAN.  However, it appears that
there were some problems testing your distribution.

TEST RESULTS:

Below is the error stack from stage 'make test':

PERL_DL_NONLAZY=1 /home/cpan/pit/bare-ld/perl-5.8.8/bin/perl "-MExtUtils::Command::MM" "-e" "test_harness(0, 'blib/lib', 'blib/arch')" t/*.t

#   Failed test 'use Data::Overlay;'
#   at t/00.load.t line 4.
#     Tried to use 'Data::Overlay'.
#     Error:  Perl v5.10.0 required--this is only v5.8.8, stopped at /home/cpan/pit/bare-ld/conf/perl-5.8.8/.cpanplus/5.8.8/build/Data-Overlay-0.54/blib/lib/Data/Overlay.pm line 3.
# BEGIN failed--compilation aborted at /home/cpan/pit/bare-ld/conf/perl-5.8.8/.cpanplus/5.8.8/build/Data-Overlay-0.54/blib/lib/Data/Overlay.pm line 3.
# Compilation failed in require at (eval 4) line 2.
# BEGIN failed--compilation aborted at (eval 4) line 2.
Use of uninitialized value in concatenation (.) or string at t/00.load.t line 7.
# Testing Data::Overlay 
# Looks like you failed 1 test of 1.
t/00.load.t ............... 
Dubious, test returned 1 (wstat 256, 0x100)
Failed 1/1 subtests 
Perl v5.10.0 required--this is only v5.8.8, stopped at /home/cpan/pit/bare-ld/conf/perl-5.8.8/.cpanplus/5.8.8/build/Data-Overlay-0.54/blib/lib/Data/Overlay.pm line 3.
BEGIN failed--compilation aborted at /home/cpan/pit/bare-ld/conf/perl-5.8.8/.cpanplus/5.8.8/build/Data-Overlay-0.54/blib/lib/Data/Overlay.pm line 3.
Compilation failed in require at t/actions.t line 6.
BEGIN failed--compilation aborted at t/actions.t line 6.
t/actions.t ............... 
Dubious, test returned 255 (wstat 65280, 0xff00)
No subtests run 
t/author-critic.t ......... skipped: these tests are for testing by the author
t/author-synopsis.t ....... skipped: these tests are for testing by the author
Perl v5.10.0 required--this is only v5.8.8, stopped at /home/cpan/pit/bare-ld/conf/perl-5.8.8/.cpanplus/5.8.8/build/Data-Overlay-0.54/blib/lib/Data/Overlay.pm line 3.
BEGIN failed--compilation aborted at /home/cpan/pit/bare-ld/conf/perl-5.8.8/.cpanplus/5.8.8/build/Data-Overlay-0.54/blib/lib/Data/Overlay.pm line 3.
Compilation failed in require at t/basic.t line 6.
BEGIN failed--compilation aborted at t/basic.t line 6.
t/basic.t ................. 
Dubious, test returned 255 (wstat 65280, 0xff00)
No subtests run 
Perl v5.10.0 required--this is only v5.8.8, stopped at /home/cpan/pit/bare-ld/conf/perl-5.8.8/.cpanplus/5.8.8/build/Data-Overlay-0.54/blib/lib/Data/Overlay.pm line 3.
BEGIN failed--compilation aborted at /home/cpan/pit/bare-ld/conf/perl-5.8.8/.cpanplus/5.8.8/build/Data-Overlay-0.54/blib/lib/Data/Overlay.pm line 3.
Compilation failed in require at t/blessed.t line 6.
BEGIN failed--compilation aborted at t/blessed.t line 6.
t/blessed.t ............... 
Dubious, test returned 255 (wstat 65280, 0xff00)
No subtests run 
Perl v5.10.0 required--this is only v5.8.8, stopped at /home/cpan/pit/bare-ld/conf/perl-5.8.8/.cpanplus/5.8.8/build/Data-Overlay-0.54/blib/lib/Data/Overlay.pm line 3.
BEGIN failed--compilation aborted at /home/cpan/pit/bare-ld/conf/perl-5.8.8/.cpanplus/5.8.8/build/Data-Overlay-0.54/blib/lib/Data/Overlay.pm line 3.
Compilation failed in require at t/escaped.t line 6.
BEGIN failed--compilation aborted at t/escaped.t line 6.
t/escaped.t ............... 
Dubious, test returned 255 (wstat 65280, 0xff00)
No subtests run 
t/release-pod-coverage.t .. skipped: these tests are for release candidate testing
t/release-pod-syntax.t .... skipped: these tests are for release candidate testing

Test Summary Report
-------------------
t/00.load.t             (Wstat: 256 Tests: 1 Failed: 1)
  Failed test:  1
  Non-zero exit status: 1
t/actions.t             (Wstat: 65280 Tests: 0 Failed: 0)
  Non-zero exit status: 255
  Parse errors: No plan found in TAP output
t/basic.t               (Wstat: 65280 Tests: 0 Failed: 0)
  Non-zero exit status: 255
  Parse errors: No plan found in TAP output
t/blessed.t             (Wstat: 65280 Tests: 0 Failed: 0)
  Non-zero exit status: 255
  Parse errors: No plan found in TAP output
t/escaped.t             (Wstat: 65280 Tests: 0 Failed: 0)
  Non-zero exit status: 255
  Parse errors: No plan found in TAP output
Files=9, Tests=1,  1 wallclock secs ( 0.03 usr  0.02 sys +  0.13 cusr  0.03 csys =  0.21 CPU)
Result: FAIL
Failed 5/9 test programs. 1/1 subtests failed.
make: *** [test_dynamic] Error 255

[MSG] [Wed Mar 21 07:55:55 2012] 'Data::Overlay' requires a higher version of perl than your current version -- sending N/A grade.

PREREQUISITES:

Here is a list of prerequisites you specified and versions we
managed to load:

	  Module Name                        Have     Want
	  List::MoreUtils                    0.33        0
	  Sub::Name                          0.05        0
	  Test::Deep                        0.109        0
	  Test::More                         0.98  0.87_01

Perl module toolchain versions installed:
	Module Name                        Have
	CPANPLUS                         0.9121
	CPANPLUS::Dist::Build              0.62
	Cwd                                3.33
	ExtUtils::CBuilder             0.280205
	ExtUtils::Command                  1.16
	ExtUtils::Install                  1.54
	ExtUtils::MakeMaker                6.62
	ExtUtils::Manifest                 1.60
	ExtUtils::ParseXS                  3.15
	File::Spec                         3.33
	Module::Build                      0.40
	Test::Harness                      3.23
	Test::More                         0.98
	version                            0.96

******************************** NOTE ********************************
The comments above are created mechanically, possibly without manual
checking by the sender.  As there are many people performing automatic
tests on each upload to CPAN, it is likely that you will receive
identical messages about the same problem.

If you believe that the message is mistaken, please reply to the first
one with correction and/or additional informations, and do not take
it personally.  We appreciate your patience. :)
**********************************************************************

Additional comments:


This report was machine-generated by CPANPLUS::Dist::YACSmoke 0.70.
Powered by minismokebox version 0.54

------------------------------
ENVIRONMENT AND OTHER CONTEXT
------------------------------

Environment variables:

    AUTOMATED_TESTING = 1
    LANG = en_US
    LC_COLLATE = C
    PATH = /usr/local/bin:/usr/bin:/bin:/usr/games:/usr/lib64/java/bin:/usr/lib64/qt/bin:/usr/share/texmf/bin:.
    PERL5LIB = :/home/cpan/pit/bare-ld/conf/perl-5.8.8/.cpanplus/5.8.8/build/List-MoreUtils-0.33/blib/lib:/home/cpan/pit/bare-ld/conf/perl-5.8.8/.cpanplus/5.8.8/build/List-MoreUtils-0.33/blib/arch:/home/cpan/pit/bare-ld/conf/perl-5.8.8/.cpanplus/5.8.8/build/Sub-Name-0.05/blib/lib:/home/cpan/pit/bare-ld/conf/perl-5.8.8/.cpanplus/5.8.8/build/Sub-Name-0.05/blib/arch:/home/cpan/pit/bare-ld/conf/perl-5.8.8/.cpanplus/5.8.8/build/Test-Tester-0.108/blib/lib:/home/cpan/pit/bare-ld/conf/perl-5.8.8/.cpanplus/5.8.8/build/Test-Tester-0.108/blib/arch:/home/cpan/pit/bare-ld/conf/perl-5.8.8/.cpanplus/5.8.8/build/Test-NoWarnings-1.04/blib/lib:/home/cpan/pit/bare-ld/conf/perl-5.8.8/.cpanplus/5.8.8/build/Test-NoWarnings-1.04/blib/arch:/home/cpan/pit/bare-ld/conf/perl-5.8.8/.cpanplus/5.8.8/build/Test-Deep-0.109/blib/lib:/home/cpan/pit/bare-ld/conf/perl-5.8.8/.cpanplus/5.8.8/build/Test-Deep-0.109/blib/arch:/home/cpan/pit/bare-ld/conf/perl-5.8.8/.cpanplus/5.8.8/build/Data-Overlay-0.54/blib/lib:/home/cpan/pit/bare-ld/conf/perl-5.8.8/.cpanplus/5.8.8/build/Data-Overlay-0.54/blib/arch
    PERL5_CPANPLUS_IS_RUNNING = 11548
    PERL5_CPANPLUS_IS_VERSION = 0.9121
    PERL5_MINISMOKEBOX = 0.54
    PERL5_YACSMOKE_BASE = /home/cpan/pit/bare-ld/conf/perl-5.8.8
    PERL_EXTUTILS_AUTOINSTALL = --defaultdeps
    PERL_MM_USE_DEFAULT = 1
    SHELL = /bin/bash
    TERM = screen

Perl special variables (and OS-specific diagnostics, for MSWin32):

    Perl: $^X = /home/cpan/pit/bare-ld/perl-5.8.8/bin/perl
    UID:  $<  = 1001
    EUID: $>  = 1001
    GID:  $(  = 100 100
    EGID: $)  = 100 100


-------------------------------


--

Summary of my perl5 (revision 5 version 8 subversion 8) configuration:
  Platform:
    osname=linux, osvers=2.6.33.4, archname=x86_64-linux-ld
    uname='linux slack64 2.6.33.4 #3 smp wed may 12 23:13:09 cdt 2010 x86_64 intel(r) xeon(r) cpu e5520 @ 2.27ghz genuineintel gnulinux '
    config_args='-des -Dprefix=/home/cpan/pit/bare-ld/perl-5.8.8 -Duselongdouble'
    hint=recommended, useposix=true, d_sigaction=define
    usethreads=undef use5005threads=undef useithreads=undef usemultiplicity=undef
    useperlio=define d_sfio=undef uselargefiles=define usesocks=undef
    use64bitint=define use64bitall=define uselongdouble=define
    usemymalloc=n, bincompat5005=undef
  Compiler:
    cc='cc', ccflags ='-fno-strict-aliasing -pipe -Wdeclaration-after-statement -I/usr/local/include -D_LARGEFILE_SOURCE -D_FILE_OFFSET_BITS=64',
    optimize='-O2',
    cppflags='-fno-strict-aliasing -pipe -Wdeclaration-after-statement -I/usr/local/include'
    ccversion='', gccversion='4.4.4', gccosandvers=''
    intsize=4, longsize=8, ptrsize=8, doublesize=8, byteorder=12345678
    d_longlong=define, longlongsize=8, d_longdbl=define, longdblsize=16
    ivtype='long', ivsize=8, nvtype='long double', nvsize=16, Off_t='off_t', lseeksize=8
    alignbytes=16, prototype=define
  Linker and Libraries:
    ld='cc', ldflags =' -L/usr/local/lib'
    libpth=/usr/local/lib /lib/../lib64 /usr/lib/../lib64 /lib /usr/lib
    libs=-lnsl -lgdbm -ldb -ldl -lm -lcrypt -lutil -lc
    perllibs=-lnsl -ldl -lm -lcrypt -lutil -lc
    libc=, so=so, useshrplib=false, libperl=libperl.a
    gnulibc_version='2.11.1'
  Dynamic Linking:
    dlsrc=dl_dlopen.xs, dlext=so, d_dlsymun=undef, ccdlflags='-Wl,-E'
    cccdlflags='-fpic', lddlflags='-shared -L/usr/local/lib'


Characteristics of this binary (from libperl): 
  Compile-time options: PERL_MALLOC_WRAP USE_64_BIT_ALL USE_64_BIT_INT
                        USE_LARGE_FILES USE_LONG_DOUBLE USE_PERLIO
  Built under linux
  Compiled at Jan  6 2012 01:14:18
  %ENV:
    PERL5LIB=":/home/cpan/pit/bare-ld/conf/perl-5.8.8/.cpanplus/5.8.8/build/List-MoreUtils-0.33/blib/lib:/home/cpan/pit/bare-ld/conf/perl-5.8.8/.cpanplus/5.8.8/build/List-MoreUtils-0.33/blib/arch:/home/cpan/pit/bare-ld/conf/perl-5.8.8/.cpanplus/5.8.8/build/Sub-Name-0.05/blib/lib:/home/cpan/pit/bare-ld/conf/perl-5.8.8/.cpanplus/5.8.8/build/Sub-Name-0.05/blib/arch:/home/cpan/pit/bare-ld/conf/perl-5.8.8/.cpanplus/5.8.8/build/Test-Tester-0.108/blib/lib:/home/cpan/pit/bare-ld/conf/perl-5.8.8/.cpanplus/5.8.8/build/Test-Tester-0.108/blib/arch:/home/cpan/pit/bare-ld/conf/perl-5.8.8/.cpanplus/5.8.8/build/Test-NoWarnings-1.04/blib/lib:/home/cpan/pit/bare-ld/conf/perl-5.8.8/.cpanplus/5.8.8/build/Test-NoWarnings-1.04/blib/arch:/home/cpan/pit/bare-ld/conf/perl-5.8.8/.cpanplus/5.8.8/build/Test-Deep-0.109/blib/lib:/home/cpan/pit/bare-ld/conf/perl-5.8.8/.cpanplus/5.8.8/build/Test-Deep-0.109/blib/arch:/home/cpan/pit/bare-ld/conf/perl-5.8.8/.cpanplus/5.8.8/build/Data-Overlay-0.54/blib/lib:/home/cpan/pit/bare-ld/conf/perl-5.8.8/.cpanplus/5.8.8/build/Data-Overlay-0.54/blib/arch"
    PERL5_CPANPLUS_IS_RUNNING="11548"
    PERL5_CPANPLUS_IS_VERSION="0.9121"
    PERL5_MINISMOKEBOX="0.54"
    PERL5_YACSMOKE_BASE="/home/cpan/pit/bare-ld/conf/perl-5.8.8"
    PERL_EXTUTILS_AUTOINSTALL="--defaultdeps"
    PERL_MM_USE_DEFAULT="1"
  @INC:
    /home/cpan/pit/bare-ld/conf/perl-5.8.8/.cpanplus/5.8.8/build/List-MoreUtils-0.33/blib/lib
    /home/cpan/pit/bare-ld/conf/perl-5.8.8/.cpanplus/5.8.8/build/List-MoreUtils-0.33/blib/arch
    /home/cpan/pit/bare-ld/conf/perl-5.8.8/.cpanplus/5.8.8/build/Sub-Name-0.05/blib/lib
    /home/cpan/pit/bare-ld/conf/perl-5.8.8/.cpanplus/5.8.8/build/Sub-Name-0.05/blib/arch
    /home/cpan/pit/bare-ld/conf/perl-5.8.8/.cpanplus/5.8.8/build/Test-Tester-0.108/blib/lib
    /home/cpan/pit/bare-ld/conf/perl-5.8.8/.cpanplus/5.8.8/build/Test-Tester-0.108/blib/arch
    /home/cpan/pit/bare-ld/conf/perl-5.8.8/.cpanplus/5.8.8/build/Test-NoWarnings-1.04/blib/lib
    /home/cpan/pit/bare-ld/conf/perl-5.8.8/.cpanplus/5.8.8/build/Test-NoWarnings-1.04/blib/arch
    /home/cpan/pit/bare-ld/conf/perl-5.8.8/.cpanplus/5.8.8/build/Test-Deep-0.109/blib/lib
    /home/cpan/pit/bare-ld/conf/perl-5.8.8/.cpanplus/5.8.8/build/Test-Deep-0.109/blib/arch
    /home/cpan/pit/bare-ld/conf/perl-5.8.8/.cpanplus/5.8.8/build/Data-Overlay-0.54/blib/lib
    /home/cpan/pit/bare-ld/conf/perl-5.8.8/.cpanplus/5.8.8/build/Data-Overlay-0.54/blib/arch
    /home/cpan/pit/bare-ld/perl-5.8.8/lib/5.8.8/x86_64-linux-ld
    /home/cpan/pit/bare-ld/perl-5.8.8/lib/5.8.8
    /home/cpan/pit/bare-ld/perl-5.8.8/lib/site_perl/5.8.8/x86_64-linux-ld
    /home/cpan/pit/bare-ld/perl-5.8.8/lib/site_perl/5.8.8
    /home/cpan/pit/bare-ld/perl-5.8.8/lib/site_perl
    .