Sys-RotateBackup v0.12 Perl 5 v5.27.6 OpenBSD.amd64-openbsd
- Status
- Fail
- From
- Alceu Rodrigues de Freitas Junior
- Dist
-
Sys-RotateBackup v0.12
- Platform
- Perl 5 v5.27.6 OpenBSD.amd64-openbsd
- Date
- 2017-12-28 18:18:16
- ID
- 79ab1c0c-ebfb-11e7-9fa7-c83a1a413131
This distribution has been tested as part of the CPAN Testers
project, supporting the Perl programming language. See
http://wiki.cpantesters.org/ for more information or email
questions to cpan-testers-discuss@perl.org
--
Dear Dominik Schulz,
This is a computer-generated report for Sys-RotateBackup-0.12
on perl 5.27.6, created by CPAN-Reporter-1.2018.
Thank you for uploading your work to CPAN. However, there was a problem
testing your distribution.
If you think this report is invalid, please consult the CPAN Testers Wiki
for suggestions on how to avoid getting FAIL reports for missing library
or binary dependencies, unsupported operating systems, and so on:
http://wiki.cpantesters.org/wiki/CPANAuthorNotes
Sections of this report:
* Tester comments
* Program output
* Prerequisites
* Environment and other context
------------------------------
TESTER COMMENTS
------------------------------
Additional comments from tester:
this report is from an automated smoke testing program
and was not reviewed by a human for accuracy
------------------------------
PROGRAM OUTPUT
------------------------------
Output from '/usr/bin/make test':
PERL_DL_NONLAZY=1 "/home/vegeta/perl5/perlbrew/perls/perl-5.27.6/bin/perl5.27.6" "-MExtUtils::Command::MM" "-MTest::Harness" "-e" "undef *Test::Harness::Switches; test_harness(0, 'blib/lib', 'blib/arch')" t/*.t
# Testing Sys::RotateBackup 0.12, Perl 5.027006, /home/vegeta/perl5/perlbrew/perls/perl-5.27.6/bin/perl5.27.6
t/00-load.t ............. ok
t/manifest.t ............ skipped: Author tests not required for installation
t/pod-coverage.t ........ ok
t/pod.t ................. ok
t/release-eol.t ......... skipped: these tests are for release candidate testing
t/release-no-tabs.t ..... skipped: these tests are for release candidate testing
t/release-pod-syntax.t .. skipped: these tests are for release candidate testing
# Failed test 'Got weekly directory'
# at t/rotate.t line 28.
# Failed test 'Got monthly directory'
# at t/rotate.t line 28.
# Failed test 'Got yearly directory'
# at t/rotate.t line 28.
# Failed test 'Still got weekly directory'
# at t/rotate.t line 43.
# Failed test 'Rotation 0 of type weekly exists'
# at t/rotate.t line 46.
# Failed test 'Rotation 1 of type weekly exists'
# at t/rotate.t line 46.
# Failed test 'Rotation 2 of type weekly exists'
# at t/rotate.t line 46.
# Failed test 'Rotation 3 of type weekly exists'
# at t/rotate.t line 46.
# Failed test 'Rotation 4 of type weekly exists'
# at t/rotate.t line 46.
# Failed test 'Still got monthly directory'
# at t/rotate.t line 43.
# Failed test 'Rotation 0 of type monthly exists'
# at t/rotate.t line 46.
# Failed test 'Rotation 1 of type monthly exists'
# at t/rotate.t line 46.
# Failed test 'Rotation 2 of type monthly exists'
# at t/rotate.t line 46.
# Failed test 'Rotation 3 of type monthly exists'
# at t/rotate.t line 46.
# Failed test 'Rotation 4 of type monthly exists'
# at t/rotate.t line 46.
# Failed test 'Rotation 5 of type monthly exists'
# at t/rotate.t line 46.
# Failed test 'Rotation 6 of type monthly exists'
# at t/rotate.t line 46.
# Failed test 'Rotation 7 of type monthly exists'
# at t/rotate.t line 46.
# Failed test 'Rotation 8 of type monthly exists'
# at t/rotate.t line 46.
# Failed test 'Rotation 9 of type monthly exists'
# at t/rotate.t line 46.
# Failed test 'Rotation 10 of type monthly exists'
# at t/rotate.t line 46.
# Failed test 'Rotation 11 of type monthly exists'
# at t/rotate.t line 46.
# Failed test 'Rotation 12 of type monthly exists'
# at t/rotate.t line 46.
# Failed test 'Still got yearly directory'
# at t/rotate.t line 43.
# Failed test 'Rotation 0 of type yearly exists'
# at t/rotate.t line 46.
# Failed test 'Rotation 1 of type yearly exists'
# at t/rotate.t line 46.
# Failed test 'Rotation 2 of type yearly exists'
# at t/rotate.t line 46.
# Failed test 'Rotation 3 of type yearly exists'
# at t/rotate.t line 46.
# Failed test 'Rotation 4 of type yearly exists'
# at t/rotate.t line 46.
# Failed test 'Rotation 5 of type yearly exists'
# at t/rotate.t line 46.
# Failed test 'Rotation 6 of type yearly exists'
# at t/rotate.t line 46.
# Failed test 'Rotation 7 of type yearly exists'
# at t/rotate.t line 46.
# Failed test 'Rotation 8 of type yearly exists'
# at t/rotate.t line 46.
# Failed test 'Rotation 9 of type yearly exists'
# at t/rotate.t line 46.
# Failed test 'Rotation 10 of type yearly exists'
# at t/rotate.t line 46.
# Looks like you failed 35 tests of 59.
t/rotate.t ..............
Dubious, test returned 35 (wstat 8960, 0x2300)
Failed 35/59 subtests
Test Summary Report
-------------------
t/rotate.t (Wstat: 8960 Tests: 59 Failed: 35)
Failed tests: 3-5, 23-54
Non-zero exit status: 35
Files=8, Tests=62, 4 wallclock secs ( 0.04 usr 0.06 sys + 1.72 cusr 1.09 csys = 2.91 CPU)
Result: FAIL
Failed 1/8 test programs. 35/62 subtests failed.
*** Error 35 in /mnt/cpan_build_dir/vegeta/Sys-RotateBackup-0.12-0 (Makefile:866 'test_dynamic')
------------------------------
PREREQUISITES
------------------------------
Prerequisite modules loaded:
requires:
Module Need Have
--------------------------- ---- --------
feature 0 1.49
Log::Tree::RequiredLogger 0 0.18
Moose 0 2.2009
mro 0 1.21
namespace::autoclean 0 0.28
Sys::FS 0 0.11
Sys::Run 0 0.16
build_requires:
Module Need Have
--------------------------- ---- --------
File::Blarf 0 0.12
File::Temp 0 0.2304
strict 0 1.11
Test::MockObject::Universal 0 0.11
Test::MockTime 0 0.15
Test::More 0 1.302120
warnings 0 1.38
configure_requires:
Module Need Have
--------------------------- ---- --------
ExtUtils::MakeMaker 6.30 7.31_05
------------------------------
ENVIRONMENT AND OTHER CONTEXT
------------------------------
Environment variables:
AUTOMATED_TESTING = 1
DBD_MYSQL_TESTDB = test
DBD_MYSQL_TESTHOST = localhost
DBD_MYSQL_TESTPASSWORD =
DBD_MYSQL_TESTPORT = 3306
DBD_MYSQL_TESTUSER = vegeta
EXTENDED_TESTING = 1
PATH = /home/vegeta/perl5/perlbrew/bin:/home/vegeta/perl5/perlbrew/perls/perl-5.27.6/bin:/home/vegeta/bin:/usr/bin:/bin:/usr/sbin:/sbin:/usr/X11R6/bin:/usr/local/bin:/usr/local/sbin
PERL5LIB =
PERL5OPT =
PERL5_CPANPLUS_IS_RUNNING = 30426
PERL5_CPAN_IS_RUNNING = 30426
PERL5_CPAN_IS_RUNNING_IN_RECURSION = 25203,30426
PERLBREW_HOME = /home/vegeta/.perlbrew
PERLBREW_MANPATH = /home/vegeta/perl5/perlbrew/perls/perl-5.27.6/man
PERLBREW_PATH = /home/vegeta/perl5/perlbrew/bin:/home/vegeta/perl5/perlbrew/perls/perl-5.27.6/bin
PERLBREW_PERL = perl-5.27.6
PERLBREW_ROOT = /home/vegeta/perl5/perlbrew
PERLBREW_SHELLRC_VERSION = 0.82
PERLBREW_VERSION = 0.82
PERL_CR_SMOKER_CURRENT = Sys-RevoBackup-0.27
PERL_EXTUTILS_AUTOINSTALL = --defaultdeps
PERL_MM_USE_DEFAULT = 1
PERL_USE_UNSAFE_INC = 1
SHELL = /usr/local/bin/bash
TERM = xterm
Perl special variables (and OS-specific diagnostics, for MSWin32):
$^X = /home/vegeta/perl5/perlbrew/perls/perl-5.27.6/bin/perl5.27.6
$UID/$EUID = 1002 / 1002
$GID = 1002 1002 1001
$EGID = 1002 1002 1001
Perl module toolchain versions installed:
Module Have
------------------- --------
CPAN 2.20
CPAN::Meta 2.150010
Cwd 3.62
ExtUtils::CBuilder 0.280230
ExtUtils::Command 7.31_05
ExtUtils::Install 2.14
ExtUtils::MakeMaker 7.31_05
ExtUtils::Manifest 1.70
ExtUtils::ParseXS 3.35
File::Spec 3.62
JSON 2.97001
JSON::PP 2.97001
Module::Build 0.4224
Module::Signature n/a
Parse::CPAN::Meta 2.150010
Test::Harness 3.39
Test::More 1.302120
YAML 1.24
YAML::Syck n/a
version 0.9918
--
Summary of my perl5 (revision 5 version 27 subversion 6) configuration:
Platform:
osname=openbsd
osvers=6.2
archname=OpenBSD.amd64-openbsd
uname='openbsd cpan-smoker-openbsd 6.2 generic.mp#134 amd64 '
config_args='-de -Dprefix=/home/vegeta/perl5/perlbrew/perls/perl-5.27.6 -Dusedevel -Aeval:scriptdir=/home/vegeta/perl5/perlbrew/perls/perl-5.27.6/bin'
hint=recommended
useposix=true
d_sigaction=define
useithreads=undef
usemultiplicity=undef
use64bitint=define
use64bitall=define
uselongdouble=undef
usemymalloc=n
default_inc_excludes_dot=define
bincompat5005=undef
Compiler:
cc='cc'
ccflags ='-fno-strict-aliasing -pipe -fstack-protector-strong -I/usr/local/include -D_FORTIFY_SOURCE=2'
optimize='-O2'
cppflags='-fno-strict-aliasing -pipe -fstack-protector-strong -I/usr/local/include'
ccversion=''
gccversion='4.2.1 Compatible OpenBSD Clang 4.0.0 (tags/RELEASE_400/final)'
gccosandvers=''
intsize=4
longsize=8
ptrsize=8
doublesize=8
byteorder=12345678
doublekind=3
d_longlong=define
longlongsize=8
d_longdbl=define
longdblsize=16
longdblkind=3
ivtype='long'
ivsize=8
nvtype='double'
nvsize=8
Off_t='off_t'
lseeksize=8
alignbytes=8
prototype=define
Linker and Libraries:
ld='cc'
ldflags ='-Wl,-E -fstack-protector-strong -L/usr/local/lib'
libpth=/usr/lib /usr/local/lib
libs=-lpthread -lm -lutil -lc
perllibs=-lpthread -lm -lutil -lc
libc=/usr/lib/libc.so.90.0
so=so
useshrplib=false
libperl=libperl.a
gnulibc_version=''
Dynamic Linking:
dlsrc=dl_dlopen.xs
dlext=so
d_dlsymun=undef
ccdlflags=' '
cccdlflags='-DPIC -fPIC '
lddlflags='-shared -fPIC -L/usr/local/lib -fstack-protector-strong'
Characteristics of this binary (from libperl):
Compile-time options:
HAS_TIMES
PERLIO_LAYERS
PERL_COPY_ON_WRITE
PERL_DONT_CREATE_GVSV
PERL_MALLOC_WRAP
PERL_OP_PARENT
PERL_PRESERVE_IVUV
PERL_USE_DEVEL
USE_64_BIT_ALL
USE_64_BIT_INT
USE_LARGE_FILES
USE_LOCALE
USE_LOCALE_COLLATE
USE_LOCALE_CTYPE
USE_LOCALE_NUMERIC
USE_LOCALE_TIME
USE_PERLIO
USE_PERL_ATOF
Locally applied patches:
Devel::PatchPerl 1.48
Built under openbsd
Compiled at Dec 20 2017 19:39:07
%ENV:
PERL5LIB=""
PERL5OPT=""
PERL5_CPANPLUS_IS_RUNNING="30426"
PERL5_CPAN_IS_RUNNING="30426"
PERL5_CPAN_IS_RUNNING_IN_RECURSION="25203,30426"
PERLBREW_HOME="/home/vegeta/.perlbrew"
PERLBREW_MANPATH="/home/vegeta/perl5/perlbrew/perls/perl-5.27.6/man"
PERLBREW_PATH="/home/vegeta/perl5/perlbrew/bin:/home/vegeta/perl5/perlbrew/perls/perl-5.27.6/bin"
PERLBREW_PERL="perl-5.27.6"
PERLBREW_ROOT="/home/vegeta/perl5/perlbrew"
PERLBREW_SHELLRC_VERSION="0.82"
PERLBREW_VERSION="0.82"
PERL_CR_SMOKER_CURRENT="Sys-RevoBackup-0.27"
PERL_EXTUTILS_AUTOINSTALL="--defaultdeps"
PERL_MM_USE_DEFAULT="1"
PERL_USE_UNSAFE_INC="1"
@INC:
/home/vegeta/perl5/perlbrew/perls/perl-5.27.6/lib/site_perl/5.27.6/OpenBSD.amd64-openbsd
/home/vegeta/perl5/perlbrew/perls/perl-5.27.6/lib/site_perl/5.27.6
/home/vegeta/perl5/perlbrew/perls/perl-5.27.6/lib/5.27.6/OpenBSD.amd64-openbsd
/home/vegeta/perl5/perlbrew/perls/perl-5.27.6/lib/5.27.6
.